54.36.148.227 - - [22/Dec/2021:19:59:37 +0100] "GET /index.php/cart/add?category_id=23&product_id=42039 HTTP/1.1" 303 645 "-" "Mozilla/5.0 (compatible; AhrefsBot/7.0; +http://ahrefs.com/robot/)"
66.249.66.4 - - [22/Dec/2021:19:59:45 +0100] "GET /index.php/inleg-spieen/din6885a-14x9x70c45c HTTP/1.1" 200 13792 "-" "Mozilla/5.0 (compatible; Googlebot/2.1; +http://www.google.com/bot.html)"
54.36.148.227 - - [22/Dec/2021:19:59:49 +0100] "GET /index.php/6200-range?start=1464 HTTP/1.1" 200 10682 "-" "Mozilla/5.0 (compatible; AhrefsBot/7.0; +http://ahrefs.com/robot/)"
163.172.171.198 - - [22/Dec/2021:19:59:52 +0100] "GET /index.php/askquestion/form?category_id=385&product_id=24857&type=1&tmpl=component HTTP/1.1" 200 2420 "-" "Mozilla/5.0 (Windows NT 10.0; Win64; x64) AppleWebKit/537.36 (KHTML, like Gecko) Chrome/93.0.4577.0 Safari/537.36"
163.172.171.198 - - [22/Dec/2021:19:59:53 +0100] "GET /media/com_jchoptimize/cache/js/cbbc2e94b10e7c02fdbab4ba1a866049.js HTTP/1.1" 200 58823 "https://lager-techniek.eu/index.php/askquestion/form?category_id=385&product_id=24857&type=1&tmpl=component" "Mozilla/5.0 (Windows NT 10.0; Win64; x64) AppleWebKit/537.36 (KHTML, like Gecko) Chrome/93.0.4577.0 Safari/537.36"
207.46.13.122 - - [22/Dec/2021:19:59:54 +0100] "GET /index.php/inch-range/skf-rms12 HTTP/1.1" 200 13719 "-" "Mozilla/5.0 (compatible; bingbot/2.0; +http://www.bing.com/bingbot.htm)"
54.36.148.227 - - [22/Dec/2021:20:00:02 +0100] "GET /index.php/cart/add?category_id=23&product_id=7421 HTTP/1.1" 303 645 "-" "Mozilla/5.0 (compatible; AhrefsBot/7.0; +http://ahrefs.com/robot/)"
54.36.148.227 - - [22/Dec/2021:20:00:17 +0100] "GET /index.php/askquestion/form?category_id=374&product_id=25020&type=1&tmpl=component HTTP/1.1" 200 2414 "-" "Mozilla/5.0 (compatible; AhrefsBot/7.0; +http://ahrefs.com/robot/)"
77.60.98.226 - - [22/Dec/2021:20:00:28 +0100] "GET /index.php/component/ajax/?format=json HTTP/1.1" 200 758 "https://www.lager-techniek.eu/index.php/b-range/contitech-17x1215" "Mozilla/5.0 (Windows NT 6.1; Win64; x64) AppleWebKit/537.36 (KHTML, like Gecko) Chrome/94.0.4606.71 Safari/537.36"
178.118.52.254 - - [22/Dec/2021:20:00:32 +0100] "GET /index.php/component/ajax/?format=json HTTP/1.1" 200 758 "https://www.lager-techniek.eu/index.php/tandriemen-3m/gates-2823m6gt3" "Mozilla/5.0 (Windows NT 10.0; Win64; x64) AppleWebKit/537.36 (KHTML, like Gecko) Chrome/96.0.4664.110 Safari/537.36"
54.36.148.227 - - [22/Dec/2021:20:00:32 +0100] "GET /index.php/70-range-precisie-spindel/skf-7018cdgbp4a HTTP/1.1" 200 13845 "-" "Mozilla/5.0 (compatible; AhrefsBot/7.0; +http://ahrefs.com/robot/)"
54.36.148.227 - - [22/Dec/2021:20:00:47 +0100] "GET /index.php/72-range/nsk-7216a5trdudlp3 HTTP/1.1" 200 13921 "-" "Mozilla/5.0 (compatible; AhrefsBot/7.0; +http://ahrefs.com/robot/)"
54.36.148.227 - - [22/Dec/2021:20:01:01 +0100] "GET /index.php/askquestion/form?category_id=968&product_id=49322&type=1&tmpl=component HTTP/1.1" 200 2445 "-" "Mozilla/5.0 (compatible; AhrefsBot/7.0; +http://ahrefs.com/robot/)"
2a02:1812:2e0b:6400:2433:ffed:81f:bf2 - - [22/Dec/2021:20:01:11 +0100] "GET /index.php/magneto-lagers/nsk-bo17 HTTP/1.1" 200 14209 "https://www.google.com/" "Mozilla/5.0 (Linux; Android 11; SM-A525F) AppleWebKit/537.36 (KHTML, like Gecko) Chrome/96.0.4664.104 Mobile Safari/537.36"
193.104.159.11 - - [22/Dec/2021:20:01:11 +0100] "GET /index.php/component/ajax/?format=json HTTP/1.1" 200 758 "https://www.lager-techniek.eu/index.php/2200-range/fag-22032rstvh" "Mozilla/5.0 (Windows NT 10.0; Win64; x64) AppleWebKit/537.36 (KHTML, like Gecko) Chrome/96.0.4664.110 Safari/537.36 Edg/96.0.1054.62"
54.36.148.227 - - [22/Dec/2021:20:01:15 +0100] "GET /index.php/askquestion/form?category_id=17&product_id=36808&type=1&tmpl=component HTTP/1.1" 200 2402 "-" "Mozilla/5.0 (compatible; AhrefsBot/7.0; +http://ahrefs.com/robot/)"
66.249.66.77 - - [22/Dec/2021:20:01:18 +0100] "GET /index.php/huizen/snr-snc528228 HTTP/1.1" 200 14413 "-" "Mozilla/5.0 (compatible; Googlebot/2.1; +http://www.google.com/bot.html)"
66.249.66.77 - - [22/Dec/2021:20:01:19 +0100] "GET /index.php/6200-range/nsk-6218ddu HTTP/1.1" 200 14479 "-" "Mozilla/5.0 (Linux; Android 6.0.1; Nexus 5X Build/MMB29P) AppleWebKit/537.36 (KHTML, like Gecko) Chrome/96.0.4664.110 Mobile Safari/537.36 (compatible; Googlebot/2.1; +http://www.google.com/bot.html)"
2a02:1812:2e0b:6400:2433:ffed:81f:bf2 - - [22/Dec/2021:20:01:27 +0100] "GET /index.php/magneto-lagers/nsk-bo17 HTTP/1.1" 200 14209 "https://www.google.com/" "Mozilla/5.0 (Linux; Android 11; SM-A525F) AppleWebKit/537.36 (KHTML, like Gecko) Chrome/96.0.4664.104 Mobile Safari/537.36"
54.36.148.227 - - [22/Dec/2021:20:01:29 +0100] "GET /index.php/huizen/skf-snl3136 HTTP/1.1" 200 13757 "-" "Mozilla/5.0 (compatible; AhrefsBot/7.0; +http://ahrefs.com/robot/)"
66.249.66.77 - - [22/Dec/2021:20:01:34 +0100] "GET /index.php/moduul-4/m4z38 HTTP/1.1" 200 13518 "-" "Mozilla/5.0 (compatible; Googlebot/2.1; +http://www.google.com/bot.html)"
91.183.150.180 - - [22/Dec/2021:20:01:35 +0100] "GET /index.php/component/ajax/?format=json HTTP/1.1" 200 758 "https://www.lager-techniek.eu/index.php/overig/skf-tmft36" "Mozilla/5.0 (Windows NT 6.3; Win64; x64) AppleWebKit/537.36 (KHTML, like Gecko) Chrome/96.0.4664.110 Safari/537.36"
163.172.185.53 - - [22/Dec/2021:20:01:41 +0100] "GET /index.php/askquestion/form?category_id=229&product_id=97194&type=1&tmpl=component HTTP/1.1" 200 2411 "-" "Mozilla/5.0 (Windows NT 10.0; Win64; x64) AppleWebKit/537.36 (KHTML, like Gecko) Chrome/93.0.4577.0 Safari/537.36"
163.172.185.53 - - [22/Dec/2021:20:01:41 +0100] "GET /media/com_jchoptimize/cache/js/e58f48905ba109fcde10a116649e9e86.js HTTP/1.1" 200 58821 "https://lager-techniek.eu/index.php/askquestion/form?category_id=229&product_id=97194&type=1&tmpl=component" "Mozilla/5.0 (Windows NT 10.0; Win64; x64) AppleWebKit/537.36 (KHTML, like Gecko) Chrome/93.0.4577.0 Safari/537.36"
54.36.148.227 - - [22/Dec/2021:20:01:42 +0100] "GET /index.php/cart/add?category_id=1093&product_id=50963 HTTP/1.1" 303 645 "-" "Mozilla/5.0 (compatible; AhrefsBot/7.0; +http://ahrefs.com/robot/)"
66.249.66.158 - - [22/Dec/2021:20:01:46 +0100] "GET /index.php/rcjy-fy-tf-ucf-range/timken-ucf209 HTTP/1.1" 200 14737 "-" "Mozilla/5.0 (Linux; Android 6.0.1; Nexus 5X Build/MMB29P) AppleWebKit/537.36 (KHTML, like Gecko) Chrome/96.0.4664.110 Mobile Safari/537.36 (compatible; Googlebot/2.1; +http://www.google.com/bot.html)"
66.249.66.158 - - [22/Dec/2021:20:01:46 +0100] "GET /index.php/kegellager-inch/timken-2768727620 HTTP/1.1" 200 13865 "-" "Mozilla/5.0 (compatible; Googlebot/2.1; +http://www.google.com/bot.html)"
54.36.148.227 - - [22/Dec/2021:20:01:55 +0100] "GET /index.php/askquestion/form?category_id=1038&product_id=42158&type=1&tmpl=component HTTP/1.1" 200 2407 "-" "Mozilla/5.0 (compatible; AhrefsBot/7.0; +http://ahrefs.com/robot/)"
207.46.13.175 - - [22/Dec/2021:20:01:57 +0100] "GET /index.php/6200-range/nsk-6212z HTTP/1.1" 404 5349 "-" "Mozilla/5.0 (compatible; bingbot/2.0; +http://www.bing.com/bingbot.htm)"
212.47.250.135 - - [22/Dec/2021:20:01:57 +0100] "GET /index.php/askquestion/form?category_id=862&product_id=36096&type=1&tmpl=component HTTP/1.1" 200 2419 "-" "Mozilla/5.0 (Windows NT 10.0; Win64; x64) AppleWebKit/537.36 (KHTML, like Gecko) Chrome/93.0.4577.0 Safari/537.36"
212.47.250.135 - - [22/Dec/2021:20:01:58 +0100] "GET /media/com_jchoptimize/cache/js/4cd0c6b1c54c7236d695e0643c894852.js HTTP/1.1" 200 58786 "https://lager-techniek.eu/index.php/askquestion/form?category_id=862&product_id=36096&type=1&tmpl=component" "Mozilla/5.0 (Windows NT 10.0; Win64; x64) AppleWebKit/537.36 (KHTML, like Gecko) Chrome/93.0.4577.0 Safari/537.36"
185.178.235.166 - - [22/Dec/2021:20:02:00 +0100] "GET /index.php/component/ajax/?format=json HTTP/1.1" 200 758 "https://www.lager-techniek.eu/index.php/kettingspanwiel/ina-ksr16l010101408" "Mozilla/5.0 (Windows NT 10.0; Win64; x64) AppleWebKit/537.36 (KHTML, like Gecko) Chrome/96.0.4664.45 Safari/537.36"
66.249.66.8 - - [22/Dec/2021:20:02:07 +0100] "GET /index.php/askquestion/form?category_id=446&product_id=28659&type=1&tmpl=component HTTP/1.1" 200 2412 "-" "Mozilla/5.0 (Linux; Android 6.0.1; Nexus 5X Build/MMB29P) AppleWebKit/537.36 (KHTML, like Gecko) Chrome/96.0.4664.93 Mobile Safari/537.36 (compatible; Googlebot/2.1; +http://www.google.com/bot.html)"
54.36.148.227 - - [22/Dec/2021:20:02:08 +0100] "GET /index.php/askquestion/form?category_id=233&product_id=21734&type=1&tmpl=component HTTP/1.1" 200 2408 "-" "Mozilla/5.0 (compatible; AhrefsBot/7.0; +http://ahrefs.com/robot/)"
66.249.66.76 - - [22/Dec/2021:20:02:16 +0100] "GET /index.php/61900-range/skf-61908 HTTP/1.1" 200 14125 "-" "Mozilla/5.0 (compatible; Googlebot/2.1; +http://www.google.com/bot.html)"
54.36.148.227 - - [22/Dec/2021:20:02:22 +0100] "GET /index.php/cart/add?category_id=1093&product_id=50994 HTTP/1.1" 303 645 "-" "Mozilla/5.0 (compatible; AhrefsBot/7.0; +http://ahrefs.com/robot/)"
77.226.249.91 - - [22/Dec/2021:20:02:28 +0100] "GET /index.php/component/ajax/?format=json HTTP/1.1" 200 758 "https://www.lager-techniek.eu/index.php/a-range/contitech-13x3650" "Mozilla/5.0 (Windows NT 10.0; Win64; x64) AppleWebKit/537.36 (KHTML, like Gecko) Chrome/96.0.4664.55 Safari/537.36 Edg/96.0.1054.43"
82.75.56.74 - - [22/Dec/2021:20:02:34 +0100] "GET /index.php/component/ajax/?format=json HTTP/1.1" 200 758 "https://www.lager-techniek.eu/index.php/6000-range/fag-60032rsr" "Mozilla/5.0 (Windows NT 10.0; Win64; x64; rv:95.0) Gecko/20100101 Firefox/95.0"
54.36.148.227 - - [22/Dec/2021:20:02:37 +0100] "GET /index.php/20-range/contitech-20x1800 HTTP/1.1" 200 14083 "-" "Mozilla/5.0 (compatible; AhrefsBot/7.0; +http://ahrefs.com/robot/)"
66.249.66.158 - - [22/Dec/2021:20:02:50 +0100] "GET /index.php/miniatuur-range/skf-6082zc3 HTTP/1.1" 200 14336 "-" "Mozilla/5.0 (Linux; Android 6.0.1; Nexus 5X Build/MMB29P) AppleWebKit/537.36 (KHTML, like Gecko) Chrome/96.0.4664.93 Mobile Safari/537.36 (compatible; Googlebot/2.1; +http://www.google.com/bot.html)"
90.145.217.226 - - [22/Dec/2021:20:02:53 +0100] "GET /index.php/component/ajax/?format=json HTTP/1.1" 200 758 "https://www.lager-techniek.eu/index.php/met-flens/permaglide-paf25215-p11" "Mozilla/5.0 (Windows NT 10.0; Win64; x64) AppleWebKit/537.36 (KHTML, like Gecko) Chrome/96.0.4664.45 Safari/537.36"
54.36.148.227 - - [22/Dec/2021:20:02:52 +0100] "GET /index.php/lr-range/ina-lr40x45x205 HTTP/1.1" 200 13695 "-" "Mozilla/5.0 (compatible; AhrefsBot/7.0; +http://ahrefs.com/robot/)"
54.36.148.227 - - [22/Dec/2021:20:03:08 +0100] "GET /index.php/askquestion/form?category_id=28&product_id=3641&type=1&tmpl=component HTTP/1.1" 200 2406 "-" "Mozilla/5.0 (compatible; AhrefsBot/7.0; +http://ahrefs.com/robot/)"
51.158.114.244 - - [22/Dec/2021:20:03:22 +0100] "GET /index.php/askquestion/form?category_id=228&product_id=19270&type=1&tmpl=component HTTP/1.1" 200 2414 "-" "Mozilla/5.0 (Windows NT 10.0; Win64; x64) AppleWebKit/537.36 (KHTML, like Gecko) Chrome/93.0.4577.0 Safari/537.36"
51.158.114.244 - - [22/Dec/2021:20:03:22 +0100] "GET /media/com_jchoptimize/cache/js/2c161703394fd60767bd18a9837e5bf6.js HTTP/1.1" 200 58785 "https://lager-techniek.eu/index.php/askquestion/form?category_id=228&product_id=19270&type=1&tmpl=component" "Mozilla/5.0 (Windows NT 10.0; Win64; x64) AppleWebKit/537.36 (KHTML, like Gecko) Chrome/93.0.4577.0 Safari/537.36"
54.36.148.227 - - [22/Dec/2021:20:03:23 +0100] "GET /index.php/cart/add?category_id=23&product_id=26448 HTTP/1.1" 303 645 "-" "Mozilla/5.0 (compatible; AhrefsBot/7.0; +http://ahrefs.com/robot/)"
66.249.66.195 - - [22/Dec/2021:20:03:35 +0100] "GET /index.php/kettingwiel-06b-3/06b3z17 HTTP/1.1" 200 13943 "-" "Mozilla/5.0 (compatible; Googlebot/2.1; +http://www.google.com/bot.html)"
54.36.148.227 - - [22/Dec/2021:20:03:35 +0100] "GET /index.php/cart/add?category_id=23&product_id=26451 HTTP/1.1" 303 645 "-" "Mozilla/5.0 (compatible; AhrefsBot/7.0; +http://ahrefs.com/robot/)"
66.249.66.76 - - [22/Dec/2021:20:03:37 +0100] "GET /media/com_jchoptimize/cache/js/8c222e81b5f0b4b770bda9a274c6aed3.js HTTP/1.1" 200 101191 "https://www.lager-techniek.eu/index.php/kettingwiel-06b-3/06b3z17" "Mozilla/5.0 AppleWebKit/537.36 (KHTML, like Gecko; compatible; Googlebot/2.1; +http://www.google.com/bot.html) Chrome/96.0.4664.93 Safari/537.36"
66.249.66.4 - - [22/Dec/2021:20:03:42 +0100] "GET /media/com_jchoptimize/cache/js/684048cdc9f5f40a1c2d2d584ad81e2b.js HTTP/1.1" 200 101225 "https://www.lager-techniek.eu/index.php/miniatuur-range/skf-6082zc3" "Mozilla/5.0 (Linux; Android 6.0.1; Nexus 5X Build/MMB29P) AppleWebKit/537.36 (KHTML, like Gecko) Chrome/96.0.4664.93 Mobile Safari/537.36 (compatible; Googlebot/2.1; +http://www.google.com/bot.html)"
54.36.148.227 - - [22/Dec/2021:20:03:48 +0100] "GET /index.php/askquestion/form?category_id=431&product_id=16737&type=1&tmpl=component HTTP/1.1" 200 2409 "-" "Mozilla/5.0 (compatible; AhrefsBot/7.0; +http://ahrefs.com/robot/)"
89.146.3.50 - - [22/Dec/2021:20:03:58 +0100] "GET /index.php/component/ajax/?format=json HTTP/1.1" 200 758 "https://www.lager-techniek.eu/index.php/spa-range/optibelt-spa1600" "Mozilla/5.0 (Windows NT 10.0; Win64; x64) AppleWebKit/537.36 (KHTML, like Gecko) Chrome/96.0.4664.110 Safari/537.36 Edg/96.0.1054.62"
66.249.66.195 - - [22/Dec/2021:20:03:59 +0100] "GET /index.php/tandriemschijf-14m115/5614m115 HTTP/1.1" 200 13863 "-" "Mozilla/5.0 (compatible; Googlebot/2.1; +http://www.google.com/bot.html)"
54.36.148.227 - - [22/Dec/2021:20:04:01 +0100] "GET /index.php/cart/add?category_id=23&product_id=41961 HTTP/1.1" 303 645 "-" "Mozilla/5.0 (compatible; AhrefsBot/7.0; +http://ahrefs.com/robot/)"
66.249.66.77 - - [22/Dec/2021:20:04:04 +0100] "GET /index.php/tandriemen-5m/gates-8505m15gt3 HTTP/1.1" 200 14763 "-" "Mozilla/5.0 (Linux; Android 6.0.1; Nexus 5X Build/MMB29P) AppleWebKit/537.36 (KHTML, like Gecko) Chrome/96.0.4664.93 Mobile Safari/537.36 (compatible; Googlebot/2.1; +http://www.google.com/bot.html)"
66.249.66.4 - - [22/Dec/2021:20:04:09 +0100] "GET /media/com_jchoptimize/cache/js/5e41f66a4fcc13d676deba2347bd1f35.js HTTP/1.1" 200 74723 "https://www.lager-techniek.eu/index.php/tandriemen-5m/gates-8505m15gt3" "Mozilla/5.0 (Linux; Android 6.0.1; Nexus 5X Build/MMB29P) AppleWebKit/537.36 (KHTML, like Gecko) Chrome/96.0.4664.93 Mobile Safari/537.36 (compatible; Googlebot/2.1; +http://www.google.com/bot.html)"
2a02:a44c:f26c:1:6cbb:b172:62af:b00d - - [22/Dec/2021:20:04:11 +0100] "GET /index.php/component/ajax/?format=json HTTP/1.1" 200 758 "https://www.lager-techniek.eu/index.php/k-range-naaldkrans/ina-k20x28x20c" "Mozilla/5.0 (Windows NT 10.0; Win64; x64; rv:95.0) Gecko/20100101 Firefox/95.0"
2a02:a44c:f26c:1:6cbb:b172:62af:b00d - - [22/Dec/2021:20:04:12 +0100] "GET /index.php/component/ajax/?format=json HTTP/1.1" 200 758 "https://www.lager-techniek.eu/index.php/6000-range/fag-6006" "Mozilla/5.0 (Windows NT 10.0; Win64; x64; rv:95.0) Gecko/20100101 Firefox/95.0"
51.158.103.81 - - [22/Dec/2021:20:04:13 +0100] "GET /index.php/askquestion/form?category_id=228&product_id=19270&type=1&tmpl=component HTTP/1.1" 200 2412 "-" "Mozilla/5.0 (Windows NT 10.0; Win64; x64) AppleWebKit/537.36 (KHTML, like Gecko) Chrome/93.0.4577.0 Safari/537.36"
51.158.103.81 - - [22/Dec/2021:20:04:14 +0100] "GET /media/com_jchoptimize/cache/js/2c161703394fd60767bd18a9837e5bf6.js HTTP/1.1" 200 58820 "https://lager-techniek.eu/index.php/askquestion/form?category_id=228&product_id=19270&type=1&tmpl=component" "Mozilla/5.0 (Windows NT 10.0; Win64; x64) AppleWebKit/537.36 (KHTML, like Gecko) Chrome/93.0.4577.0 Safari/537.36"
66.249.66.195 - - [22/Dec/2021:20:04:14 +0100] "GET /index.php/pcjt-fytb-fm-range/ina-pcjt50xln HTTP/1.1" 200 14453 "-" "Mozilla/5.0 (Linux; Android 6.0.1; Nexus 5X Build/MMB29P) AppleWebKit/537.36 (KHTML, like Gecko) Chrome/96.0.4664.110 Mobile Safari/537.36 (compatible; Googlebot/2.1; +http://www.google.com/bot.html)"
54.36.148.227 - - [22/Dec/2021:20:04:15 +0100] "GET /index.php/askquestion/form?category_id=210&product_id=18338&type=1&tmpl=component HTTP/1.1" 200 2419 "-" "Mozilla/5.0 (compatible; AhrefsBot/7.0; +http://ahrefs.com/robot/)"
66.249.66.158 - - [22/Dec/2021:20:04:16 +0100] "GET /index.php/tandriemen-8m/gates-10008m30 HTTP/1.1" 200 15307 "-" "Mozilla/5.0 (compatible; Googlebot/2.1; +http://www.google.com/bot.html)"
66.249.66.195 - - [22/Dec/2021:20:04:25 +0100] "GET /index.php/producenten/ba-r-range/10x22x8-ba-oliekeerring HTTP/1.1" 200 13618 "-" "Mozilla/5.0 (Linux; Android 6.0.1; Nexus 5X Build/MMB29P) AppleWebKit/537.36 (KHTML, like Gecko) Chrome/96.0.4664.93 Mobile Safari/537.36 (compatible; Googlebot/2.1; +http://www.google.com/bot.html)"
66.249.66.76 - - [22/Dec/2021:20:04:27 +0100] "GET /media/com_jchoptimize/cache/js/a21e613c18700b45c9de2c595da6edbb.js HTTP/1.1" 200 101226 "https://www.lager-techniek.eu/index.php/producenten/ba-r-range/10x22x8-ba-oliekeerring" "Mozilla/5.0 (Linux; Android 6.0.1; Nexus 5X Build/MMB29P) AppleWebKit/537.36 (KHTML, like Gecko) Chrome/96.0.4664.93 Mobile Safari/537.36 (compatible; Googlebot/2.1; +http://www.google.com/bot.html)"
54.36.148.227 - - [22/Dec/2021:20:04:29 +0100] "GET /index.php/cart/add?category_id=23&product_id=41962 HTTP/1.1" 303 645 "-" "Mozilla/5.0 (compatible; AhrefsBot/7.0; +http://ahrefs.com/robot/)"
178.118.52.254 - - [22/Dec/2021:20:04:32 +0100] "GET /index.php/component/ajax/?format=json HTTP/1.1" 200 758 "https://www.lager-techniek.eu/index.php/tandriemen-3m/gates-2883m15" "Mozilla/5.0 (Windows NT 10.0; Win64; x64) AppleWebKit/537.36 (KHTML, like Gecko) Chrome/96.0.4664.110 Safari/537.36"
66.249.66.158 - - [22/Dec/2021:20:04:42 +0100] "GET /index.php/62200-range/skf-622082rs1c3 HTTP/1.1" 200 13803 "-" "Mozilla/5.0 (Linux; Android 6.0.1; Nexus 5X Build/MMB29P) AppleWebKit/537.36 (KHTML, like Gecko) Chrome/96.0.4664.110 Mobile Safari/537.36 (compatible; Googlebot/2.1; +http://www.google.com/bot.html)"
54.36.148.227 - - [22/Dec/2021:20:04:42 +0100] "GET /index.php/cart/add?category_id=23&product_id=41964 HTTP/1.1" 303 645 "-" "Mozilla/5.0 (compatible; AhrefsBot/7.0; +http://ahrefs.com/robot/)"
66.249.66.158 - - [22/Dec/2021:20:04:48 +0100] "GET /index.php/nj-200-range/skf-nj202ecp HTTP/1.1" 200 14359 "-" "Mozilla/5.0 (Linux; Android 6.0.1; Nexus 5X Build/MMB29P) AppleWebKit/537.36 (KHTML, like Gecko) Chrome/96.0.4664.93 Mobile Safari/537.36 (compatible; Googlebot/2.1; +http://www.google.com/bot.html)"
54.36.148.227 - - [22/Dec/2021:20:04:55 +0100] "GET /index.php/inleg-spieen/din6885a-28x16x90c45c HTTP/1.1" 200 13853 "-" "Mozilla/5.0 (compatible; AhrefsBot/7.0; +http://ahrefs.com/robot/)"
196.191.188.17 - - [22/Dec/2021:20:05:07 +0100] "GET /skf-bus.pdf HTTP/1.1" 200 679204 "https://www.google.com/" "Mozilla/5.0 (Linux; Android 10; SM-J610F) AppleWebKit/537.36 (KHTML, like Gecko) Chrome/87.0.4280.101 Mobile Safari/537.36"
54.36.148.227 - - [22/Dec/2021:20:05:08 +0100] "GET /index.php/askquestion/form?category_id=913&product_id=48029&type=1&tmpl=component HTTP/1.1" 200 2424 "-" "Mozilla/5.0 (compatible; AhrefsBot/7.0; +http://ahrefs.com/robot/)"
66.249.66.198 - - [22/Dec/2021:20:05:20 +0100] "GET /index.php/rshey-syf-tf-range/skf-syf-20-tf HTTP/1.1" 200 14450 "-" "Mozilla/5.0 (Linux; Android 6.0.1; Nexus 5X Build/MMB29P) AppleWebKit/537.36 (KHTML, like Gecko) Chrome/96.0.4664.93 Mobile Safari/537.36 (compatible; Googlebot/2.1; +http://www.google.com/bot.html)"
54.36.148.227 - - [22/Dec/2021:20:05:20 +0100] "GET /index.php/askquestion/form?category_id=46&product_id=9023&type=1&tmpl=component HTTP/1.1" 200 2412 "-" "Mozilla/5.0 (compatible; AhrefsBot/7.0; +http://ahrefs.com/robot/)"
66.249.66.4 - - [22/Dec/2021:20:05:26 +0100] "GET /index.php/din-472-seegerring/din472-j29-seegerring HTTP/1.1" 200 13698 "-" "Mozilla/5.0 (Linux; Android 6.0.1; Nexus 5X Build/MMB29P) AppleWebKit/537.36 (KHTML, like Gecko) Chrome/96.0.4664.93 Mobile Safari/537.36 (compatible; Googlebot/2.1; +http://www.google.com/bot.html)"
77.60.98.226 - - [22/Dec/2021:20:05:28 +0100] "GET /index.php/component/ajax/?format=json HTTP/1.1" 200 758 "https://www.lager-techniek.eu/index.php/b-range/contitech-17x1215" "Mozilla/5.0 (Windows NT 6.1; Win64; x64) AppleWebKit/537.36 (KHTML, like Gecko) Chrome/94.0.4606.71 Safari/537.36"
178.118.52.254 - - [22/Dec/2021:20:05:32 +0100] "GET /index.php/component/ajax/?format=json HTTP/1.1" 200 758 "https://www.lager-techniek.eu/index.php/tandriemen-3m/gates-2823m6gt3" "Mozilla/5.0 (Windows NT 10.0; Win64; x64) AppleWebKit/537.36 (KHTML, like Gecko) Chrome/96.0.4664.110 Safari/537.36"
66.249.66.76 - - [22/Dec/2021:20:05:33 +0100] "GET /index.php/std-8m/contitech-696s8m85 HTTP/1.1" 200 13852 "-" "Mozilla/5.0 (compatible; Googlebot/2.1; +http://www.google.com/bot.html)"
66.249.66.4 - - [22/Dec/2021:20:05:33 +0100] "GET /media/com_jchoptimize/cache/js/0184e4a905db1b1b5ca813c80112f861.js HTTP/1.1" 200 101225 "https://www.lager-techniek.eu/index.php/rshey-syf-tf-range/skf-syf-20-tf" "Mozilla/5.0 (Linux; Android 6.0.1; Nexus 5X Build/MMB29P) AppleWebKit/537.36 (KHTML, like Gecko) Chrome/96.0.4664.93 Mobile Safari/537.36 (compatible; Googlebot/2.1; +http://www.google.com/bot.html)"
54.36.148.227 - - [22/Dec/2021:20:05:34 +0100] "GET /index.php/dhtd-8m/contitech-dhtd8132885 HTTP/1.1" 200 13952 "-" "Mozilla/5.0 (compatible; AhrefsBot/7.0; +http://ahrefs.com/robot/)"
66.249.66.195 - - [22/Dec/2021:20:05:38 +0100] "GET /media/com_jchoptimize/cache/js/116c41db83643dab6093ef61b6372165.js HTTP/1.1" 200 101226 "https://www.lager-techniek.eu/index.php/din-472-seegerring/din472-j29-seegerring" "Mozilla/5.0 (Linux; Android 6.0.1; Nexus 5X Build/MMB29P) AppleWebKit/537.36 (KHTML, like Gecko) Chrome/96.0.4664.93 Mobile Safari/537.36 (compatible; Googlebot/2.1; +http://www.google.com/bot.html)"
54.36.148.227 - - [22/Dec/2021:20:05:48 +0100] "GET /index.php/askquestion/form?category_id=12&product_id=51541&type=1&tmpl=component HTTP/1.1" 200 2399 "-" "Mozilla/5.0 (compatible; AhrefsBot/7.0; +http://ahrefs.com/robot/)"
54.36.148.227 - - [22/Dec/2021:20:06:02 +0100] "GET /index.php/70-range-precisie-spindel?start=48 HTTP/1.1" 200 10382 "-" "Mozilla/5.0 (compatible; AhrefsBot/7.0; +http://ahrefs.com/robot/)"
193.104.159.11 - - [22/Dec/2021:20:06:11 +0100] "GET /index.php/component/ajax/?format=json HTTP/1.1" 200 758 "https://www.lager-techniek.eu/index.php/2200-range/fag-22032rstvh" "Mozilla/5.0 (Windows NT 10.0; Win64; x64) AppleWebKit/537.36 (KHTML, like Gecko) Chrome/96.0.4664.110 Safari/537.36 Edg/96.0.1054.62"
54.36.148.227 - - [22/Dec/2021:20:06:14 +0100] "GET /index.php/cart/add?category_id=174&product_id=13861 HTTP/1.1" 303 645 "-" "Mozilla/5.0 (compatible; AhrefsBot/7.0; +http://ahrefs.com/robot/)"
54.36.148.227 - - [22/Dec/2021:20:06:26 +0100] "GET /index.php/cart/add?category_id=32&product_id=1275 HTTP/1.1" 303 645 "-" "Mozilla/5.0 (compatible; AhrefsBot/7.0; +http://ahrefs.com/robot/)"
91.183.150.180 - - [22/Dec/2021:20:06:35 +0100] "GET /index.php/component/ajax/?format=json HTTP/1.1" 200 758 "https://www.lager-techniek.eu/index.php/overig/skf-tmft36" "Mozilla/5.0 (Windows NT 6.3; Win64; x64) AppleWebKit/537.36 (KHTML, like Gecko) Chrome/96.0.4664.110 Safari/537.36"
54.36.148.227 - - [22/Dec/2021:20:06:39 +0100] "GET /index.php/askquestion/form?category_id=979&product_id=43196&type=1&tmpl=component HTTP/1.1" 200 2406 "-" "Mozilla/5.0 (compatible; AhrefsBot/7.0; +http://ahrefs.com/robot/)"
54.36.148.227 - - [22/Dec/2021:20:06:50 +0100] "GET /index.php/askquestion/form?category_id=913&product_id=30123&type=1&tmpl=component HTTP/1.1" 200 2422 "-" "Mozilla/5.0 (compatible; AhrefsBot/7.0; +http://ahrefs.com/robot/)"
185.178.235.166 - - [22/Dec/2021:20:07:00 +0100] "GET /index.php/component/ajax/?format=json HTTP/1.1" 200 758 "https://www.lager-techniek.eu/index.php/kettingspanwiel/ina-ksr16l010101408" "Mozilla/5.0 (Windows NT 10.0; Win64; x64) AppleWebKit/537.36 (KHTML, like Gecko) Chrome/96.0.4664.45 Safari/537.36"
54.36.148.227 - - [22/Dec/2021:20:07:01 +0100] "GET /index.php/askquestion/form?category_id=456&product_id=29420&type=1&tmpl=component HTTP/1.1" 200 2428 "-" "Mozilla/5.0 (compatible; AhrefsBot/7.0; +http://ahrefs.com/robot/)"
54.36.148.227 - - [22/Dec/2021:20:07:13 +0100] "GET /index.php/askquestion/form?category_id=23&product_id=41639&type=1&tmpl=component HTTP/1.1" 200 2436 "-" "Mozilla/5.0 (compatible; AhrefsBot/7.0; +http://ahrefs.com/robot/)"
51.158.68.251 - - [22/Dec/2021:20:07:18 +0100] "GET /index.php/overig/timken-ta4034vc3?tmpl=component&print=1 HTTP/1.1" 200 3632 "-" "Mozilla/5.0 (Windows NT 10.0; Win64; x64) AppleWebKit/537.36 (KHTML, like Gecko) Chrome/93.0.4577.0 Safari/537.36"
51.158.68.251 - - [22/Dec/2021:20:07:19 +0100] "GET /media/com_jchoptimize/cache/js/01c2bb7e5b2f41c77be699ef921df934.js HTTP/1.1" 200 20649 "https://lager-techniek.eu/index.php/overig/timken-ta4034vc3?tmpl=component&print=1" "Mozilla/5.0 (Windows NT 10.0; Win64; x64) AppleWebKit/537.36 (KHTML, like Gecko) Chrome/93.0.4577.0 Safari/537.36"
51.158.68.251 - - [22/Dec/2021:20:07:19 +0100] "GET /media/com_jchoptimize/cache/js/f6c2553b55874f6a90a7ed53902ee662.js HTTP/1.1" 200 66508 "https://lager-techniek.eu/index.php/overig/timken-ta4034vc3?tmpl=component&print=1" "Mozilla/5.0 (Windows NT 10.0; Win64; x64) AppleWebKit/537.36 (KHTML, like Gecko) Chrome/93.0.4577.0 Safari/537.36"
66.249.66.78 - - [22/Dec/2021:20:07:22 +0100] "GET /index.php/72-range/nsk-7202a5trsulp3 HTTP/1.1" 200 13922 "-" "Mozilla/5.0 (compatible; Googlebot/2.1; +http://www.google.com/bot.html)"
54.36.148.227 - - [22/Dec/2021:20:07:25 +0100] "GET /index.php/6200-range/skf-62122rs1nr HTTP/1.1" 200 14228 "-" "Mozilla/5.0 (compatible; AhrefsBot/7.0; +http://ahrefs.com/robot/)"
77.226.249.91 - - [22/Dec/2021:20:07:28 +0100] "GET /index.php/component/ajax/?format=json HTTP/1.1" 200 758 "https://www.lager-techniek.eu/index.php/a-range/contitech-13x3650" "Mozilla/5.0 (Windows NT 10.0; Win64; x64) AppleWebKit/537.36 (KHTML, like Gecko) Chrome/96.0.4664.55 Safari/537.36 Edg/96.0.1054.43"
82.75.56.74 - - [22/Dec/2021:20:07:34 +0100] "GET /index.php/component/ajax/?format=json HTTP/1.1" 200 758 "https://www.lager-techniek.eu/index.php/6000-range/fag-60032rsr" "Mozilla/5.0 (Windows NT 10.0; Win64; x64; rv:95.0) Gecko/20100101 Firefox/95.0"
66.249.66.159 - - [22/Dec/2021:20:07:37 +0100] "GET /index.php/70-range-precisie-spindel/fag-b7010etp4sul HTTP/1.1" 200 13888 "-" "Mozilla/5.0 (Linux; Android 6.0.1; Nexus 5X Build/MMB29P) AppleWebKit/537.36 (KHTML, like Gecko) Chrome/96.0.4664.110 Mobile Safari/537.36 (compatible; Googlebot/2.1; +http://www.google.com/bot.html)"
54.36.148.227 - - [22/Dec/2021:20:07:38 +0100] "GET /index.php/askquestion/form?category_id=210&product_id=18495&type=1&tmpl=component HTTP/1.1" 200 2425 "-" "Mozilla/5.0 (compatible; AhrefsBot/7.0; +http://ahrefs.com/robot/)"
66.249.66.77 - - [22/Dec/2021:20:07:38 +0100] "GET /index.php/dhtd-8m/gates-tpgt244008mgt85 HTTP/1.1" 200 14489 "-" "Mozilla/5.0 (compatible; Googlebot/2.1; +http://www.google.com/bot.html)"
212.47.230.237 - - [22/Dec/2021:20:07:43 +0100] "GET /index.php/askquestion/form?category_id=928&product_id=36634&type=1&tmpl=component HTTP/1.1" 200 2423 "-" "Mozilla/5.0 (Windows NT 10.0; Win64; x64) AppleWebKit/537.36 (KHTML, like Gecko) Chrome/93.0.4577.0 Safari/537.36"
212.47.230.237 - - [22/Dec/2021:20:07:43 +0100] "GET /media/com_jchoptimize/cache/js/b51efe08d30413d642a111e7a86f5b5b.js HTTP/1.1" 200 58821 "https://lager-techniek.eu/index.php/askquestion/form?category_id=928&product_id=36634&type=1&tmpl=component" "Mozilla/5.0 (Windows NT 10.0; Win64; x64) AppleWebKit/537.36 (KHTML, like Gecko) Chrome/93.0.4577.0 Safari/537.36"
66.249.66.5 - - [22/Dec/2021:20:07:46 +0100] "GET /index.php/v-snaren/contitech-lageraligner HTTP/1.1" 200 13655 "-" "Mozilla/5.0 (compatible; Googlebot/2.1; +http://www.google.com/bot.html)"
66.249.66.158 - - [22/Dec/2021:20:07:50 +0100] "GET /index.php/6000-range/skf-6002z HTTP/1.1" 200 14418 "-" "Mozilla/5.0 (Linux; Android 6.0.1; Nexus 5X Build/MMB29P) AppleWebKit/537.36 (KHTML, like Gecko) Chrome/96.0.4664.93 Mobile Safari/537.36 (compatible; Googlebot/2.1; +http://www.google.com/bot.html)"
54.36.148.227 - - [22/Dec/2021:20:07:50 +0100] "GET /index.php/askquestion/form?category_id=50&product_id=23302&type=1&tmpl=component HTTP/1.1" 200 2426 "-" "Mozilla/5.0 (compatible; AhrefsBot/7.0; +http://ahrefs.com/robot/)"
90.145.217.226 - - [22/Dec/2021:20:07:53 +0100] "GET /index.php/component/ajax/?format=json HTTP/1.1" 200 758 "https://www.lager-techniek.eu/index.php/met-flens/permaglide-paf25215-p11" "Mozilla/5.0 (Windows NT 10.0; Win64; x64) AppleWebKit/537.36 (KHTML, like Gecko) Chrome/96.0.4664.45 Safari/537.36"
66.249.66.195 - - [22/Dec/2021:20:07:53 +0100] "GET /index.php/miniatuur-range/skf-6282z HTTP/1.1" 200 14491 "-" "Mozilla/5.0 (Linux; Android 6.0.1; Nexus 5X Build/MMB29P) AppleWebKit/537.36 (KHTML, like Gecko) Chrome/96.0.4664.93 Mobile Safari/537.36 (compatible; Googlebot/2.1; +http://www.google.com/bot.html)"
66.249.66.195 - - [22/Dec/2021:20:07:56 +0100] "GET /media/com_jchoptimize/cache/js/f2a7a5377524df5bec55673a25b14baa.js HTTP/1.1" 200 101225 "https://www.lager-techniek.eu/index.php/miniatuur-range/skf-6282z" "Mozilla/5.0 (Linux; Android 6.0.1; Nexus 5X Build/MMB29P) AppleWebKit/537.36 (KHTML, like Gecko) Chrome/96.0.4664.93 Mobile Safari/537.36 (compatible; Googlebot/2.1; +http://www.google.com/bot.html)"
66.249.66.195 - - [22/Dec/2021:20:07:57 +0100] "GET /index.php/rcjty-fytb-tf-range/ina-rcjty70xl HTTP/1.1" 200 14137 "-" "Mozilla/5.0 (Linux; Android 6.0.1; Nexus 5X Build/MMB29P) AppleWebKit/537.36 (KHTML, like Gecko) Chrome/96.0.4664.110 Mobile Safari/537.36 (compatible; Googlebot/2.1; +http://www.google.com/bot.html)"
54.36.148.227 - - [22/Dec/2021:20:08:04 +0100] "GET /index.php/kegellager-inch/timken-hm218238hm218210 HTTP/1.1" 200 14261 "-" "Mozilla/5.0 (compatible; AhrefsBot/7.0; +http://ahrefs.com/robot/)"
66.249.66.4 - - [22/Dec/2021:20:08:13 +0100] "GET /index.php/axk-range/ntn-axk1100 HTTP/1.1" 200 14158 "-" "Mozilla/5.0 (compatible; Googlebot/2.1; +http://www.google.com/bot.html)"
54.36.148.227 - - [22/Dec/2021:20:08:18 +0100] "GET /index.php/askquestion/form?category_id=112&product_id=8474&type=1&tmpl=component HTTP/1.1" 200 2410 "-" "Mozilla/5.0 (compatible; AhrefsBot/7.0; +http://ahrefs.com/robot/)"
2a02:a445:eb98:1:d8b1:6911:f72:4f3 - - [22/Dec/2021:20:08:20 +0100] "GET /index.php/component/ajax/?format=json HTTP/1.1" 200 758 "https://www.lager-techniek.eu/index.php/70-range-precisie-spindel/fag-b7018ctp4sul" "Mozilla/5.0 (Macintosh; Intel Mac OS X 10_15_6) AppleWebKit/605.1.15 (KHTML, like Gecko) Version/15.1 Safari/605.1.15"
66.249.66.6 - - [22/Dec/2021:20:08:20 +0100] "GET /media/com_jchoptimize/cache/js/a463fec30faa7e4e240c3027850aa795.js HTTP/1.1" 200 101226 "https://www.lager-techniek.eu/index.php/axk-range/ntn-axk1100" "Mozilla/5.0 AppleWebKit/537.36 (KHTML, like Gecko; compatible; Googlebot/2.1; +http://www.google.com/bot.html) Chrome/96.0.4664.93 Safari/537.36"
66.249.66.4 - - [22/Dec/2021:20:08:30 +0100] "GET /index.php/32-range/skf-3220a HTTP/1.1" 200 14165 "-" "Mozilla/5.0 (Linux; Android 6.0.1; Nexus 5X Build/MMB29P) AppleWebKit/537.36 (KHTML, like Gecko) Chrome/96.0.4664.93 Mobile Safari/537.36 (compatible; Googlebot/2.1; +http://www.google.com/bot.html)"
54.36.148.227 - - [22/Dec/2021:20:08:31 +0100] "GET /index.php/askquestion/form?category_id=234&product_id=21652&type=1&tmpl=component HTTP/1.1" 200 2419 "-" "Mozilla/5.0 (compatible; AhrefsBot/7.0; +http://ahrefs.com/robot/)"
66.249.66.195 - - [22/Dec/2021:20:08:31 +0100] "GET /index.php/200-range/skf-208c3 HTTP/1.1" 200 13841 "-" "Mozilla/5.0 (Linux; Android 6.0.1; Nexus 5X Build/MMB29P) AppleWebKit/537.36 (KHTML, like Gecko) Chrome/96.0.4664.110 Mobile Safari/537.36 (compatible; Googlebot/2.1; +http://www.google.com/bot.html)"
54.36.148.227 - - [22/Dec/2021:20:08:45 +0100] "GET /index.php/cart/add?category_id=26&product_id=45166 HTTP/1.1" 303 645 "-" "Mozilla/5.0 (compatible; AhrefsBot/7.0; +http://ahrefs.com/robot/)"
54.36.148.227 - - [22/Dec/2021:20:08:56 +0100] "GET /index.php/cart/add?category_id=916&product_id=30469 HTTP/1.1" 303 645 "-" "Mozilla/5.0 (compatible; AhrefsBot/7.0; +http://ahrefs.com/robot/)"
89.146.3.50 - - [22/Dec/2021:20:08:58 +0100] "GET /index.php/component/ajax/?format=json HTTP/1.1" 200 758 "https://www.lager-techniek.eu/index.php/spa-range/optibelt-spa1600" "Mozilla/5.0 (Windows NT 10.0; Win64; x64) AppleWebKit/537.36 (KHTML, like Gecko) Chrome/96.0.4664.110 Safari/537.36 Edg/96.0.1054.62"
66.249.66.4 - - [22/Dec/2021:20:08:59 +0100] "GET /index.php/tandriemen-t10/megadyne-t1065010 HTTP/1.1" 200 14129 "-" "Mozilla/5.0 (Linux; Android 6.0.1; Nexus 5X Build/MMB29P) AppleWebKit/537.36 (KHTML, like Gecko) Chrome/96.0.4664.110 Mobile Safari/537.36 (compatible; Googlebot/2.1; +http://www.google.com/bot.html)"
66.249.66.76 - - [22/Dec/2021:20:08:59 +0100] "GET /index.php/tandriemen-xl/megadyne-320xl037 HTTP/1.1" 200 14021 "-" "Mozilla/5.0 (Linux; Android 6.0.1; Nexus 5X Build/MMB29P) AppleWebKit/537.36 (KHTML, like Gecko) Chrome/96.0.4664.93 Mobile Safari/537.36 (compatible; Googlebot/2.1; +http://www.google.com/bot.html)"
66.249.66.76 - - [22/Dec/2021:20:09:00 +0100] "GET /index.php/53200-range/fag-53215 HTTP/1.1" 200 13657 "-" "Mozilla/5.0 (compatible; Googlebot/2.1; +http://www.google.com/bot.html)"
54.36.148.227 - - [22/Dec/2021:20:09:10 +0100] "GET /index.php/cart/add?category_id=916&product_id=30470 HTTP/1.1" 303 645 "-" "Mozilla/5.0 (compatible; AhrefsBot/7.0; +http://ahrefs.com/robot/)"
2a02:a44c:f26c:1:6cbb:b172:62af:b00d - - [22/Dec/2021:20:09:12 +0100] "GET /index.php/component/ajax/?format=json HTTP/1.1" 200 758 "https://www.lager-techniek.eu/index.php/6000-range/fag-6006" "Mozilla/5.0 (Windows NT 10.0; Win64; x64; rv:95.0) Gecko/20100101 Firefox/95.0"
2a02:a44c:f26c:1:6cbb:b172:62af:b00d - - [22/Dec/2021:20:09:12 +0100] "GET /index.php/component/ajax/?format=json HTTP/1.1" 200 758 "https://www.lager-techniek.eu/index.php/k-range-naaldkrans/ina-k20x28x20c" "Mozilla/5.0 (Windows NT 10.0; Win64; x64; rv:95.0) Gecko/20100101 Firefox/95.0"
54.36.148.227 - - [22/Dec/2021:20:09:23 +0100] "GET /index.php/cart/add?category_id=916&product_id=30471 HTTP/1.1" 303 645 "-" "Mozilla/5.0 (compatible; AhrefsBot/7.0; +http://ahrefs.com/robot/)"
178.118.52.254 - - [22/Dec/2021:20:09:32 +0100] "GET /index.php/component/ajax/?format=json HTTP/1.1" 200 758 "https://www.lager-techniek.eu/index.php/tandriemen-3m/gates-2883m15" "Mozilla/5.0 (Windows NT 10.0; Win64; x64) AppleWebKit/537.36 (KHTML, like Gecko) Chrome/96.0.4664.110 Safari/537.36"
54.36.148.227 - - [22/Dec/2021:20:09:36 +0100] "GET /index.php/cart/add?category_id=916&product_id=35218 HTTP/1.1" 303 645 "-" "Mozilla/5.0 (compatible; AhrefsBot/7.0; +http://ahrefs.com/robot/)"
66.249.66.195 - - [22/Dec/2021:20:09:45 +0100] "GET /index.php/72-range/fag-7213bxlmp HTTP/1.1" 200 13917 "-" "Mozilla/5.0 (Linux; Android 6.0.1; Nexus 5X Build/MMB29P) AppleWebKit/537.36 (KHTML, like Gecko) Chrome/96.0.4664.110 Mobile Safari/537.36 (compatible; Googlebot/2.1; +http://www.google.com/bot.html)"
54.36.148.227 - - [22/Dec/2021:20:09:50 +0100] "GET /index.php/cart/add?category_id=916&product_id=35219 HTTP/1.1" 303 645 "-" "Mozilla/5.0 (compatible; AhrefsBot/7.0; +http://ahrefs.com/robot/)"
66.249.66.158 - - [22/Dec/2021:20:09:54 +0100] "GET /index.php/tandriemen-t5/megadyne-t55606 HTTP/1.1" 200 14136 "-" "Mozilla/5.0 (compatible; Googlebot/2.1; +http://www.google.com/bot.html)"
66.249.66.76 - - [22/Dec/2021:20:09:57 +0100] "GET /index.php/6300-range/skf-6322c3 HTTP/1.1" 200 14306 "-" "Mozilla/5.0 (Linux; Android 6.0.1; Nexus 5X Build/MMB29P) AppleWebKit/537.36 (KHTML, like Gecko) Chrome/96.0.4664.93 Mobile Safari/537.36 (compatible; Googlebot/2.1; +http://www.google.com/bot.html)"
54.36.148.227 - - [22/Dec/2021:20:10:02 +0100] "GET /index.php/72-range/nsk-7200a5trdump3 HTTP/1.1" 200 13909 "-" "Mozilla/5.0 (compatible; AhrefsBot/7.0; +http://ahrefs.com/robot/)"
66.249.66.6 - - [22/Dec/2021:20:10:08 +0100] "GET /index.php/73-range/skf-7308be2rzp HTTP/1.1" 200 14263 "-" "Mozilla/5.0 (Linux; Android 6.0.1; Nexus 5X Build/MMB29P) AppleWebKit/537.36 (KHTML, like Gecko) Chrome/96.0.4664.93 Mobile Safari/537.36 (compatible; Googlebot/2.1; +http://www.google.com/bot.html)"
66.249.66.76 - - [22/Dec/2021:20:10:12 +0100] "GET /index.php/kettingwiel-08b-2-taperlock/08b2z18tl HTTP/1.1" 200 13904 "-" "Mozilla/5.0 (Linux; Android 6.0.1; Nexus 5X Build/MMB29P) AppleWebKit/537.36 (KHTML, like Gecko) Chrome/96.0.4664.93 Mobile Safari/537.36 (compatible; Googlebot/2.1; +http://www.google.com/bot.html)"
54.36.148.227 - - [22/Dec/2021:20:10:16 +0100] "GET /index.php/cart/add?category_id=916&product_id=35220 HTTP/1.1" 303 645 "-" "Mozilla/5.0 (compatible; AhrefsBot/7.0; +http://ahrefs.com/robot/)"
66.249.66.6 - - [22/Dec/2021:20:10:19 +0100] "GET /index.php/moduul-3/m3z114 HTTP/1.1" 200 13520 "-" "Mozilla/5.0 (compatible; Googlebot/2.1; +http://www.google.com/bot.html)"
66.249.66.158 - - [22/Dec/2021:20:10:23 +0100] "GET /index.php/kettingwiel-06b-3/06b3z17 HTTP/1.1" 200 13941 "-" "Mozilla/5.0 (Linux; Android 6.0.1; Nexus 5X Build/MMB29P) AppleWebKit/537.36 (KHTML, like Gecko) Chrome/96.0.4664.93 Mobile Safari/537.36 (compatible; Googlebot/2.1; +http://www.google.com/bot.html)"
66.249.66.76 - - [22/Dec/2021:20:10:27 +0100] "GET /index.php/62300-range/ntn-623052rs HTTP/1.1" 200 14342 "-" "Mozilla/5.0 (Linux; Android 6.0.1; Nexus 5X Build/MMB29P) AppleWebKit/537.36 (KHTML, like Gecko) Chrome/96.0.4664.93 Mobile Safari/537.36 (compatible; Googlebot/2.1; +http://www.google.com/bot.html)"
77.60.98.226 - - [22/Dec/2021:20:10:28 +0100] "GET /index.php/component/ajax/?format=json HTTP/1.1" 200 758 "https://www.lager-techniek.eu/index.php/b-range/contitech-17x1215" "Mozilla/5.0 (Windows NT 6.1; Win64; x64) AppleWebKit/537.36 (KHTML, like Gecko) Chrome/94.0.4606.71 Safari/537.36"
54.36.148.227 - - [22/Dec/2021:20:10:31 +0100] "GET /index.php/askquestion/form?category_id=15&product_id=25871&type=1&tmpl=component HTTP/1.1" 200 2414 "-" "Mozilla/5.0 (compatible; AhrefsBot/7.0; +http://ahrefs.com/robot/)"
178.118.52.254 - - [22/Dec/2021:20:10:32 +0100] "GET /index.php/component/ajax/?format=json HTTP/1.1" 200 758 "https://www.lager-techniek.eu/index.php/tandriemen-3m/gates-2823m6gt3" "Mozilla/5.0 (Windows NT 10.0; Win64; x64) AppleWebKit/537.36 (KHTML, like Gecko) Chrome/96.0.4664.110 Safari/537.36"
51.158.68.251 - - [22/Dec/2021:20:10:33 +0100] "GET /index.php/overig/koyo-tr0608a?tmpl=component&print=1 HTTP/1.1" 200 3578 "-" "Mozilla/5.0 (Windows NT 10.0; Win64; x64) AppleWebKit/537.36 (KHTML, like Gecko) Chrome/93.0.4577.0 Safari/537.36"
51.158.68.251 - - [22/Dec/2021:20:10:33 +0100] "GET /media/com_jchoptimize/cache/js/01c2bb7e5b2f41c77be699ef921df934.js HTTP/1.1" 200 20615 "https://lager-techniek.eu/index.php/overig/koyo-tr0608a?tmpl=component&print=1" "Mozilla/5.0 (Windows NT 10.0; Win64; x64) AppleWebKit/537.36 (KHTML, like Gecko) Chrome/93.0.4577.0 Safari/537.36"
51.158.68.251 - - [22/Dec/2021:20:10:33 +0100] "GET /media/com_jchoptimize/cache/js/8b24f2b7e2f30e694601aa1b658c9b9e.js HTTP/1.1" 200 66506 "https://lager-techniek.eu/index.php/overig/koyo-tr0608a?tmpl=component&print=1" "Mozilla/5.0 (Windows NT 10.0; Win64; x64) AppleWebKit/537.36 (KHTML, like Gecko) Chrome/93.0.4577.0 Safari/537.36"
66.249.66.158 - - [22/Dec/2021:20:10:39 +0100] "GET /index.php/borgring/skfmb28 HTTP/1.1" 200 14319 "-" "Mozilla/5.0 (compatible; Googlebot/2.1; +http://www.google.com/bot.html)"
66.249.66.195 - - [22/Dec/2021:20:10:40 +0100] "GET /index.php/nu-200-range/ntn-nu204et2x HTTP/1.1" 200 14495 "-" "Mozilla/5.0 (compatible; Googlebot/2.1; +http://www.google.com/bot.html)"
54.36.148.227 - - [22/Dec/2021:20:10:43 +0100] "GET /index.php/6300-range/skf-6336mc3 HTTP/1.1" 200 14302 "-" "Mozilla/5.0 (compatible; AhrefsBot/7.0; +http://ahrefs.com/robot/)"
66.249.66.195 - - [22/Dec/2021:20:10:51 +0100] "GET /index.php/lr5-30-range/ina-lr52002z HTTP/1.1" 200 14167 "-" "Mozilla/5.0 (Linux; Android 6.0.1; Nexus 5X Build/MMB29P) AppleWebKit/537.36 (KHTML, like Gecko) Chrome/96.0.4664.110 Mobile Safari/537.36 (compatible; Googlebot/2.1; +http://www.google.com/bot.html)"
66.249.66.4 - - [22/Dec/2021:20:10:55 +0100] "GET /media/com_jchoptimize/cache/js/ecb9b1b52344951cb3626c9a92814078.js HTTP/1.1" 200 101226 "https://www.lager-techniek.eu/index.php/tandriemen-xl/megadyne-320xl037" "Mozilla/5.0 (Linux; Android 6.0.1; Nexus 5X Build/MMB29P) AppleWebKit/537.36 (KHTML, like Gecko) Chrome/96.0.4664.93 Mobile Safari/537.36 (compatible; Googlebot/2.1; +http://www.google.com/bot.html)"
54.36.148.227 - - [22/Dec/2021:20:10:56 +0100] "GET /index.php/askquestion/form?category_id=72&product_id=3577&type=1&tmpl=component HTTP/1.1" 200 2425 "-" "Mozilla/5.0 (compatible; AhrefsBot/7.0; +http://ahrefs.com/robot/)"
66.249.66.76 - - [22/Dec/2021:20:11:01 +0100] "GET /index.php/moduul-1/m1z24 HTTP/1.1" 200 13538 "-" "Mozilla/5.0 (compatible; Googlebot/2.1; +http://www.google.com/bot.html)"
54.36.148.227 - - [22/Dec/2021:20:11:08 +0100] "GET /index.php/askquestion/form?category_id=67&product_id=40729&type=1&tmpl=component HTTP/1.1" 200 2411 "-" "Mozilla/5.0 (compatible; AhrefsBot/7.0; +http://ahrefs.com/robot/)"
66.249.66.198 - - [22/Dec/2021:20:11:08 +0100] "GET /index.php/kegellager-inch/timken-14137a14276b HTTP/1.1" 200 13859 "-" "Mozilla/5.0 (compatible; Googlebot/2.1; +http://www.google.com/bot.html)"
193.104.159.11 - - [22/Dec/2021:20:11:11 +0100] "GET /index.php/component/ajax/?format=json HTTP/1.1" 200 758 "https://www.lager-techniek.eu/index.php/2200-range/fag-22032rstvh" "Mozilla/5.0 (Windows NT 10.0; Win64; x64) AppleWebKit/537.36 (KHTML, like Gecko) Chrome/96.0.4664.110 Safari/537.36 Edg/96.0.1054.62"
13.66.139.0 - - [22/Dec/2021:20:11:18 +0100] "GET /index.php/inleg-spieen/din6885a-18x11x100rvs1-4571 HTTP/1.1" 200 13805 "-" "Mozilla/5.0 (compatible; bingbot/2.0; +http://www.bing.com/bingbot.htm)"
54.36.148.227 - - [22/Dec/2021:20:11:19 +0100] "GET /index.php/askquestion/form?category_id=893&product_id=31743&type=1&tmpl=component HTTP/1.1" 200 2414 "-" "Mozilla/5.0 (compatible; AhrefsBot/7.0; +http://ahrefs.com/robot/)"
66.249.66.76 - - [22/Dec/2021:20:11:21 +0100] "GET /media/com_jchoptimize/cache/js/8c222e81b5f0b4b770bda9a274c6aed3.js HTTP/1.1" 200 101226 "https://www.lager-techniek.eu/index.php/kettingwiel-06b-3/06b3z17" "Mozilla/5.0 (Linux; Android 6.0.1; Nexus 5X Build/MMB29P) AppleWebKit/537.36 (KHTML, like Gecko) Chrome/96.0.4664.93 Mobile Safari/537.36 (compatible; Googlebot/2.1; +http://www.google.com/bot.html)"
66.249.66.4 - - [22/Dec/2021:20:11:25 +0100] "GET /media/com_jchoptimize/cache/js/f1ce90d1a52590794231f69a26d11f4b.js HTTP/1.1" 200 101225 "https://www.lager-techniek.eu/index.php/kettingwiel-08b-2-taperlock/08b2z18tl" "Mozilla/5.0 (Linux; Android 6.0.1; Nexus 5X Build/MMB29P) AppleWebKit/537.36 (KHTML, like Gecko) Chrome/96.0.4664.93 Mobile Safari/537.36 (compatible; Googlebot/2.1; +http://www.google.com/bot.html)"
54.36.148.227 - - [22/Dec/2021:20:11:32 +0100] "GET /index.php/cart/add?category_id=916&product_id=45266 HTTP/1.1" 303 645 "-" "Mozilla/5.0 (compatible; AhrefsBot/7.0; +http://ahrefs.com/robot/)"
91.183.150.180 - - [22/Dec/2021:20:11:35 +0100] "GET /index.php/component/ajax/?format=json HTTP/1.1" 200 758 "https://www.lager-techniek.eu/index.php/overig/skf-tmft36" "Mozilla/5.0 (Windows NT 6.3; Win64; x64) AppleWebKit/537.36 (KHTML, like Gecko) Chrome/96.0.4664.110 Safari/537.36"
66.249.66.76 - - [22/Dec/2021:20:11:36 +0100] "GET /index.php/z-range/10x686-contitech HTTP/1.1" 200 14115 "-" "Mozilla/5.0 (Linux; Android 6.0.1; Nexus 5X Build/MMB29P) AppleWebKit/537.36 (KHTML, like Gecko) Chrome/96.0.4664.110 Mobile Safari/537.36 (compatible; Googlebot/2.1; +http://www.google.com/bot.html)"
66.249.66.158 - - [22/Dec/2021:20:11:44 +0100] "GET /media/com_jchoptimize/cache/js/040358ce284788d09f56f54ad31f0988.js HTTP/1.1" 200 101225 "https://www.lager-techniek.eu/index.php/kegellager-inch/timken-14137a14276b" "Mozilla/5.0 AppleWebKit/537.36 (KHTML, like Gecko; compatible; Googlebot/2.1; +http://www.google.com/bot.html) Chrome/96.0.4664.93 Safari/537.36"
54.36.148.227 - - [22/Dec/2021:20:11:46 +0100] "GET /index.php/cart/add?category_id=916&product_id=45267 HTTP/1.1" 303 645 "-" "Mozilla/5.0 (compatible; AhrefsBot/7.0; +http://ahrefs.com/robot/)"
185.178.235.166 - - [22/Dec/2021:20:12:00 +0100] "GET /index.php/component/ajax/?format=json HTTP/1.1" 200 758 "https://www.lager-techniek.eu/index.php/kettingspanwiel/ina-ksr16l010101408" "Mozilla/5.0 (Windows NT 10.0; Win64; x64) AppleWebKit/537.36 (KHTML, like Gecko) Chrome/96.0.4664.45 Safari/537.36"
54.36.148.227 - - [22/Dec/2021:20:12:01 +0100] "GET /index.php/askquestion/form?category_id=23&product_id=41642&type=1&tmpl=component HTTP/1.1" 200 2410 "-" "Mozilla/5.0 (compatible; AhrefsBot/7.0; +http://ahrefs.com/robot/)"
66.249.66.8 - - [22/Dec/2021:20:12:07 +0100] "GET /media/com_jchoptimize/cache/js/b48d29cdf2e1dce1f2f1b71a9ab9131f.js HTTP/1.1" 200 101220 "https://www.lager-techniek.eu/index.php/73-range/skf-7308be2rzp" "Mozilla/5.0 (Linux; Android 6.0.1; Nexus 5X Build/MMB29P) AppleWebKit/537.36 (KHTML, like Gecko) Chrome/96.0.4664.93 Mobile Safari/537.36 (compatible; Googlebot/2.1; +http://www.google.com/bot.html)"
77.167.19.160 - - [22/Dec/2021:20:12:15 +0100] "GET /index.php/kogels/kogellager-kogel-10mm HTTP/1.1" 200 13499 "https://www.google.nl/" "Mozilla/5.0 (Macintosh; Intel Mac OS X 10_15_6) AppleWebKit/605.1.15 (KHTML, like Gecko) Version/15.1 Safari/605.1.15"
77.167.19.160 - - [22/Dec/2021:20:12:16 +0100] "GET /images/banner12-lager-techniek.eu.jpg HTTP/1.1" 200 17827 "https://www.lager-techniek.eu/index.php/kogels/kogellager-kogel-10mm" "Mozilla/5.0 (Macintosh; Intel Mac OS X 10_15_6) AppleWebKit/605.1.15 (KHTML, like Gecko) Version/15.1 Safari/605.1.15"
77.167.19.160 - - [22/Dec/2021:20:12:16 +0100] "GET /media/com_jchoptimize/cache/js/af1111cf1dcd0f1d7258d5fa2fddab4c.js HTTP/1.1" 200 1470 "https://www.lager-techniek.eu/index.php/kogels/kogellager-kogel-10mm" "Mozilla/5.0 (Macintosh; Intel Mac OS X 10_15_6) AppleWebKit/605.1.15 (KHTML, like Gecko) Version/15.1 Safari/605.1.15"
77.167.19.160 - - [22/Dec/2021:20:12:16 +0100] "GET /media/com_jchoptimize/cache/js/06f37f52e42f8f6a99fa2b3e8e79d821.js HTTP/1.1" 200 20663 "https://www.lager-techniek.eu/index.php/kogels/kogellager-kogel-10mm" "Mozilla/5.0 (Macintosh; Intel Mac OS X 10_15_6) AppleWebKit/605.1.15 (KHTML, like Gecko) Version/15.1 Safari/605.1.15"
77.167.19.160 - - [22/Dec/2021:20:12:16 +0100] "GET /media/com_jchoptimize/cache/css/e3aaa5baf7724231080a3c38514acb60.css HTTP/1.1" 200 32260 "https://www.lager-techniek.eu/index.php/kogels/kogellager-kogel-10mm" "Mozilla/5.0 (Macintosh; Intel Mac OS X 10_15_6) AppleWebKit/605.1.15 (KHTML, like Gecko) Version/15.1 Safari/605.1.15"
77.167.19.160 - - [22/Dec/2021:20:12:16 +0100] "GET /media/com_jchoptimize/cache/js/4824547f666d4af5a1cd8588e02413db.js HTTP/1.1" 200 74723 "https://www.lager-techniek.eu/index.php/kogels/kogellager-kogel-10mm" "Mozilla/5.0 (Macintosh; Intel Mac OS X 10_15_6) AppleWebKit/605.1.15 (KHTML, like Gecko) Version/15.1 Safari/605.1.15"
77.167.19.160 - - [22/Dec/2021:20:12:16 +0100] "GET /modules/mod_gtranslate/tmpl/lang/16/en.png HTTP/1.1" 200 1063 "https://www.lager-techniek.eu/index.php/kogels/kogellager-kogel-10mm" "Mozilla/5.0 (Macintosh; Intel Mac OS X 10_15_6) AppleWebKit/605.1.15 (KHTML, like Gecko) Version/15.1 Safari/605.1.15"
77.167.19.160 - - [22/Dec/2021:20:12:16 +0100] "GET /components/com_jshopping/images/search.png HTTP/1.1" 200 847 "https://www.lager-techniek.eu/index.php/kogels/kogellager-kogel-10mm" "Mozilla/5.0 (Macintosh; Intel Mac OS X 10_15_6) AppleWebKit/605.1.15 (KHTML, like Gecko) Version/15.1 Safari/605.1.15"
77.167.19.160 - - [22/Dec/2021:20:12:16 +0100] "GET /components/com_jshopping/images/print.png HTTP/1.1" 200 735 "https://www.lager-techniek.eu/index.php/kogels/kogellager-kogel-10mm" "Mozilla/5.0 (Macintosh; Intel Mac OS X 10_15_6) AppleWebKit/605.1.15 (KHTML, like Gecko) Version/15.1 Safari/605.1.15"
77.167.19.160 - - [22/Dec/2021:20:12:16 +0100] "GET /modules/mod_gtranslate/tmpl/lang/16/pt.png HTTP/1.1" 200 947 "https://www.lager-techniek.eu/index.php/kogels/kogellager-kogel-10mm" "Mozilla/5.0 (Macintosh; Intel Mac OS X 10_15_6) AppleWebKit/605.1.15 (KHTML, like Gecko) Version/15.1 Safari/605.1.15"
77.167.19.160 - - [22/Dec/2021:20:12:16 +0100] "GET /modules/mod_gtranslate/tmpl/lang/16/es.png HTTP/1.1" 200 849 "https://www.lager-techniek.eu/index.php/kogels/kogellager-kogel-10mm" "Mozilla/5.0 (Macintosh; Intel Mac OS X 10_15_6) AppleWebKit/605.1.15 (KHTML, like Gecko) Version/15.1 Safari/605.1.15"
77.167.19.160 - - [22/Dec/2021:20:12:16 +0100] "GET /modules/mod_gtranslate/tmpl/lang/16/de.png HTTP/1.1" 200 747 "https://www.lager-techniek.eu/index.php/kogels/kogellager-kogel-10mm" "Mozilla/5.0 (Macintosh; Intel Mac OS X 10_15_6) AppleWebKit/605.1.15 (KHTML, like Gecko) Version/15.1 Safari/605.1.15"
77.167.19.160 - - [22/Dec/2021:20:12:16 +0100] "GET /media/system/images/arrow.png HTTP/1.1" 200 462 "https://www.lager-techniek.eu/index.php/kogels/kogellager-kogel-10mm" "Mozilla/5.0 (Macintosh; Intel Mac OS X 10_15_6) AppleWebKit/605.1.15 (KHTML, like Gecko) Version/15.1 Safari/605.1.15"
77.167.19.160 - - [22/Dec/2021:20:12:16 +0100] "GET /modules/mod_gtranslate/tmpl/lang/16/ru.png HTTP/1.1" 200 706 "https://www.lager-techniek.eu/index.php/kogels/kogellager-kogel-10mm" "Mozilla/5.0 (Macintosh; Intel Mac OS X 10_15_6) AppleWebKit/605.1.15 (KHTML, like Gecko) Version/15.1 Safari/605.1.15"
77.167.19.160 - - [22/Dec/2021:20:12:16 +0100] "GET /modules/mod_gtranslate/tmpl/lang/16/fr.png HTTP/1.1" 200 802 "https://www.lager-techniek.eu/index.php/kogels/kogellager-kogel-10mm" "Mozilla/5.0 (Macintosh; Intel Mac OS X 10_15_6) AppleWebKit/605.1.15 (KHTML, like Gecko) Version/15.1 Safari/605.1.15"
