217.123.82.92 - - [22/Dec/2021:22:55:24 +0100] "GET /index.php/component/ajax/?format=json HTTP/1.1" 200 758 "https://www.lager-techniek.eu/index.php/duplex-rollenketting/vbchain-rk24b2" "Mozilla/5.0 (Windows NT 10.0; Win64; x64) AppleWebKit/537.36 (KHTML, like Gecko) Chrome/96.0.4664.110 Safari/537.36"
54.36.148.227 - - [22/Dec/2021:22:55:25 +0100] "GET /index.php/askquestion/form?category_id=22&product_id=13120&type=1&tmpl=component HTTP/1.1" 200 2427 "-" "Mozilla/5.0 (compatible; AhrefsBot/7.0; +http://ahrefs.com/robot/)"
77.60.98.226 - - [22/Dec/2021:22:55:27 +0100] "GET /index.php/component/ajax/?format=json HTTP/1.1" 200 758 "https://www.lager-techniek.eu/index.php/b-range/contitech-17x1215" "Mozilla/5.0 (Windows NT 6.1; Win64; x64) AppleWebKit/537.36 (KHTML, like Gecko) Chrome/94.0.4606.71 Safari/537.36"
51.158.107.44 - - [22/Dec/2021:22:55:27 +0100] "GET /index.php/kettingspanwiel/son-10b1z13b16?tmpl=component&print=1 HTTP/1.1" 200 3722 "-" "Mozilla/5.0 (Windows NT 10.0; Win64; x64) AppleWebKit/537.36 (KHTML, like Gecko) Chrome/93.0.4577.0 Safari/537.36"
51.158.107.44 - - [22/Dec/2021:22:55:28 +0100] "GET /media/com_jchoptimize/cache/js/01c2bb7e5b2f41c77be699ef921df934.js HTTP/1.1" 200 20649 "https://lager-techniek.eu/index.php/kettingspanwiel/son-10b1z13b16?tmpl=component&print=1" "Mozilla/5.0 (Windows NT 10.0; Win64; x64) AppleWebKit/537.36 (KHTML, like Gecko) Chrome/93.0.4577.0 Safari/537.36"
51.158.107.44 - - [22/Dec/2021:22:55:28 +0100] "GET /media/com_jchoptimize/cache/js/6dcffd4a2ff50e7eca2133297d8c4dc6.js HTTP/1.1" 200 66509 "https://lager-techniek.eu/index.php/kettingspanwiel/son-10b1z13b16?tmpl=component&print=1" "Mozilla/5.0 (Windows NT 10.0; Win64; x64) AppleWebKit/537.36 (KHTML, like Gecko) Chrome/93.0.4577.0 Safari/537.36"
178.118.52.254 - - [22/Dec/2021:22:55:32 +0100] "GET /index.php/component/ajax/?format=json HTTP/1.1" 200 758 "https://www.lager-techniek.eu/index.php/tandriemen-3m/gates-2823m6gt3" "Mozilla/5.0 (Windows NT 10.0; Win64; x64) AppleWebKit/537.36 (KHTML, like Gecko) Chrome/96.0.4664.110 Safari/537.36"
54.36.148.227 - - [22/Dec/2021:22:55:40 +0100] "GET /index.php/askquestion/form?category_id=23&product_id=41625&type=1&tmpl=component HTTP/1.1" 200 2416 "-" "Mozilla/5.0 (compatible; AhrefsBot/7.0; +http://ahrefs.com/robot/)"
54.36.148.227 - - [22/Dec/2021:22:55:51 +0100] "GET /index.php/askquestion/form?category_id=24&product_id=13966&type=1&tmpl=component HTTP/1.1" 200 2408 "-" "Mozilla/5.0 (compatible; AhrefsBot/7.0; +http://ahrefs.com/robot/)"
66.249.66.6 - - [22/Dec/2021:22:56:01 +0100] "GET /index.php/tandriemen-14m/gates-432614m170gt3 HTTP/1.1" 200 14759 "-" "Mozilla/5.0 (Linux; Android 6.0.1; Nexus 5X Build/MMB29P) AppleWebKit/537.36 (KHTML, like Gecko) Chrome/96.0.4664.110 Mobile Safari/537.36 (compatible; Googlebot/2.1; +http://www.google.com/bot.html)"
54.36.148.227 - - [22/Dec/2021:22:56:05 +0100] "GET /index.php/askquestion/form?category_id=1036&product_id=42055&type=1&tmpl=component HTTP/1.1" 200 2415 "-" "Mozilla/5.0 (compatible; AhrefsBot/7.0; +http://ahrefs.com/robot/)"
193.104.159.11 - - [22/Dec/2021:22:56:11 +0100] "GET /index.php/component/ajax/?format=json HTTP/1.1" 200 758 "https://www.lager-techniek.eu/index.php/2200-range/fag-22032rstvh" "Mozilla/5.0 (Windows NT 10.0; Win64; x64) AppleWebKit/537.36 (KHTML, like Gecko) Chrome/96.0.4664.110 Safari/537.36 Edg/96.0.1054.62"
66.249.66.159 - - [22/Dec/2021:22:56:18 +0100] "GET /index.php/nu-300-range/nsk-nu307em HTTP/1.1" 200 14043 "-" "Mozilla/5.0 (Linux; Android 6.0.1; Nexus 5X Build/MMB29P) AppleWebKit/537.36 (KHTML, like Gecko) Chrome/96.0.4664.110 Mobile Safari/537.36 (compatible; Googlebot/2.1; +http://www.google.com/bot.html)"
54.36.148.227 - - [22/Dec/2021:22:56:19 +0100] "GET /index.php/kettingwiel-10b-2/10b2z13 HTTP/1.1" 200 13923 "-" "Mozilla/5.0 (compatible; AhrefsBot/7.0; +http://ahrefs.com/robot/)"
54.36.148.227 - - [22/Dec/2021:22:56:31 +0100] "GET /index.php/kettingwiel-12b-2/12b2z25 HTTP/1.1" 200 13924 "-" "Mozilla/5.0 (compatible; AhrefsBot/7.0; +http://ahrefs.com/robot/)"
91.183.150.180 - - [22/Dec/2021:22:56:35 +0100] "GET /index.php/component/ajax/?format=json HTTP/1.1" 200 758 "https://www.lager-techniek.eu/index.php/overig/skf-tmft36" "Mozilla/5.0 (Windows NT 6.3; Win64; x64) AppleWebKit/537.36 (KHTML, like Gecko) Chrome/96.0.4664.110 Safari/537.36"
66.249.66.195 - - [22/Dec/2021:22:56:36 +0100] "GET /index.php/21300-range/fag-21310e1xlc3 HTTP/1.1" 200 14310 "-" "Mozilla/5.0 (Linux; Android 6.0.1; Nexus 5X Build/MMB29P) AppleWebKit/537.36 (KHTML, like Gecko) Chrome/96.0.4664.93 Mobile Safari/537.36 (compatible; Googlebot/2.1; +http://www.google.com/bot.html)"
66.249.66.158 - - [22/Dec/2021:22:56:42 +0100] "GET /media/com_jchoptimize/cache/js/3e2e0aa4d0dc614e25c241737661e3ea.js HTTP/1.1" 200 101225 "https://www.lager-techniek.eu/index.php/21300-range/fag-21310e1xlc3" "Mozilla/5.0 (Linux; Android 6.0.1; Nexus 5X Build/MMB29P) AppleWebKit/537.36 (KHTML, like Gecko) Chrome/96.0.4664.93 Mobile Safari/537.36 (compatible; Googlebot/2.1; +http://www.google.com/bot.html)"
54.36.148.227 - - [22/Dec/2021:22:56:45 +0100] "GET /index.php/cart/add?category_id=52&product_id=12677 HTTP/1.1" 303 645 "-" "Mozilla/5.0 (compatible; AhrefsBot/7.0; +http://ahrefs.com/robot/)"
54.36.148.227 - - [22/Dec/2021:22:56:58 +0100] "GET /index.php/askquestion/form?category_id=921&product_id=30592&type=1&tmpl=component HTTP/1.1" 200 2417 "-" "Mozilla/5.0 (compatible; AhrefsBot/7.0; +http://ahrefs.com/robot/)"
185.178.235.166 - - [22/Dec/2021:22:57:00 +0100] "GET /index.php/component/ajax/?format=json HTTP/1.1" 200 758 "https://www.lager-techniek.eu/index.php/kettingspanwiel/ina-ksr16l010101408" "Mozilla/5.0 (Windows NT 10.0; Win64; x64) AppleWebKit/537.36 (KHTML, like Gecko) Chrome/96.0.4664.45 Safari/537.36"
54.36.148.227 - - [22/Dec/2021:22:57:10 +0100] "GET /index.php/draadborg-middel-en-vlakkenafdichting/loctite-5926310ml HTTP/1.1" 200 14893 "-" "Mozilla/5.0 (compatible; AhrefsBot/7.0; +http://ahrefs.com/robot/)"
66.249.66.158 - - [22/Dec/2021:22:57:13 +0100] "GET /index.php/draadborg-middel-en-vlakkenafdichting/loctite-275-250ml HTTP/1.1" 200 14849 "-" "Mozilla/5.0 (Linux; Android 6.0.1; Nexus 5X Build/MMB29P) AppleWebKit/537.36 (KHTML, like Gecko) Chrome/96.0.4664.93 Mobile Safari/537.36 (compatible; Googlebot/2.1; +http://www.google.com/bot.html)"
54.36.148.227 - - [22/Dec/2021:22:57:23 +0100] "GET /index.php/askquestion/form?category_id=22&product_id=13117&type=1&tmpl=component HTTP/1.1" 200 2430 "-" "Mozilla/5.0 (compatible; AhrefsBot/7.0; +http://ahrefs.com/robot/)"
5.158.160.10 - - [22/Dec/2021:22:57:23 +0100] "GET /.well-known/assetlinks.json HTTP/1.1" 404 5349 "-" "Dalvik/2.1.0 (Linux; U; Android 11; SM-G975F Build/RP1A.200720.012)"
77.226.249.91 - - [22/Dec/2021:22:57:28 +0100] "GET /index.php/component/ajax/?format=json HTTP/1.1" 200 758 "https://www.lager-techniek.eu/index.php/a-range/contitech-13x3650" "Mozilla/5.0 (Windows NT 10.0; Win64; x64) AppleWebKit/537.36 (KHTML, like Gecko) Chrome/96.0.4664.55 Safari/537.36 Edg/96.0.1054.43"
54.36.148.227 - - [22/Dec/2021:22:57:37 +0100] "GET /index.php/askquestion/form?category_id=200&product_id=17925&type=1&tmpl=component HTTP/1.1" 200 2403 "-" "Mozilla/5.0 (compatible; AhrefsBot/7.0; +http://ahrefs.com/robot/)"
54.36.148.227 - - [22/Dec/2021:22:57:52 +0100] "GET /index.php/askquestion/form?category_id=373&product_id=24539&type=1&tmpl=component HTTP/1.1" 200 2416 "-" "Mozilla/5.0 (compatible; AhrefsBot/7.0; +http://ahrefs.com/robot/)"
90.145.217.226 - - [22/Dec/2021:22:57:53 +0100] "GET /index.php/component/ajax/?format=json HTTP/1.1" 200 758 "https://www.lager-techniek.eu/index.php/met-flens/permaglide-paf25215-p11" "Mozilla/5.0 (Windows NT 10.0; Win64; x64) AppleWebKit/537.36 (KHTML, like Gecko) Chrome/96.0.4664.45 Safari/537.36"
54.36.148.227 - - [22/Dec/2021:22:58:04 +0100] "GET /index.php/askquestion/form?category_id=445&product_id=28619&type=1&tmpl=component HTTP/1.1" 200 2436 "-" "Mozilla/5.0 (compatible; AhrefsBot/7.0; +http://ahrefs.com/robot/)"
51.15.193.158 - - [22/Dec/2021:22:58:08 +0100] "GET /index.php/askquestion/form?category_id=200&product_id=17924&type=1&tmpl=component HTTP/1.1" 200 2434 "-" "Mozilla/5.0 (Windows NT 10.0; Win64; x64) AppleWebKit/537.36 (KHTML, like Gecko) Chrome/93.0.4577.0 Safari/537.36"
51.15.193.158 - - [22/Dec/2021:22:58:08 +0100] "GET /media/com_jchoptimize/cache/js/f25ff3f493e8a42d06a1f029daa3427c.js HTTP/1.1" 200 58785 "https://lager-techniek.eu/index.php/askquestion/form?category_id=200&product_id=17924&type=1&tmpl=component" "Mozilla/5.0 (Windows NT 10.0; Win64; x64) AppleWebKit/537.36 (KHTML, like Gecko) Chrome/93.0.4577.0 Safari/537.36"
40.77.167.59 - - [22/Dec/2021:22:58:18 +0100] "GET /index.php/looprol-dubbel-rijig-lr-30-range/nke305703-2rsr HTTP/1.1" 404 5349 "-" "Mozilla/5.0 (compatible; bingbot/2.0; +http://www.bing.com/bingbot.htm)"
54.36.148.227 - - [22/Dec/2021:22:58:20 +0100] "GET /index.php/cart/add?category_id=52&product_id=12681 HTTP/1.1" 303 645 "-" "Mozilla/5.0 (compatible; AhrefsBot/7.0; +http://ahrefs.com/robot/)"
66.249.66.76 - - [22/Dec/2021:22:58:23 +0100] "GET /index.php/kettingwiel-20b-1-taperlock/20b1z76tl HTTP/1.1" 200 13907 "-" "Mozilla/5.0 (Linux; Android 6.0.1; Nexus 5X Build/MMB29P) AppleWebKit/537.36 (KHTML, like Gecko) Chrome/96.0.4664.110 Mobile Safari/537.36 (compatible; Googlebot/2.1; +http://www.google.com/bot.html)"
207.46.13.147 - - [22/Dec/2021:22:58:27 +0100] "GET /index.php/borgmoer/skfkm21 HTTP/1.1" 200 14371 "-" "Mozilla/5.0 (compatible; bingbot/2.0; +http://www.bing.com/bingbot.htm)"
54.36.148.227 - - [22/Dec/2021:22:58:34 +0100] "GET /index.php/cart/add?category_id=52&product_id=12682 HTTP/1.1" 303 645 "-" "Mozilla/5.0 (compatible; AhrefsBot/7.0; +http://ahrefs.com/robot/)"
66.249.66.158 - - [22/Dec/2021:22:58:38 +0100] "GET /index.php/tandriemen-h/gates-1000h300 HTTP/1.1" 200 15058 "-" "Mozilla/5.0 (compatible; Googlebot/2.1; +http://www.google.com/bot.html)"
54.36.148.227 - - [22/Dec/2021:22:58:51 +0100] "GET /index.php/cart/add?category_id=52&product_id=28351 HTTP/1.1" 303 645 "-" "Mozilla/5.0 (compatible; AhrefsBot/7.0; +http://ahrefs.com/robot/)"
66.249.66.76 - - [22/Dec/2021:22:58:54 +0100] "GET /index.php/h300-range/ntn-h313 HTTP/1.1" 200 14336 "-" "Mozilla/5.0 (Linux; Android 6.0.1; Nexus 5X Build/MMB29P) AppleWebKit/537.36 (KHTML, like Gecko) Chrome/96.0.4664.110 Mobile Safari/537.36 (compatible; Googlebot/2.1; +http://www.google.com/bot.html)"
40.77.167.31 - - [22/Dec/2021:22:58:55 +0100] "GET /index.php/b2-range/105x125x13-b2-oliekeerring HTTP/1.1" 404 5349 "-" "Mozilla/5.0 (compatible; bingbot/2.0; +http://www.bing.com/bingbot.htm)"
89.146.3.50 - - [22/Dec/2021:22:58:58 +0100] "GET /index.php/component/ajax/?format=json HTTP/1.1" 200 758 "https://www.lager-techniek.eu/index.php/spa-range/optibelt-spa1600" "Mozilla/5.0 (Windows NT 10.0; Win64; x64) AppleWebKit/537.36 (KHTML, like Gecko) Chrome/96.0.4664.110 Safari/537.36 Edg/96.0.1054.62"
66.249.66.198 - - [22/Dec/2021:22:59:01 +0100] "GET /media/com_jchoptimize/cache/js/890f9b12292dcc5c191c7d79c546faa7.js HTTP/1.1" 200 58821 "https://www.lager-techniek.eu/index.php/askquestion/form?category_id=843&product_id=98082&type=1&tmpl=component" "Mozilla/5.0 (Linux; Android 6.0.1; Nexus 5X Build/MMB29P) AppleWebKit/537.36 (KHTML, like Gecko) Chrome/96.0.4664.93 Mobile Safari/537.36 (compatible; Googlebot/2.1; +http://www.google.com/bot.html)"
54.36.148.227 - - [22/Dec/2021:22:59:05 +0100] "GET /index.php/cart/add?category_id=52&product_id=28353 HTTP/1.1" 303 645 "-" "Mozilla/5.0 (compatible; AhrefsBot/7.0; +http://ahrefs.com/robot/)"
54.36.148.227 - - [22/Dec/2021:22:59:17 +0100] "GET /index.php/askquestion/form?category_id=1031&product_id=39465&type=1&tmpl=component HTTP/1.1" 200 2418 "-" "Mozilla/5.0 (compatible; AhrefsBot/7.0; +http://ahrefs.com/robot/)"
54.36.148.227 - - [22/Dec/2021:22:59:30 +0100] "GET /index.php/dubbelrijig-range/nsk-4204 HTTP/1.1" 200 13794 "-" "Mozilla/5.0 (compatible; AhrefsBot/7.0; +http://ahrefs.com/robot/)"
178.118.52.254 - - [22/Dec/2021:22:59:32 +0100] "GET /index.php/component/ajax/?format=json HTTP/1.1" 200 758 "https://www.lager-techniek.eu/index.php/tandriemen-3m/gates-2883m15" "Mozilla/5.0 (Windows NT 10.0; Win64; x64) AppleWebKit/537.36 (KHTML, like Gecko) Chrome/96.0.4664.110 Safari/537.36"
2a02:a46a:4513:1:8d6f:371c:a7a9:e6c6 - - [22/Dec/2021:22:59:34 +0100] "GET /index.php/component/ajax/?format=json HTTP/1.1" 200 758 "https://www.lager-techniek.eu/index.php/b-range/gates-17x1725" "Mozilla/5.0 (Windows NT 10.0; Win64; x64) AppleWebKit/537.36 (KHTML, like Gecko) Chrome/96.0.4664.110 Safari/537.36"
54.36.148.227 - - [22/Dec/2021:22:59:42 +0100] "GET /index.php/32000-range/son-32021 HTTP/1.1" 200 14834 "-" "Mozilla/5.0 (compatible; AhrefsBot/7.0; +http://ahrefs.com/robot/)"
54.36.148.227 - - [22/Dec/2021:22:59:54 +0100] "GET /index.php/cart/add?category_id=52&product_id=28356 HTTP/1.1" 303 645 "-" "Mozilla/5.0 (compatible; AhrefsBot/7.0; +http://ahrefs.com/robot/)"
54.36.148.227 - - [22/Dec/2021:23:00:07 +0100] "GET /index.php/askquestion/form?category_id=992&product_id=43809&type=1&tmpl=component HTTP/1.1" 200 2417 "-" "Mozilla/5.0 (compatible; AhrefsBot/7.0; +http://ahrefs.com/robot/)"
54.36.148.227 - - [22/Dec/2021:23:00:23 +0100] "GET /index.php/cart/add?category_id=52&product_id=28357 HTTP/1.1" 303 645 "-" "Mozilla/5.0 (compatible; AhrefsBot/7.0; +http://ahrefs.com/robot/)"
66.249.66.6 - - [22/Dec/2021:23:00:23 +0100] "GET /index.php/kettingwiel-12b-2/12b2z17 HTTP/1.1" 200 13947 "-" "Mozilla/5.0 (compatible; Googlebot/2.1; +http://www.google.com/bot.html)"
217.123.82.92 - - [22/Dec/2021:23:00:24 +0100] "GET /index.php/component/ajax/?format=json HTTP/1.1" 200 758 "https://www.lager-techniek.eu/index.php/duplex-rollenketting/vbchain-rk24b2" "Mozilla/5.0 (Windows NT 10.0; Win64; x64) AppleWebKit/537.36 (KHTML, like Gecko) Chrome/96.0.4664.110 Safari/537.36"
77.60.98.226 - - [22/Dec/2021:23:00:27 +0100] "GET /index.php/component/ajax/?format=json HTTP/1.1" 200 758 "https://www.lager-techniek.eu/index.php/b-range/contitech-17x1215" "Mozilla/5.0 (Windows NT 6.1; Win64; x64) AppleWebKit/537.36 (KHTML, like Gecko) Chrome/94.0.4606.71 Safari/537.36"
178.118.52.254 - - [22/Dec/2021:23:00:32 +0100] "GET /index.php/component/ajax/?format=json HTTP/1.1" 200 758 "https://www.lager-techniek.eu/index.php/tandriemen-3m/gates-2823m6gt3" "Mozilla/5.0 (Windows NT 10.0; Win64; x64) AppleWebKit/537.36 (KHTML, like Gecko) Chrome/96.0.4664.110 Safari/537.36"
54.36.148.227 - - [22/Dec/2021:23:00:35 +0100] "GET /index.php/cart/add?category_id=52&product_id=7117 HTTP/1.1" 303 645 "-" "Mozilla/5.0 (compatible; AhrefsBot/7.0; +http://ahrefs.com/robot/)"
54.36.148.227 - - [22/Dec/2021:23:00:48 +0100] "GET /index.php/askquestion/form?category_id=953&product_id=41377&type=1&tmpl=component HTTP/1.1" 200 2423 "-" "Mozilla/5.0 (compatible; AhrefsBot/7.0; +http://ahrefs.com/robot/)"
66.249.66.77 - - [22/Dec/2021:23:00:52 +0100] "GET /index.php/6300-range/fag-6308zc3 HTTP/1.1" 200 14460 "-" "Mozilla/5.0 (compatible; Googlebot/2.1; +http://www.google.com/bot.html)"
54.36.148.227 - - [22/Dec/2021:23:01:02 +0100] "GET /index.php/cart/add?category_id=52&product_id=7119 HTTP/1.1" 303 645 "-" "Mozilla/5.0 (compatible; AhrefsBot/7.0; +http://ahrefs.com/robot/)"
193.104.159.11 - - [22/Dec/2021:23:01:11 +0100] "GET /index.php/component/ajax/?format=json HTTP/1.1" 200 758 "https://www.lager-techniek.eu/index.php/2200-range/fag-22032rstvh" "Mozilla/5.0 (Windows NT 10.0; Win64; x64) AppleWebKit/537.36 (KHTML, like Gecko) Chrome/96.0.4664.110 Safari/537.36 Edg/96.0.1054.62"
77.88.5.39 - - [22/Dec/2021:23:01:12 +0100] "GET /index.php/kettingwiel-12b-2-taperlock/12b2z17tl HTTP/1.1" 200 13884 "-" "Mozilla/5.0 (compatible; YandexBot/3.0; +http://yandex.com/bots)"
66.249.66.159 - - [22/Dec/2021:23:01:13 +0100] "GET /index.php/n-300-range/skf-n322ecm HTTP/1.1" 200 14015 "-" "Mozilla/5.0 (Linux; Android 6.0.1; Nexus 5X Build/MMB29P) AppleWebKit/537.36 (KHTML, like Gecko) Chrome/96.0.4664.110 Mobile Safari/537.36 (compatible; Googlebot/2.1; +http://www.google.com/bot.html)"
40.77.167.31 - - [22/Dec/2021:23:01:15 +0100] "GET /index.php/spz-3-groeven-taperlock/630spz3tl HTTP/1.1" 200 14009 "-" "Mozilla/5.0 (compatible; bingbot/2.0; +http://www.bing.com/bingbot.htm)"
54.36.148.227 - - [22/Dec/2021:23:01:16 +0100] "GET /index.php/askquestion/form?category_id=45&product_id=27479&type=1&tmpl=component HTTP/1.1" 200 2410 "-" "Mozilla/5.0 (compatible; AhrefsBot/7.0; +http://ahrefs.com/robot/)"
54.36.148.227 - - [22/Dec/2021:23:01:33 +0100] "GET /index.php/cart/add?category_id=52&product_id=7121 HTTP/1.1" 303 645 "-" "Mozilla/5.0 (compatible; AhrefsBot/7.0; +http://ahrefs.com/robot/)"
91.183.150.180 - - [22/Dec/2021:23:01:35 +0100] "GET /index.php/component/ajax/?format=json HTTP/1.1" 200 758 "https://www.lager-techniek.eu/index.php/overig/skf-tmft36" "Mozilla/5.0 (Windows NT 6.3; Win64; x64) AppleWebKit/537.36 (KHTML, like Gecko) Chrome/96.0.4664.110 Safari/537.36"
66.249.66.76 - - [22/Dec/2021:23:01:42 +0100] "GET /media/com_jchoptimize/cache/js/11d4cdb8a8a51d66336509a901b644d3.js HTTP/1.1" 200 101226 "https://lager-techniek.eu/index.php/draadborg-middel-en-vlakkenafdichting/loctite-275-250ml" "Mozilla/5.0 (Linux; Android 6.0.1; Nexus 5X Build/MMB29P) AppleWebKit/537.36 (KHTML, like Gecko) Chrome/96.0.4664.93 Mobile Safari/537.36 (compatible; Googlebot/2.1; +http://www.google.com/bot.html)"
54.36.148.227 - - [22/Dec/2021:23:01:47 +0100] "GET /index.php/cart/add?category_id=52&product_id=7126 HTTP/1.1" 303 645 "-" "Mozilla/5.0 (compatible; AhrefsBot/7.0; +http://ahrefs.com/robot/)"
54.36.148.227 - - [22/Dec/2021:23:01:59 +0100] "GET /index.php/cart/add?category_id=52&product_id=7130 HTTP/1.1" 303 645 "-" "Mozilla/5.0 (compatible; AhrefsBot/7.0; +http://ahrefs.com/robot/)"
185.178.235.166 - - [22/Dec/2021:23:02:00 +0100] "GET /index.php/component/ajax/?format=json HTTP/1.1" 200 758 "https://www.lager-techniek.eu/index.php/kettingspanwiel/ina-ksr16l010101408" "Mozilla/5.0 (Windows NT 10.0; Win64; x64) AppleWebKit/537.36 (KHTML, like Gecko) Chrome/96.0.4664.45 Safari/537.36"
54.36.148.227 - - [22/Dec/2021:23:02:12 +0100] "GET /index.php/askquestion/form?category_id=161&product_id=96111&type=1&tmpl=component HTTP/1.1" 200 2404 "-" "Mozilla/5.0 (compatible; AhrefsBot/7.0; +http://ahrefs.com/robot/)"
66.249.66.195 - - [22/Dec/2021:23:02:25 +0100] "GET /index.php/nki-range/ina-nki5535xl HTTP/1.1" 200 13665 "-" "Mozilla/5.0 (Linux; Android 6.0.1; Nexus 5X Build/MMB29P) AppleWebKit/537.36 (KHTML, like Gecko) Chrome/96.0.4664.110 Mobile Safari/537.36 (compatible; Googlebot/2.1; +http://www.google.com/bot.html)"
77.226.249.91 - - [22/Dec/2021:23:02:28 +0100] "GET /index.php/component/ajax/?format=json HTTP/1.1" 200 758 "https://www.lager-techniek.eu/index.php/a-range/contitech-13x3650" "Mozilla/5.0 (Windows NT 10.0; Win64; x64) AppleWebKit/537.36 (KHTML, like Gecko) Chrome/96.0.4664.55 Safari/537.36 Edg/96.0.1054.43"
54.36.148.227 - - [22/Dec/2021:23:02:29 +0100] "GET /index.php/cart/add?category_id=52&product_id=7134 HTTP/1.1" 303 645 "-" "Mozilla/5.0 (compatible; AhrefsBot/7.0; +http://ahrefs.com/robot/)"
66.249.66.159 - - [22/Dec/2021:23:02:32 +0100] "GET /index.php/23100-range/skf-23122-ccc4w33 HTTP/1.1" 200 14033 "-" "Mozilla/5.0 (compatible; Googlebot/2.1; +http://www.google.com/bot.html)"
54.36.148.227 - - [22/Dec/2021:23:02:43 +0100] "GET /index.php/29300-range/fag-29318e1xl HTTP/1.1" 200 14258 "-" "Mozilla/5.0 (compatible; AhrefsBot/7.0; +http://ahrefs.com/robot/)"
90.145.217.226 - - [22/Dec/2021:23:02:53 +0100] "GET /index.php/component/ajax/?format=json HTTP/1.1" 200 758 "https://www.lager-techniek.eu/index.php/met-flens/permaglide-paf25215-p11" "Mozilla/5.0 (Windows NT 10.0; Win64; x64) AppleWebKit/537.36 (KHTML, like Gecko) Chrome/96.0.4664.45 Safari/537.36"
54.36.148.227 - - [22/Dec/2021:23:02:58 +0100] "GET /index.php/32000-range/ntn-32030xu HTTP/1.1" 200 14819 "-" "Mozilla/5.0 (compatible; AhrefsBot/7.0; +http://ahrefs.com/robot/)"
40.77.167.31 - - [22/Dec/2021:23:03:07 +0100] "GET /index.php/miniatuur-range/merkloos-608-2rs-abec7 HTTP/1.1" 301 711 "-" "Mozilla/5.0 (compatible; adidxbot/2.0; +http://www.bing.com/bingbot.htm)"
54.36.148.227 - - [22/Dec/2021:23:03:11 +0100] "GET /index.php/cart/add?category_id=945&product_id=46990 HTTP/1.1" 303 645 "-" "Mozilla/5.0 (compatible; AhrefsBot/7.0; +http://ahrefs.com/robot/)"
40.77.167.31 - - [22/Dec/2021:23:03:18 +0100] "GET /index.php/miniatuur-range/merkloos-608-2rs-abec7 HTTP/1.1" 404 5349 "-" "Mozilla/5.0 (compatible; adidxbot/2.0; +http://www.bing.com/bingbot.htm)"
54.36.148.227 - - [22/Dec/2021:23:03:24 +0100] "GET /index.php/cart/add?category_id=52&product_id=7135 HTTP/1.1" 303 645 "-" "Mozilla/5.0 (compatible; AhrefsBot/7.0; +http://ahrefs.com/robot/)"
66.249.66.76 - - [22/Dec/2021:23:03:28 +0100] "GET /index.php/afdichtingen/timken-tsng505 HTTP/1.1" 200 13716 "-" "Mozilla/5.0 (compatible; Googlebot/2.1; +http://www.google.com/bot.html)"
54.36.148.227 - - [22/Dec/2021:23:03:38 +0100] "GET /index.php/cart/add?category_id=52&product_id=7141 HTTP/1.1" 303 645 "-" "Mozilla/5.0 (compatible; AhrefsBot/7.0; +http://ahrefs.com/robot/)"
66.249.66.158 - - [22/Dec/2021:23:03:47 +0100] "GET /index.php/1200-range/ntn-1211sc3 HTTP/1.1" 200 14279 "-" "Mozilla/5.0 (compatible; Googlebot/2.1; +http://www.google.com/bot.html)"
54.36.148.227 - - [22/Dec/2021:23:03:52 +0100] "GET /index.php/cart/add?category_id=52&product_id=7142 HTTP/1.1" 303 645 "-" "Mozilla/5.0 (compatible; AhrefsBot/7.0; +http://ahrefs.com/robot/)"
66.249.66.158 - - [22/Dec/2021:23:03:55 +0100] "GET /index.php/std-8m/contitech-632s8m85 HTTP/1.1" 200 13859 "-" "Mozilla/5.0 (Linux; Android 6.0.1; Nexus 5X Build/MMB29P) AppleWebKit/537.36 (KHTML, like Gecko) Chrome/96.0.4664.110 Mobile Safari/537.36 (compatible; Googlebot/2.1; +http://www.google.com/bot.html)"
89.146.3.50 - - [22/Dec/2021:23:03:58 +0100] "GET /index.php/component/ajax/?format=json HTTP/1.1" 200 758 "https://www.lager-techniek.eu/index.php/spa-range/optibelt-spa1600" "Mozilla/5.0 (Windows NT 10.0; Win64; x64) AppleWebKit/537.36 (KHTML, like Gecko) Chrome/96.0.4664.110 Safari/537.36 Edg/96.0.1054.62"
54.36.148.227 - - [22/Dec/2021:23:04:06 +0100] "GET /index.php/askquestion/form?category_id=9&product_id=3271&type=1&tmpl=component HTTP/1.1" 200 2403 "-" "Mozilla/5.0 (compatible; AhrefsBot/7.0; +http://ahrefs.com/robot/)"
207.46.13.122 - - [22/Dec/2021:23:04:10 +0100] "GET /index.php/miniatuur-range/zen-6882rs HTTP/1.1" 404 5349 "-" "Mozilla/5.0 (compatible; bingbot/2.0; +http://www.bing.com/bingbot.htm)"
54.36.148.227 - - [22/Dec/2021:23:04:21 +0100] "GET /index.php/askquestion/form?category_id=51&product_id=5346&type=1&tmpl=component HTTP/1.1" 200 2410 "-" "Mozilla/5.0 (compatible; AhrefsBot/7.0; +http://ahrefs.com/robot/)"
178.118.52.254 - - [22/Dec/2021:23:04:32 +0100] "GET /index.php/component/ajax/?format=json HTTP/1.1" 200 758 "https://www.lager-techniek.eu/index.php/tandriemen-3m/gates-2883m15" "Mozilla/5.0 (Windows NT 10.0; Win64; x64) AppleWebKit/537.36 (KHTML, like Gecko) Chrome/96.0.4664.110 Safari/537.36"
2a02:a46a:4513:1:8d6f:371c:a7a9:e6c6 - - [22/Dec/2021:23:04:34 +0100] "GET /index.php/component/ajax/?format=json HTTP/1.1" 200 758 "https://www.lager-techniek.eu/index.php/b-range/gates-17x1725" "Mozilla/5.0 (Windows NT 10.0; Win64; x64) AppleWebKit/537.36 (KHTML, like Gecko) Chrome/96.0.4664.110 Safari/537.36"
54.36.148.227 - - [22/Dec/2021:23:04:34 +0100] "GET /index.php/askquestion/form?category_id=841&product_id=51081&type=1&tmpl=component HTTP/1.1" 200 2435 "-" "Mozilla/5.0 (compatible; AhrefsBot/7.0; +http://ahrefs.com/robot/)"
54.36.148.227 - - [22/Dec/2021:23:04:51 +0100] "GET /index.php/askquestion/form?category_id=8&product_id=27667&type=1&tmpl=component HTTP/1.1" 200 2409 "-" "Mozilla/5.0 (compatible; AhrefsBot/7.0; +http://ahrefs.com/robot/)"
54.36.148.227 - - [22/Dec/2021:23:05:03 +0100] "GET /index.php/cart/add?category_id=52&product_id=12678 HTTP/1.1" 303 645 "-" "Mozilla/5.0 (compatible; AhrefsBot/7.0; +http://ahrefs.com/robot/)"
212.47.228.123 - - [22/Dec/2021:23:05:04 +0100] "GET /index.php/askquestion/form?category_id=41&product_id=1458&type=1&tmpl=component HTTP/1.1" 200 2415 "-" "Mozilla/5.0 (Windows NT 10.0; Win64; x64) AppleWebKit/537.36 (KHTML, like Gecko) Chrome/93.0.4577.0 Safari/537.36"
212.47.228.123 - - [22/Dec/2021:23:05:05 +0100] "GET /media/com_jchoptimize/cache/js/c699e8b11d8968fc16ff614ade64fe53.js HTTP/1.1" 200 58822 "https://lager-techniek.eu/index.php/askquestion/form?category_id=41&product_id=1458&type=1&tmpl=component" "Mozilla/5.0 (Windows NT 10.0; Win64; x64) AppleWebKit/537.36 (KHTML, like Gecko) Chrome/93.0.4577.0 Safari/537.36"
54.36.148.227 - - [22/Dec/2021:23:05:16 +0100] "GET /index.php/cart/add?category_id=52&product_id=12679 HTTP/1.1" 303 645 "-" "Mozilla/5.0 (compatible; AhrefsBot/7.0; +http://ahrefs.com/robot/)"
66.249.66.159 - - [22/Dec/2021:23:05:20 +0100] "GET /index.php/72-range/nsk-7217a5trdudmp3 HTTP/1.1" 200 13936 "-" "Mozilla/5.0 (compatible; Googlebot/2.1; +http://www.google.com/bot.html)"
66.249.66.8 - - [22/Dec/2021:23:05:21 +0100] "GET /index.php/1300-range/fag-1318m HTTP/1.1" 200 13663 "-" "Mozilla/5.0 (Linux; Android 6.0.1; Nexus 5X Build/MMB29P) AppleWebKit/537.36 (KHTML, like Gecko) Chrome/96.0.4664.110 Mobile Safari/537.36 (compatible; Googlebot/2.1; +http://www.google.com/bot.html)"
217.123.82.92 - - [22/Dec/2021:23:05:23 +0100] "GET /index.php/component/ajax/?format=json HTTP/1.1" 200 758 "https://www.lager-techniek.eu/index.php/duplex-rollenketting/vbchain-rk24b2" "Mozilla/5.0 (Windows NT 10.0; Win64; x64) AppleWebKit/537.36 (KHTML, like Gecko) Chrome/96.0.4664.110 Safari/537.36"
77.60.98.226 - - [22/Dec/2021:23:05:27 +0100] "GET /index.php/component/ajax/?format=json HTTP/1.1" 200 758 "https://www.lager-techniek.eu/index.php/b-range/contitech-17x1215" "Mozilla/5.0 (Windows NT 6.1; Win64; x64) AppleWebKit/537.36 (KHTML, like Gecko) Chrome/94.0.4606.71 Safari/537.36"
54.36.148.227 - - [22/Dec/2021:23:05:31 +0100] "GET /index.php/kettingwiel-10b-2/10b2z17 HTTP/1.1" 200 13925 "-" "Mozilla/5.0 (compatible; AhrefsBot/7.0; +http://ahrefs.com/robot/)"
178.118.52.254 - - [22/Dec/2021:23:05:32 +0100] "GET /index.php/component/ajax/?format=json HTTP/1.1" 200 758 "https://www.lager-techniek.eu/index.php/tandriemen-3m/gates-2823m6gt3" "Mozilla/5.0 (Windows NT 10.0; Win64; x64) AppleWebKit/537.36 (KHTML, like Gecko) Chrome/96.0.4664.110 Safari/537.36"
54.36.148.227 - - [22/Dec/2021:23:05:45 +0100] "GET /index.php/cart/add?category_id=52&product_id=12680 HTTP/1.1" 303 645 "-" "Mozilla/5.0 (compatible; AhrefsBot/7.0; +http://ahrefs.com/robot/)"
207.46.13.147 - - [22/Dec/2021:23:05:48 +0100] "GET /index.php/producenten/pj-range/optibelt-pj356-6 HTTP/1.1" 200 13977 "-" "Mozilla/5.0 (compatible; bingbot/2.0; +http://www.bing.com/bingbot.htm)"
54.36.148.227 - - [22/Dec/2021:23:05:59 +0100] "GET /index.php/cart/add?category_id=52&product_id=12683 HTTP/1.1" 303 645 "-" "Mozilla/5.0 (compatible; AhrefsBot/7.0; +http://ahrefs.com/robot/)"
82.75.56.74 - - [22/Dec/2021:23:06:08 +0100] "GET /components/com_jshopping/files/img_products/thumb_img_TRB.jpg HTTP/1.1" 304 321 "-" "Mozilla/4.0 (compatible; ms-office; MSOffice 16)"
193.104.159.11 - - [22/Dec/2021:23:06:12 +0100] "GET /index.php/component/ajax/?format=json HTTP/1.1" 200 758 "https://www.lager-techniek.eu/index.php/2200-range/fag-22032rstvh" "Mozilla/5.0 (Windows NT 10.0; Win64; x64) AppleWebKit/537.36 (KHTML, like Gecko) Chrome/96.0.4664.110 Safari/537.36 Edg/96.0.1054.62"
54.36.148.227 - - [22/Dec/2021:23:06:12 +0100] "GET /index.php/cart/add?category_id=52&product_id=28351 HTTP/1.1" 303 645 "-" "Mozilla/5.0 (compatible; AhrefsBot/7.0; +http://ahrefs.com/robot/)"
82.75.56.74 - - [22/Dec/2021:23:06:17 +0100] "POST /administrator/index.php?option=com_jshopping&controller=orders HTTP/1.1" 200 3387 "https://www.lager-techniek.eu/administrator/index.php?option=com_jshopping&controller=orders" "Mozilla/5.0 (Windows NT 10.0; Win64; x64; rv:95.0) Gecko/20100101 Firefox/95.0"
82.75.56.74 - - [22/Dec/2021:23:06:17 +0100] "GET /administrator/templates/isis/images/joomla.png HTTP/1.1" 200 15339 "https://www.lager-techniek.eu/administrator/index.php?option=com_jshopping&controller=orders" "Mozilla/5.0 (Windows NT 10.0; Win64; x64; rv:95.0) Gecko/20100101 Firefox/95.0"
82.75.56.74 - - [22/Dec/2021:23:06:18 +0100] "GET /administrator/templates/isis/favicon.ico HTTP/1.1" 200 0 "https://www.lager-techniek.eu/administrator/index.php?option=com_jshopping&controller=orders" "Mozilla/5.0 (Windows NT 10.0; Win64; x64; rv:95.0) Gecko/20100101 Firefox/95.0"
82.75.56.74 - - [22/Dec/2021:23:06:19 +0100] "POST /administrator/index.php HTTP/1.1" 303 717 "https://www.lager-techniek.eu/administrator/index.php?option=com_jshopping&controller=orders" "Mozilla/5.0 (Windows NT 10.0; Win64; x64; rv:95.0) Gecko/20100101 Firefox/95.0"
82.75.56.74 - - [22/Dec/2021:23:06:19 +0100] "GET /administrator/index.php?option=com_jshopping&controller=orders HTTP/1.1" 200 14045 "https://www.lager-techniek.eu/administrator/index.php?option=com_jshopping&controller=orders" "Mozilla/5.0 (Windows NT 10.0; Win64; x64; rv:95.0) Gecko/20100101 Firefox/95.0"
82.75.56.74 - - [22/Dec/2021:23:06:19 +0100] "GET /administrator/templates/isis/favicon.ico HTTP/1.1" 200 1902 "https://www.lager-techniek.eu/administrator/index.php?option=com_jshopping&controller=orders" "Mozilla/5.0 (Windows NT 10.0; Win64; x64; rv:95.0) Gecko/20100101 Firefox/95.0"
66.249.66.76 - - [22/Dec/2021:23:06:22 +0100] "GET /index.php/afdichtingen/skf-tsn230s HTTP/1.1" 200 13624 "-" "Mozilla/5.0 (Linux; Android 6.0.1; Nexus 5X Build/MMB29P) AppleWebKit/537.36 (KHTML, like Gecko) Chrome/96.0.4664.110 Mobile Safari/537.36 (compatible; Googlebot/2.1; +http://www.google.com/bot.html)"
82.75.56.74 - - [22/Dec/2021:23:06:26 +0100] "POST /administrator/index.php?option=com_jshopping&controller=orders HTTP/1.1" 200 12083 "https://www.lager-techniek.eu/administrator/index.php?option=com_jshopping&controller=orders" "Mozilla/5.0 (Windows NT 10.0; Win64; x64; rv:95.0) Gecko/20100101 Firefox/95.0"
54.36.148.227 - - [22/Dec/2021:23:06:28 +0100] "GET /index.php/cart/add?category_id=174&product_id=42285 HTTP/1.1" 303 645 "-" "Mozilla/5.0 (compatible; AhrefsBot/7.0; +http://ahrefs.com/robot/)"
82.75.56.74 - - [22/Dec/2021:23:06:31 +0100] "GET /components/com_jshopping/files/pdf_orders/FCR-00012139.pdf HTTP/1.1" 200 315175 "https://www.lager-techniek.eu/administrator/index.php?option=com_jshopping&controller=orders" "Mozilla/5.0 (Windows NT 10.0; Win64; x64; rv:95.0) Gecko/20100101 Firefox/95.0"
91.183.150.180 - - [22/Dec/2021:23:06:35 +0100] "GET /index.php/component/ajax/?format=json HTTP/1.1" 200 758 "https://www.lager-techniek.eu/index.php/overig/skf-tmft36" "Mozilla/5.0 (Windows NT 6.3; Win64; x64) AppleWebKit/537.36 (KHTML, like Gecko) Chrome/96.0.4664.110 Safari/537.36"
54.36.148.227 - - [22/Dec/2021:23:06:41 +0100] "GET /index.php/cart/add?category_id=52&product_id=28352 HTTP/1.1" 303 645 "-" "Mozilla/5.0 (compatible; AhrefsBot/7.0; +http://ahrefs.com/robot/)"
82.75.56.74 - - [22/Dec/2021:23:06:49 +0100] "GET /components/com_jshopping/files/pdf_orders/delivery/FCR-00012139.pdf HTTP/1.1" 200 314237 "https://www.lager-techniek.eu/administrator/index.php?option=com_jshopping&controller=orders" "Mozilla/5.0 (Windows NT 10.0; Win64; x64; rv:95.0) Gecko/20100101 Firefox/95.0"
188.163.73.203 - - [22/Dec/2021:23:06:52 +0100] "GET /index.php/23000-range/fag-23034e1xlktvpb HTTP/1.0" 200 54667 "https://www.lager-techniek.eu/index.php/23000-range/fag-23034e1xlktvpb" "Mozilla/5.0 (Windows NT 10.0; Win64; x64) AppleWebKit/537.36 (KHTML, like Gecko) Chrome/90.0.4430.85 Safari/537.36 Edg/90.0.818.49"
188.163.73.203 - - [22/Dec/2021:23:06:53 +0100] "GET /index.php/component/users/?view=registration&Itemid=111 HTTP/1.0" 200 50695 "https://www.lager-techniek.eu/index.php/component/users/?view=registration&Itemid=111" "Mozilla/5.0 (Windows NT 10.0; Win64; x64) AppleWebKit/537.36 (KHTML, like Gecko) Chrome/90.0.4430.85 Safari/537.36 Edg/90.0.818.49"
188.163.73.203 - - [22/Dec/2021:23:06:55 +0100] "POST /index.php/component/users/?task=registration.register&Itemid=111 HTTP/1.0" 303 576 "https://www.lager-techniek.eu/index.php/component/users/?view=registration&Itemid=111" "Mozilla/5.0 (Windows NT 10.0; Win64; x64) AppleWebKit/537.36 (KHTML, like Gecko) Chrome/90.0.4430.85 Safari/537.36 Edg/90.0.818.49"
54.36.148.227 - - [22/Dec/2021:23:06:55 +0100] "GET /index.php/askquestion/form?category_id=32&product_id=12944&type=1&tmpl=component HTTP/1.1" 200 2403 "-" "Mozilla/5.0 (compatible; AhrefsBot/7.0; +http://ahrefs.com/robot/)"
188.163.73.203 - - [22/Dec/2021:23:06:55 +0100] "GET /index.php/component/users/?view=registration&Itemid=111 HTTP/1.0" 200 51017 "https://www.lager-techniek.eu/?view=registration&Itemid=111" "Mozilla/5.0 (Windows NT 10.0; Win64; x64) AppleWebKit/537.36 (KHTML, like Gecko) Chrome/90.0.4430.85 Safari/537.36 Edg/90.0.818.49"
188.163.73.203 - - [22/Dec/2021:23:06:59 +0100] "POST /index.php/component/users/?Itemid=111 HTTP/1.0" 303 569 "https://www.lager-techniek.eu/index.php/component/users/?view=registration&Itemid=111" "Mozilla/5.0 (Windows NT 10.0; Win64; x64) AppleWebKit/537.36 (KHTML, like Gecko) Chrome/90.0.4430.85 Safari/537.36 Edg/90.0.818.49"
185.178.235.166 - - [22/Dec/2021:23:07:00 +0100] "GET /index.php/component/ajax/?format=json HTTP/1.1" 200 758 "https://www.lager-techniek.eu/index.php/kettingspanwiel/ina-ksr16l010101408" "Mozilla/5.0 (Windows NT 10.0; Win64; x64) AppleWebKit/537.36 (KHTML, like Gecko) Chrome/96.0.4664.45 Safari/537.36"
188.163.73.203 - - [22/Dec/2021:23:07:00 +0100] "GET /index.php/component/users/?view=login&Itemid=111 HTTP/1.0" 200 48696 "https://www.lager-techniek.eu/?view=login&Itemid=111" "Mozilla/5.0 (Windows NT 10.0; Win64; x64) AppleWebKit/537.36 (KHTML, like Gecko) Chrome/90.0.4430.85 Safari/537.36 Edg/90.0.818.49"
188.163.73.203 - - [22/Dec/2021:23:07:03 +0100] "GET /index.php/component/users/index.php/23000-range/fag-23034e1xlktvpb HTTP/1.0" 303 569 "https://www.lager-techniek.eu/index.php/23000-range/fag-23034e1xlktvpb" "Mozilla/5.0 (Windows NT 10.0; Win64; x64) AppleWebKit/537.36 (KHTML, like Gecko) Chrome/90.0.4430.85 Safari/537.36 Edg/90.0.818.49"
54.36.148.227 - - [22/Dec/2021:23:07:08 +0100] "GET /index.php/cart/add?category_id=52&product_id=28353 HTTP/1.1" 303 645 "-" "Mozilla/5.0 (compatible; AhrefsBot/7.0; +http://ahrefs.com/robot/)"
54.36.148.227 - - [22/Dec/2021:23:07:23 +0100] "GET /index.php/span-elementen/rosta-se15 HTTP/1.1" 200 14012 "-" "Mozilla/5.0 (compatible; AhrefsBot/7.0; +http://ahrefs.com/robot/)"
77.226.249.91 - - [22/Dec/2021:23:07:28 +0100] "GET /index.php/component/ajax/?format=json HTTP/1.1" 200 758 "https://www.lager-techniek.eu/index.php/a-range/contitech-13x3650" "Mozilla/5.0 (Windows NT 10.0; Win64; x64) AppleWebKit/537.36 (KHTML, like Gecko) Chrome/96.0.4664.55 Safari/537.36 Edg/96.0.1054.43"
51.158.107.44 - - [22/Dec/2021:23:07:29 +0100] "GET /index.php/askquestion/form?category_id=920&product_id=37455&type=1&tmpl=component HTTP/1.1" 200 2438 "-" "Mozilla/5.0 (Windows NT 10.0; Win64; x64) AppleWebKit/537.36 (KHTML, like Gecko) Chrome/93.0.4577.0 Safari/537.36"
51.158.107.44 - - [22/Dec/2021:23:07:29 +0100] "GET /media/com_jchoptimize/cache/js/1a7ac42106a88a7aa453c05e47b31ba1.js HTTP/1.1" 200 58824 "https://lager-techniek.eu/index.php/askquestion/form?category_id=920&product_id=37455&type=1&tmpl=component" "Mozilla/5.0 (Windows NT 10.0; Win64; x64) AppleWebKit/537.36 (KHTML, like Gecko) Chrome/93.0.4577.0 Safari/537.36"
54.36.148.227 - - [22/Dec/2021:23:07:39 +0100] "GET /index.php/cart/add?category_id=52&product_id=28354 HTTP/1.1" 303 645 "-" "Mozilla/5.0 (compatible; AhrefsBot/7.0; +http://ahrefs.com/robot/)"
66.249.66.4 - - [22/Dec/2021:23:07:46 +0100] "GET /index.php/72-range/fag-7210bxljpuo HTTP/1.1" 200 14470 "-" "Mozilla/5.0 (Linux; Android 6.0.1; Nexus 5X Build/MMB29P) AppleWebKit/537.36 (KHTML, like Gecko) Chrome/96.0.4664.110 Mobile Safari/537.36 (compatible; Googlebot/2.1; +http://www.google.com/bot.html)"
54.36.148.227 - - [22/Dec/2021:23:07:50 +0100] "GET /index.php/cart/add?category_id=52&product_id=28355 HTTP/1.1" 303 645 "-" "Mozilla/5.0 (compatible; AhrefsBot/7.0; +http://ahrefs.com/robot/)"
90.145.217.226 - - [22/Dec/2021:23:07:53 +0100] "GET /index.php/component/ajax/?format=json HTTP/1.1" 200 758 "https://www.lager-techniek.eu/index.php/met-flens/permaglide-paf25215-p11" "Mozilla/5.0 (Windows NT 10.0; Win64; x64) AppleWebKit/537.36 (KHTML, like Gecko) Chrome/96.0.4664.45 Safari/537.36"
54.36.148.227 - - [22/Dec/2021:23:08:02 +0100] "GET /index.php/xpa-range/optibelt-xpa800xep HTTP/1.1" 200 14955 "-" "Mozilla/5.0 (compatible; AhrefsBot/7.0; +http://ahrefs.com/robot/)"
54.36.148.227 - - [22/Dec/2021:23:08:16 +0100] "GET /index.php/cart/add?category_id=52&product_id=28356 HTTP/1.1" 303 645 "-" "Mozilla/5.0 (compatible; AhrefsBot/7.0; +http://ahrefs.com/robot/)"
77.88.5.39 - - [22/Dec/2021:23:08:25 +0100] "GET /index.php/zonder-flens/permaglide-pap0406-p11 HTTP/1.1" 200 13672 "-" "Mozilla/5.0 (compatible; YandexBot/3.0; +http://yandex.com/bots)"
54.36.148.227 - - [22/Dec/2021:23:08:28 +0100] "GET /index.php/tandriemschijf-l075-taperlock/20l075tl HTTP/1.1" 200 13897 "-" "Mozilla/5.0 (compatible; AhrefsBot/7.0; +http://ahrefs.com/robot/)"
54.36.148.227 - - [22/Dec/2021:23:08:43 +0100] "GET /index.php/askquestion/form?category_id=23&product_id=41682&type=1&tmpl=component HTTP/1.1" 200 2413 "-" "Mozilla/5.0 (compatible; AhrefsBot/7.0; +http://ahrefs.com/robot/)"
54.36.148.227 - - [22/Dec/2021:23:08:57 +0100] "GET /index.php/cart/add?category_id=52&product_id=28357 HTTP/1.1" 303 645 "-" "Mozilla/5.0 (compatible; AhrefsBot/7.0; +http://ahrefs.com/robot/)"
89.146.3.50 - - [22/Dec/2021:23:08:58 +0100] "GET /index.php/component/ajax/?format=json HTTP/1.1" 200 758 "https://www.lager-techniek.eu/index.php/spa-range/optibelt-spa1600" "Mozilla/5.0 (Windows NT 10.0; Win64; x64) AppleWebKit/537.36 (KHTML, like Gecko) Chrome/96.0.4664.110 Safari/537.36 Edg/96.0.1054.62"
66.249.66.6 - - [22/Dec/2021:23:09:02 +0100] "GET /index.php/tandriemen-at5/megadyne-at56308 HTTP/1.1" 200 14167 "-" "Mozilla/5.0 (compatible; Googlebot/2.1; +http://www.google.com/bot.html)"
54.36.148.227 - - [22/Dec/2021:23:09:09 +0100] "GET /index.php/askquestion/form?category_id=831&product_id=33185&type=1&tmpl=component HTTP/1.1" 200 2440 "-" "Mozilla/5.0 (compatible; AhrefsBot/7.0; +http://ahrefs.com/robot/)"
54.36.148.227 - - [22/Dec/2021:23:09:23 +0100] "GET /index.php/cart/add?category_id=52&product_id=7119 HTTP/1.1" 303 645 "-" "Mozilla/5.0 (compatible; AhrefsBot/7.0; +http://ahrefs.com/robot/)"
66.249.66.158 - - [22/Dec/2021:23:09:24 +0100] "GET /index.php/spb-3-groeven-taperlock/1250spb3tl HTTP/1.1" 200 14041 "-" "Mozilla/5.0 (Linux; Android 6.0.1; Nexus 5X Build/MMB29P) AppleWebKit/537.36 (KHTML, like Gecko) Chrome/96.0.4664.110 Mobile Safari/537.36 (compatible; Googlebot/2.1; +http://www.google.com/bot.html)"
178.118.52.254 - - [22/Dec/2021:23:09:32 +0100] "GET /index.php/component/ajax/?format=json HTTP/1.1" 200 758 "https://www.lager-techniek.eu/index.php/tandriemen-3m/gates-2883m15" "Mozilla/5.0 (Windows NT 10.0; Win64; x64) AppleWebKit/537.36 (KHTML, like Gecko) Chrome/96.0.4664.110 Safari/537.36"
2a02:a46a:4513:1:8d6f:371c:a7a9:e6c6 - - [22/Dec/2021:23:09:34 +0100] "GET /index.php/component/ajax/?format=json HTTP/1.1" 200 758 "https://www.lager-techniek.eu/index.php/b-range/gates-17x1725" "Mozilla/5.0 (Windows NT 10.0; Win64; x64) AppleWebKit/537.36 (KHTML, like Gecko) Chrome/96.0.4664.110 Safari/537.36"
54.36.148.227 - - [22/Dec/2021:23:09:36 +0100] "GET /index.php/askquestion/form?category_id=984&product_id=43290&type=1&tmpl=component HTTP/1.1" 200 2406 "-" "Mozilla/5.0 (compatible; AhrefsBot/7.0; +http://ahrefs.com/robot/)"
54.36.148.227 - - [22/Dec/2021:23:09:48 +0100] "GET /index.php/cart/add?category_id=52&product_id=7121 HTTP/1.1" 303 645 "-" "Mozilla/5.0 (compatible; AhrefsBot/7.0; +http://ahrefs.com/robot/)"
77.88.5.39 - - [22/Dec/2021:23:09:49 +0100] "GET /index.php/rasey-sy-tf-ucp-range/timken-ucp211 HTTP/1.1" 200 14853 "-" "Mozilla/5.0 (compatible; YandexBot/3.0; +http://yandex.com/bots)"
51.158.127.157 - - [22/Dec/2021:23:09:55 +0100] "GET /index.php/askquestion/form?category_id=407&product_id=16347&type=1&tmpl=component HTTP/1.1" 200 2415 "-" "Mozilla/5.0 (Windows NT 10.0; Win64; x64) AppleWebKit/537.36 (KHTML, like Gecko) Chrome/93.0.4577.0 Safari/537.36"
51.158.127.157 - - [22/Dec/2021:23:09:55 +0100] "GET /media/com_jchoptimize/cache/js/69871f50234d38f2dc37538f8381c790.js HTTP/1.1" 200 58824 "https://lager-techniek.eu/index.php/askquestion/form?category_id=407&product_id=16347&type=1&tmpl=component" "Mozilla/5.0 (Windows NT 10.0; Win64; x64) AppleWebKit/537.36 (KHTML, like Gecko) Chrome/93.0.4577.0 Safari/537.36"
66.249.66.4 - - [22/Dec/2021:23:09:56 +0100] "GET /index.php/rsl-range/ina-rsl183008axl HTTP/1.1" 200 13660 "-" "Mozilla/5.0 (Linux; Android 6.0.1; Nexus 5X Build/MMB29P) AppleWebKit/537.36 (KHTML, like Gecko) Chrome/96.0.4664.110 Mobile Safari/537.36 (compatible; Googlebot/2.1; +http://www.google.com/bot.html)"
54.36.148.227 - - [22/Dec/2021:23:10:01 +0100] "GET /index.php/cart/add?category_id=52&product_id=7126 HTTP/1.1" 303 645 "-" "Mozilla/5.0 (compatible; AhrefsBot/7.0; +http://ahrefs.com/robot/)"
54.36.148.227 - - [22/Dec/2021:23:10:12 +0100] "GET /index.php/6300-range/fag-6317z HTTP/1.1" 200 14345 "-" "Mozilla/5.0 (compatible; AhrefsBot/7.0; +http://ahrefs.com/robot/)"
82.75.56.74 - - [22/Dec/2021:23:10:23 +0100] "GET /administrator/index.php?option=com_modules HTTP/1.1" 200 13251 "https://www.lager-techniek.eu/administrator/index.php?option=com_jshopping&controller=orders" "Mozilla/5.0 (Windows NT 10.0; Win64; x64; rv:95.0) Gecko/20100101 Firefox/95.0"
82.75.56.74 - - [22/Dec/2021:23:10:23 +0100] "GET /media/system/js/multiselect.js?8331cdaeca26f531c78efb96dd1dad94 HTTP/1.1" 200 754 "https://www.lager-techniek.eu/administrator/index.php?option=com_modules" "Mozilla/5.0 (Windows NT 10.0; Win64; x64; rv:95.0) Gecko/20100101 Firefox/95.0"
217.123.82.92 - - [22/Dec/2021:23:10:24 +0100] "GET /index.php/component/ajax/?format=json HTTP/1.1" 200 758 "https://www.lager-techniek.eu/index.php/duplex-rollenketting/vbchain-rk24b2" "Mozilla/5.0 (Windows NT 10.0; Win64; x64) AppleWebKit/537.36 (KHTML, like Gecko) Chrome/96.0.4664.110 Safari/537.36"
77.60.98.226 - - [22/Dec/2021:23:10:27 +0100] "GET /index.php/component/ajax/?format=json HTTP/1.1" 200 758 "https://www.lager-techniek.eu/index.php/b-range/contitech-17x1215" "Mozilla/5.0 (Windows NT 6.1; Win64; x64) AppleWebKit/537.36 (KHTML, like Gecko) Chrome/94.0.4606.71 Safari/537.36"
54.36.148.227 - - [22/Dec/2021:23:10:27 +0100] "GET /index.php/cart/add?category_id=433&product_id=21175 HTTP/1.1" 303 645 "-" "Mozilla/5.0 (compatible; AhrefsBot/7.0; +http://ahrefs.com/robot/)"
178.118.52.254 - - [22/Dec/2021:23:10:32 +0100] "GET /index.php/component/ajax/?format=json HTTP/1.1" 200 758 "https://www.lager-techniek.eu/index.php/tandriemen-3m/gates-2823m6gt3" "Mozilla/5.0 (Windows NT 10.0; Win64; x64) AppleWebKit/537.36 (KHTML, like Gecko) Chrome/96.0.4664.110 Safari/537.36"
66.249.66.195 - - [22/Dec/2021:23:10:40 +0100] "GET /index.php/miniatuur-range/zen-630-82z HTTP/1.1" 200 13799 "-" "Mozilla/5.0 (compatible; Googlebot/2.1; +http://www.google.com/bot.html)"
54.36.148.227 - - [22/Dec/2021:23:10:43 +0100] "GET /index.php/cart/add?category_id=38&product_id=24463 HTTP/1.1" 303 645 "-" "Mozilla/5.0 (compatible; AhrefsBot/7.0; +http://ahrefs.com/robot/)"
54.36.148.227 - - [22/Dec/2021:23:10:56 +0100] "GET /index.php/cart/add?category_id=52&product_id=7130 HTTP/1.1" 303 645 "-" "Mozilla/5.0 (compatible; AhrefsBot/7.0; +http://ahrefs.com/robot/)"
66.249.66.75 - - [22/Dec/2021:23:11:01 +0100] "GET /index.php/draadborg-middel-en-vlakkenafdichting/loctite-2400-5mlb HTTP/1.1" 200 15106 "-" "Mozilla/5.0 (Linux; Android 6.0.1; Nexus 5X Build/MMB29P) AppleWebKit/537.36 (KHTML, like Gecko) Chrome/96.0.4664.93 Mobile Safari/537.36 (compatible; Googlebot/2.1; +http://www.google.com/bot.html)"
54.36.148.227 - - [22/Dec/2021:23:11:07 +0100] "GET /index.php/askquestion/form?category_id=1041&product_id=43662&type=1&tmpl=component HTTP/1.1" 200 2412 "-" "Mozilla/5.0 (compatible; AhrefsBot/7.0; +http://ahrefs.com/robot/)"
193.104.159.11 - - [22/Dec/2021:23:11:11 +0100] "GET /index.php/component/ajax/?format=json HTTP/1.1" 200 758 "https://www.lager-techniek.eu/index.php/2200-range/fag-22032rstvh" "Mozilla/5.0 (Windows NT 10.0; Win64; x64) AppleWebKit/537.36 (KHTML, like Gecko) Chrome/96.0.4664.110 Safari/537.36 Edg/96.0.1054.62"
54.36.148.227 - - [22/Dec/2021:23:11:21 +0100] "GET /index.php/cart/add?category_id=52&product_id=7134 HTTP/1.1" 303 645 "-" "Mozilla/5.0 (compatible; AhrefsBot/7.0; +http://ahrefs.com/robot/)"
66.249.66.76 - - [22/Dec/2021:23:11:33 +0100] "GET /index.php/producenten/tandriemen-5m/gates-10505m15gt3 HTTP/1.1" 200 15189 "-" "Mozilla/5.0 (Linux; Android 6.0.1; Nexus 5X Build/MMB29P) AppleWebKit/537.36 (KHTML, like Gecko) Chrome/96.0.4664.93 Mobile Safari/537.36 (compatible; Googlebot/2.1; +http://www.google.com/bot.html)"
91.183.150.180 - - [22/Dec/2021:23:11:35 +0100] "GET /index.php/component/ajax/?format=json HTTP/1.1" 200 758 "https://www.lager-techniek.eu/index.php/overig/skf-tmft36" "Mozilla/5.0 (Windows NT 6.3; Win64; x64) AppleWebKit/537.36 (KHTML, like Gecko) Chrome/96.0.4664.110 Safari/537.36"
54.36.148.227 - - [22/Dec/2021:23:11:36 +0100] "GET /index.php/askquestion/form?category_id=431&product_id=16630&type=1&tmpl=component HTTP/1.1" 200 2415 "-" "Mozilla/5.0 (compatible; AhrefsBot/7.0; +http://ahrefs.com/robot/)"
66.249.66.76 - - [22/Dec/2021:23:11:38 +0100] "GET /media/com_jchoptimize/cache/js/4d21da91707678544a435f5a7e08efed.js HTTP/1.1" 200 101226 "https://www.lager-techniek.eu/index.php/producenten/tandriemen-5m/gates-10505m15gt3" "Mozilla/5.0 (Linux; Android 6.0.1; Nexus 5X Build/MMB29P) AppleWebKit/537.36 (KHTML, like Gecko) Chrome/96.0.4664.93 Mobile Safari/537.36 (compatible; Googlebot/2.1; +http://www.google.com/bot.html)"
66.249.66.159 - - [22/Dec/2021:23:11:40 +0100] "GET /index.php/32300-range/skf-32305 HTTP/1.1" 200 14591 "-" "Mozilla/5.0 (compatible; Googlebot/2.1; +http://www.google.com/bot.html)"
54.36.148.227 - - [22/Dec/2021:23:11:47 +0100] "GET /index.php/askquestion/form?category_id=45&product_id=22723&type=1&tmpl=component HTTP/1.1" 200 2417 "-" "Mozilla/5.0 (compatible; AhrefsBot/7.0; +http://ahrefs.com/robot/)"
185.178.235.166 - - [22/Dec/2021:23:12:00 +0100] "GET /index.php/component/ajax/?format=json HTTP/1.1" 200 758 "https://www.lager-techniek.eu/index.php/kettingspanwiel/ina-ksr16l010101408" "Mozilla/5.0 (Windows NT 10.0; Win64; x64) AppleWebKit/537.36 (KHTML, like Gecko) Chrome/96.0.4664.45 Safari/537.36"
54.36.148.227 - - [22/Dec/2021:23:12:03 +0100] "GET /index.php/grae-yet-range/skf-yet-211 HTTP/1.1" 200 14193 "-" "Mozilla/5.0 (compatible; AhrefsBot/7.0; +http://ahrefs.com/robot/)"
51.15.227.87 - - [22/Dec/2021:23:12:07 +0100] "GET /index.php/askquestion/form?category_id=1109&product_id=97735&type=1&tmpl=component HTTP/1.1" 200 2420 "-" "Mozilla/5.0 (Windows NT 10.0; Win64; x64) AppleWebKit/537.36 (KHTML, like Gecko) Chrome/93.0.4577.0 Safari/537.36"
51.15.227.87 - - [22/Dec/2021:23:12:07 +0100] "GET /media/com_jchoptimize/cache/js/8a990de46a109c4df2350d026b164f67.js HTTP/1.1" 200 58824 "https://lager-techniek.eu/index.php/askquestion/form?category_id=1109&product_id=97735&type=1&tmpl=component" "Mozilla/5.0 (Windows NT 10.0; Win64; x64) AppleWebKit/537.36 (KHTML, like Gecko) Chrome/93.0.4577.0 Safari/537.36"
54.36.148.227 - - [22/Dec/2021:23:12:16 +0100] "GET /index.php/cart/add?category_id=8&product_id=26009 HTTP/1.1" 303 645 "-" "Mozilla/5.0 (compatible; AhrefsBot/7.0; +http://ahrefs.com/robot/)"
82.75.56.74 - - [22/Dec/2021:23:12:21 +0100] "GET /administrator/index.php?option=com_plugins HTTP/1.1" 200 11504 "https://www.lager-techniek.eu/administrator/index.php?option=com_modules" "Mozilla/5.0 (Windows NT 10.0; Win64; x64; rv:95.0) Gecko/20100101 Firefox/95.0"
66.249.66.78 - - [22/Dec/2021:23:12:27 +0100] "GET /index.php/nj-2200-range/skf-nj2208ecjc5 HTTP/1.1" 200 14023 "-" "Mozilla/5.0 (Linux; Android 6.0.1; Nexus 5X Build/MMB29P) AppleWebKit/537.36 (KHTML, like Gecko) Chrome/96.0.4664.93 Mobile Safari/537.36 (compatible; Googlebot/2.1; +http://www.google.com/bot.html)"
77.226.249.91 - - [22/Dec/2021:23:12:28 +0100] "GET /index.php/component/ajax/?format=json HTTP/1.1" 200 758 "https://www.lager-techniek.eu/index.php/a-range/contitech-13x3650" "Mozilla/5.0 (Windows NT 10.0; Win64; x64) AppleWebKit/537.36 (KHTML, like Gecko) Chrome/96.0.4664.55 Safari/537.36 Edg/96.0.1054.43"
82.75.56.74 - - [22/Dec/2021:23:12:28 +0100] "POST /administrator/index.php?option=com_plugins&view=plugins HTTP/1.1" 200 10279 "https://www.lager-techniek.eu/administrator/index.php?option=com_plugins" "Mozilla/5.0 (Windows NT 10.0; Win64; x64; rv:95.0) Gecko/20100101 Firefox/95.0"
54.36.148.227 - - [22/Dec/2021:23:12:32 +0100] "GET /index.php/cart/add?category_id=20&product_id=25967 HTTP/1.1" 303 645 "-" "Mozilla/5.0 (compatible; AhrefsBot/7.0; +http://ahrefs.com/robot/)"
54.36.148.227 - - [22/Dec/2021:23:12:44 +0100] "GET /index.php/cart/add?category_id=33&product_id=27258 HTTP/1.1" 303 645 "-" "Mozilla/5.0 (compatible; AhrefsBot/7.0; +http://ahrefs.com/robot/)"
207.46.13.147 - - [22/Dec/2021:23:12:48 +0100] "GET /index.php/32200-range/fag-32221xl HTTP/1.1" 200 14636 "-" "Mozilla/5.0 (compatible; bingbot/2.0; +http://www.bing.com/bingbot.htm)"
