2a02:a441:875f:1:7de0:18ed:ddb5:da4b - - [22/Dec/2021:22:30:32 +0100] "GET /components/com_jshopping/files/img_products/thumb_Loctite40120grf.jpg HTTP/1.1" 200 1714 "https://www.lager-techniek.eu/index.php/lijmen" "Mozilla/5.0 (Windows NT 10.0) AppleWebKit/537.36 (KHTML, like Gecko) Chrome/96.0.4664.110 Safari/537.36"
2a02:a441:875f:1:7de0:18ed:ddb5:da4b - - [22/Dec/2021:22:30:32 +0100] "GET /components/com_jshopping/files/img_products/thumb_loctite121078.jpg HTTP/1.1" 200 1778 "https://www.lager-techniek.eu/index.php/lijmen" "Mozilla/5.0 (Windows NT 10.0) AppleWebKit/537.36 (KHTML, like Gecko) Chrome/96.0.4664.110 Safari/537.36"
2a02:a441:875f:1:7de0:18ed:ddb5:da4b - - [22/Dec/2021:22:30:32 +0100] "GET /components/com_jshopping/files/img_products/thumb_loctite4013grb.jpg HTTP/1.1" 200 1704 "https://www.lager-techniek.eu/index.php/lijmen" "Mozilla/5.0 (Windows NT 10.0) AppleWebKit/537.36 (KHTML, like Gecko) Chrome/96.0.4664.110 Safari/537.36"
2a02:a441:875f:1:7de0:18ed:ddb5:da4b - - [22/Dec/2021:22:30:32 +0100] "GET /components/com_jshopping/files/img_products/thumb_loctite401500grf.jpg HTTP/1.1" 200 1319 "https://www.lager-techniek.eu/index.php/lijmen" "Mozilla/5.0 (Windows NT 10.0) AppleWebKit/537.36 (KHTML, like Gecko) Chrome/96.0.4664.110 Safari/537.36"
2a02:a441:875f:1:7de0:18ed:ddb5:da4b - - [22/Dec/2021:22:30:32 +0100] "GET /components/com_jshopping/files/img_products/thumb_loctite40150grf.jpg HTTP/1.1" 200 1378 "https://www.lager-techniek.eu/index.php/lijmen" "Mozilla/5.0 (Windows NT 10.0) AppleWebKit/537.36 (KHTML, like Gecko) Chrome/96.0.4664.110 Safari/537.36"
2a02:a441:875f:1:7de0:18ed:ddb5:da4b - - [22/Dec/2021:22:30:32 +0100] "GET /components/com_jshopping/files/img_products/thumb_loctite401120grf.jpg HTTP/1.1" 200 1849 "https://www.lager-techniek.eu/index.php/lijmen" "Mozilla/5.0 (Windows NT 10.0) AppleWebKit/537.36 (KHTML, like Gecko) Chrome/96.0.4664.110 Safari/537.36"
2a02:a441:875f:1:7de0:18ed:ddb5:da4b - - [22/Dec/2021:22:30:32 +0100] "GET /components/com_jshopping/files/img_products/thumb_Loctite4015grf.jpg HTTP/1.1" 200 1147 "https://www.lager-techniek.eu/index.php/lijmen" "Mozilla/5.0 (Windows NT 10.0) AppleWebKit/537.36 (KHTML, like Gecko) Chrome/96.0.4664.110 Safari/537.36"
2a02:a441:875f:1:7de0:18ed:ddb5:da4b - - [22/Dec/2021:22:30:32 +0100] "GET /components/com_jshopping/files/img_products/thumb_loctite406100grf.jpg HTTP/1.1" 200 1319 "https://www.lager-techniek.eu/index.php/lijmen" "Mozilla/5.0 (Windows NT 10.0) AppleWebKit/537.36 (KHTML, like Gecko) Chrome/96.0.4664.110 Safari/537.36"
2a02:a441:875f:1:7de0:18ed:ddb5:da4b - - [22/Dec/2021:22:30:32 +0100] "GET /components/com_jshopping/files/img_products/thumb_loctite40320grf.jpg HTTP/1.1" 200 1851 "https://www.lager-techniek.eu/index.php/lijmen" "Mozilla/5.0 (Windows NT 10.0) AppleWebKit/537.36 (KHTML, like Gecko) Chrome/96.0.4664.110 Safari/537.36"
2a02:a441:875f:1:7de0:18ed:ddb5:da4b - - [22/Dec/2021:22:30:32 +0100] "GET /components/com_jshopping/files/img_products/thumb_loctite406120grf.jpg HTTP/1.1" 200 1748 "https://www.lager-techniek.eu/index.php/lijmen" "Mozilla/5.0 (Windows NT 10.0) AppleWebKit/537.36 (KHTML, like Gecko) Chrome/96.0.4664.110 Safari/537.36"
2a02:a441:875f:1:7de0:18ed:ddb5:da4b - - [22/Dec/2021:22:30:32 +0100] "GET /components/com_jshopping/files/img_products/thumb_loctite403500grf.jpg HTTP/1.1" 200 1790 "https://www.lager-techniek.eu/index.php/lijmen" "Mozilla/5.0 (Windows NT 10.0) AppleWebKit/537.36 (KHTML, like Gecko) Chrome/96.0.4664.110 Safari/537.36"
2a02:a441:875f:1:7de0:18ed:ddb5:da4b - - [22/Dec/2021:22:30:32 +0100] "GET /components/com_jshopping/files/img_products/thumb_loctite406770.jpg HTTP/1.1" 200 1980 "https://www.lager-techniek.eu/index.php/lijmen" "Mozilla/5.0 (Windows NT 10.0) AppleWebKit/537.36 (KHTML, like Gecko) Chrome/96.0.4664.110 Safari/537.36"
2a02:a441:875f:1:7de0:18ed:ddb5:da4b - - [22/Dec/2021:22:30:32 +0100] "GET /components/com_jshopping/files/img_products/thumb_loctite49620grf.jpg HTTP/1.1" 200 1630 "https://www.lager-techniek.eu/index.php/lijmen" "Mozilla/5.0 (Windows NT 10.0) AppleWebKit/537.36 (KHTML, like Gecko) Chrome/96.0.4664.110 Safari/537.36"
2a02:a441:875f:1:7de0:18ed:ddb5:da4b - - [22/Dec/2021:22:30:32 +0100] "GET /components/com_jshopping/files/img_products/thumb_loctite40620grf.jpg HTTP/1.1" 200 1400 "https://www.lager-techniek.eu/index.php/lijmen" "Mozilla/5.0 (Windows NT 10.0) AppleWebKit/537.36 (KHTML, like Gecko) Chrome/96.0.4664.110 Safari/537.36"
2a02:a441:875f:1:7de0:18ed:ddb5:da4b - - [22/Dec/2021:22:30:32 +0100] "GET /components/com_jshopping/files/img_products/thumb_loctite406500grf.jpg HTTP/1.1" 200 1500 "https://www.lager-techniek.eu/index.php/lijmen" "Mozilla/5.0 (Windows NT 10.0) AppleWebKit/537.36 (KHTML, like Gecko) Chrome/96.0.4664.110 Safari/537.36"
2a02:a441:875f:1:7de0:18ed:ddb5:da4b - - [22/Dec/2021:22:30:32 +0100] "GET /components/com_jshopping/files/img_products/thumb_loctite40720grf.jpg HTTP/1.1" 200 1554 "https://www.lager-techniek.eu/index.php/lijmen" "Mozilla/5.0 (Windows NT 10.0) AppleWebKit/537.36 (KHTML, like Gecko) Chrome/96.0.4664.110 Safari/537.36"
2a02:a441:875f:1:7de0:18ed:ddb5:da4b - - [22/Dec/2021:22:30:32 +0100] "GET /components/com_jshopping/files/img_products/thumb_loctite40820grf.jpg HTTP/1.1" 200 1541 "https://www.lager-techniek.eu/index.php/lijmen" "Mozilla/5.0 (Windows NT 10.0) AppleWebKit/537.36 (KHTML, like Gecko) Chrome/96.0.4664.110 Safari/537.36"
2a02:a441:875f:1:7de0:18ed:ddb5:da4b - - [22/Dec/2021:22:30:32 +0100] "GET /components/com_jshopping/files/img_products/thumb_loctite40850grf.jpg HTTP/1.1" 200 1722 "https://www.lager-techniek.eu/index.php/lijmen" "Mozilla/5.0 (Windows NT 10.0) AppleWebKit/537.36 (KHTML, like Gecko) Chrome/96.0.4664.110 Safari/537.36"
2a02:a441:875f:1:7de0:18ed:ddb5:da4b - - [22/Dec/2021:22:30:32 +0100] "GET /components/com_jshopping/files/img_products/thumb_loctite407100grf.jpg HTTP/1.1" 200 1901 "https://www.lager-techniek.eu/index.php/lijmen" "Mozilla/5.0 (Windows NT 10.0) AppleWebKit/537.36 (KHTML, like Gecko) Chrome/96.0.4664.110 Safari/537.36"
54.36.148.227 - - [22/Dec/2021:22:30:42 +0100] "GET /index.php/askquestion/form?category_id=1005&product_id=44135&type=1&tmpl=component HTTP/1.1" 200 2428 "-" "Mozilla/5.0 (compatible; AhrefsBot/7.0; +http://ahrefs.com/robot/)"
2a02:a441:875f:1:7de0:18ed:ddb5:da4b - - [22/Dec/2021:22:30:48 +0100] "GET /index.php/lijmen?start=24 HTTP/1.1" 200 9730 "https://www.lager-techniek.eu/index.php/lijmen" "Mozilla/5.0 (Windows NT 10.0) AppleWebKit/537.36 (KHTML, like Gecko) Chrome/96.0.4664.110 Safari/537.36"
2a02:a441:875f:1:7de0:18ed:ddb5:da4b - - [22/Dec/2021:22:30:48 +0100] "GET /components/com_jshopping/files/img_products/thumb_loctite42020grf.jpg HTTP/1.1" 200 1367 "https://www.lager-techniek.eu/index.php/lijmen?start=24" "Mozilla/5.0 (Windows NT 10.0) AppleWebKit/537.36 (KHTML, like Gecko) Chrome/96.0.4664.110 Safari/537.36"
2a02:a441:875f:1:7de0:18ed:ddb5:da4b - - [22/Dec/2021:22:30:48 +0100] "GET /components/com_jshopping/files/img_products/thumb_loctite420500grf.jpg HTTP/1.1" 200 1660 "https://www.lager-techniek.eu/index.php/lijmen?start=24" "Mozilla/5.0 (Windows NT 10.0) AppleWebKit/537.36 (KHTML, like Gecko) Chrome/96.0.4664.110 Safari/537.36"
2a02:a441:875f:1:7de0:18ed:ddb5:da4b - - [22/Dec/2021:22:30:48 +0100] "GET /components/com_jshopping/files/img_products/thumb_loctite420420grt.jpg HTTP/1.1" 200 2010 "https://www.lager-techniek.eu/index.php/lijmen?start=24" "Mozilla/5.0 (Windows NT 10.0) AppleWebKit/537.36 (KHTML, like Gecko) Chrome/96.0.4664.110 Safari/537.36"
2a02:a441:875f:1:7de0:18ed:ddb5:da4b - - [22/Dec/2021:22:30:48 +0100] "GET /components/com_jshopping/files/img_products/thumb_loctite435.jpg HTTP/1.1" 200 1377 "https://www.lager-techniek.eu/index.php/lijmen?start=24" "Mozilla/5.0 (Windows NT 10.0) AppleWebKit/537.36 (KHTML, like Gecko) Chrome/96.0.4664.110 Safari/537.36"
2a02:a441:875f:1:7de0:18ed:ddb5:da4b - - [22/Dec/2021:22:30:48 +0100] "GET /components/com_jshopping/files/img_products/thumb_loctite431500gr.jpg HTTP/1.1" 200 1583 "https://www.lager-techniek.eu/index.php/lijmen?start=24" "Mozilla/5.0 (Windows NT 10.0) AppleWebKit/537.36 (KHTML, like Gecko) Chrome/96.0.4664.110 Safari/537.36"
2a02:a441:875f:1:7de0:18ed:ddb5:da4b - - [22/Dec/2021:22:30:48 +0100] "GET /components/com_jshopping/files/img_products/thumb_loctite435500gr.jpg HTTP/1.1" 200 1545 "https://www.lager-techniek.eu/index.php/lijmen?start=24" "Mozilla/5.0 (Windows NT 10.0) AppleWebKit/537.36 (KHTML, like Gecko) Chrome/96.0.4664.110 Safari/537.36"
2a02:a441:875f:1:7de0:18ed:ddb5:da4b - - [22/Dec/2021:22:30:48 +0100] "GET /components/com_jshopping/files/img_products/thumb_loctite42050grf.jpg HTTP/1.1" 200 1350 "https://www.lager-techniek.eu/index.php/lijmen?start=24" "Mozilla/5.0 (Windows NT 10.0) AppleWebKit/537.36 (KHTML, like Gecko) Chrome/96.0.4664.110 Safari/537.36"
2a02:a441:875f:1:7de0:18ed:ddb5:da4b - - [22/Dec/2021:22:30:48 +0100] "GET /components/com_jshopping/files/img_products/thumb_loctite43550gr.jpg HTTP/1.1" 200 1349 "https://www.lager-techniek.eu/index.php/lijmen?start=24" "Mozilla/5.0 (Windows NT 10.0) AppleWebKit/537.36 (KHTML, like Gecko) Chrome/96.0.4664.110 Safari/537.36"
2a02:a441:875f:1:7de0:18ed:ddb5:da4b - - [22/Dec/2021:22:30:48 +0100] "GET /components/com_jshopping/files/img_products/thumb_loctite438500gr.jpg HTTP/1.1" 200 1928 "https://www.lager-techniek.eu/index.php/lijmen?start=24" "Mozilla/5.0 (Windows NT 10.0) AppleWebKit/537.36 (KHTML, like Gecko) Chrome/96.0.4664.110 Safari/537.36"
2a02:a441:875f:1:7de0:18ed:ddb5:da4b - - [22/Dec/2021:22:30:48 +0100] "GET /components/com_jshopping/files/img_products/thumb_loctite43820gr.jpg HTTP/1.1" 200 1570 "https://www.lager-techniek.eu/index.php/lijmen?start=24" "Mozilla/5.0 (Windows NT 10.0) AppleWebKit/537.36 (KHTML, like Gecko) Chrome/96.0.4664.110 Safari/537.36"
2a02:a441:875f:1:7de0:18ed:ddb5:da4b - - [22/Dec/2021:22:30:48 +0100] "GET /components/com_jshopping/files/img_products/thumb_loctite45410grf.jpg HTTP/1.1" 200 1890 "https://www.lager-techniek.eu/index.php/lijmen?start=24" "Mozilla/5.0 (Windows NT 10.0) AppleWebKit/537.36 (KHTML, like Gecko) Chrome/96.0.4664.110 Safari/537.36"
2a02:a441:875f:1:7de0:18ed:ddb5:da4b - - [22/Dec/2021:22:30:48 +0100] "GET /components/com_jshopping/files/img_products/thumb_loctite43850gr.jpg HTTP/1.1" 200 1591 "https://www.lager-techniek.eu/index.php/lijmen?start=24" "Mozilla/5.0 (Windows NT 10.0) AppleWebKit/537.36 (KHTML, like Gecko) Chrome/96.0.4664.110 Safari/537.36"
2a02:a441:875f:1:7de0:18ed:ddb5:da4b - - [22/Dec/2021:22:30:48 +0100] "GET /components/com_jshopping/files/img_products/thumb_loctite4543grb.jpg HTTP/1.1" 200 2249 "https://www.lager-techniek.eu/index.php/lijmen?start=24" "Mozilla/5.0 (Windows NT 10.0) AppleWebKit/537.36 (KHTML, like Gecko) Chrome/96.0.4664.110 Safari/537.36"
2a02:a441:875f:1:7de0:18ed:ddb5:da4b - - [22/Dec/2021:22:30:48 +0100] "GET /components/com_jshopping/files/img_products/thumb_loctite4543grt.jpg HTTP/1.1" 200 1405 "https://www.lager-techniek.eu/index.php/lijmen?start=24" "Mozilla/5.0 (Windows NT 10.0) AppleWebKit/537.36 (KHTML, like Gecko) Chrome/96.0.4664.110 Safari/537.36"
2a02:a441:875f:1:7de0:18ed:ddb5:da4b - - [22/Dec/2021:22:30:48 +0100] "GET /components/com_jshopping/files/img_products/thumb_loctite45420grt.jpg HTTP/1.1" 200 1552 "https://www.lager-techniek.eu/index.php/lijmen?start=24" "Mozilla/5.0 (Windows NT 10.0) AppleWebKit/537.36 (KHTML, like Gecko) Chrome/96.0.4664.110 Safari/537.36"
2a02:a441:875f:1:7de0:18ed:ddb5:da4b - - [22/Dec/2021:22:30:48 +0100] "GET /components/com_jshopping/files/img_products/thumb_loctite454300grP.jpg HTTP/1.1" 200 1187 "https://www.lager-techniek.eu/index.php/lijmen?start=24" "Mozilla/5.0 (Windows NT 10.0) AppleWebKit/537.36 (KHTML, like Gecko) Chrome/96.0.4664.110 Safari/537.36"
2a02:a441:875f:1:7de0:18ed:ddb5:da4b - - [22/Dec/2021:22:30:48 +0100] "GET /components/com_jshopping/files/img_products/thumb_loctite46020grf.jpg HTTP/1.1" 200 1254 "https://www.lager-techniek.eu/index.php/lijmen?start=24" "Mozilla/5.0 (Windows NT 10.0) AppleWebKit/537.36 (KHTML, like Gecko) Chrome/96.0.4664.110 Safari/537.36"
2a02:a441:875f:1:7de0:18ed:ddb5:da4b - - [22/Dec/2021:22:30:48 +0100] "GET /components/com_jshopping/files/img_products/thumb_loctite460500grf.jpg HTTP/1.1" 200 1850 "https://www.lager-techniek.eu/index.php/lijmen?start=24" "Mozilla/5.0 (Windows NT 10.0) AppleWebKit/537.36 (KHTML, like Gecko) Chrome/96.0.4664.110 Safari/537.36"
2a02:a441:875f:1:7de0:18ed:ddb5:da4b - - [22/Dec/2021:22:30:48 +0100] "GET /components/com_jshopping/files/img_products/thumb_loctite46050grf.jpg HTTP/1.1" 200 1768 "https://www.lager-techniek.eu/index.php/lijmen?start=24" "Mozilla/5.0 (Windows NT 10.0) AppleWebKit/537.36 (KHTML, like Gecko) Chrome/96.0.4664.110 Safari/537.36"
2a02:a441:875f:1:7de0:18ed:ddb5:da4b - - [22/Dec/2021:22:30:56 +0100] "GET /index.php/lijmen?start=48 HTTP/1.1" 200 9700 "https://www.lager-techniek.eu/index.php/lijmen?start=24" "Mozilla/5.0 (Windows NT 10.0) AppleWebKit/537.36 (KHTML, like Gecko) Chrome/96.0.4664.110 Safari/537.36"
2a02:a441:875f:1:7de0:18ed:ddb5:da4b - - [22/Dec/2021:22:30:56 +0100] "GET /components/com_jshopping/files/img_products/thumb_loctite493500grf.jpg HTTP/1.1" 200 2029 "https://www.lager-techniek.eu/index.php/lijmen?start=48" "Mozilla/5.0 (Windows NT 10.0) AppleWebKit/537.36 (KHTML, like Gecko) Chrome/96.0.4664.110 Safari/537.36"
2a02:a441:875f:1:7de0:18ed:ddb5:da4b - - [22/Dec/2021:22:30:56 +0100] "GET /components/com_jshopping/files/img_products/thumb_loctite496100grf.jpg HTTP/1.1" 200 1505 "https://www.lager-techniek.eu/index.php/lijmen?start=48" "Mozilla/5.0 (Windows NT 10.0) AppleWebKit/537.36 (KHTML, like Gecko) Chrome/96.0.4664.110 Safari/537.36"
2a02:a441:875f:1:7de0:18ed:ddb5:da4b - - [22/Dec/2021:22:30:56 +0100] "GET /components/com_jshopping/files/img_products/thumb_loctiteaa303850ml.jpg HTTP/1.1" 200 1953 "https://www.lager-techniek.eu/index.php/lijmen?start=48" "Mozilla/5.0 (Windows NT 10.0) AppleWebKit/537.36 (KHTML, like Gecko) Chrome/96.0.4664.110 Safari/537.36"
2a02:a441:875f:1:7de0:18ed:ddb5:da4b - - [22/Dec/2021:22:30:56 +0100] "GET /components/com_jshopping/files/img_products/thumb_loctite30111l.jpg HTTP/1.1" 200 2419 "https://www.lager-techniek.eu/index.php/lijmen?start=48" "Mozilla/5.0 (Windows NT 10.0) AppleWebKit/537.36 (KHTML, like Gecko) Chrome/96.0.4664.110 Safari/537.36"
2a02:a441:875f:1:7de0:18ed:ddb5:da4b - - [22/Dec/2021:22:30:56 +0100] "GET /components/com_jshopping/files/img_products/thumb_loctite326250ml.jpg HTTP/1.1" 200 2238 "https://www.lager-techniek.eu/index.php/lijmen?start=48" "Mozilla/5.0 (Windows NT 10.0) AppleWebKit/537.36 (KHTML, like Gecko) Chrome/96.0.4664.110 Safari/537.36"
2a02:a441:875f:1:7de0:18ed:ddb5:da4b - - [22/Dec/2021:22:30:56 +0100] "GET /components/com_jshopping/files/img_products/thumb_loctiteaa31905ml.jpg HTTP/1.1" 200 2749 "https://www.lager-techniek.eu/index.php/lijmen?start=48" "Mozilla/5.0 (Windows NT 10.0) AppleWebKit/537.36 (KHTML, like Gecko) Chrome/96.0.4664.110 Safari/537.36"
2a02:a441:875f:1:7de0:18ed:ddb5:da4b - - [22/Dec/2021:22:30:56 +0100] "GET /components/com_jshopping/files/img_products/thumb_loctite32650ml.jpg HTTP/1.1" 200 2105 "https://www.lager-techniek.eu/index.php/lijmen?start=48" "Mozilla/5.0 (Windows NT 10.0) AppleWebKit/537.36 (KHTML, like Gecko) Chrome/96.0.4664.110 Safari/537.36"
2a02:a441:875f:1:7de0:18ed:ddb5:da4b - - [22/Dec/2021:22:30:56 +0100] "GET /components/com_jshopping/files/img_products/thumb_loctite66050grf.jpg HTTP/1.1" 200 1768 "https://www.lager-techniek.eu/index.php/lijmen?start=48" "Mozilla/5.0 (Windows NT 10.0) AppleWebKit/537.36 (KHTML, like Gecko) Chrome/96.0.4664.110 Safari/537.36"
2a02:a441:875f:1:7de0:18ed:ddb5:da4b - - [22/Dec/2021:22:30:56 +0100] "GET /components/com_jshopping/files/img_products/thumb_loctite496500grf.jpg HTTP/1.1" 200 1682 "https://www.lager-techniek.eu/index.php/lijmen?start=48" "Mozilla/5.0 (Windows NT 10.0) AppleWebKit/537.36 (KHTML, like Gecko) Chrome/96.0.4664.110 Safari/537.36"
2a02:a441:875f:1:7de0:18ed:ddb5:da4b - - [22/Dec/2021:22:30:56 +0100] "GET /components/com_jshopping/files/img_products/thumb_loctite322250ml.jpg HTTP/1.1" 200 2339 "https://www.lager-techniek.eu/index.php/lijmen?start=48" "Mozilla/5.0 (Windows NT 10.0) AppleWebKit/537.36 (KHTML, like Gecko) Chrome/96.0.4664.110 Safari/537.36"
2a02:a441:875f:1:7de0:18ed:ddb5:da4b - - [22/Dec/2021:22:30:56 +0100] "GET /components/com_jshopping/files/img_products/thumb_loctite49650grf.jpg HTTP/1.1" 200 1618 "https://www.lager-techniek.eu/index.php/lijmen?start=48" "Mozilla/5.0 (Windows NT 10.0) AppleWebKit/537.36 (KHTML, like Gecko) Chrome/96.0.4664.110 Safari/537.36"
2a02:a441:875f:1:7de0:18ed:ddb5:da4b - - [22/Dec/2021:22:30:56 +0100] "GET /components/com_jshopping/files/img_products/thumb_loctiteaa329550ml.jpg HTTP/1.1" 200 2350 "https://www.lager-techniek.eu/index.php/lijmen?start=48" "Mozilla/5.0 (Windows NT 10.0) AppleWebKit/537.36 (KHTML, like Gecko) Chrome/96.0.4664.110 Safari/537.36"
2a02:a441:875f:1:7de0:18ed:ddb5:da4b - - [22/Dec/2021:22:30:56 +0100] "GET /components/com_jshopping/files/img_products/thumb_loctiteaa30811l.jpg HTTP/1.1" 200 1857 "https://www.lager-techniek.eu/index.php/lijmen?start=48" "Mozilla/5.0 (Windows NT 10.0) AppleWebKit/537.36 (KHTML, like Gecko) Chrome/96.0.4664.110 Safari/537.36"
2a02:a441:875f:1:7de0:18ed:ddb5:da4b - - [22/Dec/2021:22:30:56 +0100] "GET /components/com_jshopping/files/img_products/thumb_loctite3307388.jpg HTTP/1.1" 200 2326 "https://www.lager-techniek.eu/index.php/lijmen?start=48" "Mozilla/5.0 (Windows NT 10.0) AppleWebKit/537.36 (KHTML, like Gecko) Chrome/96.0.4664.110 Safari/537.36"
2a02:a441:875f:1:7de0:18ed:ddb5:da4b - - [22/Dec/2021:22:30:56 +0100] "GET /components/com_jshopping/files/img_products/thumb_loctite3298300ml1.jpg HTTP/1.1" 200 2226 "https://www.lager-techniek.eu/index.php/lijmen?start=48" "Mozilla/5.0 (Windows NT 10.0) AppleWebKit/537.36 (KHTML, like Gecko) Chrome/96.0.4664.110 Safari/537.36"
2a02:a441:875f:1:7de0:18ed:ddb5:da4b - - [22/Dec/2021:22:30:56 +0100] "GET /components/com_jshopping/files/img_products/thumb_loctite330300ml.jpg HTTP/1.1" 200 1815 "https://www.lager-techniek.eu/index.php/lijmen?start=48" "Mozilla/5.0 (Windows NT 10.0) AppleWebKit/537.36 (KHTML, like Gecko) Chrome/96.0.4664.110 Safari/537.36"
2a02:a441:875f:1:7de0:18ed:ddb5:da4b - - [22/Dec/2021:22:30:56 +0100] "GET /components/com_jshopping/files/img_products/thumb_loctite33050ml.jpg HTTP/1.1" 200 2576 "https://www.lager-techniek.eu/index.php/lijmen?start=48" "Mozilla/5.0 (Windows NT 10.0) AppleWebKit/537.36 (KHTML, like Gecko) Chrome/96.0.4664.110 Safari/537.36"
2a02:a441:875f:1:7de0:18ed:ddb5:da4b - - [22/Dec/2021:22:30:56 +0100] "GET /components/com_jshopping/files/img_products/thumb_loctite329850ml.jpg HTTP/1.1" 200 1794 "https://www.lager-techniek.eu/index.php/lijmen?start=48" "Mozilla/5.0 (Windows NT 10.0) AppleWebKit/537.36 (KHTML, like Gecko) Chrome/96.0.4664.110 Safari/537.36"
2a02:a441:875f:1:7de0:18ed:ddb5:da4b - - [22/Dec/2021:22:30:56 +0100] "GET /components/com_jshopping/files/img_products/thumb_loctite3301l.jpg HTTP/1.1" 200 2139 "https://www.lager-techniek.eu/index.php/lijmen?start=48" "Mozilla/5.0 (Windows NT 10.0) AppleWebKit/537.36 (KHTML, like Gecko) Chrome/96.0.4664.110 Safari/537.36"
54.36.148.227 - - [22/Dec/2021:22:30:57 +0100] "GET /index.php/askquestion/form?category_id=367&product_id=22991&type=1&tmpl=component HTTP/1.1" 200 2449 "-" "Mozilla/5.0 (compatible; AhrefsBot/7.0; +http://ahrefs.com/robot/)"
193.104.159.11 - - [22/Dec/2021:22:31:11 +0100] "GET /index.php/component/ajax/?format=json HTTP/1.1" 200 758 "https://www.lager-techniek.eu/index.php/2200-range/fag-22032rstvh" "Mozilla/5.0 (Windows NT 10.0; Win64; x64) AppleWebKit/537.36 (KHTML, like Gecko) Chrome/96.0.4664.110 Safari/537.36 Edg/96.0.1054.62"
54.36.148.227 - - [22/Dec/2021:22:31:11 +0100] "GET /index.php/askquestion/form?category_id=841&product_id=51072&type=1&tmpl=component HTTP/1.1" 200 2433 "-" "Mozilla/5.0 (compatible; AhrefsBot/7.0; +http://ahrefs.com/robot/)"
2a02:a441:875f:1:7de0:18ed:ddb5:da4b - - [22/Dec/2021:22:31:12 +0100] "GET /index.php HTTP/1.1" 200 7736 "https://www.lager-techniek.eu/index.php/lijmen?start=48" "Mozilla/5.0 (Windows NT 10.0) AppleWebKit/537.36 (KHTML, like Gecko) Chrome/96.0.4664.110 Safari/537.36"
2a02:a441:875f:1:7de0:18ed:ddb5:da4b - - [22/Dec/2021:22:31:18 +0100] "GET /index.php/lijmen-en-smeringen HTTP/1.1" 200 6418 "https://www.lager-techniek.eu/index.php" "Mozilla/5.0 (Windows NT 10.0) AppleWebKit/537.36 (KHTML, like Gecko) Chrome/96.0.4664.110 Safari/537.36"
2a02:a441:875f:1:7de0:18ed:ddb5:da4b - - [22/Dec/2021:22:31:22 +0100] "GET /index.php/smering HTTP/1.1" 200 9595 "https://www.lager-techniek.eu/index.php/lijmen-en-smeringen" "Mozilla/5.0 (Windows NT 10.0) AppleWebKit/537.36 (KHTML, like Gecko) Chrome/96.0.4664.110 Safari/537.36"
2a02:a441:875f:1:7de0:18ed:ddb5:da4b - - [22/Dec/2021:22:31:22 +0100] "GET /components/com_jshopping/files/img_products/thumb_LAGD125EM2.jpg HTTP/1.1" 200 3412 "https://www.lager-techniek.eu/index.php/smering" "Mozilla/5.0 (Windows NT 10.0) AppleWebKit/537.36 (KHTML, like Gecko) Chrome/96.0.4664.110 Safari/537.36"
2a02:a441:875f:1:7de0:18ed:ddb5:da4b - - [22/Dec/2021:22:31:22 +0100] "GET /components/com_jshopping/files/img_products/thumb_LAGD125FP2.jpg HTTP/1.1" 200 4232 "https://www.lager-techniek.eu/index.php/smering" "Mozilla/5.0 (Windows NT 10.0) AppleWebKit/537.36 (KHTML, like Gecko) Chrome/96.0.4664.110 Safari/537.36"
2a02:a441:875f:1:7de0:18ed:ddb5:da4b - - [22/Dec/2021:22:31:22 +0100] "GET /components/com_jshopping/files/img_products/thumb_LAGD125HB2.jpg HTTP/1.1" 200 3510 "https://www.lager-techniek.eu/index.php/smering" "Mozilla/5.0 (Windows NT 10.0) AppleWebKit/537.36 (KHTML, like Gecko) Chrome/96.0.4664.110 Safari/537.36"
2a02:a441:875f:1:7de0:18ed:ddb5:da4b - - [22/Dec/2021:22:31:22 +0100] "GET /components/com_jshopping/files/img_products/thumb_LAGD125HMT68.jpg HTTP/1.1" 200 3272 "https://www.lager-techniek.eu/index.php/smering" "Mozilla/5.0 (Windows NT 10.0) AppleWebKit/537.36 (KHTML, like Gecko) Chrome/96.0.4664.110 Safari/537.36"
2a02:a441:875f:1:7de0:18ed:ddb5:da4b - - [22/Dec/2021:22:31:22 +0100] "GET /components/com_jshopping/files/img_products/thumb_LAGD125GB2.jpg HTTP/1.1" 200 3114 "https://www.lager-techniek.eu/index.php/smering" "Mozilla/5.0 (Windows NT 10.0) AppleWebKit/537.36 (KHTML, like Gecko) Chrome/96.0.4664.110 Safari/537.36"
2a02:a441:875f:1:7de0:18ed:ddb5:da4b - - [22/Dec/2021:22:31:22 +0100] "GET /components/com_jshopping/files/img_products/thumb_LAGD125HHT26.jpg HTTP/1.1" 200 3436 "https://www.lager-techniek.eu/index.php/smering" "Mozilla/5.0 (Windows NT 10.0) AppleWebKit/537.36 (KHTML, like Gecko) Chrome/96.0.4664.110 Safari/537.36"
2a02:a441:875f:1:7de0:18ed:ddb5:da4b - - [22/Dec/2021:22:31:22 +0100] "GET /components/com_jshopping/files/img_products/thumb_img_LAGD.jpeg HTTP/1.1" 200 3378 "https://www.lager-techniek.eu/index.php/smering" "Mozilla/5.0 (Windows NT 10.0) AppleWebKit/537.36 (KHTML, like Gecko) Chrome/96.0.4664.110 Safari/537.36"
2a02:a441:875f:1:7de0:18ed:ddb5:da4b - - [22/Dec/2021:22:31:22 +0100] "GET /components/com_jshopping/files/img_products/thumb_LAGD125HP2.jpg HTTP/1.1" 200 3242 "https://www.lager-techniek.eu/index.php/smering" "Mozilla/5.0 (Windows NT 10.0) AppleWebKit/537.36 (KHTML, like Gecko) Chrome/96.0.4664.110 Safari/537.36"
2a02:a441:875f:1:7de0:18ed:ddb5:da4b - - [22/Dec/2021:22:31:22 +0100] "GET /components/com_jshopping/files/img_products/thumb_LAGD125HFP15.jpg HTTP/1.1" 200 3515 "https://www.lager-techniek.eu/index.php/smering" "Mozilla/5.0 (Windows NT 10.0) AppleWebKit/537.36 (KHTML, like Gecko) Chrome/96.0.4664.110 Safari/537.36"
2a02:a441:875f:1:7de0:18ed:ddb5:da4b - - [22/Dec/2021:22:31:22 +0100] "GET /components/com_jshopping/files/img_products/thumb_LAGD60WA2.jpg HTTP/1.1" 200 3804 "https://www.lager-techniek.eu/index.php/smering" "Mozilla/5.0 (Windows NT 10.0) AppleWebKit/537.36 (KHTML, like Gecko) Chrome/96.0.4664.110 Safari/537.36"
2a02:a441:875f:1:7de0:18ed:ddb5:da4b - - [22/Dec/2021:22:31:22 +0100] "GET /components/com_jshopping/files/img_products/thumb_LAGD60HMT68.jpg HTTP/1.1" 200 4039 "https://www.lager-techniek.eu/index.php/smering" "Mozilla/5.0 (Windows NT 10.0) AppleWebKit/537.36 (KHTML, like Gecko) Chrome/96.0.4664.110 Safari/537.36"
2a02:a441:875f:1:7de0:18ed:ddb5:da4b - - [22/Dec/2021:22:31:22 +0100] "GET /components/com_jshopping/files/img_products/thumb_LAPA45.jpg HTTP/1.1" 200 3624 "https://www.lager-techniek.eu/index.php/smering" "Mozilla/5.0 (Windows NT 10.0) AppleWebKit/537.36 (KHTML, like Gecko) Chrome/96.0.4664.110 Safari/537.36"
2a02:a441:875f:1:7de0:18ed:ddb5:da4b - - [22/Dec/2021:22:31:22 +0100] "GET /components/com_jshopping/files/img_products/thumb_img_LAPN18.jpg HTTP/1.1" 200 3865 "https://www.lager-techniek.eu/index.php/smering" "Mozilla/5.0 (Windows NT 10.0) AppleWebKit/537.36 (KHTML, like Gecko) Chrome/96.0.4664.110 Safari/537.36"
2a02:a441:875f:1:7de0:18ed:ddb5:da4b - - [22/Dec/2021:22:31:22 +0100] "GET /components/com_jshopping/files/img_products/thumb_LGLT202.jpg HTTP/1.1" 200 3324 "https://www.lager-techniek.eu/index.php/smering" "Mozilla/5.0 (Windows NT 10.0) AppleWebKit/537.36 (KHTML, like Gecko) Chrome/96.0.4664.110 Safari/537.36"
2a02:a441:875f:1:7de0:18ed:ddb5:da4b - - [22/Dec/2021:22:31:22 +0100] "GET /components/com_jshopping/files/img_products/thumb_LGHP_21.jpg HTTP/1.1" 200 4539 "https://www.lager-techniek.eu/index.php/smering" "Mozilla/5.0 (Windows NT 10.0) AppleWebKit/537.36 (KHTML, like Gecko) Chrome/96.0.4664.110 Safari/537.36"
2a02:a441:875f:1:7de0:18ed:ddb5:da4b - - [22/Dec/2021:22:31:22 +0100] "GET /components/com_jshopping/files/img_products/thumb_LGMT202.jpg HTTP/1.1" 200 3254 "https://www.lager-techniek.eu/index.php/smering" "Mozilla/5.0 (Windows NT 10.0) AppleWebKit/537.36 (KHTML, like Gecko) Chrome/96.0.4664.110 Safari/537.36"
2a02:a441:875f:1:7de0:18ed:ddb5:da4b - - [22/Dec/2021:22:31:22 +0100] "GET /components/com_jshopping/files/img_products/thumb_img_www.lager-techniek.eu_-_SKF_LGHP2-0.4.jpg HTTP/1.1" 200 1611 "https://www.lager-techniek.eu/index.php/smering" "Mozilla/5.0 (Windows NT 10.0) AppleWebKit/537.36 (KHTML, like Gecko) Chrome/96.0.4664.110 Safari/537.36"
2a02:a441:875f:1:7de0:18ed:ddb5:da4b - - [22/Dec/2021:22:31:22 +0100] "GET /components/com_jshopping/files/img_products/thumb_LGMT21.jpg HTTP/1.1" 200 4758 "https://www.lager-techniek.eu/index.php/smering" "Mozilla/5.0 (Windows NT 10.0) AppleWebKit/537.36 (KHTML, like Gecko) Chrome/96.0.4664.110 Safari/537.36"
2a02:a441:875f:1:7de0:18ed:ddb5:da4b - - [22/Dec/2021:22:31:22 +0100] "GET /components/com_jshopping/files/img_products/thumb_LGMT204.jpg HTTP/1.1" 200 2842 "https://www.lager-techniek.eu/index.php/smering" "Mozilla/5.0 (Windows NT 10.0) AppleWebKit/537.36 (KHTML, like Gecko) Chrome/96.0.4664.110 Safari/537.36"
2a02:a441:875f:1:7de0:18ed:ddb5:da4b - - [22/Dec/2021:22:31:22 +0100] "GET /components/com_jshopping/files/img_products/thumb_LGLT21.jpg HTTP/1.1" 200 4844 "https://www.lager-techniek.eu/index.php/smering" "Mozilla/5.0 (Windows NT 10.0) AppleWebKit/537.36 (KHTML, like Gecko) Chrome/96.0.4664.110 Safari/537.36"
2a02:a441:875f:1:7de0:18ed:ddb5:da4b - - [22/Dec/2021:22:31:22 +0100] "GET /components/com_jshopping/files/img_products/thumb_LGEP25.jpg HTTP/1.1" 200 4874 "https://www.lager-techniek.eu/index.php/smering" "Mozilla/5.0 (Windows NT 10.0) AppleWebKit/537.36 (KHTML, like Gecko) Chrome/96.0.4664.110 Safari/537.36"
2a02:a441:875f:1:7de0:18ed:ddb5:da4b - - [22/Dec/2021:22:31:22 +0100] "GET /components/com_jshopping/files/img_products/thumb_LGEP204.jpg HTTP/1.1" 200 2019 "https://www.lager-techniek.eu/index.php/smering" "Mozilla/5.0 (Windows NT 10.0) AppleWebKit/537.36 (KHTML, like Gecko) Chrome/96.0.4664.110 Safari/537.36"
2a02:a441:875f:1:7de0:18ed:ddb5:da4b - - [22/Dec/2021:22:31:22 +0100] "GET /components/com_jshopping/files/img_products/thumb_LGEP21.jpg HTTP/1.1" 200 4116 "https://www.lager-techniek.eu/index.php/smering" "Mozilla/5.0 (Windows NT 10.0) AppleWebKit/537.36 (KHTML, like Gecko) Chrome/96.0.4664.110 Safari/537.36"
2a02:a441:875f:1:7de0:18ed:ddb5:da4b - - [22/Dec/2021:22:31:22 +0100] "GET /components/com_jshopping/files/img_products/thumb_LGWA202.jpg HTTP/1.1" 200 3999 "https://www.lager-techniek.eu/index.php/smering" "Mozilla/5.0 (Windows NT 10.0) AppleWebKit/537.36 (KHTML, like Gecko) Chrome/96.0.4664.110 Safari/537.36"
54.36.148.227 - - [22/Dec/2021:22:31:26 +0100] "GET /index.php/askquestion/form?category_id=913&product_id=48229&type=1&tmpl=component HTTP/1.1" 200 2447 "-" "Mozilla/5.0 (compatible; AhrefsBot/7.0; +http://ahrefs.com/robot/)"
66.249.66.158 - - [22/Dec/2021:22:31:27 +0100] "GET /index.php/nj-2200-range/nsk-nj2232em HTTP/1.1" 200 14050 "-" "Mozilla/5.0 (Linux; Android 6.0.1; Nexus 5X Build/MMB29P) AppleWebKit/537.36 (KHTML, like Gecko) Chrome/96.0.4664.110 Mobile Safari/537.36 (compatible; Googlebot/2.1; +http://www.google.com/bot.html)"
91.183.150.180 - - [22/Dec/2021:22:31:35 +0100] "GET /index.php/component/ajax/?format=json HTTP/1.1" 200 758 "https://www.lager-techniek.eu/index.php/overig/skf-tmft36" "Mozilla/5.0 (Windows NT 6.3; Win64; x64) AppleWebKit/537.36 (KHTML, like Gecko) Chrome/96.0.4664.110 Safari/537.36"
54.36.148.227 - - [22/Dec/2021:22:31:41 +0100] "GET /index.php/askquestion/form?category_id=400&product_id=15572&type=1&tmpl=component HTTP/1.1" 200 2405 "-" "Mozilla/5.0 (compatible; AhrefsBot/7.0; +http://ahrefs.com/robot/)"
2a02:a441:875f:1:7de0:18ed:ddb5:da4b - - [22/Dec/2021:22:31:49 +0100] "GET /index.php/smering?start=24 HTTP/1.1" 200 7793 "https://www.lager-techniek.eu/index.php/smering" "Mozilla/5.0 (Windows NT 10.0) AppleWebKit/537.36 (KHTML, like Gecko) Chrome/96.0.4664.110 Safari/537.36"
2a02:a441:875f:1:7de0:18ed:ddb5:da4b - - [22/Dec/2021:22:31:49 +0100] "GET /components/com_jshopping/files/img_products/thumb_LGWA2.jpg HTTP/1.1" 200 2646 "https://www.lager-techniek.eu/index.php/smering?start=24" "Mozilla/5.0 (Windows NT 10.0) AppleWebKit/537.36 (KHTML, like Gecko) Chrome/96.0.4664.110 Safari/537.36"
2a02:a441:875f:1:7de0:18ed:ddb5:da4b - - [22/Dec/2021:22:31:49 +0100] "GET /components/com_jshopping/files/img_products/thumb_LGWA2MR380.jpg HTTP/1.1" 200 2715 "https://www.lager-techniek.eu/index.php/smering?start=24" "Mozilla/5.0 (Windows NT 10.0) AppleWebKit/537.36 (KHTML, like Gecko) Chrome/96.0.4664.110 Safari/537.36"
2a02:a441:875f:1:7de0:18ed:ddb5:da4b - - [22/Dec/2021:22:31:49 +0100] "GET /components/com_jshopping/files/img_products/thumb_LGWA2SD250.jpg HTTP/1.1" 200 3024 "https://www.lager-techniek.eu/index.php/smering?start=24" "Mozilla/5.0 (Windows NT 10.0) AppleWebKit/537.36 (KHTML, like Gecko) Chrome/96.0.4664.110 Safari/537.36"
2a02:a441:875f:1:7de0:18ed:ddb5:da4b - - [22/Dec/2021:22:31:49 +0100] "GET /components/com_jshopping/files/img_products/thumb_LGWA21.jpg HTTP/1.1" 200 4623 "https://www.lager-techniek.eu/index.php/smering?start=24" "Mozilla/5.0 (Windows NT 10.0) AppleWebKit/537.36 (KHTML, like Gecko) Chrome/96.0.4664.110 Safari/537.36"
74.125.208.16 - - [22/Dec/2021:22:31:50 +0100] "GET /components/com_jshopping/files/img_products/thumb_img_dgbb2rs.jpg HTTP/1.1" 200 15141 "-" "Mozilla/5.0 (Windows NT 5.1; rv:11.0) Gecko Firefox/11.0 (via ggpht.com GoogleImageProxy)"
54.36.148.227 - - [22/Dec/2021:22:31:52 +0100] "GET /index.php/askquestion/form?category_id=913&product_id=30122&type=1&tmpl=component HTTP/1.1" 200 2419 "-" "Mozilla/5.0 (compatible; AhrefsBot/7.0; +http://ahrefs.com/robot/)"
2a02:a441:875f:1:7de0:18ed:ddb5:da4b - - [22/Dec/2021:22:31:56 +0100] "GET /index.php HTTP/1.1" 200 7715 "https://www.lager-techniek.eu/index.php/smering?start=24" "Mozilla/5.0 (Windows NT 10.0) AppleWebKit/537.36 (KHTML, like Gecko) Chrome/96.0.4664.110 Safari/537.36"
66.249.66.4 - - [22/Dec/2021:22:31:57 +0100] "GET /index.php/kettingwiel-06b-3/06b3z17 HTTP/1.1" 200 13942 "-" "Mozilla/5.0 (Linux; Android 6.0.1; Nexus 5X Build/MMB29P) AppleWebKit/537.36 (KHTML, like Gecko) Chrome/96.0.4664.110 Mobile Safari/537.36 (compatible; Googlebot/2.1; +http://www.google.com/bot.html)"
185.178.235.166 - - [22/Dec/2021:22:32:00 +0100] "GET /index.php/component/ajax/?format=json HTTP/1.1" 200 758 "https://www.lager-techniek.eu/index.php/kettingspanwiel/ina-ksr16l010101408" "Mozilla/5.0 (Windows NT 10.0; Win64; x64) AppleWebKit/537.36 (KHTML, like Gecko) Chrome/96.0.4664.45 Safari/537.36"
2a02:a441:875f:1:7de0:18ed:ddb5:da4b - - [22/Dec/2021:22:32:05 +0100] "GET /index.php/klembussen HTTP/1.1" 200 6688 "https://www.lager-techniek.eu/index.php" "Mozilla/5.0 (Windows NT 10.0) AppleWebKit/537.36 (KHTML, like Gecko) Chrome/96.0.4664.110 Safari/537.36"
2a02:a441:875f:1:7de0:18ed:ddb5:da4b - - [22/Dec/2021:22:32:05 +0100] "GET /components/com_jshopping/files/img_categories/Taperlock2.jpg HTTP/1.1" 200 3813 "https://www.lager-techniek.eu/index.php/klembussen" "Mozilla/5.0 (Windows NT 10.0) AppleWebKit/537.36 (KHTML, like Gecko) Chrome/96.0.4664.110 Safari/537.36"
2a02:a441:875f:1:7de0:18ed:ddb5:da4b - - [22/Dec/2021:22:32:05 +0100] "GET /components/com_jshopping/files/img_categories/Taperlock1.jpg HTTP/1.1" 200 3813 "https://www.lager-techniek.eu/index.php/klembussen" "Mozilla/5.0 (Windows NT 10.0) AppleWebKit/537.36 (KHTML, like Gecko) Chrome/96.0.4664.110 Safari/537.36"
2a02:a441:875f:1:7de0:18ed:ddb5:da4b - - [22/Dec/2021:22:32:05 +0100] "GET /components/com_jshopping/files/img_categories/Taperlock4.jpg HTTP/1.1" 200 3813 "https://www.lager-techniek.eu/index.php/klembussen" "Mozilla/5.0 (Windows NT 10.0) AppleWebKit/537.36 (KHTML, like Gecko) Chrome/96.0.4664.110 Safari/537.36"
2a02:a441:875f:1:7de0:18ed:ddb5:da4b - - [22/Dec/2021:22:32:05 +0100] "GET /components/com_jshopping/files/img_categories/Taperlock11.jpg HTTP/1.1" 200 4237 "https://www.lager-techniek.eu/index.php/klembussen" "Mozilla/5.0 (Windows NT 10.0) AppleWebKit/537.36 (KHTML, like Gecko) Chrome/96.0.4664.110 Safari/537.36"
2a02:a441:875f:1:7de0:18ed:ddb5:da4b - - [22/Dec/2021:22:32:05 +0100] "GET /components/com_jshopping/files/img_categories/Taperlock5.jpg HTTP/1.1" 200 3813 "https://www.lager-techniek.eu/index.php/klembussen" "Mozilla/5.0 (Windows NT 10.0) AppleWebKit/537.36 (KHTML, like Gecko) Chrome/96.0.4664.110 Safari/537.36"
2a02:a441:875f:1:7de0:18ed:ddb5:da4b - - [22/Dec/2021:22:32:05 +0100] "GET /components/com_jshopping/files/img_categories/Taperlock3.jpg HTTP/1.1" 200 3813 "https://www.lager-techniek.eu/index.php/klembussen" "Mozilla/5.0 (Windows NT 10.0) AppleWebKit/537.36 (KHTML, like Gecko) Chrome/96.0.4664.110 Safari/537.36"
2a02:a441:875f:1:7de0:18ed:ddb5:da4b - - [22/Dec/2021:22:32:05 +0100] "GET /components/com_jshopping/files/img_categories/Taperlock12.jpg HTTP/1.1" 200 4255 "https://www.lager-techniek.eu/index.php/klembussen" "Mozilla/5.0 (Windows NT 10.0) AppleWebKit/537.36 (KHTML, like Gecko) Chrome/96.0.4664.110 Safari/537.36"
2a02:a441:875f:1:7de0:18ed:ddb5:da4b - - [22/Dec/2021:22:32:05 +0100] "GET /components/com_jshopping/files/img_categories/Taperlock6.jpg HTTP/1.1" 200 3813 "https://www.lager-techniek.eu/index.php/klembussen" "Mozilla/5.0 (Windows NT 10.0) AppleWebKit/537.36 (KHTML, like Gecko) Chrome/96.0.4664.110 Safari/537.36"
2a02:a441:875f:1:7de0:18ed:ddb5:da4b - - [22/Dec/2021:22:32:05 +0100] "GET /components/com_jshopping/files/img_categories/Taperlock7.jpg HTTP/1.1" 200 3813 "https://www.lager-techniek.eu/index.php/klembussen" "Mozilla/5.0 (Windows NT 10.0) AppleWebKit/537.36 (KHTML, like Gecko) Chrome/96.0.4664.110 Safari/537.36"
2a02:a441:875f:1:7de0:18ed:ddb5:da4b - - [22/Dec/2021:22:32:05 +0100] "GET /components/com_jshopping/files/img_categories/Taperlock13.jpg HTTP/1.1" 200 4255 "https://www.lager-techniek.eu/index.php/klembussen" "Mozilla/5.0 (Windows NT 10.0) AppleWebKit/537.36 (KHTML, like Gecko) Chrome/96.0.4664.110 Safari/537.36"
2a02:a441:875f:1:7de0:18ed:ddb5:da4b - - [22/Dec/2021:22:32:05 +0100] "GET /components/com_jshopping/files/img_categories/Taperlock9.jpg HTTP/1.1" 200 4237 "https://www.lager-techniek.eu/index.php/klembussen" "Mozilla/5.0 (Windows NT 10.0) AppleWebKit/537.36 (KHTML, like Gecko) Chrome/96.0.4664.110 Safari/537.36"
2a02:a441:875f:1:7de0:18ed:ddb5:da4b - - [22/Dec/2021:22:32:05 +0100] "GET /components/com_jshopping/files/img_categories/Taperlock17.jpg HTTP/1.1" 200 4255 "https://www.lager-techniek.eu/index.php/klembussen" "Mozilla/5.0 (Windows NT 10.0) AppleWebKit/537.36 (KHTML, like Gecko) Chrome/96.0.4664.110 Safari/537.36"
2a02:a441:875f:1:7de0:18ed:ddb5:da4b - - [22/Dec/2021:22:32:05 +0100] "GET /components/com_jshopping/files/img_categories/Taperlock14.jpg HTTP/1.1" 200 4255 "https://www.lager-techniek.eu/index.php/klembussen" "Mozilla/5.0 (Windows NT 10.0) AppleWebKit/537.36 (KHTML, like Gecko) Chrome/96.0.4664.110 Safari/537.36"
2a02:a441:875f:1:7de0:18ed:ddb5:da4b - - [22/Dec/2021:22:32:05 +0100] "GET /components/com_jshopping/files/img_categories/Taperlock15.jpg HTTP/1.1" 200 4255 "https://www.lager-techniek.eu/index.php/klembussen" "Mozilla/5.0 (Windows NT 10.0) AppleWebKit/537.36 (KHTML, like Gecko) Chrome/96.0.4664.110 Safari/537.36"
2a02:a441:875f:1:7de0:18ed:ddb5:da4b - - [22/Dec/2021:22:32:05 +0100] "GET /components/com_jshopping/files/img_categories/Taperlock16.jpg HTTP/1.1" 200 4255 "https://www.lager-techniek.eu/index.php/klembussen" "Mozilla/5.0 (Windows NT 10.0) AppleWebKit/537.36 (KHTML, like Gecko) Chrome/96.0.4664.110 Safari/537.36"
2a02:a441:875f:1:7de0:18ed:ddb5:da4b - - [22/Dec/2021:22:32:05 +0100] "GET /components/com_jshopping/files/img_categories/Taperlock10.jpg HTTP/1.1" 200 4237 "https://www.lager-techniek.eu/index.php/klembussen" "Mozilla/5.0 (Windows NT 10.0) AppleWebKit/537.36 (KHTML, like Gecko) Chrome/96.0.4664.110 Safari/537.36"
2a02:a441:875f:1:7de0:18ed:ddb5:da4b - - [22/Dec/2021:22:32:05 +0100] "GET /components/com_jshopping/files/img_categories/Taperlock8.jpg HTTP/1.1" 200 3985 "https://www.lager-techniek.eu/index.php/klembussen" "Mozilla/5.0 (Windows NT 10.0) AppleWebKit/537.36 (KHTML, like Gecko) Chrome/96.0.4664.110 Safari/537.36"
54.36.148.227 - - [22/Dec/2021:22:32:06 +0100] "GET /index.php/askquestion/form?category_id=174&product_id=15942&type=1&tmpl=component HTTP/1.1" 200 2423 "-" "Mozilla/5.0 (compatible; AhrefsBot/7.0; +http://ahrefs.com/robot/)"
207.46.13.122 - - [22/Dec/2021:22:32:07 +0100] "GET /index.php/krv-range/ina-krv22ppa HTTP/1.1" 200 13784 "-" "Mozilla/5.0 (compatible; bingbot/2.0; +http://www.bing.com/bingbot.htm)"
2a02:a441:875f:1:7de0:18ed:ddb5:da4b - - [22/Dec/2021:22:32:16 +0100] "GET /index.php HTTP/1.1" 200 7715 "https://www.lager-techniek.eu/index.php/klembussen" "Mozilla/5.0 (Windows NT 10.0) AppleWebKit/537.36 (KHTML, like Gecko) Chrome/96.0.4664.110 Safari/537.36"
54.36.148.227 - - [22/Dec/2021:22:32:18 +0100] "GET /index.php/askquestion/form?category_id=37&product_id=9712&type=1&tmpl=component HTTP/1.1" 200 2426 "-" "Mozilla/5.0 (compatible; AhrefsBot/7.0; +http://ahrefs.com/robot/)"
2a02:a441:875f:1:7de0:18ed:ddb5:da4b - - [22/Dec/2021:22:32:22 +0100] "GET /index.php/koppelings-techniek HTTP/1.1" 200 6285 "https://www.lager-techniek.eu/index.php" "Mozilla/5.0 (Windows NT 10.0) AppleWebKit/537.36 (KHTML, like Gecko) Chrome/96.0.4664.110 Safari/537.36"
2a02:a441:875f:1:7de0:18ed:ddb5:da4b - - [22/Dec/2021:22:32:22 +0100] "GET /components/com_jshopping/files/img_categories/Omega.jpg HTTP/1.1" 200 4503 "https://www.lager-techniek.eu/index.php/koppelings-techniek" "Mozilla/5.0 (Windows NT 10.0) AppleWebKit/537.36 (KHTML, like Gecko) Chrome/96.0.4664.110 Safari/537.36"
2a02:a441:875f:1:7de0:18ed:ddb5:da4b - - [22/Dec/2021:22:32:22 +0100] "GET /components/com_jshopping/files/img_categories/HRC.jpg HTTP/1.1" 200 4853 "https://www.lager-techniek.eu/index.php/koppelings-techniek" "Mozilla/5.0 (Windows NT 10.0) AppleWebKit/537.36 (KHTML, like Gecko) Chrome/96.0.4664.110 Safari/537.36"
2a02:a441:875f:1:7de0:18ed:ddb5:da4b - - [22/Dec/2021:22:32:27 +0100] "GET /index.php/klauw-koppeling HTTP/1.1" 200 9896 "https://www.lager-techniek.eu/index.php/koppelings-techniek" "Mozilla/5.0 (Windows NT 10.0) AppleWebKit/537.36 (KHTML, like Gecko) Chrome/96.0.4664.110 Safari/537.36"
2a02:a441:875f:1:7de0:18ed:ddb5:da4b - - [22/Dec/2021:22:32:28 +0100] "GET /components/com_jshopping/files/img_products/thumb_HRC_Naaf_VB.jpeg HTTP/1.1" 200 2239 "https://www.lager-techniek.eu/index.php/klauw-koppeling" "Mozilla/5.0 (Windows NT 10.0) AppleWebKit/537.36 (KHTML, like Gecko) Chrome/96.0.4664.110 Safari/537.36"
2a02:a441:875f:1:7de0:18ed:ddb5:da4b - - [22/Dec/2021:22:32:28 +0100] "GET /components/com_jshopping/files/img_products/thumb_HRC_Spider.jpg HTTP/1.1" 200 2124 "https://www.lager-techniek.eu/index.php/klauw-koppeling" "Mozilla/5.0 (Windows NT 10.0) AppleWebKit/537.36 (KHTML, like Gecko) Chrome/96.0.4664.110 Safari/537.36"
2a02:a441:875f:1:7de0:18ed:ddb5:da4b - - [22/Dec/2021:22:32:28 +0100] "GET /components/com_jshopping/files/img_products/thumb_HRCTL.jpg HTTP/1.1" 200 2938 "https://www.lager-techniek.eu/index.php/klauw-koppeling" "Mozilla/5.0 (Windows NT 10.0) AppleWebKit/537.36 (KHTML, like Gecko) Chrome/96.0.4664.110 Safari/537.36"
54.36.148.227 - - [22/Dec/2021:22:32:29 +0100] "GET /index.php/70-range-precisie-spindel/skf-7019cdgap4a HTTP/1.1" 200 13843 "-" "Mozilla/5.0 (compatible; AhrefsBot/7.0; +http://ahrefs.com/robot/)"
77.226.249.91 - - [22/Dec/2021:22:32:32 +0100] "GET /index.php/component/ajax/?format=json HTTP/1.1" 200 758 "https://www.lager-techniek.eu/index.php/a-range/contitech-13x3650" "Mozilla/5.0 (Windows NT 10.0; Win64; x64) AppleWebKit/537.36 (KHTML, like Gecko) Chrome/96.0.4664.55 Safari/537.36 Edg/96.0.1054.43"
54.36.148.227 - - [22/Dec/2021:22:32:43 +0100] "GET /index.php/askquestion/form?category_id=840&product_id=50899&type=1&tmpl=component HTTP/1.1" 200 2451 "-" "Mozilla/5.0 (compatible; AhrefsBot/7.0; +http://ahrefs.com/robot/)"
66.249.66.158 - - [22/Dec/2021:22:32:44 +0100] "GET /index.php/duplex-rollenketting/vbchain-rk10b2 HTTP/1.1" 200 14679 "-" "Mozilla/5.0 (Linux; Android 6.0.1; Nexus 5X Build/MMB29P) AppleWebKit/537.36 (KHTML, like Gecko) Chrome/96.0.4664.110 Mobile Safari/537.36 (compatible; Googlebot/2.1; +http://www.google.com/bot.html)"
2a02:a441:875f:1:7de0:18ed:ddb5:da4b - - [22/Dec/2021:22:32:45 +0100] "GET /index.php/klauw-koppeling?start=24 HTTP/1.1" 200 10007 "https://www.lager-techniek.eu/index.php/klauw-koppeling" "Mozilla/5.0 (Windows NT 10.0) AppleWebKit/537.36 (KHTML, like Gecko) Chrome/96.0.4664.110 Safari/537.36"
2a02:a441:875f:1:7de0:18ed:ddb5:da4b - - [22/Dec/2021:22:32:45 +0100] "GET /components/com_jshopping/files/img_products/thumb_CJ.jpg HTTP/1.1" 200 5309 "https://www.lager-techniek.eu/index.php/klauw-koppeling?start=24" "Mozilla/5.0 (Windows NT 10.0) AppleWebKit/537.36 (KHTML, like Gecko) Chrome/96.0.4664.110 Safari/537.36"
90.145.217.226 - - [22/Dec/2021:22:32:53 +0100] "GET /index.php/component/ajax/?format=json HTTP/1.1" 200 758 "https://www.lager-techniek.eu/index.php/met-flens/permaglide-paf25215-p11" "Mozilla/5.0 (Windows NT 10.0; Win64; x64) AppleWebKit/537.36 (KHTML, like Gecko) Chrome/96.0.4664.45 Safari/537.36"
66.249.66.195 - - [22/Dec/2021:22:32:56 +0100] "GET /index.php/32300-range/skf-32317bj2 HTTP/1.1" 200 14036 "-" "Mozilla/5.0 (Linux; Android 6.0.1; Nexus 5X Build/MMB29P) AppleWebKit/537.36 (KHTML, like Gecko) Chrome/96.0.4664.110 Mobile Safari/537.36 (compatible; Googlebot/2.1; +http://www.google.com/bot.html)"
54.36.148.227 - - [22/Dec/2021:22:32:56 +0100] "GET /index.php/kettingwiel-10b-2/10b2z15 HTTP/1.1" 200 13922 "-" "Mozilla/5.0 (compatible; AhrefsBot/7.0; +http://ahrefs.com/robot/)"
2a02:a441:875f:1:7de0:18ed:ddb5:da4b - - [22/Dec/2021:22:32:58 +0100] "GET /index.php/klauw-koppeling?start=48 HTTP/1.1" 200 8543 "https://www.lager-techniek.eu/index.php/klauw-koppeling?start=24" "Mozilla/5.0 (Windows NT 10.0) AppleWebKit/537.36 (KHTML, like Gecko) Chrome/96.0.4664.110 Safari/537.36"
66.249.66.4 - - [22/Dec/2021:22:32:58 +0100] "GET /index.php/duplex-rollenketting/elite-rk20b2s HTTP/1.1" 200 15154 "-" "Mozilla/5.0 (Linux; Android 6.0.1; Nexus 5X Build/MMB29P) AppleWebKit/537.36 (KHTML, like Gecko) Chrome/96.0.4664.110 Mobile Safari/537.36 (compatible; Googlebot/2.1; +http://www.google.com/bot.html)"
2a02:a441:875f:1:7de0:18ed:ddb5:da4b - - [22/Dec/2021:22:33:05 +0100] "GET /index.php HTTP/1.1" 200 7715 "https://www.lager-techniek.eu/index.php/klauw-koppeling?start=48" "Mozilla/5.0 (Windows NT 10.0) AppleWebKit/537.36 (KHTML, like Gecko) Chrome/96.0.4664.110 Safari/537.36"
54.36.148.227 - - [22/Dec/2021:22:33:10 +0100] "GET /index.php/borgmoer/snr-km27 HTTP/1.1" 200 14301 "-" "Mozilla/5.0 (compatible; AhrefsBot/7.0; +http://ahrefs.com/robot/)"
66.249.66.198 - - [22/Dec/2021:22:33:12 +0100] "GET /index.php/51400-range/skf-51406 HTTP/1.1" 200 14246 "-" "Mozilla/5.0 (Linux; Android 6.0.1; Nexus 5X Build/MMB29P) AppleWebKit/537.36 (KHTML, like Gecko) Chrome/96.0.4664.110 Mobile Safari/537.36 (compatible; Googlebot/2.1; +http://www.google.com/bot.html)"
2a02:a441:875f:1:7de0:18ed:ddb5:da4b - - [22/Dec/2021:22:33:14 +0100] "GET /index.php/afdichtingen1 HTTP/1.1" 200 8135 "https://www.lager-techniek.eu/index.php" "Mozilla/5.0 (Windows NT 10.0) AppleWebKit/537.36 (KHTML, like Gecko) Chrome/96.0.4664.110 Safari/537.36"
2a02:a441:875f:1:7de0:18ed:ddb5:da4b - - [22/Dec/2021:22:33:14 +0100] "GET /components/com_jshopping/files/img_categories/www.lager-techniek.eu_-_BASL.jpg HTTP/1.1" 200 4185 "https://www.lager-techniek.eu/index.php/afdichtingen1" "Mozilla/5.0 (Windows NT 10.0) AppleWebKit/537.36 (KHTML, like Gecko) Chrome/96.0.4664.110 Safari/537.36"
2a02:a441:875f:1:7de0:18ed:ddb5:da4b - - [22/Dec/2021:22:33:14 +0100] "GET /components/com_jshopping/files/img_categories/www.lager-techniek.eu_-_BA.jpg HTTP/1.1" 200 3878 "https://www.lager-techniek.eu/index.php/afdichtingen1" "Mozilla/5.0 (Windows NT 10.0) AppleWebKit/537.36 (KHTML, like Gecko) Chrome/96.0.4664.110 Safari/537.36"
2a02:a441:875f:1:7de0:18ed:ddb5:da4b - - [22/Dec/2021:22:33:14 +0100] "GET /components/com_jshopping/files/img_categories/INA_SCHRAPER.jpg HTTP/1.1" 200 3966 "https://www.lager-techniek.eu/index.php/afdichtingen1" "Mozilla/5.0 (Windows NT 10.0) AppleWebKit/537.36 (KHTML, like Gecko) Chrome/96.0.4664.110 Safari/537.36"
2a02:a441:875f:1:7de0:18ed:ddb5:da4b - - [22/Dec/2021:22:33:14 +0100] "GET /components/com_jshopping/files/img_categories/www.lager-techniek.eu_-_O-Ring.jpg HTTP/1.1" 200 3806 "https://www.lager-techniek.eu/index.php/afdichtingen1" "Mozilla/5.0 (Windows NT 10.0) AppleWebKit/537.36 (KHTML, like Gecko) Chrome/96.0.4664.110 Safari/537.36"
2a02:a441:875f:1:7de0:18ed:ddb5:da4b - - [22/Dec/2021:22:33:14 +0100] "GET /components/com_jshopping/files/img_categories/vring.jpg HTTP/1.1" 200 3945 "https://www.lager-techniek.eu/index.php/afdichtingen1" "Mozilla/5.0 (Windows NT 10.0) AppleWebKit/537.36 (KHTML, like Gecko) Chrome/96.0.4664.110 Safari/537.36"
2a02:a441:875f:1:7de0:18ed:ddb5:da4b - - [22/Dec/2021:22:33:14 +0100] "GET /components/com_jshopping/files/img_categories/Nilos_Ringen.jpeg HTTP/1.1" 200 6772 "https://www.lager-techniek.eu/index.php/afdichtingen1" "Mozilla/5.0 (Windows NT 10.0) AppleWebKit/537.36 (KHTML, like Gecko) Chrome/96.0.4664.110 Safari/537.36"
66.249.66.159 - - [22/Dec/2021:22:33:15 +0100] "GET /index.php/nu-1000-range/fag-nu1052m1 HTTP/1.1" 200 14663 "-" "Mozilla/5.0 (Linux; Android 6.0.1; Nexus 5X Build/MMB29P) AppleWebKit/537.36 (KHTML, like Gecko) Chrome/96.0.4664.93 Mobile Safari/537.36 (compatible; Googlebot/2.1; +http://www.google.com/bot.html)"
66.249.66.6 - - [22/Dec/2021:22:33:20 +0100] "GET /media/com_jchoptimize/cache/js/83111a06f291a74d8c9890bc3cf7deb1.js HTTP/1.1" 200 101225 "https://www.lager-techniek.eu/index.php/nu-1000-range/fag-nu1052m1" "Mozilla/5.0 (Linux; Android 6.0.1; Nexus 5X Build/MMB29P) AppleWebKit/537.36 (KHTML, like Gecko) Chrome/96.0.4664.93 Mobile Safari/537.36 (compatible; Googlebot/2.1; +http://www.google.com/bot.html)"
54.36.148.227 - - [22/Dec/2021:22:33:21 +0100] "GET /index.php/askquestion/form?category_id=929&product_id=37662&type=1&tmpl=component HTTP/1.1" 200 2412 "-" "Mozilla/5.0 (compatible; AhrefsBot/7.0; +http://ahrefs.com/robot/)"
2a02:a441:875f:1:7de0:18ed:ddb5:da4b - - [22/Dec/2021:22:33:22 +0100] "GET /index.php/g-range HTTP/1.1" 200 9562 "https://www.lager-techniek.eu/index.php/afdichtingen1" "Mozilla/5.0 (Windows NT 10.0) AppleWebKit/537.36 (KHTML, like Gecko) Chrome/96.0.4664.110 Safari/537.36"
2a02:a441:875f:1:7de0:18ed:ddb5:da4b - - [22/Dec/2021:22:33:22 +0100] "GET /components/com_jshopping/files/img_products/thumb_INA_SCHRAPER.jpg HTTP/1.1" 200 3865 "https://www.lager-techniek.eu/index.php/g-range" "Mozilla/5.0 (Windows NT 10.0) AppleWebKit/537.36 (KHTML, like Gecko) Chrome/96.0.4664.110 Safari/537.36"
207.46.13.175 - - [22/Dec/2021:22:33:23 +0100] "GET /index.php/fixeerringen/frb10110 HTTP/1.1" 200 14106 "-" "Mozilla/5.0 (compatible; bingbot/2.0; +http://www.bing.com/bingbot.htm)"
66.249.66.158 - - [22/Dec/2021:22:33:30 +0100] "GET /index.php/std-8m/contitech-1352s8m50 HTTP/1.1" 200 13885 "-" "Mozilla/5.0 (Linux; Android 6.0.1; Nexus 5X Build/MMB29P) AppleWebKit/537.36 (KHTML, like Gecko) Chrome/96.0.4664.110 Mobile Safari/537.36 (compatible; Googlebot/2.1; +http://www.google.com/bot.html)"
54.36.148.227 - - [22/Dec/2021:22:33:32 +0100] "GET /index.php/xpb-range/contitech-xpb1285p HTTP/1.1" 200 14237 "-" "Mozilla/5.0 (compatible; AhrefsBot/7.0; +http://ahrefs.com/robot/)"
2a02:a441:875f:1:7de0:18ed:ddb5:da4b - - [22/Dec/2021:22:33:37 +0100] "GET /index.php/g-range?start=24 HTTP/1.1" 200 9617 "https://www.lager-techniek.eu/index.php/g-range" "Mozilla/5.0 (Windows NT 10.0) AppleWebKit/537.36 (KHTML, like Gecko) Chrome/96.0.4664.110 Safari/537.36"
