54.36.148.227 - - [22/Dec/2021:22:01:03 +0100] "GET /index.php/n-200-range/fag-n213exlm1c3 HTTP/1.1" 200 13878 "-" "Mozilla/5.0 (compatible; AhrefsBot/7.0; +http://ahrefs.com/robot/)"
193.104.159.11 - - [22/Dec/2021:22:01:11 +0100] "GET /index.php/component/ajax/?format=json HTTP/1.1" 200 758 "https://www.lager-techniek.eu/index.php/2200-range/fag-22032rstvh" "Mozilla/5.0 (Windows NT 10.0; Win64; x64) AppleWebKit/537.36 (KHTML, like Gecko) Chrome/96.0.4664.110 Safari/537.36 Edg/96.0.1054.62"
54.36.148.227 - - [22/Dec/2021:22:01:18 +0100] "GET /index.php/72-range/nsk-7202ctrsulp3 HTTP/1.1" 200 13899 "-" "Mozilla/5.0 (compatible; AhrefsBot/7.0; +http://ahrefs.com/robot/)"
66.249.66.76 - - [22/Dec/2021:22:01:24 +0100] "GET /index.php/70-range-precisie-spindel/fag-b7013etp4sul HTTP/1.1" 200 13891 "-" "Mozilla/5.0 (compatible; Googlebot/2.1; +http://www.google.com/bot.html)"
54.36.148.227 - - [22/Dec/2021:22:01:33 +0100] "GET /index.php/6300-range/skf-63052zc3ht HTTP/1.1" 200 13917 "-" "Mozilla/5.0 (compatible; AhrefsBot/7.0; +http://ahrefs.com/robot/)"
199.247.40.18 - - [22/Dec/2021:22:01:34 +0100] "GET /Nilos.PDF HTTP/1.1" 200 1303711 "https://www.google.de/" "Mozilla/5.0 (Windows NT 10.0; Win64; x64) AppleWebKit/537.36 (KHTML, like Gecko) Chrome/95.0.4638.69 Safari/537.36 Edg/95.0.1020.44"
199.247.40.18 - - [22/Dec/2021:22:01:35 +0100] "GET /favicon.ico HTTP/1.1" 200 881 "https://lager-techniek.eu/Nilos.PDF" "Mozilla/5.0 (Windows NT 10.0; Win64; x64) AppleWebKit/537.36 (KHTML, like Gecko) Chrome/95.0.4638.69 Safari/537.36 Edg/95.0.1020.44"
91.183.150.180 - - [22/Dec/2021:22:01:35 +0100] "GET /index.php/component/ajax/?format=json HTTP/1.1" 200 758 "https://www.lager-techniek.eu/index.php/overig/skf-tmft36" "Mozilla/5.0 (Windows NT 6.3; Win64; x64) AppleWebKit/537.36 (KHTML, like Gecko) Chrome/96.0.4664.110 Safari/537.36"
40.77.167.31 - - [22/Dec/2021:22:01:41 +0100] "GET /index.php/overig/zen-152672rs HTTP/1.1" 200 13621 "-" "Mozilla/5.0 (compatible; bingbot/2.0; +http://www.bing.com/bingbot.htm)"
54.36.148.227 - - [22/Dec/2021:22:01:47 +0100] "GET /index.php/72-range/nsk-7215ctrdulp3 HTTP/1.1" 200 13898 "-" "Mozilla/5.0 (compatible; AhrefsBot/7.0; +http://ahrefs.com/robot/)"
94.211.136.29 - - [22/Dec/2021:22:01:53 +0100] "GET /index.php/component/ajax/?format=json HTTP/1.1" 200 863 "https://www.lager-techniek.eu/index.php/producenten/speedi-sleeve/skf-99333" "Mozilla/5.0 (iPhone; CPU iPhone OS 15_1 like Mac OS X) AppleWebKit/605.1.15 (KHTML, like Gecko) Version/15.1 Mobile/15E148 Safari/604.1"
185.178.235.166 - - [22/Dec/2021:22:02:00 +0100] "GET /index.php/component/ajax/?format=json HTTP/1.1" 200 758 "https://www.lager-techniek.eu/index.php/kettingspanwiel/ina-ksr16l010101408" "Mozilla/5.0 (Windows NT 10.0; Win64; x64) AppleWebKit/537.36 (KHTML, like Gecko) Chrome/96.0.4664.45 Safari/537.36"
54.36.148.227 - - [22/Dec/2021:22:02:01 +0100] "GET /index.php/n-200-range/fag-n214exlm1 HTTP/1.1" 200 13839 "-" "Mozilla/5.0 (compatible; AhrefsBot/7.0; +http://ahrefs.com/robot/)"
54.36.148.227 - - [22/Dec/2021:22:02:13 +0100] "GET /index.php/70-range-precisie-spindel/skf-7019cdp4atbta HTTP/1.1" 200 13869 "-" "Mozilla/5.0 (compatible; AhrefsBot/7.0; +http://ahrefs.com/robot/)"
54.36.148.227 - - [22/Dec/2021:22:02:26 +0100] "GET /index.php/askquestion/form?category_id=10&product_id=2175&type=1&tmpl=component HTTP/1.1" 200 2407 "-" "Mozilla/5.0 (compatible; AhrefsBot/7.0; +http://ahrefs.com/robot/)"
77.226.249.91 - - [22/Dec/2021:22:02:32 +0100] "GET /index.php/component/ajax/?format=json HTTP/1.1" 200 758 "https://www.lager-techniek.eu/index.php/a-range/contitech-13x3650" "Mozilla/5.0 (Windows NT 10.0; Win64; x64) AppleWebKit/537.36 (KHTML, like Gecko) Chrome/96.0.4664.55 Safari/537.36 Edg/96.0.1054.43"
54.36.148.227 - - [22/Dec/2021:22:02:36 +0100] "GET /index.php/n-200-range/fag-n215exlm1c3 HTTP/1.1" 200 13873 "-" "Mozilla/5.0 (compatible; AhrefsBot/7.0; +http://ahrefs.com/robot/)"
109.130.53.45 - - [22/Dec/2021:22:02:41 +0100] "GET /index.php/miniatuur-range/nsk-608z HTTP/1.1" 200 14413 "-" "Mozilla/5.0 (Windows NT 10.0; Win64; x64) AppleWebKit/537.36 (KHTML, like Gecko) Chrome/96.0.4664.93 Safari/537.36"
109.130.53.45 - - [22/Dec/2021:22:02:41 +0100] "GET /index.php/miniatuur-range/skf-608z HTTP/1.1" 200 14402 "-" "Mozilla/5.0 (Windows NT 10.0; Win64; x64) AppleWebKit/537.36 (KHTML, like Gecko) Chrome/96.0.4664.93 Safari/537.36"
54.36.148.227 - - [22/Dec/2021:22:02:47 +0100] "GET /index.php/72-range/fag-7218bxltvp HTTP/1.1" 200 14436 "-" "Mozilla/5.0 (compatible; AhrefsBot/7.0; +http://ahrefs.com/robot/)"
109.130.53.45 - - [22/Dec/2021:22:02:47 +0100] "GET /index.php/miniatuur-range/skf-608z HTTP/1.1" 200 14297 "https://www.google.com/" "Mozilla/5.0 (Windows NT 10.0; Win64; x64) AppleWebKit/537.36 (KHTML, like Gecko) Chrome/96.0.4664.93 Safari/537.36"
109.130.53.45 - - [22/Dec/2021:22:02:48 +0100] "GET /media/com_jchoptimize/cache/css/e3aaa5baf7724231080a3c38514acb60.css HTTP/1.1" 200 32260 "https://www.lager-techniek.eu/index.php/miniatuur-range/skf-608z" "Mozilla/5.0 (Windows NT 10.0; Win64; x64) AppleWebKit/537.36 (KHTML, like Gecko) Chrome/96.0.4664.93 Safari/537.36"
109.130.53.45 - - [22/Dec/2021:22:02:48 +0100] "GET /modules/mod_gtranslate/tmpl/lang/16/pt.png HTTP/1.1" 200 947 "https://www.lager-techniek.eu/index.php/miniatuur-range/skf-608z" "Mozilla/5.0 (Windows NT 10.0; Win64; x64) AppleWebKit/537.36 (KHTML, like Gecko) Chrome/96.0.4664.93 Safari/537.36"
109.130.53.45 - - [22/Dec/2021:22:02:48 +0100] "GET /images/banner12-lager-techniek.eu.jpg HTTP/1.1" 200 17827 "https://www.lager-techniek.eu/index.php/miniatuur-range/skf-608z" "Mozilla/5.0 (Windows NT 10.0; Win64; x64) AppleWebKit/537.36 (KHTML, like Gecko) Chrome/96.0.4664.93 Safari/537.36"
109.130.53.45 - - [22/Dec/2021:22:02:48 +0100] "GET /modules/mod_gtranslate/tmpl/lang/16/de.png HTTP/1.1" 200 747 "https://www.lager-techniek.eu/index.php/miniatuur-range/skf-608z" "Mozilla/5.0 (Windows NT 10.0; Win64; x64) AppleWebKit/537.36 (KHTML, like Gecko) Chrome/96.0.4664.93 Safari/537.36"
109.130.53.45 - - [22/Dec/2021:22:02:48 +0100] "GET /modules/mod_gtranslate/tmpl/lang/16/en.png HTTP/1.1" 200 1063 "https://www.lager-techniek.eu/index.php/miniatuur-range/skf-608z" "Mozilla/5.0 (Windows NT 10.0; Win64; x64) AppleWebKit/537.36 (KHTML, like Gecko) Chrome/96.0.4664.93 Safari/537.36"
109.130.53.45 - - [22/Dec/2021:22:02:48 +0100] "GET /modules/mod_gtranslate/tmpl/lang/16/fr.png HTTP/1.1" 200 802 "https://www.lager-techniek.eu/index.php/miniatuur-range/skf-608z" "Mozilla/5.0 (Windows NT 10.0; Win64; x64) AppleWebKit/537.36 (KHTML, like Gecko) Chrome/96.0.4664.93 Safari/537.36"
109.130.53.45 - - [22/Dec/2021:22:02:48 +0100] "GET /modules/mod_gtranslate/tmpl/lang/16/it.png HTTP/1.1" 200 796 "https://www.lager-techniek.eu/index.php/miniatuur-range/skf-608z" "Mozilla/5.0 (Windows NT 10.0; Win64; x64) AppleWebKit/537.36 (KHTML, like Gecko) Chrome/96.0.4664.93 Safari/537.36"
109.130.53.45 - - [22/Dec/2021:22:02:48 +0100] "GET /modules/mod_gtranslate/tmpl/lang/16/ru.png HTTP/1.1" 200 706 "https://www.lager-techniek.eu/index.php/miniatuur-range/skf-608z" "Mozilla/5.0 (Windows NT 10.0; Win64; x64) AppleWebKit/537.36 (KHTML, like Gecko) Chrome/96.0.4664.93 Safari/537.36"
109.130.53.45 - - [22/Dec/2021:22:02:48 +0100] "GET /modules/mod_gtranslate/tmpl/lang/16/es.png HTTP/1.1" 200 849 "https://www.lager-techniek.eu/index.php/miniatuur-range/skf-608z" "Mozilla/5.0 (Windows NT 10.0; Win64; x64) AppleWebKit/537.36 (KHTML, like Gecko) Chrome/96.0.4664.93 Safari/537.36"
109.130.53.45 - - [22/Dec/2021:22:02:48 +0100] "GET /components/com_jshopping/images/print.png HTTP/1.1" 200 735 "https://www.lager-techniek.eu/index.php/miniatuur-range/skf-608z" "Mozilla/5.0 (Windows NT 10.0; Win64; x64) AppleWebKit/537.36 (KHTML, like Gecko) Chrome/96.0.4664.93 Safari/537.36"
109.130.53.45 - - [22/Dec/2021:22:02:48 +0100] "GET /components/com_jshopping/images/search.png HTTP/1.1" 200 847 "https://www.lager-techniek.eu/index.php/miniatuur-range/skf-608z" "Mozilla/5.0 (Windows NT 10.0; Win64; x64) AppleWebKit/537.36 (KHTML, like Gecko) Chrome/96.0.4664.93 Safari/537.36"
109.130.53.45 - - [22/Dec/2021:22:02:48 +0100] "GET /media/system/images/arrow.png HTTP/1.1" 200 462 "https://www.lager-techniek.eu/index.php/miniatuur-range/skf-608z" "Mozilla/5.0 (Windows NT 10.0; Win64; x64) AppleWebKit/537.36 (KHTML, like Gecko) Chrome/96.0.4664.93 Safari/537.36"
109.130.53.45 - - [22/Dec/2021:22:02:48 +0100] "GET /components/com_jshopping/files/img_products/img_dgbbzz.jpg HTTP/1.1" 200 11779 "https://www.lager-techniek.eu/index.php/miniatuur-range/skf-608z" "Mozilla/5.0 (Windows NT 10.0; Win64; x64) AppleWebKit/537.36 (KHTML, like Gecko) Chrome/96.0.4664.93 Safari/537.36"
109.130.53.45 - - [22/Dec/2021:22:02:48 +0100] "GET /media/com_jchoptimize/cache/js/06f37f52e42f8f6a99fa2b3e8e79d821.js HTTP/1.1" 200 20663 "https://www.lager-techniek.eu/index.php/miniatuur-range/skf-608z" "Mozilla/5.0 (Windows NT 10.0; Win64; x64) AppleWebKit/537.36 (KHTML, like Gecko) Chrome/96.0.4664.93 Safari/537.36"
109.130.53.45 - - [22/Dec/2021:22:02:48 +0100] "GET /components/com_jshopping/files/img_products/img_dgbbzsos.jpg HTTP/1.1" 200 11334 "https://www.lager-techniek.eu/index.php/miniatuur-range/skf-608z" "Mozilla/5.0 (Windows NT 10.0; Win64; x64) AppleWebKit/537.36 (KHTML, like Gecko) Chrome/96.0.4664.93 Safari/537.36"
109.130.53.45 - - [22/Dec/2021:22:02:48 +0100] "GET /components/com_jshopping/files/img_products/thumb_img_dgbbzz.jpg HTTP/1.1" 200 7052 "https://www.lager-techniek.eu/index.php/miniatuur-range/skf-608z" "Mozilla/5.0 (Windows NT 10.0; Win64; x64) AppleWebKit/537.36 (KHTML, like Gecko) Chrome/96.0.4664.93 Safari/537.36"
109.130.53.45 - - [22/Dec/2021:22:02:48 +0100] "GET /components/com_jshopping/files/img_products/img_www.lager-techniek.eu_SKF_GroefKogellager.jpg HTTP/1.1" 200 10276 "https://www.lager-techniek.eu/index.php/miniatuur-range/skf-608z" "Mozilla/5.0 (Windows NT 10.0; Win64; x64) AppleWebKit/537.36 (KHTML, like Gecko) Chrome/96.0.4664.93 Safari/537.36"
109.130.53.45 - - [22/Dec/2021:22:02:48 +0100] "GET /media/com_jchoptimize/cache/js/d563e1111ce3ccb4fe286cc11b61b8c1.js HTTP/1.1" 200 101225 "https://www.lager-techniek.eu/index.php/miniatuur-range/skf-608z" "Mozilla/5.0 (Windows NT 10.0; Win64; x64) AppleWebKit/537.36 (KHTML, like Gecko) Chrome/96.0.4664.93 Safari/537.36"
109.130.53.45 - - [22/Dec/2021:22:02:48 +0100] "GET /components/com_jshopping/files/img_products/thumb_img_dgbbzsos.jpg HTTP/1.1" 200 4483 "https://www.lager-techniek.eu/index.php/miniatuur-range/skf-608z" "Mozilla/5.0 (Windows NT 10.0; Win64; x64) AppleWebKit/537.36 (KHTML, like Gecko) Chrome/96.0.4664.93 Safari/537.36"
109.130.53.45 - - [22/Dec/2021:22:02:48 +0100] "GET /components/com_jshopping/files/img_products/thumb_img_www.lager-techniek.eu_SKF_GroefKogellager.jpg HTTP/1.1" 200 5636 "https://www.lager-techniek.eu/index.php/miniatuur-range/skf-608z" "Mozilla/5.0 (Windows NT 10.0; Win64; x64) AppleWebKit/537.36 (KHTML, like Gecko) Chrome/96.0.4664.93 Safari/537.36"
109.130.53.45 - - [22/Dec/2021:22:02:48 +0100] "GET /images/DPD.jpg HTTP/1.1" 200 7428 "https://www.lager-techniek.eu/index.php/miniatuur-range/skf-608z" "Mozilla/5.0 (Windows NT 10.0; Win64; x64) AppleWebKit/537.36 (KHTML, like Gecko) Chrome/96.0.4664.93 Safari/537.36"
109.130.53.45 - - [22/Dec/2021:22:02:48 +0100] "GET /images/Lengteberekening.jpg HTTP/1.1" 200 10994 "https://www.lager-techniek.eu/index.php/miniatuur-range/skf-608z" "Mozilla/5.0 (Windows NT 10.0; Win64; x64) AppleWebKit/537.36 (KHTML, like Gecko) Chrome/96.0.4664.93 Safari/537.36"
109.130.53.45 - - [22/Dec/2021:22:02:48 +0100] "GET /images/achteraf.jpg HTTP/1.1" 200 2428 "https://www.lager-techniek.eu/index.php/miniatuur-range/skf-608z" "Mozilla/5.0 (Windows NT 10.0; Win64; x64) AppleWebKit/537.36 (KHTML, like Gecko) Chrome/96.0.4664.93 Safari/537.36"
109.130.53.45 - - [22/Dec/2021:22:02:48 +0100] "GET /images/images.jpg HTTP/1.1" 200 5841 "https://www.lager-techniek.eu/index.php/miniatuur-range/skf-608z" "Mozilla/5.0 (Windows NT 10.0; Win64; x64) AppleWebKit/537.36 (KHTML, like Gecko) Chrome/96.0.4664.93 Safari/537.36"
109.130.53.45 - - [22/Dec/2021:22:02:48 +0100] "GET /images/UPS.jpg HTTP/1.1" 200 6889 "https://www.lager-techniek.eu/index.php/miniatuur-range/skf-608z" "Mozilla/5.0 (Windows NT 10.0; Win64; x64) AppleWebKit/537.36 (KHTML, like Gecko) Chrome/96.0.4664.93 Safari/537.36"
109.130.53.45 - - [22/Dec/2021:22:02:48 +0100] "GET /images/Postnl.jpg HTTP/1.1" 200 10478 "https://www.lager-techniek.eu/index.php/miniatuur-range/skf-608z" "Mozilla/5.0 (Windows NT 10.0; Win64; x64) AppleWebKit/537.36 (KHTML, like Gecko) Chrome/96.0.4664.93 Safari/537.36"
109.130.53.45 - - [22/Dec/2021:22:02:48 +0100] "GET /images/index.jpg HTTP/1.1" 200 5654 "https://www.lager-techniek.eu/index.php/miniatuur-range/skf-608z" "Mozilla/5.0 (Windows NT 10.0; Win64; x64) AppleWebKit/537.36 (KHTML, like Gecko) Chrome/96.0.4664.93 Safari/537.36"
109.130.53.45 - - [22/Dec/2021:22:02:48 +0100] "GET /images/paypal.jpg HTTP/1.1" 200 2557 "https://www.lager-techniek.eu/index.php/miniatuur-range/skf-608z" "Mozilla/5.0 (Windows NT 10.0; Win64; x64) AppleWebKit/537.36 (KHTML, like Gecko) Chrome/96.0.4664.93 Safari/537.36"
109.130.53.45 - - [22/Dec/2021:22:02:48 +0100] "GET /images/bank.jpg HTTP/1.1" 200 2955 "https://www.lager-techniek.eu/index.php/miniatuur-range/skf-608z" "Mozilla/5.0 (Windows NT 10.0; Win64; x64) AppleWebKit/537.36 (KHTML, like Gecko) Chrome/96.0.4664.93 Safari/537.36"
109.130.53.45 - - [22/Dec/2021:22:02:48 +0100] "GET /images/Mollienancontact.jpg HTTP/1.1" 200 9278 "https://www.lager-techniek.eu/index.php/miniatuur-range/skf-608z" "Mozilla/5.0 (Windows NT 10.0; Win64; x64) AppleWebKit/537.36 (KHTML, like Gecko) Chrome/96.0.4664.93 Safari/537.36"
109.130.53.45 - - [22/Dec/2021:22:02:48 +0100] "GET /images/MollieIdeal.png HTTP/1.1" 200 15837 "https://www.lager-techniek.eu/index.php/miniatuur-range/skf-608z" "Mozilla/5.0 (Windows NT 10.0; Win64; x64) AppleWebKit/537.36 (KHTML, like Gecko) Chrome/96.0.4664.93 Safari/537.36"
109.130.53.45 - - [22/Dec/2021:22:02:48 +0100] "GET /media/com_jchoptimize/cache/js/af1111cf1dcd0f1d7258d5fa2fddab4c.js HTTP/1.1" 200 1504 "https://www.lager-techniek.eu/index.php/miniatuur-range/skf-608z" "Mozilla/5.0 (Windows NT 10.0; Win64; x64) AppleWebKit/537.36 (KHTML, like Gecko) Chrome/96.0.4664.93 Safari/537.36"
109.130.53.45 - - [22/Dec/2021:22:02:48 +0100] "GET /components/com_jshopping/images/star.gif HTTP/1.1" 200 1171 "https://www.lager-techniek.eu/media/com_jchoptimize/cache/css/e3aaa5baf7724231080a3c38514acb60.css" "Mozilla/5.0 (Windows NT 10.0; Win64; x64) AppleWebKit/537.36 (KHTML, like Gecko) Chrome/96.0.4664.93 Safari/537.36"
109.130.53.45 - - [22/Dec/2021:22:02:48 +0100] "GET /media/jui/fonts/IcoMoon.woff HTTP/1.1" 200 25867 "https://www.lager-techniek.eu/media/com_jchoptimize/cache/css/e3aaa5baf7724231080a3c38514acb60.css" "Mozilla/5.0 (Windows NT 10.0; Win64; x64) AppleWebKit/537.36 (KHTML, like Gecko) Chrome/96.0.4664.93 Safari/537.36"
82.75.56.74 - - [22/Dec/2021:22:02:49 +0100] "GET /index.php/component/ajax/?format=json HTTP/1.1" 200 758 "https://www.lager-techniek.eu/index.php/6000-range/fag-60032rsr" "Mozilla/5.0 (Windows NT 10.0; Win64; x64; rv:95.0) Gecko/20100101 Firefox/95.0"
109.130.53.45 - - [22/Dec/2021:22:02:50 +0100] "GET /templates/protostar/favicon.ico HTTP/1.1" 200 1465 "https://www.lager-techniek.eu/index.php/miniatuur-range/skf-608z" "Mozilla/5.0 (Windows NT 10.0; Win64; x64) AppleWebKit/537.36 (KHTML, like Gecko) Chrome/96.0.4664.93 Safari/537.36"
90.145.217.226 - - [22/Dec/2021:22:02:53 +0100] "GET /index.php/component/ajax/?format=json HTTP/1.1" 200 758 "https://www.lager-techniek.eu/index.php/met-flens/permaglide-paf25215-p11" "Mozilla/5.0 (Windows NT 10.0; Win64; x64) AppleWebKit/537.36 (KHTML, like Gecko) Chrome/96.0.4664.45 Safari/537.36"
54.36.148.227 - - [22/Dec/2021:22:02:59 +0100] "GET /index.php/nutr-range/ina-nutr3072a HTTP/1.1" 200 13716 "-" "Mozilla/5.0 (compatible; AhrefsBot/7.0; +http://ahrefs.com/robot/)"
109.130.53.45 - - [22/Dec/2021:22:03:08 +0100] "GET /index.php/miniatuur-range/fag-608z HTTP/1.1" 200 14315 "https://www.lager-techniek.eu/index.php/miniatuur-range/skf-608z" "Mozilla/5.0 (Windows NT 10.0; Win64; x64) AppleWebKit/537.36 (KHTML, like Gecko) Chrome/96.0.4664.93 Safari/537.36"
109.130.53.45 - - [22/Dec/2021:22:03:09 +0100] "GET /components/com_jshopping/files/img_products/img_www.lager-techniek.eu_FAG_GroefKogellager.jpg HTTP/1.1" 200 7176 "https://www.lager-techniek.eu/index.php/miniatuur-range/fag-608z" "Mozilla/5.0 (Windows NT 10.0; Win64; x64) AppleWebKit/537.36 (KHTML, like Gecko) Chrome/96.0.4664.93 Safari/537.36"
109.130.53.45 - - [22/Dec/2021:22:03:09 +0100] "GET /components/com_jshopping/files/img_products/thumb_img_www.lager-techniek.eu_FAG_GroefKogellager.jpg HTTP/1.1" 200 6304 "https://www.lager-techniek.eu/index.php/miniatuur-range/fag-608z" "Mozilla/5.0 (Windows NT 10.0; Win64; x64) AppleWebKit/537.36 (KHTML, like Gecko) Chrome/96.0.4664.93 Safari/537.36"
109.130.53.45 - - [22/Dec/2021:22:03:09 +0100] "GET /media/com_jchoptimize/cache/js/3df9226b0f9027eed13012e5972014ab.js HTTP/1.1" 200 101227 "https://www.lager-techniek.eu/index.php/miniatuur-range/fag-608z" "Mozilla/5.0 (Windows NT 10.0; Win64; x64) AppleWebKit/537.36 (KHTML, like Gecko) Chrome/96.0.4664.93 Safari/537.36"
54.36.148.227 - - [22/Dec/2021:22:03:13 +0100] "GET /index.php/n-200-range/fag-n219exlm1 HTTP/1.1" 200 13838 "-" "Mozilla/5.0 (compatible; AhrefsBot/7.0; +http://ahrefs.com/robot/)"
51.158.74.142 - - [22/Dec/2021:22:03:21 +0100] "GET /index.php/askquestion/form?category_id=45&product_id=2423&type=1&tmpl=component HTTP/1.1" 200 2419 "-" "Mozilla/5.0 (Windows NT 10.0; Win64; x64) AppleWebKit/537.36 (KHTML, like Gecko) Chrome/93.0.4577.0 Safari/537.36"
51.158.74.142 - - [22/Dec/2021:22:03:21 +0100] "GET /media/com_jchoptimize/cache/js/4a30f0ae5773231940d56284eda52f02.js HTTP/1.1" 200 58822 "https://lager-techniek.eu/index.php/askquestion/form?category_id=45&product_id=2423&type=1&tmpl=component" "Mozilla/5.0 (Windows NT 10.0; Win64; x64) AppleWebKit/537.36 (KHTML, like Gecko) Chrome/93.0.4577.0 Safari/537.36"
54.36.148.227 - - [22/Dec/2021:22:03:26 +0100] "GET /index.php/askquestion/form?category_id=455&product_id=29392&type=1&tmpl=component HTTP/1.1" 200 2413 "-" "Mozilla/5.0 (compatible; AhrefsBot/7.0; +http://ahrefs.com/robot/)"
66.249.66.76 - - [22/Dec/2021:22:03:32 +0100] "GET /index.php/2200-range/skf-2222-mc3 HTTP/1.1" 200 14078 "-" "Mozilla/5.0 (Linux; Android 6.0.1; Nexus 5X Build/MMB29P) AppleWebKit/537.36 (KHTML, like Gecko) Chrome/96.0.4664.110 Mobile Safari/537.36 (compatible; Googlebot/2.1; +http://www.google.com/bot.html)"
66.249.66.78 - - [22/Dec/2021:22:03:35 +0100] "GET /index.php/speedi-sleeve/skf-99468 HTTP/1.1" 200 14504 "-" "Mozilla/5.0 (compatible; Googlebot/2.1; +http://www.google.com/bot.html)"
54.36.148.227 - - [22/Dec/2021:22:03:42 +0100] "GET /index.php/kettingwiel-12b-2/12b2z33 HTTP/1.1" 200 13926 "-" "Mozilla/5.0 (compatible; AhrefsBot/7.0; +http://ahrefs.com/robot/)"
54.36.148.227 - - [22/Dec/2021:22:03:55 +0100] "GET /index.php/tandriemen-t5/megadyne-t5116032 HTTP/1.1" 200 14130 "-" "Mozilla/5.0 (compatible; AhrefsBot/7.0; +http://ahrefs.com/robot/)"
89.146.3.50 - - [22/Dec/2021:22:03:58 +0100] "GET /index.php/component/ajax/?format=json HTTP/1.1" 200 758 "https://www.lager-techniek.eu/index.php/spa-range/optibelt-spa1600" "Mozilla/5.0 (Windows NT 10.0; Win64; x64) AppleWebKit/537.36 (KHTML, like Gecko) Chrome/96.0.4664.110 Safari/537.36 Edg/96.0.1054.62"
183.136.225.56 - - [22/Dec/2021:22:04:01 +0100] "GET / HTTP/1.1" 200 26470 "-" "Mozilla/5.0 (Macintosh; Intel Mac OS X 10.11; rv:47.0) Gecko/20100101 Firefox/47.0"
54.36.148.227 - - [22/Dec/2021:22:04:06 +0100] "GET /index.php/askquestion/form?category_id=203&product_id=18024&type=1&tmpl=component HTTP/1.1" 200 2410 "-" "Mozilla/5.0 (compatible; AhrefsBot/7.0; +http://ahrefs.com/robot/)"
66.249.66.195 - - [22/Dec/2021:22:04:10 +0100] "GET /index.php/gye-yar-uc-range/timken-uc212 HTTP/1.1" 200 14377 "-" "Mozilla/5.0 (compatible; Googlebot/2.1; +http://www.google.com/bot.html)"
66.249.66.200 - - [22/Dec/2021:22:04:11 +0100] "GET /index.php/n-300-range/fag-n308exlm1 HTTP/1.1" 200 14095 "-" "Mozilla/5.0 (Linux; Android 6.0.1; Nexus 5X Build/MMB29P) AppleWebKit/537.36 (KHTML, like Gecko) Chrome/96.0.4664.110 Mobile Safari/537.36 (compatible; Googlebot/2.1; +http://www.google.com/bot.html)"
54.36.148.227 - - [22/Dec/2021:22:04:17 +0100] "GET /index.php/6300-range/skf-63052zgjn HTTP/1.1" 200 13820 "-" "Mozilla/5.0 (compatible; AhrefsBot/7.0; +http://ahrefs.com/robot/)"
178.118.52.254 - - [22/Dec/2021:22:04:32 +0100] "GET /index.php/component/ajax/?format=json HTTP/1.1" 200 758 "https://www.lager-techniek.eu/index.php/tandriemen-3m/gates-2883m15" "Mozilla/5.0 (Windows NT 10.0; Win64; x64) AppleWebKit/537.36 (KHTML, like Gecko) Chrome/96.0.4664.110 Safari/537.36"
54.36.148.227 - - [22/Dec/2021:22:04:32 +0100] "GET /index.php/carb-lagers/skf-c-2211-ktn9 HTTP/1.1" 200 13755 "-" "Mozilla/5.0 (compatible; AhrefsBot/7.0; +http://ahrefs.com/robot/)"
66.249.66.198 - - [22/Dec/2021:22:04:33 +0100] "GET /index.php/61900-range/ntn-6902zz HTTP/1.1" 200 14569 "-" "Mozilla/5.0 (compatible; Googlebot/2.1; +http://www.google.com/bot.html)"
54.36.148.227 - - [22/Dec/2021:22:04:47 +0100] "GET /index.php/6300-range/skf-63022rshc3gjn HTTP/1.1" 200 13867 "-" "Mozilla/5.0 (compatible; AhrefsBot/7.0; +http://ahrefs.com/robot/)"
54.36.148.227 - - [22/Dec/2021:22:04:59 +0100] "GET /index.php/n-200-range/skf-n220ecpc3 HTTP/1.1" 200 13878 "-" "Mozilla/5.0 (compatible; AhrefsBot/7.0; +http://ahrefs.com/robot/)"
66.249.66.200 - - [22/Dec/2021:22:05:10 +0100] "GET /index.php/dhtd-8m/contitech-dhtd862450 HTTP/1.1" 200 13972 "-" "Mozilla/5.0 (Linux; Android 6.0.1; Nexus 5X Build/MMB29P) AppleWebKit/537.36 (KHTML, like Gecko) Chrome/96.0.4664.110 Mobile Safari/537.36 (compatible; Googlebot/2.1; +http://www.google.com/bot.html)"
54.36.148.227 - - [22/Dec/2021:22:05:10 +0100] "GET /index.php/6000-range/nsk-6006zznr HTTP/1.1" 200 14235 "-" "Mozilla/5.0 (compatible; AhrefsBot/7.0; +http://ahrefs.com/robot/)"
54.36.148.227 - - [22/Dec/2021:22:05:23 +0100] "GET /index.php/askquestion/form?category_id=9&product_id=3167&type=1&tmpl=component HTTP/1.1" 200 2414 "-" "Mozilla/5.0 (compatible; AhrefsBot/7.0; +http://ahrefs.com/robot/)"
217.123.82.92 - - [22/Dec/2021:22:05:24 +0100] "GET /index.php/component/ajax/?format=json HTTP/1.1" 200 758 "https://www.lager-techniek.eu/index.php/duplex-rollenketting/vbchain-rk24b2" "Mozilla/5.0 (Windows NT 10.0; Win64; x64) AppleWebKit/537.36 (KHTML, like Gecko) Chrome/96.0.4664.110 Safari/537.36"
77.60.98.226 - - [22/Dec/2021:22:05:27 +0100] "GET /index.php/component/ajax/?format=json HTTP/1.1" 200 758 "https://www.lager-techniek.eu/index.php/b-range/contitech-17x1215" "Mozilla/5.0 (Windows NT 6.1; Win64; x64) AppleWebKit/537.36 (KHTML, like Gecko) Chrome/94.0.4606.71 Safari/537.36"
178.118.52.254 - - [22/Dec/2021:22:05:32 +0100] "GET /index.php/component/ajax/?format=json HTTP/1.1" 200 758 "https://www.lager-techniek.eu/index.php/tandriemen-3m/gates-2823m6gt3" "Mozilla/5.0 (Windows NT 10.0; Win64; x64) AppleWebKit/537.36 (KHTML, like Gecko) Chrome/96.0.4664.110 Safari/537.36"
94.210.55.222 - - [22/Dec/2021:22:05:33 +0100] "GET /index.php/duplex-rollenketting/elite-rk08b2e HTTP/1.1" 200 15154 "https://www.google.com/" "Mozilla/5.0 (Linux; Android 10; SM-T590) AppleWebKit/537.36 (KHTML, like Gecko) Chrome/96.0.4664.104 Safari/537.36"
94.210.55.222 - - [22/Dec/2021:22:05:33 +0100] "GET /media/com_jchoptimize/cache/css/e3aaa5baf7724231080a3c38514acb60.css HTTP/1.1" 200 32260 "https://www.lager-techniek.eu/index.php/duplex-rollenketting/elite-rk08b2e" "Mozilla/5.0 (Linux; Android 10; SM-T590) AppleWebKit/537.36 (KHTML, like Gecko) Chrome/96.0.4664.104 Safari/537.36"
94.210.55.222 - - [22/Dec/2021:22:05:33 +0100] "GET /media/com_jchoptimize/cache/js/f9531c19bc93ab8185c6e904c7a62c31.js HTTP/1.1" 200 101228 "https://www.lager-techniek.eu/index.php/duplex-rollenketting/elite-rk08b2e" "Mozilla/5.0 (Linux; Android 10; SM-T590) AppleWebKit/537.36 (KHTML, like Gecko) Chrome/96.0.4664.104 Safari/537.36"
94.210.55.222 - - [22/Dec/2021:22:05:33 +0100] "GET /modules/mod_gtranslate/tmpl/lang/16/pt.png HTTP/1.1" 200 947 "https://www.lager-techniek.eu/index.php/duplex-rollenketting/elite-rk08b2e" "Mozilla/5.0 (Linux; Android 10; SM-T590) AppleWebKit/537.36 (KHTML, like Gecko) Chrome/96.0.4664.104 Safari/537.36"
94.210.55.222 - - [22/Dec/2021:22:05:33 +0100] "GET /modules/mod_gtranslate/tmpl/lang/16/it.png HTTP/1.1" 200 796 "https://www.lager-techniek.eu/index.php/duplex-rollenketting/elite-rk08b2e" "Mozilla/5.0 (Linux; Android 10; SM-T590) AppleWebKit/537.36 (KHTML, like Gecko) Chrome/96.0.4664.104 Safari/537.36"
94.210.55.222 - - [22/Dec/2021:22:05:33 +0100] "GET /images/banner12-lager-techniek.eu.jpg HTTP/1.1" 200 17827 "https://www.lager-techniek.eu/index.php/duplex-rollenketting/elite-rk08b2e" "Mozilla/5.0 (Linux; Android 10; SM-T590) AppleWebKit/537.36 (KHTML, like Gecko) Chrome/96.0.4664.104 Safari/537.36"
94.210.55.222 - - [22/Dec/2021:22:05:33 +0100] "GET /modules/mod_gtranslate/tmpl/lang/16/fr.png HTTP/1.1" 200 802 "https://www.lager-techniek.eu/index.php/duplex-rollenketting/elite-rk08b2e" "Mozilla/5.0 (Linux; Android 10; SM-T590) AppleWebKit/537.36 (KHTML, like Gecko) Chrome/96.0.4664.104 Safari/537.36"
94.210.55.222 - - [22/Dec/2021:22:05:33 +0100] "GET /modules/mod_gtranslate/tmpl/lang/16/de.png HTTP/1.1" 200 747 "https://www.lager-techniek.eu/index.php/duplex-rollenketting/elite-rk08b2e" "Mozilla/5.0 (Linux; Android 10; SM-T590) AppleWebKit/537.36 (KHTML, like Gecko) Chrome/96.0.4664.104 Safari/537.36"
94.210.55.222 - - [22/Dec/2021:22:05:33 +0100] "GET /modules/mod_gtranslate/tmpl/lang/16/en.png HTTP/1.1" 200 1063 "https://www.lager-techniek.eu/index.php/duplex-rollenketting/elite-rk08b2e" "Mozilla/5.0 (Linux; Android 10; SM-T590) AppleWebKit/537.36 (KHTML, like Gecko) Chrome/96.0.4664.104 Safari/537.36"
94.210.55.222 - - [22/Dec/2021:22:05:33 +0100] "GET /media/com_jchoptimize/cache/js/06f37f52e42f8f6a99fa2b3e8e79d821.js HTTP/1.1" 200 20663 "https://www.lager-techniek.eu/index.php/duplex-rollenketting/elite-rk08b2e" "Mozilla/5.0 (Linux; Android 10; SM-T590) AppleWebKit/537.36 (KHTML, like Gecko) Chrome/96.0.4664.104 Safari/537.36"
94.210.55.222 - - [22/Dec/2021:22:05:33 +0100] "GET /media/system/images/arrow.png HTTP/1.1" 200 462 "https://www.lager-techniek.eu/index.php/duplex-rollenketting/elite-rk08b2e" "Mozilla/5.0 (Linux; Android 10; SM-T590) AppleWebKit/537.36 (KHTML, like Gecko) Chrome/96.0.4664.104 Safari/537.36"
94.210.55.222 - - [22/Dec/2021:22:05:33 +0100] "GET /modules/mod_gtranslate/tmpl/lang/16/es.png HTTP/1.1" 200 849 "https://www.lager-techniek.eu/index.php/duplex-rollenketting/elite-rk08b2e" "Mozilla/5.0 (Linux; Android 10; SM-T590) AppleWebKit/537.36 (KHTML, like Gecko) Chrome/96.0.4664.104 Safari/537.36"
94.210.55.222 - - [22/Dec/2021:22:05:33 +0100] "GET /modules/mod_gtranslate/tmpl/lang/16/ru.png HTTP/1.1" 200 706 "https://www.lager-techniek.eu/index.php/duplex-rollenketting/elite-rk08b2e" "Mozilla/5.0 (Linux; Android 10; SM-T590) AppleWebKit/537.36 (KHTML, like Gecko) Chrome/96.0.4664.104 Safari/537.36"
94.210.55.222 - - [22/Dec/2021:22:05:33 +0100] "GET /components/com_jshopping/images/print.png HTTP/1.1" 200 735 "https://www.lager-techniek.eu/index.php/duplex-rollenketting/elite-rk08b2e" "Mozilla/5.0 (Linux; Android 10; SM-T590) AppleWebKit/537.36 (KHTML, like Gecko) Chrome/96.0.4664.104 Safari/537.36"
94.210.55.222 - - [22/Dec/2021:22:05:33 +0100] "GET /images/achteraf.jpg HTTP/1.1" 200 2428 "https://www.lager-techniek.eu/index.php/duplex-rollenketting/elite-rk08b2e" "Mozilla/5.0 (Linux; Android 10; SM-T590) AppleWebKit/537.36 (KHTML, like Gecko) Chrome/96.0.4664.104 Safari/537.36"
94.210.55.222 - - [22/Dec/2021:22:05:33 +0100] "GET /images/bank.jpg HTTP/1.1" 200 2955 "https://www.lager-techniek.eu/index.php/duplex-rollenketting/elite-rk08b2e" "Mozilla/5.0 (Linux; Android 10; SM-T590) AppleWebKit/537.36 (KHTML, like Gecko) Chrome/96.0.4664.104 Safari/537.36"
94.210.55.222 - - [22/Dec/2021:22:05:33 +0100] "GET /components/com_jshopping/files/img_products/thumb_img_B2E.jpg HTTP/1.1" 200 4464 "https://www.lager-techniek.eu/index.php/duplex-rollenketting/elite-rk08b2e" "Mozilla/5.0 (Linux; Android 10; SM-T590) AppleWebKit/537.36 (KHTML, like Gecko) Chrome/96.0.4664.104 Safari/537.36"
94.210.55.222 - - [22/Dec/2021:22:05:33 +0100] "GET /images/Mollienancontact.jpg HTTP/1.1" 200 9278 "https://www.lager-techniek.eu/index.php/duplex-rollenketting/elite-rk08b2e" "Mozilla/5.0 (Linux; Android 10; SM-T590) AppleWebKit/537.36 (KHTML, like Gecko) Chrome/96.0.4664.104 Safari/537.36"
94.210.55.222 - - [22/Dec/2021:22:05:33 +0100] "GET /images/UPS.jpg HTTP/1.1" 200 6889 "https://www.lager-techniek.eu/index.php/duplex-rollenketting/elite-rk08b2e" "Mozilla/5.0 (Linux; Android 10; SM-T590) AppleWebKit/537.36 (KHTML, like Gecko) Chrome/96.0.4664.104 Safari/537.36"
94.210.55.222 - - [22/Dec/2021:22:05:33 +0100] "GET /images/Lengteberekening.jpg HTTP/1.1" 200 10994 "https://www.lager-techniek.eu/index.php/duplex-rollenketting/elite-rk08b2e" "Mozilla/5.0 (Linux; Android 10; SM-T590) AppleWebKit/537.36 (KHTML, like Gecko) Chrome/96.0.4664.104 Safari/537.36"
94.210.55.222 - - [22/Dec/2021:22:05:33 +0100] "GET /images/MollieIdeal.png HTTP/1.1" 200 15837 "https://www.lager-techniek.eu/index.php/duplex-rollenketting/elite-rk08b2e" "Mozilla/5.0 (Linux; Android 10; SM-T590) AppleWebKit/537.36 (KHTML, like Gecko) Chrome/96.0.4664.104 Safari/537.36"
94.210.55.222 - - [22/Dec/2021:22:05:33 +0100] "GET /images/paypal.jpg HTTP/1.1" 200 2557 "https://www.lager-techniek.eu/index.php/duplex-rollenketting/elite-rk08b2e" "Mozilla/5.0 (Linux; Android 10; SM-T590) AppleWebKit/537.36 (KHTML, like Gecko) Chrome/96.0.4664.104 Safari/537.36"
94.210.55.222 - - [22/Dec/2021:22:05:33 +0100] "GET /components/com_jshopping/images/search.png HTTP/1.1" 200 847 "https://www.lager-techniek.eu/index.php/duplex-rollenketting/elite-rk08b2e" "Mozilla/5.0 (Linux; Android 10; SM-T590) AppleWebKit/537.36 (KHTML, like Gecko) Chrome/96.0.4664.104 Safari/537.36"
94.210.55.222 - - [22/Dec/2021:22:05:33 +0100] "GET /images/Postnl.jpg HTTP/1.1" 200 10478 "https://www.lager-techniek.eu/index.php/duplex-rollenketting/elite-rk08b2e" "Mozilla/5.0 (Linux; Android 10; SM-T590) AppleWebKit/537.36 (KHTML, like Gecko) Chrome/96.0.4664.104 Safari/537.36"
94.210.55.222 - - [22/Dec/2021:22:05:33 +0100] "GET /components/com_jshopping/files/img_products/B2E.jpg HTTP/1.1" 200 6441 "https://www.lager-techniek.eu/index.php/duplex-rollenketting/elite-rk08b2e" "Mozilla/5.0 (Linux; Android 10; SM-T590) AppleWebKit/537.36 (KHTML, like Gecko) Chrome/96.0.4664.104 Safari/537.36"
94.210.55.222 - - [22/Dec/2021:22:05:33 +0100] "GET /images/images.jpg HTTP/1.1" 200 5841 "https://www.lager-techniek.eu/index.php/duplex-rollenketting/elite-rk08b2e" "Mozilla/5.0 (Linux; Android 10; SM-T590) AppleWebKit/537.36 (KHTML, like Gecko) Chrome/96.0.4664.104 Safari/537.36"
94.210.55.222 - - [22/Dec/2021:22:05:33 +0100] "GET /components/com_jshopping/files/img_products/thumb_B2E1.jpg HTTP/1.1" 200 4353 "https://www.lager-techniek.eu/index.php/duplex-rollenketting/elite-rk08b2e" "Mozilla/5.0 (Linux; Android 10; SM-T590) AppleWebKit/537.36 (KHTML, like Gecko) Chrome/96.0.4664.104 Safari/537.36"
94.210.55.222 - - [22/Dec/2021:22:05:33 +0100] "GET /images/DPD.jpg HTTP/1.1" 200 7428 "https://www.lager-techniek.eu/index.php/duplex-rollenketting/elite-rk08b2e" "Mozilla/5.0 (Linux; Android 10; SM-T590) AppleWebKit/537.36 (KHTML, like Gecko) Chrome/96.0.4664.104 Safari/537.36"
94.210.55.222 - - [22/Dec/2021:22:05:33 +0100] "GET /images/Elite%20Duplex.jpg HTTP/1.1" 200 32330 "https://www.lager-techniek.eu/index.php/duplex-rollenketting/elite-rk08b2e" "Mozilla/5.0 (Linux; Android 10; SM-T590) AppleWebKit/537.36 (KHTML, like Gecko) Chrome/96.0.4664.104 Safari/537.36"
94.210.55.222 - - [22/Dec/2021:22:05:33 +0100] "GET /images/index.jpg HTTP/1.1" 200 5654 "https://www.lager-techniek.eu/index.php/duplex-rollenketting/elite-rk08b2e" "Mozilla/5.0 (Linux; Android 10; SM-T590) AppleWebKit/537.36 (KHTML, like Gecko) Chrome/96.0.4664.104 Safari/537.36"
94.210.55.222 - - [22/Dec/2021:22:05:33 +0100] "GET /media/com_jchoptimize/cache/js/af1111cf1dcd0f1d7258d5fa2fddab4c.js HTTP/1.1" 200 1504 "https://www.lager-techniek.eu/index.php/duplex-rollenketting/elite-rk08b2e" "Mozilla/5.0 (Linux; Android 10; SM-T590) AppleWebKit/537.36 (KHTML, like Gecko) Chrome/96.0.4664.104 Safari/537.36"
93.158.161.61 - - [22/Dec/2021:22:05:33 +0100] "GET /index.php/klauw-koppeling HTTP/1.1" 200 10337 "-" "Mozilla/5.0 (compatible; YandexBot/3.0; +http://yandex.com/bots)"
94.210.55.222 - - [22/Dec/2021:22:05:34 +0100] "GET /components/com_jshopping/images/star.gif HTTP/1.1" 200 1171 "https://www.lager-techniek.eu/media/com_jchoptimize/cache/css/e3aaa5baf7724231080a3c38514acb60.css" "Mozilla/5.0 (Linux; Android 10; SM-T590) AppleWebKit/537.36 (KHTML, like Gecko) Chrome/96.0.4664.104 Safari/537.36"
94.210.55.222 - - [22/Dec/2021:22:05:34 +0100] "GET /media/jui/fonts/IcoMoon.woff HTTP/1.1" 200 25867 "https://www.lager-techniek.eu/media/com_jchoptimize/cache/css/e3aaa5baf7724231080a3c38514acb60.css" "Mozilla/5.0 (Linux; Android 10; SM-T590) AppleWebKit/537.36 (KHTML, like Gecko) Chrome/96.0.4664.104 Safari/537.36"
54.36.148.227 - - [22/Dec/2021:22:05:36 +0100] "GET /index.php/kettingwiel-28b-2/28b2z40 HTTP/1.1" 200 13954 "-" "Mozilla/5.0 (compatible; AhrefsBot/7.0; +http://ahrefs.com/robot/)"
66.249.66.159 - - [22/Dec/2021:22:05:42 +0100] "GET /index.php/mxl/megadyne-488mxl025 HTTP/1.1" 200 13957 "-" "Mozilla/5.0 (Linux; Android 6.0.1; Nexus 5X Build/MMB29P) AppleWebKit/537.36 (KHTML, like Gecko) Chrome/96.0.4664.110 Mobile Safari/537.36 (compatible; Googlebot/2.1; +http://www.google.com/bot.html)"
66.249.66.4 - - [22/Dec/2021:22:05:45 +0100] "GET /index.php/6000-range/skf-60032rslc3 HTTP/1.1" 200 14233 "-" "Mozilla/5.0 (Linux; Android 6.0.1; Nexus 5X Build/MMB29P) AppleWebKit/537.36 (KHTML, like Gecko) Chrome/96.0.4664.110 Mobile Safari/537.36 (compatible; Googlebot/2.1; +http://www.google.com/bot.html)"
54.36.148.227 - - [22/Dec/2021:22:05:49 +0100] "GET /index.php/askquestion/form?category_id=841&product_id=33956&type=1&tmpl=component HTTP/1.1" 200 2426 "-" "Mozilla/5.0 (compatible; AhrefsBot/7.0; +http://ahrefs.com/robot/)"
66.249.66.195 - - [22/Dec/2021:22:05:51 +0100] "GET /index.php/62300-range/skf-623032rs1c3 HTTP/1.1" 200 13780 "-" "Mozilla/5.0 (Linux; Android 6.0.1; Nexus 5X Build/MMB29P) AppleWebKit/537.36 (KHTML, like Gecko) Chrome/96.0.4664.110 Mobile Safari/537.36 (compatible; Googlebot/2.1; +http://www.google.com/bot.html)"
54.36.148.227 - - [22/Dec/2021:22:06:03 +0100] "GET /index.php/askquestion/form?category_id=895&product_id=32298&type=1&tmpl=component HTTP/1.1" 200 2415 "-" "Mozilla/5.0 (compatible; AhrefsBot/7.0; +http://ahrefs.com/robot/)"
66.249.66.78 - - [22/Dec/2021:22:06:03 +0100] "GET /index.php/tandriemen-at10/megadyne-at10610100 HTTP/1.1" 200 14146 "-" "Mozilla/5.0 (compatible; Googlebot/2.1; +http://www.google.com/bot.html)"
193.104.159.11 - - [22/Dec/2021:22:06:11 +0100] "GET /index.php/component/ajax/?format=json HTTP/1.1" 200 758 "https://www.lager-techniek.eu/index.php/2200-range/fag-22032rstvh" "Mozilla/5.0 (Windows NT 10.0; Win64; x64) AppleWebKit/537.36 (KHTML, like Gecko) Chrome/96.0.4664.110 Safari/537.36 Edg/96.0.1054.62"
66.249.66.158 - - [22/Dec/2021:22:06:12 +0100] "GET /index.php/lr2-361-range/ina-lr2032rsr HTTP/1.1" 200 13759 "-" "Mozilla/5.0 (Linux; Android 6.0.1; Nexus 5X Build/MMB29P) AppleWebKit/537.36 (KHTML, like Gecko) Chrome/96.0.4664.110 Mobile Safari/537.36 (compatible; Googlebot/2.1; +http://www.google.com/bot.html)"
54.36.148.227 - - [22/Dec/2021:22:06:14 +0100] "GET /index.php/askquestion/form?category_id=386&product_id=11554&type=1&tmpl=component HTTP/1.1" 200 2403 "-" "Mozilla/5.0 (compatible; AhrefsBot/7.0; +http://ahrefs.com/robot/)"
66.249.66.6 - - [22/Dec/2021:22:06:14 +0100] "GET /index.php/axw-range/ina-axw45 HTTP/1.1" 200 13712 "-" "Mozilla/5.0 (compatible; Googlebot/2.1; +http://www.google.com/bot.html)"
54.36.148.227 - - [22/Dec/2021:22:06:26 +0100] "GET /index.php/33-range/skf-3305a HTTP/1.1" 200 14540 "-" "Mozilla/5.0 (compatible; AhrefsBot/7.0; +http://ahrefs.com/robot/)"
66.249.66.76 - - [22/Dec/2021:22:06:35 +0100] "GET /index.php/kettingwiel-20b-2/20b2z17 HTTP/1.1" 200 13939 "-" "Mozilla/5.0 (Linux; Android 6.0.1; Nexus 5X Build/MMB29P) AppleWebKit/537.36 (KHTML, like Gecko) Chrome/96.0.4664.110 Mobile Safari/537.36 (compatible; Googlebot/2.1; +http://www.google.com/bot.html)"
91.183.150.180 - - [22/Dec/2021:22:06:35 +0100] "GET /index.php/component/ajax/?format=json HTTP/1.1" 200 758 "https://www.lager-techniek.eu/index.php/overig/skf-tmft36" "Mozilla/5.0 (Windows NT 6.3; Win64; x64) AppleWebKit/537.36 (KHTML, like Gecko) Chrome/96.0.4664.110 Safari/537.36"
54.36.148.227 - - [22/Dec/2021:22:06:37 +0100] "GET /index.php/nki-range/ina-nki916xl HTTP/1.1" 200 13643 "-" "Mozilla/5.0 (compatible; AhrefsBot/7.0; +http://ahrefs.com/robot/)"
77.88.5.62 - - [22/Dec/2021:22:06:47 +0100] "GET /index.php/koppelings-techniek HTTP/1.1" 200 6732 "-" "Mozilla/5.0 (compatible; YandexBot/3.0; +http://yandex.com/bots)"
93.158.161.36 - - [22/Dec/2021:22:06:50 +0100] "GET /index.php/klauw-koppeling/hrc-180b HTTP/1.1" 200 13824 "-" "Mozilla/5.0 (compatible; YandexBot/3.0; +http://yandex.com/bots)"
54.36.148.227 - - [22/Dec/2021:22:06:51 +0100] "GET /index.php/askquestion/form?category_id=212&product_id=18755&type=1&tmpl=component HTTP/1.1" 200 2418 "-" "Mozilla/5.0 (compatible; AhrefsBot/7.0; +http://ahrefs.com/robot/)"
93.158.161.69 - - [22/Dec/2021:22:06:53 +0100] "GET /index.php/askquestion/form?category_id=848&product_id=34809&type=1&tmpl=component HTTP/1.1" 200 2429 "-" "Mozilla/5.0 (compatible; YandexBot/3.0; +http://yandex.com/bots)"
51.158.126.123 - - [22/Dec/2021:22:06:54 +0100] "GET /index.php/askquestion/form?category_id=227&product_id=25260&type=1&tmpl=component HTTP/1.1" 200 2416 "-" "Mozilla/5.0 (Windows NT 10.0; Win64; x64) AppleWebKit/537.36 (KHTML, like Gecko) Chrome/93.0.4577.0 Safari/537.36"
51.158.126.123 - - [22/Dec/2021:22:06:54 +0100] "GET /media/com_jchoptimize/cache/js/d53111b92617883aa09a7de8e5b0b568.js HTTP/1.1" 200 58823 "https://lager-techniek.eu/index.php/askquestion/form?category_id=227&product_id=25260&type=1&tmpl=component" "Mozilla/5.0 (Windows NT 10.0; Win64; x64) AppleWebKit/537.36 (KHTML, like Gecko) Chrome/93.0.4577.0 Safari/537.36"
77.88.5.39 - - [22/Dec/2021:22:06:56 +0100] "GET /index.php/askquestion/form?category_id=848&product_id=46744&type=1&tmpl=component HTTP/1.1" 200 2451 "-" "Mozilla/5.0 (compatible; YandexBot/3.0; +http://yandex.com/bots)"
77.88.5.10 - - [22/Dec/2021:22:06:58 +0100] "GET /index.php/askquestion/form?category_id=848&product_id=46744&type=1&tmpl=component HTTP/1.1" 200 2451 "-" "Mozilla/5.0 (compatible; YandexBot/3.0; +http://yandex.com/bots)"
185.178.235.166 - - [22/Dec/2021:22:07:00 +0100] "GET /index.php/component/ajax/?format=json HTTP/1.1" 200 758 "https://www.lager-techniek.eu/index.php/kettingspanwiel/ina-ksr16l010101408" "Mozilla/5.0 (Windows NT 10.0; Win64; x64) AppleWebKit/537.36 (KHTML, like Gecko) Chrome/96.0.4664.45 Safari/537.36"
77.88.5.85 - - [22/Dec/2021:22:07:00 +0100] "GET /index.php/askquestion/form?category_id=848&product_id=46731&type=1&tmpl=component HTTP/1.1" 200 2450 "-" "Mozilla/5.0 (compatible; YandexBot/3.0; +http://yandex.com/bots)"
77.88.5.82 - - [22/Dec/2021:22:07:04 +0100] "GET /index.php/askquestion/form?category_id=848&product_id=34806&type=1&tmpl=component HTTP/1.1" 200 2440 "-" "Mozilla/5.0 (compatible; YandexBot/3.0; +http://yandex.com/bots)"
77.88.5.47 - - [22/Dec/2021:22:07:05 +0100] "GET /index.php/askquestion/form?category_id=848&product_id=46732&type=1&tmpl=component HTTP/1.1" 200 2451 "-" "Mozilla/5.0 (compatible; YandexBot/3.0; +http://yandex.com/bots)"
54.36.148.227 - - [22/Dec/2021:22:07:06 +0100] "GET /index.php/n-200-range/fag-n218exlm1 HTTP/1.1" 200 13841 "-" "Mozilla/5.0 (compatible; AhrefsBot/7.0; +http://ahrefs.com/robot/)"
77.88.5.10 - - [22/Dec/2021:22:07:07 +0100] "GET /index.php/askquestion/form?category_id=848&product_id=46741&type=1&tmpl=component HTTP/1.1" 200 2449 "-" "Mozilla/5.0 (compatible; YandexBot/3.0; +http://yandex.com/bots)"
77.88.5.5 - - [22/Dec/2021:22:07:10 +0100] "GET /index.php/askquestion/form?category_id=848&product_id=34805&type=1&tmpl=component HTTP/1.1" 200 2431 "-" "Mozilla/5.0 (compatible; YandexBot/3.0; +http://yandex.com/bots)"
77.88.5.241 - - [22/Dec/2021:22:07:12 +0100] "GET /index.php/askquestion/form?category_id=848&product_id=46736&type=1&tmpl=component HTTP/1.1" 200 2449 "-" "Mozilla/5.0 (compatible; YandexBot/3.0; +http://yandex.com/bots)"
77.88.5.245 - - [22/Dec/2021:22:07:14 +0100] "GET /index.php/askquestion/form?category_id=848&product_id=34803&type=1&tmpl=component HTTP/1.1" 200 2426 "-" "Mozilla/5.0 (compatible; YandexBot/3.0; +http://yandex.com/bots)"
66.249.66.6 - - [22/Dec/2021:22:07:17 +0100] "GET /index.php/producenten/6200-range/snr-6207ht200zz HTTP/1.1" 200 13905 "-" "Mozilla/5.0 (Linux; Android 6.0.1; Nexus 5X Build/MMB29P) AppleWebKit/537.36 (KHTML, like Gecko) Chrome/96.0.4664.93 Mobile Safari/537.36 (compatible; Googlebot/2.1; +http://www.google.com/bot.html)"
54.36.148.227 - - [22/Dec/2021:22:07:20 +0100] "GET /index.php/h200-range?start=48 HTTP/1.1" 200 10325 "-" "Mozilla/5.0 (compatible; AhrefsBot/7.0; +http://ahrefs.com/robot/)"
51.15.231.21 - - [22/Dec/2021:22:07:28 +0100] "GET /index.php/askquestion/form?category_id=228&product_id=97407&type=1&tmpl=component HTTP/1.1" 200 2414 "-" "Mozilla/5.0 (Windows NT 10.0; Win64; x64) AppleWebKit/537.36 (KHTML, like Gecko) Chrome/93.0.4577.0 Safari/537.36"
51.15.231.21 - - [22/Dec/2021:22:07:28 +0100] "GET /media/com_jchoptimize/cache/js/8a3891d20e3fd93c7bb7af0f0e09d481.js HTTP/1.1" 200 58823 "https://lager-techniek.eu/index.php/askquestion/form?category_id=228&product_id=97407&type=1&tmpl=component" "Mozilla/5.0 (Windows NT 10.0; Win64; x64) AppleWebKit/537.36 (KHTML, like Gecko) Chrome/93.0.4577.0 Safari/537.36"
66.249.66.6 - - [22/Dec/2021:22:07:32 +0100] "GET /index.php/ba-r-range/42x60x10-ba-oliekeerring HTTP/1.1" 200 13611 "-" "Mozilla/5.0 (Linux; Android 6.0.1; Nexus 5X Build/MMB29P) AppleWebKit/537.36 (KHTML, like Gecko) Chrome/96.0.4664.110 Mobile Safari/537.36 (compatible; Googlebot/2.1; +http://www.google.com/bot.html)"
77.226.249.91 - - [22/Dec/2021:22:07:32 +0100] "GET /index.php/component/ajax/?format=json HTTP/1.1" 200 758 "https://www.lager-techniek.eu/index.php/a-range/contitech-13x3650" "Mozilla/5.0 (Windows NT 10.0; Win64; x64) AppleWebKit/537.36 (KHTML, like Gecko) Chrome/96.0.4664.55 Safari/537.36 Edg/96.0.1054.43"
54.36.148.227 - - [22/Dec/2021:22:07:34 +0100] "GET /index.php/askquestion/form?category_id=37&product_id=9710&type=1&tmpl=component HTTP/1.1" 200 2420 "-" "Mozilla/5.0 (compatible; AhrefsBot/7.0; +http://ahrefs.com/robot/)"
66.249.66.4 - - [22/Dec/2021:22:07:46 +0100] "GET /media/com_jchoptimize/cache/js/040aa5fb91d2acac7a5df7a05931e13e.js HTTP/1.1" 200 101226 "https://www.lager-techniek.eu/index.php/producenten/6200-range/snr-6207ht200zz" "Mozilla/5.0 (Linux; Android 6.0.1; Nexus 5X Build/MMB29P) AppleWebKit/537.36 (KHTML, like Gecko) Chrome/96.0.4664.93 Mobile Safari/537.36 (compatible; Googlebot/2.1; +http://www.google.com/bot.html)"
54.36.148.227 - - [22/Dec/2021:22:07:47 +0100] "GET /index.php/askquestion/form?category_id=32&product_id=12939&type=1&tmpl=component HTTP/1.1" 200 2401 "-" "Mozilla/5.0 (compatible; AhrefsBot/7.0; +http://ahrefs.com/robot/)"
82.75.56.74 - - [22/Dec/2021:22:07:50 +0100] "GET /index.php/component/ajax/?format=json HTTP/1.1" 200 758 "https://www.lager-techniek.eu/index.php/6000-range/fag-60032rsr" "Mozilla/5.0 (Windows NT 10.0; Win64; x64; rv:95.0) Gecko/20100101 Firefox/95.0"
90.145.217.226 - - [22/Dec/2021:22:07:53 +0100] "GET /index.php/component/ajax/?format=json HTTP/1.1" 200 758 "https://www.lager-techniek.eu/index.php/met-flens/permaglide-paf25215-p11" "Mozilla/5.0 (Windows NT 10.0; Win64; x64) AppleWebKit/537.36 (KHTML, like Gecko) Chrome/96.0.4664.45 Safari/537.36"
54.36.148.227 - - [22/Dec/2021:22:08:01 +0100] "GET /index.php/askquestion/form?category_id=907&product_id=31538&type=1&tmpl=component HTTP/1.1" 200 2418 "-" "Mozilla/5.0 (compatible; AhrefsBot/7.0; +http://ahrefs.com/robot/)"
212.47.235.234 - - [22/Dec/2021:22:08:06 +0100] "GET /index.php/askquestion/form?category_id=227&product_id=25257&type=1&tmpl=component HTTP/1.1" 200 2420 "-" "Mozilla/5.0 (Windows NT 10.0; Win64; x64) AppleWebKit/537.36 (KHTML, like Gecko) Chrome/93.0.4577.0 Safari/537.36"
212.47.235.234 - - [22/Dec/2021:22:08:06 +0100] "GET /media/com_jchoptimize/cache/js/667004587746e19b4d17eea58269cba7.js HTTP/1.1" 200 58823 "https://lager-techniek.eu/index.php/askquestion/form?category_id=227&product_id=25257&type=1&tmpl=component" "Mozilla/5.0 (Windows NT 10.0; Win64; x64) AppleWebKit/537.36 (KHTML, like Gecko) Chrome/93.0.4577.0 Safari/537.36"
66.249.66.198 - - [22/Dec/2021:22:08:10 +0100] "GET /index.php/tandriemschijf-l075/66l075gy HTTP/1.1" 200 13886 "-" "Mozilla/5.0 (Linux; Android 6.0.1; Nexus 5X Build/MMB29P) AppleWebKit/537.36 (KHTML, like Gecko) Chrome/96.0.4664.110 Mobile Safari/537.36 (compatible; Googlebot/2.1; +http://www.google.com/bot.html)"
54.36.148.227 - - [22/Dec/2021:22:08:17 +0100] "GET /index.php/askquestion/form?category_id=22&product_id=26590&type=1&tmpl=component HTTP/1.1" 200 2416 "-" "Mozilla/5.0 (compatible; AhrefsBot/7.0; +http://ahrefs.com/robot/)"
54.36.148.227 - - [22/Dec/2021:22:08:28 +0100] "GET /index.php/nu-2200-range/nsk-nu2217etc3 HTTP/1.1" 200 14042 "-" "Mozilla/5.0 (compatible; AhrefsBot/7.0; +http://ahrefs.com/robot/)"
54.36.148.227 - - [22/Dec/2021:22:08:42 +0100] "GET /index.php/20-range/contitech-20x1000 HTTP/1.1" 200 14058 "-" "Mozilla/5.0 (compatible; AhrefsBot/7.0; +http://ahrefs.com/robot/)"
54.36.148.227 - - [22/Dec/2021:22:08:56 +0100] "GET /index.php/askquestion/form?category_id=450&product_id=48650&type=1&tmpl=component HTTP/1.1" 200 2418 "-" "Mozilla/5.0 (compatible; AhrefsBot/7.0; +http://ahrefs.com/robot/)"
89.146.3.50 - - [22/Dec/2021:22:08:58 +0100] "GET /index.php/component/ajax/?format=json HTTP/1.1" 200 758 "https://www.lager-techniek.eu/index.php/spa-range/optibelt-spa1600" "Mozilla/5.0 (Windows NT 10.0; Win64; x64) AppleWebKit/537.36 (KHTML, like Gecko) Chrome/96.0.4664.110 Safari/537.36 Edg/96.0.1054.62"
54.36.148.227 - - [22/Dec/2021:22:09:09 +0100] "GET /index.php/askquestion/form?category_id=22&product_id=27929&type=1&tmpl=component HTTP/1.1" 200 2448 "-" "Mozilla/5.0 (compatible; AhrefsBot/7.0; +http://ahrefs.com/robot/)"
66.249.66.195 - - [22/Dec/2021:22:09:12 +0100] "GET /index.php/bs2-range/skf-bs222242rs5vt143 HTTP/1.1" 200 13813 "-" "Mozilla/5.0 (Linux; Android 6.0.1; Nexus 5X Build/MMB29P) AppleWebKit/537.36 (KHTML, like Gecko) Chrome/96.0.4664.110 Mobile Safari/537.36 (compatible; Googlebot/2.1; +http://www.google.com/bot.html)"
66.249.66.8 - - [22/Dec/2021:22:09:16 +0100] "GET /index.php/tandriemen-5m/gates-8605m25gt3 HTTP/1.1" 200 15260 "-" "Mozilla/5.0 (Linux; Android 6.0.1; Nexus 5X Build/MMB29P) AppleWebKit/537.36 (KHTML, like Gecko) Chrome/96.0.4664.110 Mobile Safari/537.36 (compatible; Googlebot/2.1; +http://www.google.com/bot.html)"
54.36.148.227 - - [22/Dec/2021:22:09:22 +0100] "GET /index.php/20-range/contitech-20x1060 HTTP/1.1" 200 14072 "-" "Mozilla/5.0 (compatible; AhrefsBot/7.0; +http://ahrefs.com/robot/)"
178.118.52.254 - - [22/Dec/2021:22:09:32 +0100] "GET /index.php/component/ajax/?format=json HTTP/1.1" 200 758 "https://www.lager-techniek.eu/index.php/tandriemen-3m/gates-2883m15" "Mozilla/5.0 (Windows NT 10.0; Win64; x64) AppleWebKit/537.36 (KHTML, like Gecko) Chrome/96.0.4664.110 Safari/537.36"
54.36.148.227 - - [22/Dec/2021:22:09:35 +0100] "GET /index.php/borgmoer/fag-km28 HTTP/1.1" 200 14279 "-" "Mozilla/5.0 (compatible; AhrefsBot/7.0; +http://ahrefs.com/robot/)"
54.36.148.227 - - [22/Dec/2021:22:09:49 +0100] "GET /index.php/askquestion/form?category_id=382&product_id=10441&type=1&tmpl=component HTTP/1.1" 200 2423 "-" "Mozilla/5.0 (compatible; AhrefsBot/7.0; +http://ahrefs.com/robot/)"
66.249.66.195 - - [22/Dec/2021:22:09:51 +0100] "GET /index.php/52200-range/fag-52214 HTTP/1.1" 200 13618 "-" "Mozilla/5.0 (compatible; Googlebot/2.1; +http://www.google.com/bot.html)"
54.36.148.227 - - [22/Dec/2021:22:10:02 +0100] "GET /index.php/n-200-range/fag-n218exlm1c3 HTTP/1.1" 200 13873 "-" "Mozilla/5.0 (compatible; AhrefsBot/7.0; +http://ahrefs.com/robot/)"
54.36.148.227 - - [22/Dec/2021:22:10:12 +0100] "GET /index.php/askquestion/form?category_id=8&product_id=25879&type=1&tmpl=component HTTP/1.1" 200 2411 "-" "Mozilla/5.0 (compatible; AhrefsBot/7.0; +http://ahrefs.com/robot/)"
54.36.148.227 - - [22/Dec/2021:22:10:23 +0100] "GET /index.php/askquestion/form?category_id=32&product_id=12949&type=1&tmpl=component HTTP/1.1" 200 2402 "-" "Mozilla/5.0 (compatible; AhrefsBot/7.0; +http://ahrefs.com/robot/)"
217.123.82.92 - - [22/Dec/2021:22:10:23 +0100] "GET /index.php/component/ajax/?format=json HTTP/1.1" 200 758 "https://www.lager-techniek.eu/index.php/duplex-rollenketting/vbchain-rk24b2" "Mozilla/5.0 (Windows NT 10.0; Win64; x64) AppleWebKit/537.36 (KHTML, like Gecko) Chrome/96.0.4664.110 Safari/537.36"
37.78.239.188 - - [22/Dec/2021:22:10:26 +0100] "GET / HTTP/1.0" 301 659 "http://lager-techniek.eu/" "Mozilla/5.0 (Windows NT 6.3; Win64; x64) AppleWebKit/537.36 (KHTML, like Gecko) Chrome/90.0.4430.72 Safari/537.36 Edg/90.0.818.42"
