2a02:a44e:1641:1:d5f0:81a9:cc60:fa63 - - [22/Dec/2021:21:20:48 +0100] "GET /components/com_jshopping/files/img_products/img_dgbbzsbs.jpg HTTP/1.1" 200 11264 "https://www.lager-techniek.eu/index.php/miniatuur-range/skf-6262z" "Mozilla/5.0 (Windows NT 10.0; Win64; x64) AppleWebKit/537.36 (KHTML, like Gecko) Chrome/96.0.4664.110 Safari/537.36"
2a02:a44e:1641:1:d5f0:81a9:cc60:fa63 - - [22/Dec/2021:21:20:48 +0100] "GET /components/com_jshopping/files/img_products/img_dgbbzz.jpg HTTP/1.1" 200 11779 "https://www.lager-techniek.eu/index.php/miniatuur-range/skf-6262z" "Mozilla/5.0 (Windows NT 10.0; Win64; x64) AppleWebKit/537.36 (KHTML, like Gecko) Chrome/96.0.4664.110 Safari/537.36"
2a02:a44e:1641:1:d5f0:81a9:cc60:fa63 - - [22/Dec/2021:21:20:48 +0100] "GET /media/com_jchoptimize/cache/js/cbfaaa989b7f47db41609187c5d14bd7.js HTTP/1.1" 200 101189 "https://www.lager-techniek.eu/index.php/miniatuur-range/skf-6262z" "Mozilla/5.0 (Windows NT 10.0; Win64; x64) AppleWebKit/537.36 (KHTML, like Gecko) Chrome/96.0.4664.110 Safari/537.36"
2a02:a44e:1641:1:d5f0:81a9:cc60:fa63 - - [22/Dec/2021:21:20:48 +0100] "GET /components/com_jshopping/images/print.png HTTP/1.1" 200 735 "https://www.lager-techniek.eu/index.php/miniatuur-range/skf-6262z" "Mozilla/5.0 (Windows NT 10.0; Win64; x64) AppleWebKit/537.36 (KHTML, like Gecko) Chrome/96.0.4664.110 Safari/537.36"
2a02:a44e:1641:1:d5f0:81a9:cc60:fa63 - - [22/Dec/2021:21:20:48 +0100] "GET /components/com_jshopping/files/img_products/thumb_img_dgbbzsbs.jpg HTTP/1.1" 200 4499 "https://www.lager-techniek.eu/index.php/miniatuur-range/skf-6262z" "Mozilla/5.0 (Windows NT 10.0; Win64; x64) AppleWebKit/537.36 (KHTML, like Gecko) Chrome/96.0.4664.110 Safari/537.36"
2a02:a44e:1641:1:d5f0:81a9:cc60:fa63 - - [22/Dec/2021:21:20:48 +0100] "GET /images/Lengteberekening.jpg HTTP/1.1" 200 10994 "https://www.lager-techniek.eu/index.php/miniatuur-range/skf-6262z" "Mozilla/5.0 (Windows NT 10.0; Win64; x64) AppleWebKit/537.36 (KHTML, like Gecko) Chrome/96.0.4664.110 Safari/537.36"
2a02:a44e:1641:1:d5f0:81a9:cc60:fa63 - - [22/Dec/2021:21:20:48 +0100] "GET /components/com_jshopping/files/img_products/thumb_img_img_dgbbzz.jpg HTTP/1.1" 200 6988 "https://www.lager-techniek.eu/index.php/miniatuur-range/skf-6262z" "Mozilla/5.0 (Windows NT 10.0; Win64; x64) AppleWebKit/537.36 (KHTML, like Gecko) Chrome/96.0.4664.110 Safari/537.36"
2a02:a44e:1641:1:d5f0:81a9:cc60:fa63 - - [22/Dec/2021:21:20:48 +0100] "GET /components/com_jshopping/files/img_products/thumb_img_dgbbzz.jpg HTTP/1.1" 200 7052 "https://www.lager-techniek.eu/index.php/miniatuur-range/skf-6262z" "Mozilla/5.0 (Windows NT 10.0; Win64; x64) AppleWebKit/537.36 (KHTML, like Gecko) Chrome/96.0.4664.110 Safari/537.36"
2a02:a44e:1641:1:d5f0:81a9:cc60:fa63 - - [22/Dec/2021:21:20:48 +0100] "GET /components/com_jshopping/files/img_products/img_www.lager-techniek.eu_SKF_GroefKogellager.jpg HTTP/1.1" 200 10276 "https://www.lager-techniek.eu/index.php/miniatuur-range/skf-6262z" "Mozilla/5.0 (Windows NT 10.0; Win64; x64) AppleWebKit/537.36 (KHTML, like Gecko) Chrome/96.0.4664.110 Safari/537.36"
2a02:a44e:1641:1:d5f0:81a9:cc60:fa63 - - [22/Dec/2021:21:20:48 +0100] "GET /images/DPD.jpg HTTP/1.1" 200 7428 "https://www.lager-techniek.eu/index.php/miniatuur-range/skf-6262z" "Mozilla/5.0 (Windows NT 10.0; Win64; x64) AppleWebKit/537.36 (KHTML, like Gecko) Chrome/96.0.4664.110 Safari/537.36"
2a02:a44e:1641:1:d5f0:81a9:cc60:fa63 - - [22/Dec/2021:21:20:48 +0100] "GET /images/Postnl.jpg HTTP/1.1" 200 10478 "https://www.lager-techniek.eu/index.php/miniatuur-range/skf-6262z" "Mozilla/5.0 (Windows NT 10.0; Win64; x64) AppleWebKit/537.36 (KHTML, like Gecko) Chrome/96.0.4664.110 Safari/537.36"
2a02:a44e:1641:1:d5f0:81a9:cc60:fa63 - - [22/Dec/2021:21:20:48 +0100] "GET /images/index.jpg HTTP/1.1" 200 5654 "https://www.lager-techniek.eu/index.php/miniatuur-range/skf-6262z" "Mozilla/5.0 (Windows NT 10.0; Win64; x64) AppleWebKit/537.36 (KHTML, like Gecko) Chrome/96.0.4664.110 Safari/537.36"
2a02:a44e:1641:1:d5f0:81a9:cc60:fa63 - - [22/Dec/2021:21:20:48 +0100] "GET /components/com_jshopping/files/img_products/thumb_img_www.lager-techniek.eu_SKF_GroefKogellager.jpg HTTP/1.1" 200 5636 "https://www.lager-techniek.eu/index.php/miniatuur-range/skf-6262z" "Mozilla/5.0 (Windows NT 10.0; Win64; x64) AppleWebKit/537.36 (KHTML, like Gecko) Chrome/96.0.4664.110 Safari/537.36"
2a02:a44e:1641:1:d5f0:81a9:cc60:fa63 - - [22/Dec/2021:21:20:48 +0100] "GET /images/UPS.jpg HTTP/1.1" 200 6889 "https://www.lager-techniek.eu/index.php/miniatuur-range/skf-6262z" "Mozilla/5.0 (Windows NT 10.0; Win64; x64) AppleWebKit/537.36 (KHTML, like Gecko) Chrome/96.0.4664.110 Safari/537.36"
2a02:a44e:1641:1:d5f0:81a9:cc60:fa63 - - [22/Dec/2021:21:20:48 +0100] "GET /images/Mollienancontact.jpg HTTP/1.1" 200 9278 "https://www.lager-techniek.eu/index.php/miniatuur-range/skf-6262z" "Mozilla/5.0 (Windows NT 10.0; Win64; x64) AppleWebKit/537.36 (KHTML, like Gecko) Chrome/96.0.4664.110 Safari/537.36"
2a02:a44e:1641:1:d5f0:81a9:cc60:fa63 - - [22/Dec/2021:21:20:48 +0100] "GET /images/MollieIdeal.png HTTP/1.1" 200 15837 "https://www.lager-techniek.eu/index.php/miniatuur-range/skf-6262z" "Mozilla/5.0 (Windows NT 10.0; Win64; x64) AppleWebKit/537.36 (KHTML, like Gecko) Chrome/96.0.4664.110 Safari/537.36"
2a02:a44e:1641:1:d5f0:81a9:cc60:fa63 - - [22/Dec/2021:21:20:48 +0100] "GET /images/paypal.jpg HTTP/1.1" 200 2557 "https://www.lager-techniek.eu/index.php/miniatuur-range/skf-6262z" "Mozilla/5.0 (Windows NT 10.0; Win64; x64) AppleWebKit/537.36 (KHTML, like Gecko) Chrome/96.0.4664.110 Safari/537.36"
2a02:a44e:1641:1:d5f0:81a9:cc60:fa63 - - [22/Dec/2021:21:20:48 +0100] "GET /images/images.jpg HTTP/1.1" 200 5841 "https://www.lager-techniek.eu/index.php/miniatuur-range/skf-6262z" "Mozilla/5.0 (Windows NT 10.0; Win64; x64) AppleWebKit/537.36 (KHTML, like Gecko) Chrome/96.0.4664.110 Safari/537.36"
2a02:a44e:1641:1:d5f0:81a9:cc60:fa63 - - [22/Dec/2021:21:20:48 +0100] "GET /images/bank.jpg HTTP/1.1" 200 2955 "https://www.lager-techniek.eu/index.php/miniatuur-range/skf-6262z" "Mozilla/5.0 (Windows NT 10.0; Win64; x64) AppleWebKit/537.36 (KHTML, like Gecko) Chrome/96.0.4664.110 Safari/537.36"
2a02:a44e:1641:1:d5f0:81a9:cc60:fa63 - - [22/Dec/2021:21:20:48 +0100] "GET /images/achteraf.jpg HTTP/1.1" 200 2428 "https://www.lager-techniek.eu/index.php/miniatuur-range/skf-6262z" "Mozilla/5.0 (Windows NT 10.0; Win64; x64) AppleWebKit/537.36 (KHTML, like Gecko) Chrome/96.0.4664.110 Safari/537.36"
2a02:a44e:1641:1:d5f0:81a9:cc60:fa63 - - [22/Dec/2021:21:20:48 +0100] "GET /media/com_jchoptimize/cache/js/af1111cf1dcd0f1d7258d5fa2fddab4c.js HTTP/1.1" 200 1504 "https://www.lager-techniek.eu/index.php/miniatuur-range/skf-6262z" "Mozilla/5.0 (Windows NT 10.0; Win64; x64) AppleWebKit/537.36 (KHTML, like Gecko) Chrome/96.0.4664.110 Safari/537.36"
2a02:a44e:1641:1:d5f0:81a9:cc60:fa63 - - [22/Dec/2021:21:20:48 +0100] "GET /components/com_jshopping/images/star.gif HTTP/1.1" 200 1171 "https://www.lager-techniek.eu/media/com_jchoptimize/cache/css/e3aaa5baf7724231080a3c38514acb60.css" "Mozilla/5.0 (Windows NT 10.0; Win64; x64) AppleWebKit/537.36 (KHTML, like Gecko) Chrome/96.0.4664.110 Safari/537.36"
2a02:a44e:1641:1:d5f0:81a9:cc60:fa63 - - [22/Dec/2021:21:20:48 +0100] "GET /media/jui/fonts/IcoMoon.woff HTTP/1.1" 200 25867 "https://www.lager-techniek.eu/media/com_jchoptimize/cache/css/e3aaa5baf7724231080a3c38514acb60.css" "Mozilla/5.0 (Windows NT 10.0; Win64; x64) AppleWebKit/537.36 (KHTML, like Gecko) Chrome/96.0.4664.110 Safari/537.36"
2a02:a44e:1641:1:d5f0:81a9:cc60:fa63 - - [22/Dec/2021:21:20:50 +0100] "GET /templates/protostar/favicon.ico HTTP/1.1" 200 1465 "https://www.lager-techniek.eu/index.php/miniatuur-range/skf-6262z" "Mozilla/5.0 (Windows NT 10.0; Win64; x64) AppleWebKit/537.36 (KHTML, like Gecko) Chrome/96.0.4664.110 Safari/537.36"
54.36.148.227 - - [22/Dec/2021:21:20:57 +0100] "GET /index.php/tandstaf-t5/t532 HTTP/1.1" 200 13731 "-" "Mozilla/5.0 (compatible; AhrefsBot/7.0; +http://ahrefs.com/robot/)"
193.104.159.11 - - [22/Dec/2021:21:21:11 +0100] "GET /index.php/component/ajax/?format=json HTTP/1.1" 200 758 "https://www.lager-techniek.eu/index.php/2200-range/fag-22032rstvh" "Mozilla/5.0 (Windows NT 10.0; Win64; x64) AppleWebKit/537.36 (KHTML, like Gecko) Chrome/96.0.4664.110 Safari/537.36 Edg/96.0.1054.62"
54.36.148.227 - - [22/Dec/2021:21:21:12 +0100] "GET /index.php/72-range/skf-7210acdp4adgb HTTP/1.1" 200 14028 "-" "Mozilla/5.0 (compatible; AhrefsBot/7.0; +http://ahrefs.com/robot/)"
77.88.5.60 - - [22/Dec/2021:21:21:13 +0100] "GET /index.php/ge-fw-range/elges-ge25fw HTTP/1.1" 404 5349 "-" "Mozilla/5.0 (compatible; YandexBot/3.0; +http://yandex.com/bots)"
54.36.148.227 - - [22/Dec/2021:21:21:29 +0100] "GET /index.php/askquestion/form?category_id=1010&product_id=44265&type=1&tmpl=component HTTP/1.1" 200 2439 "-" "Mozilla/5.0 (compatible; AhrefsBot/7.0; +http://ahrefs.com/robot/)"
51.15.239.61 - - [22/Dec/2021:21:21:32 +0100] "GET /index.php/askquestion/form?category_id=409&product_id=16396&type=1&tmpl=component HTTP/1.1" 200 2423 "-" "Mozilla/5.0 (Windows NT 10.0; Win64; x64) AppleWebKit/537.36 (KHTML, like Gecko) Chrome/93.0.4577.0 Safari/537.36"
51.15.239.61 - - [22/Dec/2021:21:21:33 +0100] "GET /media/com_jchoptimize/cache/js/bc1a946250916c42d9eb7c4b9da5e320.js HTTP/1.1" 200 58821 "https://lager-techniek.eu/index.php/askquestion/form?category_id=409&product_id=16396&type=1&tmpl=component" "Mozilla/5.0 (Windows NT 10.0; Win64; x64) AppleWebKit/537.36 (KHTML, like Gecko) Chrome/93.0.4577.0 Safari/537.36"
91.183.150.180 - - [22/Dec/2021:21:21:35 +0100] "GET /index.php/component/ajax/?format=json HTTP/1.1" 200 758 "https://www.lager-techniek.eu/index.php/overig/skf-tmft36" "Mozilla/5.0 (Windows NT 6.3; Win64; x64) AppleWebKit/537.36 (KHTML, like Gecko) Chrome/96.0.4664.110 Safari/537.36"
54.36.148.227 - - [22/Dec/2021:21:21:47 +0100] "GET /index.php/askquestion/form?category_id=968&product_id=49339&type=1&tmpl=component HTTP/1.1" 200 2462 "-" "Mozilla/5.0 (compatible; AhrefsBot/7.0; +http://ahrefs.com/robot/)"
163.172.187.86 - - [22/Dec/2021:21:21:52 +0100] "GET /index.php/askquestion/form?category_id=389&product_id=11816&type=1&tmpl=component HTTP/1.1" 200 2453 "-" "Mozilla/5.0 (Windows NT 10.0; Win64; x64) AppleWebKit/537.36 (KHTML, like Gecko) Chrome/93.0.4577.0 Safari/537.36"
163.172.187.86 - - [22/Dec/2021:21:21:52 +0100] "GET /media/com_jchoptimize/cache/js/fb064ecfbc4455526c282af60ccef50e.js HTTP/1.1" 200 58786 "https://lager-techniek.eu/index.php/askquestion/form?category_id=389&product_id=11816&type=1&tmpl=component" "Mozilla/5.0 (Windows NT 10.0; Win64; x64) AppleWebKit/537.36 (KHTML, like Gecko) Chrome/93.0.4577.0 Safari/537.36"
217.121.198.136 - - [22/Dec/2021:21:21:55 +0100] "GET /index.php/rvs-range/skf-w62002rs1 HTTP/1.1" 200 14151 "https://www.google.com/" "Mozilla/5.0 (Linux; Android 11; CPH2021) AppleWebKit/537.36 (KHTML, like Gecko) Chrome/96.0.4664.104 Mobile Safari/537.36"
217.121.198.136 - - [22/Dec/2021:21:21:55 +0100] "GET /media/com_jchoptimize/cache/css/e3aaa5baf7724231080a3c38514acb60.css HTTP/1.1" 200 32225 "https://www.lager-techniek.eu/index.php/rvs-range/skf-w62002rs1" "Mozilla/5.0 (Linux; Android 11; CPH2021) AppleWebKit/537.36 (KHTML, like Gecko) Chrome/96.0.4664.104 Mobile Safari/537.36"
217.121.198.136 - - [22/Dec/2021:21:21:55 +0100] "GET /media/system/images/arrow.png HTTP/1.1" 200 462 "https://www.lager-techniek.eu/index.php/rvs-range/skf-w62002rs1" "Mozilla/5.0 (Linux; Android 11; CPH2021) AppleWebKit/537.36 (KHTML, like Gecko) Chrome/96.0.4664.104 Mobile Safari/537.36"
217.121.198.136 - - [22/Dec/2021:21:21:55 +0100] "GET /media/com_jchoptimize/cache/js/af1111cf1dcd0f1d7258d5fa2fddab4c.js HTTP/1.1" 200 1504 "https://www.lager-techniek.eu/index.php/rvs-range/skf-w62002rs1" "Mozilla/5.0 (Linux; Android 11; CPH2021) AppleWebKit/537.36 (KHTML, like Gecko) Chrome/96.0.4664.104 Mobile Safari/537.36"
217.121.198.136 - - [22/Dec/2021:21:21:55 +0100] "GET /media/com_jchoptimize/cache/js/06f37f52e42f8f6a99fa2b3e8e79d821.js HTTP/1.1" 200 20629 "https://www.lager-techniek.eu/index.php/rvs-range/skf-w62002rs1" "Mozilla/5.0 (Linux; Android 11; CPH2021) AppleWebKit/537.36 (KHTML, like Gecko) Chrome/96.0.4664.104 Mobile Safari/537.36"
217.121.198.136 - - [22/Dec/2021:21:21:55 +0100] "GET /media/com_jchoptimize/cache/js/1ce61f4221cfba173d0ebedab1afc544.js HTTP/1.1" 200 101190 "https://www.lager-techniek.eu/index.php/rvs-range/skf-w62002rs1" "Mozilla/5.0 (Linux; Android 11; CPH2021) AppleWebKit/537.36 (KHTML, like Gecko) Chrome/96.0.4664.104 Mobile Safari/537.36"
217.121.198.136 - - [22/Dec/2021:21:21:55 +0100] "GET /components/com_jshopping/images/star.gif HTTP/1.1" 200 1171 "https://www.lager-techniek.eu/media/com_jchoptimize/cache/css/e3aaa5baf7724231080a3c38514acb60.css" "Mozilla/5.0 (Linux; Android 11; CPH2021) AppleWebKit/537.36 (KHTML, like Gecko) Chrome/96.0.4664.104 Mobile Safari/537.36"
217.121.198.136 - - [22/Dec/2021:21:21:55 +0100] "GET /media/jui/fonts/IcoMoon.woff HTTP/1.1" 200 25867 "https://www.lager-techniek.eu/media/com_jchoptimize/cache/css/e3aaa5baf7724231080a3c38514acb60.css" "Mozilla/5.0 (Linux; Android 11; CPH2021) AppleWebKit/537.36 (KHTML, like Gecko) Chrome/96.0.4664.104 Mobile Safari/537.36"
217.121.198.136 - - [22/Dec/2021:21:21:55 +0100] "GET /images/banner12-lager-techniek.eu.jpg HTTP/1.1" 200 17827 "https://www.lager-techniek.eu/index.php/rvs-range/skf-w62002rs1" "Mozilla/5.0 (Linux; Android 11; CPH2021) AppleWebKit/537.36 (KHTML, like Gecko) Chrome/96.0.4664.104 Mobile Safari/537.36"
217.121.198.136 - - [22/Dec/2021:21:21:55 +0100] "GET /modules/mod_gtranslate/tmpl/lang/16/en.png HTTP/1.1" 200 1063 "https://www.lager-techniek.eu/index.php/rvs-range/skf-w62002rs1" "Mozilla/5.0 (Linux; Android 11; CPH2021) AppleWebKit/537.36 (KHTML, like Gecko) Chrome/96.0.4664.104 Mobile Safari/537.36"
217.121.198.136 - - [22/Dec/2021:21:21:55 +0100] "GET /modules/mod_gtranslate/tmpl/lang/16/fr.png HTTP/1.1" 200 802 "https://www.lager-techniek.eu/index.php/rvs-range/skf-w62002rs1" "Mozilla/5.0 (Linux; Android 11; CPH2021) AppleWebKit/537.36 (KHTML, like Gecko) Chrome/96.0.4664.104 Mobile Safari/537.36"
217.121.198.136 - - [22/Dec/2021:21:21:55 +0100] "GET /modules/mod_gtranslate/tmpl/lang/16/de.png HTTP/1.1" 200 747 "https://www.lager-techniek.eu/index.php/rvs-range/skf-w62002rs1" "Mozilla/5.0 (Linux; Android 11; CPH2021) AppleWebKit/537.36 (KHTML, like Gecko) Chrome/96.0.4664.104 Mobile Safari/537.36"
217.121.198.136 - - [22/Dec/2021:21:21:55 +0100] "GET /modules/mod_gtranslate/tmpl/lang/16/it.png HTTP/1.1" 200 796 "https://www.lager-techniek.eu/index.php/rvs-range/skf-w62002rs1" "Mozilla/5.0 (Linux; Android 11; CPH2021) AppleWebKit/537.36 (KHTML, like Gecko) Chrome/96.0.4664.104 Mobile Safari/537.36"
217.121.198.136 - - [22/Dec/2021:21:21:55 +0100] "GET /modules/mod_gtranslate/tmpl/lang/16/pt.png HTTP/1.1" 200 947 "https://www.lager-techniek.eu/index.php/rvs-range/skf-w62002rs1" "Mozilla/5.0 (Linux; Android 11; CPH2021) AppleWebKit/537.36 (KHTML, like Gecko) Chrome/96.0.4664.104 Mobile Safari/537.36"
217.121.198.136 - - [22/Dec/2021:21:21:56 +0100] "GET /modules/mod_gtranslate/tmpl/lang/16/ru.png HTTP/1.1" 200 706 "https://www.lager-techniek.eu/index.php/rvs-range/skf-w62002rs1" "Mozilla/5.0 (Linux; Android 11; CPH2021) AppleWebKit/537.36 (KHTML, like Gecko) Chrome/96.0.4664.104 Mobile Safari/537.36"
217.121.198.136 - - [22/Dec/2021:21:21:56 +0100] "GET /modules/mod_gtranslate/tmpl/lang/16/es.png HTTP/1.1" 200 849 "https://www.lager-techniek.eu/index.php/rvs-range/skf-w62002rs1" "Mozilla/5.0 (Linux; Android 11; CPH2021) AppleWebKit/537.36 (KHTML, like Gecko) Chrome/96.0.4664.104 Mobile Safari/537.36"
217.121.198.136 - - [22/Dec/2021:21:21:56 +0100] "GET /components/com_jshopping/images/print.png HTTP/1.1" 200 735 "https://www.lager-techniek.eu/index.php/rvs-range/skf-w62002rs1" "Mozilla/5.0 (Linux; Android 11; CPH2021) AppleWebKit/537.36 (KHTML, like Gecko) Chrome/96.0.4664.104 Mobile Safari/537.36"
217.121.198.136 - - [22/Dec/2021:21:21:56 +0100] "GET /components/com_jshopping/files/img_products/img_dgbb2rs.jpg HTTP/1.1" 200 28728 "https://www.lager-techniek.eu/index.php/rvs-range/skf-w62002rs1" "Mozilla/5.0 (Linux; Android 11; CPH2021) AppleWebKit/537.36 (KHTML, like Gecko) Chrome/96.0.4664.104 Mobile Safari/537.36"
217.121.198.136 - - [22/Dec/2021:21:21:56 +0100] "GET /components/com_jshopping/images/search.png HTTP/1.1" 200 847 "https://www.lager-techniek.eu/index.php/rvs-range/skf-w62002rs1" "Mozilla/5.0 (Linux; Android 11; CPH2021) AppleWebKit/537.36 (KHTML, like Gecko) Chrome/96.0.4664.104 Mobile Safari/537.36"
217.121.198.136 - - [22/Dec/2021:21:21:56 +0100] "GET /components/com_jshopping/files/img_products/img_DGBBRSBS1.jpg HTTP/1.1" 200 31352 "https://www.lager-techniek.eu/index.php/rvs-range/skf-w62002rs1" "Mozilla/5.0 (Linux; Android 11; CPH2021) AppleWebKit/537.36 (KHTML, like Gecko) Chrome/96.0.4664.104 Mobile Safari/537.36"
217.121.198.136 - - [22/Dec/2021:21:21:56 +0100] "GET /components/com_jshopping/files/img_products/img_www.lager-techniek.eu_SKF_GroefKogellager.jpg HTTP/1.1" 200 10276 "https://www.lager-techniek.eu/index.php/rvs-range/skf-w62002rs1" "Mozilla/5.0 (Linux; Android 11; CPH2021) AppleWebKit/537.36 (KHTML, like Gecko) Chrome/96.0.4664.104 Mobile Safari/537.36"
217.121.198.136 - - [22/Dec/2021:21:21:56 +0100] "GET /components/com_jshopping/files/img_products/thumb_img_dgbb2rs.jpg HTTP/1.1" 200 15141 "https://www.lager-techniek.eu/index.php/rvs-range/skf-w62002rs1" "Mozilla/5.0 (Linux; Android 11; CPH2021) AppleWebKit/537.36 (KHTML, like Gecko) Chrome/96.0.4664.104 Mobile Safari/537.36"
217.121.198.136 - - [22/Dec/2021:21:21:56 +0100] "GET /components/com_jshopping/files/img_products/thumb_img_www.lager-techniek.eu_SKF_GroefKogellager.jpg HTTP/1.1" 200 5636 "https://www.lager-techniek.eu/index.php/rvs-range/skf-w62002rs1" "Mozilla/5.0 (Linux; Android 11; CPH2021) AppleWebKit/537.36 (KHTML, like Gecko) Chrome/96.0.4664.104 Mobile Safari/537.36"
217.121.198.136 - - [22/Dec/2021:21:21:56 +0100] "GET /components/com_jshopping/files/img_products/thumb_img_DGBBRSBS1.jpg HTTP/1.1" 200 10563 "https://www.lager-techniek.eu/index.php/rvs-range/skf-w62002rs1" "Mozilla/5.0 (Linux; Android 11; CPH2021) AppleWebKit/537.36 (KHTML, like Gecko) Chrome/96.0.4664.104 Mobile Safari/537.36"
217.121.198.136 - - [22/Dec/2021:21:21:57 +0100] "GET /templates/protostar/favicon.ico HTTP/1.1" 200 1465 "https://www.lager-techniek.eu/index.php/rvs-range/skf-w62002rs1" "Mozilla/5.0 (Linux; Android 11; CPH2021) AppleWebKit/537.36 (KHTML, like Gecko) Chrome/96.0.4664.104 Mobile Safari/537.36"
217.121.198.136 - - [22/Dec/2021:21:21:58 +0100] "GET /images/Lengteberekening.jpg HTTP/1.1" 200 10994 "https://www.lager-techniek.eu/index.php/rvs-range/skf-w62002rs1" "Mozilla/5.0 (Linux; Android 11; CPH2021) AppleWebKit/537.36 (KHTML, like Gecko) Chrome/96.0.4664.104 Mobile Safari/537.36"
185.178.235.166 - - [22/Dec/2021:21:22:00 +0100] "GET /index.php/component/ajax/?format=json HTTP/1.1" 200 758 "https://www.lager-techniek.eu/index.php/kettingspanwiel/ina-ksr16l010101408" "Mozilla/5.0 (Windows NT 10.0; Win64; x64) AppleWebKit/537.36 (KHTML, like Gecko) Chrome/96.0.4664.45 Safari/537.36"
54.36.148.227 - - [22/Dec/2021:21:22:02 +0100] "GET /index.php/70-range-precisie-spindel/skf-7020acdp4a HTTP/1.1" 200 13797 "-" "Mozilla/5.0 (compatible; AhrefsBot/7.0; +http://ahrefs.com/robot/)"
66.249.92.140 - - [22/Dec/2021:21:22:04 +0100] "GET /index.php/simplex-rollenketting/vbchain-rk06b1 HTTP/1.1" 200 15129 "-" "AdsBot-Google (+http://www.google.com/adsbot.html)"
54.36.148.227 - - [22/Dec/2021:21:22:20 +0100] "GET /index.php/askquestion/form?category_id=1010&product_id=44266&type=1&tmpl=component HTTP/1.1" 200 2419 "-" "Mozilla/5.0 (compatible; AhrefsBot/7.0; +http://ahrefs.com/robot/)"
77.226.249.91 - - [22/Dec/2021:21:22:28 +0100] "GET /index.php/component/ajax/?format=json HTTP/1.1" 200 758 "https://www.lager-techniek.eu/index.php/a-range/contitech-13x3650" "Mozilla/5.0 (Windows NT 10.0; Win64; x64) AppleWebKit/537.36 (KHTML, like Gecko) Chrome/96.0.4664.55 Safari/537.36 Edg/96.0.1054.43"
54.36.148.227 - - [22/Dec/2021:21:22:32 +0100] "GET /index.php/askquestion/form?category_id=1010&product_id=44268&type=1&tmpl=component HTTP/1.1" 200 2417 "-" "Mozilla/5.0 (compatible; AhrefsBot/7.0; +http://ahrefs.com/robot/)"
82.75.56.74 - - [22/Dec/2021:21:22:43 +0100] "GET /index.php/component/ajax/?format=json HTTP/1.1" 200 758 "https://www.lager-techniek.eu/index.php/6000-range/fag-60032rsr" "Mozilla/5.0 (Windows NT 10.0; Win64; x64; rv:95.0) Gecko/20100101 Firefox/95.0"
54.36.148.227 - - [22/Dec/2021:21:22:45 +0100] "GET /index.php/23200-range/skf-23220-cckc2w33 HTTP/1.1" 200 14090 "-" "Mozilla/5.0 (compatible; AhrefsBot/7.0; +http://ahrefs.com/robot/)"
90.145.217.226 - - [22/Dec/2021:21:22:53 +0100] "GET /index.php/component/ajax/?format=json HTTP/1.1" 200 758 "https://www.lager-techniek.eu/index.php/met-flens/permaglide-paf25215-p11" "Mozilla/5.0 (Windows NT 10.0; Win64; x64) AppleWebKit/537.36 (KHTML, like Gecko) Chrome/96.0.4664.45 Safari/537.36"
54.36.148.227 - - [22/Dec/2021:21:23:00 +0100] "GET /index.php/askquestion/form?category_id=406&product_id=16322&type=1&tmpl=component HTTP/1.1" 200 2409 "-" "Mozilla/5.0 (compatible; AhrefsBot/7.0; +http://ahrefs.com/robot/)"
66.249.66.4 - - [22/Dec/2021:21:23:02 +0100] "GET /index.php/6300-range/nsk-6306c3 HTTP/1.1" 200 14470 "-" "Mozilla/5.0 (compatible; Googlebot/2.1; +http://www.google.com/bot.html)"
54.36.148.227 - - [22/Dec/2021:21:23:12 +0100] "GET /index.php/askquestion/form?category_id=1010&product_id=44271&type=1&tmpl=component HTTP/1.1" 200 2438 "-" "Mozilla/5.0 (compatible; AhrefsBot/7.0; +http://ahrefs.com/robot/)"
66.249.66.195 - - [22/Dec/2021:21:23:22 +0100] "GET /index.php/22300-range/fag-22315e1xl HTTP/1.1" 200 13980 "-" "Mozilla/5.0 (Linux; Android 6.0.1; Nexus 5X Build/MMB29P) AppleWebKit/537.36 (KHTML, like Gecko) Chrome/96.0.4664.110 Mobile Safari/537.36 (compatible; Googlebot/2.1; +http://www.google.com/bot.html)"
54.36.148.227 - - [22/Dec/2021:21:23:25 +0100] "GET /index.php/kogels/kogellager-kogel-26-988mm HTTP/1.1" 200 13496 "-" "Mozilla/5.0 (compatible; AhrefsBot/7.0; +http://ahrefs.com/robot/)"
17.121.115.185 - - [22/Dec/2021:21:23:26 +0100] "GET /index.php/natr-range/ina-natr15xppa HTTP/1.1" 200 14090 "-" "Mozilla/5.0 (Macintosh; Intel Mac OS X 10_15_5) AppleWebKit/605.1.15 (KHTML, like Gecko) Version/13.1.1 Safari/605.1.15 (Applebot/0.1; +http://www.apple.com/go/applebot)"
54.36.148.227 - - [22/Dec/2021:21:23:39 +0100] "GET /index.php/11m-polyflex HTTP/1.1" 200 9877 "-" "Mozilla/5.0 (compatible; AhrefsBot/7.0; +http://ahrefs.com/robot/)"
66.249.66.4 - - [22/Dec/2021:21:23:45 +0100] "GET /index.php/kegellager-inch/timken-lm503349lm503310 HTTP/1.1" 200 14299 "-" "Mozilla/5.0 (Linux; Android 6.0.1; Nexus 5X Build/MMB29P) AppleWebKit/537.36 (KHTML, like Gecko) Chrome/96.0.4664.93 Mobile Safari/537.36 (compatible; Googlebot/2.1; +http://www.google.com/bot.html)"
54.36.148.227 - - [22/Dec/2021:21:23:49 +0100] "GET /index.php/askquestion/form?category_id=1010&product_id=44267&type=1&tmpl=component HTTP/1.1" 200 2421 "-" "Mozilla/5.0 (compatible; AhrefsBot/7.0; +http://ahrefs.com/robot/)"
89.146.3.50 - - [22/Dec/2021:21:23:58 +0100] "GET /index.php/component/ajax/?format=json HTTP/1.1" 200 758 "https://www.lager-techniek.eu/index.php/spa-range/optibelt-spa1600" "Mozilla/5.0 (Windows NT 10.0; Win64; x64) AppleWebKit/537.36 (KHTML, like Gecko) Chrome/96.0.4664.110 Safari/537.36 Edg/96.0.1054.62"
54.36.148.227 - - [22/Dec/2021:21:24:02 +0100] "GET /index.php/askquestion/form?category_id=386&product_id=11513&type=1&tmpl=component HTTP/1.1" 200 2425 "-" "Mozilla/5.0 (compatible; AhrefsBot/7.0; +http://ahrefs.com/robot/)"
66.249.66.78 - - [22/Dec/2021:21:24:09 +0100] "GET /media/com_jchoptimize/cache/js/369d8441795482f0f7bc510b2a6f3796.js HTTP/1.1" 200 101226 "https://www.lager-techniek.eu/index.php/kegellager-inch/timken-lm503349lm503310" "Mozilla/5.0 (Linux; Android 6.0.1; Nexus 5X Build/MMB29P) AppleWebKit/537.36 (KHTML, like Gecko) Chrome/96.0.4664.93 Mobile Safari/537.36 (compatible; Googlebot/2.1; +http://www.google.com/bot.html)"
54.36.148.227 - - [22/Dec/2021:21:24:14 +0100] "GET /index.php/askquestion/form?category_id=45&product_id=22775&type=1&tmpl=component HTTP/1.1" 200 2419 "-" "Mozilla/5.0 (compatible; AhrefsBot/7.0; +http://ahrefs.com/robot/)"
163.172.159.18 - - [22/Dec/2021:21:24:21 +0100] "GET /index.php/askquestion/form?category_id=414&product_id=25915&type=1&tmpl=component HTTP/1.1" 200 2415 "-" "Mozilla/5.0 (Windows NT 10.0; Win64; x64) AppleWebKit/537.36 (KHTML, like Gecko) Chrome/93.0.4577.0 Safari/537.36"
163.172.159.18 - - [22/Dec/2021:21:24:21 +0100] "GET /media/com_jchoptimize/cache/js/29b1071bebe1bbaaa42716f02db5b8aa.js HTTP/1.1" 200 58821 "https://lager-techniek.eu/index.php/askquestion/form?category_id=414&product_id=25915&type=1&tmpl=component" "Mozilla/5.0 (Windows NT 10.0; Win64; x64) AppleWebKit/537.36 (KHTML, like Gecko) Chrome/93.0.4577.0 Safari/537.36"
66.249.66.4 - - [22/Dec/2021:21:24:23 +0100] "GET /index.php/afdichtingen/skf-tsn532s HTTP/1.1" 200 13617 "-" "Mozilla/5.0 (compatible; Googlebot/2.1; +http://www.google.com/bot.html)"
54.36.148.227 - - [22/Dec/2021:21:24:28 +0100] "GET /index.php/nk-range/ina-nk2920tvxl HTTP/1.1" 200 14089 "-" "Mozilla/5.0 (compatible; AhrefsBot/7.0; +http://ahrefs.com/robot/)"
178.118.52.254 - - [22/Dec/2021:21:24:32 +0100] "GET /index.php/component/ajax/?format=json HTTP/1.1" 200 758 "https://www.lager-techniek.eu/index.php/tandriemen-3m/gates-2883m15" "Mozilla/5.0 (Windows NT 10.0; Win64; x64) AppleWebKit/537.36 (KHTML, like Gecko) Chrome/96.0.4664.110 Safari/537.36"
2a02:a44e:1641:1:d5f0:81a9:cc60:fa63 - - [22/Dec/2021:21:24:32 +0100] "GET /index.php/miniatuur-range/nsk-626zz HTTP/1.1" 200 14632 "https://www.google.com/" "Mozilla/5.0 (Windows NT 10.0; Win64; x64) AppleWebKit/537.36 (KHTML, like Gecko) Chrome/96.0.4664.110 Safari/537.36"
2a02:a44e:1641:1:d5f0:81a9:cc60:fa63 - - [22/Dec/2021:21:24:32 +0100] "GET /components/com_jshopping/files/img_products/thumb_img_www.lager-techniek.eu_Groefkogellager_NSK.jpg HTTP/1.1" 200 5789 "https://www.lager-techniek.eu/index.php/miniatuur-range/nsk-626zz" "Mozilla/5.0 (Windows NT 10.0; Win64; x64) AppleWebKit/537.36 (KHTML, like Gecko) Chrome/96.0.4664.110 Safari/537.36"
2a02:a44e:1641:1:d5f0:81a9:cc60:fa63 - - [22/Dec/2021:21:24:32 +0100] "GET /components/com_jshopping/files/img_products/img_www.lager-techniek.eu_Groefkogellager_NSK.jpg HTTP/1.1" 200 10307 "https://www.lager-techniek.eu/index.php/miniatuur-range/nsk-626zz" "Mozilla/5.0 (Windows NT 10.0; Win64; x64) AppleWebKit/537.36 (KHTML, like Gecko) Chrome/96.0.4664.110 Safari/537.36"
2a02:a44e:1641:1:d5f0:81a9:cc60:fa63 - - [22/Dec/2021:21:24:32 +0100] "GET /media/com_jchoptimize/cache/js/fc6d518bfe636fe8ba378cf74e34e14c.js HTTP/1.1" 200 101191 "https://www.lager-techniek.eu/index.php/miniatuur-range/nsk-626zz" "Mozilla/5.0 (Windows NT 10.0; Win64; x64) AppleWebKit/537.36 (KHTML, like Gecko) Chrome/96.0.4664.110 Safari/537.36"
66.249.66.158 - - [22/Dec/2021:21:24:39 +0100] "GET /index.php/tandriemen-14m/contitech-366814m115cxp HTTP/1.1" 200 13986 "-" "Mozilla/5.0 (Linux; Android 6.0.1; Nexus 5X Build/MMB29P) AppleWebKit/537.36 (KHTML, like Gecko) Chrome/96.0.4664.110 Mobile Safari/537.36 (compatible; Googlebot/2.1; +http://www.google.com/bot.html)"
66.249.66.76 - - [22/Dec/2021:21:24:40 +0100] "GET /index.php/rnao-range/ina-rnao30x42x16xl HTTP/1.1" 200 13658 "-" "Mozilla/5.0 (Linux; Android 6.0.1; Nexus 5X Build/MMB29P) AppleWebKit/537.36 (KHTML, like Gecko) Chrome/96.0.4664.110 Mobile Safari/537.36 (compatible; Googlebot/2.1; +http://www.google.com/bot.html)"
54.36.148.227 - - [22/Dec/2021:21:24:43 +0100] "GET /index.php/askquestion/form?category_id=1010&product_id=44252&type=1&tmpl=component HTTP/1.1" 200 2439 "-" "Mozilla/5.0 (compatible; AhrefsBot/7.0; +http://ahrefs.com/robot/)"
66.249.66.76 - - [22/Dec/2021:21:24:54 +0100] "GET /index.php/20300-range/fag-20320mb HTTP/1.1" 200 13700 "-" "Mozilla/5.0 (Linux; Android 6.0.1; Nexus 5X Build/MMB29P) AppleWebKit/537.36 (KHTML, like Gecko) Chrome/96.0.4664.110 Mobile Safari/537.36 (compatible; Googlebot/2.1; +http://www.google.com/bot.html)"
54.36.148.227 - - [22/Dec/2021:21:24:55 +0100] "GET /index.php/70-range-precisie-spindel/skf-7020acdp4adga HTTP/1.1" 200 13901 "-" "Mozilla/5.0 (compatible; AhrefsBot/7.0; +http://ahrefs.com/robot/)"
40.77.167.59 - - [22/Dec/2021:21:25:01 +0100] "GET /index.php/miniatuur-range/fag-6082z HTTP/1.1" 200 14685 "-" "Mozilla/5.0 (compatible; bingbot/2.0; +http://www.bing.com/bingbot.htm)"
13.66.139.0 - - [22/Dec/2021:21:25:05 +0100] "GET /index.php/producenten/pj-range/hutchinson-pj1473 HTTP/1.1" 404 5436 "-" "Mozilla/5.0 (compatible; bingbot/2.0; +http://www.bing.com/bingbot.htm)"
54.36.148.227 - - [22/Dec/2021:21:25:10 +0100] "GET /index.php/askquestion/form?category_id=841&product_id=51074&type=1&tmpl=component HTTP/1.1" 200 2435 "-" "Mozilla/5.0 (compatible; AhrefsBot/7.0; +http://ahrefs.com/robot/)"
54.36.148.227 - - [22/Dec/2021:21:25:25 +0100] "GET /index.php/askquestion/form?category_id=34&product_id=1398&type=1&tmpl=component HTTP/1.1" 200 2423 "-" "Mozilla/5.0 (compatible; AhrefsBot/7.0; +http://ahrefs.com/robot/)"
77.60.98.226 - - [22/Dec/2021:21:25:27 +0100] "GET /index.php/component/ajax/?format=json HTTP/1.1" 200 758 "https://www.lager-techniek.eu/index.php/b-range/contitech-17x1215" "Mozilla/5.0 (Windows NT 6.1; Win64; x64) AppleWebKit/537.36 (KHTML, like Gecko) Chrome/94.0.4606.71 Safari/537.36"
178.118.52.254 - - [22/Dec/2021:21:25:32 +0100] "GET /index.php/component/ajax/?format=json HTTP/1.1" 200 758 "https://www.lager-techniek.eu/index.php/tandriemen-3m/gates-2823m6gt3" "Mozilla/5.0 (Windows NT 10.0; Win64; x64) AppleWebKit/537.36 (KHTML, like Gecko) Chrome/96.0.4664.110 Safari/537.36"
54.36.148.227 - - [22/Dec/2021:21:25:38 +0100] "GET /index.php/askquestion/form?category_id=1010&product_id=44255&type=1&tmpl=component HTTP/1.1" 200 2418 "-" "Mozilla/5.0 (compatible; AhrefsBot/7.0; +http://ahrefs.com/robot/)"
54.36.148.227 - - [22/Dec/2021:21:25:52 +0100] "GET /index.php/askquestion/form?category_id=456&product_id=29471&type=1&tmpl=component HTTP/1.1" 200 2406 "-" "Mozilla/5.0 (compatible; AhrefsBot/7.0; +http://ahrefs.com/robot/)"
193.104.159.11 - - [22/Dec/2021:21:26:11 +0100] "GET /index.php/component/ajax/?format=json HTTP/1.1" 200 758 "https://www.lager-techniek.eu/index.php/2200-range/fag-22032rstvh" "Mozilla/5.0 (Windows NT 10.0; Win64; x64) AppleWebKit/537.36 (KHTML, like Gecko) Chrome/96.0.4664.110 Safari/537.36 Edg/96.0.1054.62"
54.36.148.227 - - [22/Dec/2021:21:26:11 +0100] "GET /index.php/askquestion/form?category_id=841&product_id=33947&type=1&tmpl=component HTTP/1.1" 200 2446 "-" "Mozilla/5.0 (compatible; AhrefsBot/7.0; +http://ahrefs.com/robot/)"
66.249.66.8 - - [22/Dec/2021:21:26:15 +0100] "GET /index.php/std-8m/contitech-688s8m30 HTTP/1.1" 200 13879 "-" "Mozilla/5.0 (Linux; Android 6.0.1; Nexus 5X Build/MMB29P) AppleWebKit/537.36 (KHTML, like Gecko) Chrome/96.0.4664.110 Mobile Safari/537.36 (compatible; Googlebot/2.1; +http://www.google.com/bot.html)"
54.36.148.227 - - [22/Dec/2021:21:26:25 +0100] "GET /index.php/askquestion/form?category_id=1010&product_id=44253&type=1&tmpl=component HTTP/1.1" 200 2441 "-" "Mozilla/5.0 (compatible; AhrefsBot/7.0; +http://ahrefs.com/robot/)"
66.249.66.158 - - [22/Dec/2021:21:26:27 +0100] "GET /index.php/spa-range/gates-spa1607superhc HTTP/1.1" 200 15605 "-" "Mozilla/5.0 (Linux; Android 6.0.1; Nexus 5X Build/MMB29P) AppleWebKit/537.36 (KHTML, like Gecko) Chrome/96.0.4664.110 Mobile Safari/537.36 (compatible; Googlebot/2.1; +http://www.google.com/bot.html)"
91.183.150.180 - - [22/Dec/2021:21:26:35 +0100] "GET /index.php/component/ajax/?format=json HTTP/1.1" 200 758 "https://www.lager-techniek.eu/index.php/overig/skf-tmft36" "Mozilla/5.0 (Windows NT 6.3; Win64; x64) AppleWebKit/537.36 (KHTML, like Gecko) Chrome/96.0.4664.110 Safari/537.36"
54.36.148.227 - - [22/Dec/2021:21:26:40 +0100] "GET /index.php/72-range/skf-7210becby HTTP/1.1" 200 13964 "-" "Mozilla/5.0 (compatible; AhrefsBot/7.0; +http://ahrefs.com/robot/)"
66.249.66.4 - - [22/Dec/2021:21:26:41 +0100] "GET /index.php/6200-range/skf-62052zc4 HTTP/1.1" 200 14241 "-" "Mozilla/5.0 (compatible; Googlebot/2.1; +http://www.google.com/bot.html)"
54.36.148.227 - - [22/Dec/2021:21:26:52 +0100] "GET /index.php/askquestion/form?category_id=895&product_id=31947&type=1&tmpl=component HTTP/1.1" 200 2416 "-" "Mozilla/5.0 (compatible; AhrefsBot/7.0; +http://ahrefs.com/robot/)"
207.46.13.175 - - [22/Dec/2021:21:26:55 +0100] "GET /index.php/din-471-seegerring/din471-a10-seegerring HTTP/1.1" 200 13668 "-" "Mozilla/5.0 (compatible; bingbot/2.0; +http://www.bing.com/bingbot.htm)"
66.249.66.4 - - [22/Dec/2021:21:26:58 +0100] "GET /index.php/askquestion/form?category_id=226&product_id=25577&type=1&tmpl=component HTTP/1.1" 200 2438 "-" "Mozilla/5.0 (Linux; Android 6.0.1; Nexus 5X Build/MMB29P) AppleWebKit/537.36 (KHTML, like Gecko) Chrome/96.0.4664.93 Mobile Safari/537.36 (compatible; Googlebot/2.1; +http://www.google.com/bot.html)"
185.178.235.166 - - [22/Dec/2021:21:27:00 +0100] "GET /index.php/component/ajax/?format=json HTTP/1.1" 200 758 "https://www.lager-techniek.eu/index.php/kettingspanwiel/ina-ksr16l010101408" "Mozilla/5.0 (Windows NT 10.0; Win64; x64) AppleWebKit/537.36 (KHTML, like Gecko) Chrome/96.0.4664.45 Safari/537.36"
54.36.148.227 - - [22/Dec/2021:21:27:04 +0100] "GET /index.php/tandstaf-t5/t512 HTTP/1.1" 200 13747 "-" "Mozilla/5.0 (compatible; AhrefsBot/7.0; +http://ahrefs.com/robot/)"
54.36.148.227 - - [22/Dec/2021:21:27:19 +0100] "GET /index.php/kogels/kogellager-kogel-25-4mm HTTP/1.1" 200 13504 "-" "Mozilla/5.0 (compatible; AhrefsBot/7.0; +http://ahrefs.com/robot/)"
77.226.249.91 - - [22/Dec/2021:21:27:28 +0100] "GET /index.php/component/ajax/?format=json HTTP/1.1" 200 758 "https://www.lager-techniek.eu/index.php/a-range/contitech-13x3650" "Mozilla/5.0 (Windows NT 10.0; Win64; x64) AppleWebKit/537.36 (KHTML, like Gecko) Chrome/96.0.4664.55 Safari/537.36 Edg/96.0.1054.43"
54.36.148.227 - - [22/Dec/2021:21:27:31 +0100] "GET /index.php/askquestion/form?category_id=21&product_id=13026&type=1&tmpl=component HTTP/1.1" 200 2400 "-" "Mozilla/5.0 (compatible; AhrefsBot/7.0; +http://ahrefs.com/robot/)"
17.121.115.228 - - [22/Dec/2021:21:27:33 +0100] "GET /index.php/6000-range/son-6000 HTTP/1.1" 200 14570 "-" "Mozilla/5.0 (Macintosh; Intel Mac OS X 10_15_5) AppleWebKit/605.1.15 (KHTML, like Gecko) Version/13.1.1 Safari/605.1.15 (Applebot/0.1; +http://www.apple.com/go/applebot)"
82.75.56.74 - - [22/Dec/2021:21:27:44 +0100] "GET /index.php/component/ajax/?format=json HTTP/1.1" 200 758 "https://www.lager-techniek.eu/index.php/6000-range/fag-60032rsr" "Mozilla/5.0 (Windows NT 10.0; Win64; x64; rv:95.0) Gecko/20100101 Firefox/95.0"
54.36.148.227 - - [22/Dec/2021:21:27:45 +0100] "GET /index.php/askquestion/form?category_id=862&product_id=36090&type=1&tmpl=component HTTP/1.1" 200 2404 "-" "Mozilla/5.0 (compatible; AhrefsBot/7.0; +http://ahrefs.com/robot/)"
207.46.13.1 - - [22/Dec/2021:21:27:50 +0100] "GET /index.php/bs2-range/skf-bs222142rs5c4gem9 HTTP/1.1" 200 13846 "-" "Mozilla/5.0 (compatible; bingbot/2.0; +http://www.bing.com/bingbot.htm)"
90.145.217.226 - - [22/Dec/2021:21:27:53 +0100] "GET /index.php/component/ajax/?format=json HTTP/1.1" 200 758 "https://www.lager-techniek.eu/index.php/met-flens/permaglide-paf25215-p11" "Mozilla/5.0 (Windows NT 10.0; Win64; x64) AppleWebKit/537.36 (KHTML, like Gecko) Chrome/96.0.4664.45 Safari/537.36"
54.36.148.227 - - [22/Dec/2021:21:28:01 +0100] "GET /index.php/askquestion/form?category_id=32&product_id=46484&type=1&tmpl=component HTTP/1.1" 200 2413 "-" "Mozilla/5.0 (compatible; AhrefsBot/7.0; +http://ahrefs.com/robot/)"
54.36.148.227 - - [22/Dec/2021:21:28:14 +0100] "GET /index.php/kegellager-inch/timken-98400 HTTP/1.1" 200 13729 "-" "Mozilla/5.0 (compatible; AhrefsBot/7.0; +http://ahrefs.com/robot/)"
54.36.148.227 - - [22/Dec/2021:21:28:27 +0100] "GET /index.php/tandriemen-xl/gates-554xl031 HTTP/1.1" 200 14664 "-" "Mozilla/5.0 (compatible; AhrefsBot/7.0; +http://ahrefs.com/robot/)"
54.36.148.227 - - [22/Dec/2021:21:28:41 +0100] "GET /index.php/72-range/nsk-7215beat85suga HTTP/1.1" 200 13929 "-" "Mozilla/5.0 (compatible; AhrefsBot/7.0; +http://ahrefs.com/robot/)"
54.36.148.227 - - [22/Dec/2021:21:28:53 +0100] "GET /index.php/nu-200-range/fag-nu219exltvp2 HTTP/1.1" 200 14622 "-" "Mozilla/5.0 (compatible; AhrefsBot/7.0; +http://ahrefs.com/robot/)"
89.146.3.50 - - [22/Dec/2021:21:28:58 +0100] "GET /index.php/component/ajax/?format=json HTTP/1.1" 200 758 "https://www.lager-techniek.eu/index.php/spa-range/optibelt-spa1600" "Mozilla/5.0 (Windows NT 10.0; Win64; x64) AppleWebKit/537.36 (KHTML, like Gecko) Chrome/96.0.4664.110 Safari/537.36 Edg/96.0.1054.62"
54.36.148.227 - - [22/Dec/2021:21:29:05 +0100] "GET /index.php/askquestion/form?category_id=921&product_id=30682&type=1&tmpl=component HTTP/1.1" 200 2424 "-" "Mozilla/5.0 (compatible; AhrefsBot/7.0; +http://ahrefs.com/robot/)"
40.77.167.59 - - [22/Dec/2021:21:29:09 +0100] "GET /index.php/nj-300-range/nsk-nj309etc3 HTTP/1.1" 200 14035 "-" "Mozilla/5.0 (compatible; bingbot/2.0; +http://www.bing.com/bingbot.htm)"
66.249.66.198 - - [22/Dec/2021:21:29:12 +0100] "GET /index.php/ir-range/ina-ir30x35x26xl HTTP/1.1" 200 13705 "-" "Mozilla/5.0 (Linux; Android 6.0.1; Nexus 5X Build/MMB29P) AppleWebKit/537.36 (KHTML, like Gecko) Chrome/96.0.4664.110 Mobile Safari/537.36 (compatible; Googlebot/2.1; +http://www.google.com/bot.html)"
66.249.66.8 - - [22/Dec/2021:21:29:14 +0100] "GET /index.php/1108/1108-9-klembus HTTP/1.1" 200 13847 "-" "Mozilla/5.0 (compatible; Googlebot/2.1; +http://www.google.com/bot.html)"
54.36.148.227 - - [22/Dec/2021:21:29:20 +0100] "GET /index.php/72-range/nsk-7215bsua17p6 HTTP/1.1" 200 13903 "-" "Mozilla/5.0 (compatible; AhrefsBot/7.0; +http://ahrefs.com/robot/)"
178.118.52.254 - - [22/Dec/2021:21:29:32 +0100] "GET /index.php/component/ajax/?format=json HTTP/1.1" 200 758 "https://www.lager-techniek.eu/index.php/tandriemen-3m/gates-2883m15" "Mozilla/5.0 (Windows NT 10.0; Win64; x64) AppleWebKit/537.36 (KHTML, like Gecko) Chrome/96.0.4664.110 Safari/537.36"
54.36.148.227 - - [22/Dec/2021:21:29:35 +0100] "GET /index.php/askquestion/form?category_id=913&product_id=48082&type=1&tmpl=component HTTP/1.1" 200 2426 "-" "Mozilla/5.0 (compatible; AhrefsBot/7.0; +http://ahrefs.com/robot/)"
54.36.148.227 - - [22/Dec/2021:21:29:48 +0100] "GET /index.php/askquestion/form?category_id=386&product_id=11516&type=1&tmpl=component HTTP/1.1" 200 2399 "-" "Mozilla/5.0 (compatible; AhrefsBot/7.0; +http://ahrefs.com/robot/)"
54.36.148.227 - - [22/Dec/2021:21:30:02 +0100] "GET /index.php/6000-range/fag-6030c3 HTTP/1.1" 200 14306 "-" "Mozilla/5.0 (compatible; AhrefsBot/7.0; +http://ahrefs.com/robot/)"
54.36.148.227 - - [22/Dec/2021:21:30:16 +0100] "GET /index.php/72-range/nsk-7215ctrdudlp3 HTTP/1.1" 200 13913 "-" "Mozilla/5.0 (compatible; AhrefsBot/7.0; +http://ahrefs.com/robot/)"
66.249.66.195 - - [22/Dec/2021:21:30:19 +0100] "GET /index.php/tandriemschijf-14m40/4814m40 HTTP/1.1" 200 13882 "-" "Mozilla/5.0 (Linux; Android 6.0.1; Nexus 5X Build/MMB29P) AppleWebKit/537.36 (KHTML, like Gecko) Chrome/96.0.4664.110 Mobile Safari/537.36 (compatible; Googlebot/2.1; +http://www.google.com/bot.html)"
54.36.148.227 - - [22/Dec/2021:21:30:27 +0100] "GET /index.php/askquestion/form?category_id=386&product_id=11536&type=1&tmpl=component HTTP/1.1" 200 2402 "-" "Mozilla/5.0 (compatible; AhrefsBot/7.0; +http://ahrefs.com/robot/)"
77.60.98.226 - - [22/Dec/2021:21:30:27 +0100] "GET /index.php/component/ajax/?format=json HTTP/1.1" 200 758 "https://www.lager-techniek.eu/index.php/b-range/contitech-17x1215" "Mozilla/5.0 (Windows NT 6.1; Win64; x64) AppleWebKit/537.36 (KHTML, like Gecko) Chrome/94.0.4606.71 Safari/537.36"
178.118.52.254 - - [22/Dec/2021:21:30:32 +0100] "GET /index.php/component/ajax/?format=json HTTP/1.1" 200 758 "https://www.lager-techniek.eu/index.php/tandriemen-3m/gates-2823m6gt3" "Mozilla/5.0 (Windows NT 10.0; Win64; x64) AppleWebKit/537.36 (KHTML, like Gecko) Chrome/96.0.4664.110 Safari/537.36"
54.36.148.227 - - [22/Dec/2021:21:30:38 +0100] "GET /index.php/askquestion/form?category_id=217&product_id=25813&type=1&tmpl=component HTTP/1.1" 200 2402 "-" "Mozilla/5.0 (compatible; AhrefsBot/7.0; +http://ahrefs.com/robot/)"
54.36.148.227 - - [22/Dec/2021:21:30:51 +0100] "GET /index.php/vierpuntslager/skf-qj215ma HTTP/1.1" 200 13821 "-" "Mozilla/5.0 (compatible; AhrefsBot/7.0; +http://ahrefs.com/robot/)"
54.36.148.227 - - [22/Dec/2021:21:31:03 +0100] "GET /index.php/tandriemen-5m/contitech-3355m15 HTTP/1.1" 200 14356 "-" "Mozilla/5.0 (compatible; AhrefsBot/7.0; +http://ahrefs.com/robot/)"
193.104.159.11 - - [22/Dec/2021:21:31:11 +0100] "GET /index.php/component/ajax/?format=json HTTP/1.1" 200 758 "https://www.lager-techniek.eu/index.php/2200-range/fag-22032rstvh" "Mozilla/5.0 (Windows NT 10.0; Win64; x64) AppleWebKit/537.36 (KHTML, like Gecko) Chrome/96.0.4664.110 Safari/537.36 Edg/96.0.1054.62"
54.36.148.227 - - [22/Dec/2021:21:31:15 +0100] "GET /index.php/nu-200-range/skf-nu238ecmlc3 HTTP/1.1" 200 14024 "-" "Mozilla/5.0 (compatible; AhrefsBot/7.0; +http://ahrefs.com/robot/)"
66.249.66.200 - - [22/Dec/2021:21:31:23 +0100] "GET /index.php/kettingwiel-32b-2/32b2z28 HTTP/1.1" 200 13962 "-" "Mozilla/5.0 (compatible; Googlebot/2.1; +http://www.google.com/bot.html)"
212.47.230.174 - - [22/Dec/2021:21:31:27 +0100] "GET /index.php/askquestion/form?category_id=193&product_id=17746&type=1&tmpl=component HTTP/1.1" 200 2419 "-" "Mozilla/5.0 (Windows NT 10.0; Win64; x64) AppleWebKit/537.36 (KHTML, like Gecko) Chrome/93.0.4577.0 Safari/537.36"
212.47.230.174 - - [22/Dec/2021:21:31:27 +0100] "GET /media/com_jchoptimize/cache/js/349aa57faca93edab11a087c0563db8b.js HTTP/1.1" 200 58823 "https://lager-techniek.eu/index.php/askquestion/form?category_id=193&product_id=17746&type=1&tmpl=component" "Mozilla/5.0 (Windows NT 10.0; Win64; x64) AppleWebKit/537.36 (KHTML, like Gecko) Chrome/93.0.4577.0 Safari/537.36"
54.36.148.227 - - [22/Dec/2021:21:31:28 +0100] "GET /index.php/72-range/skf-7216cdgbp4a HTTP/1.1" 200 13978 "-" "Mozilla/5.0 (compatible; AhrefsBot/7.0; +http://ahrefs.com/robot/)"
94.181.167.55 - - [22/Dec/2021:21:31:32 +0100] "GET / HTTP/1.0" 301 659 "http://lager-techniek.eu/" "Mozilla/5.0 (Windows NT 6.2; Win64; x64) AppleWebKit/537.36 (KHTML, like Gecko) Chrome/90.0.4430.72 Safari/537.36"
94.181.167.55 - - [22/Dec/2021:21:31:32 +0100] "GET / HTTP/1.0" 200 26316 "https://lager-techniek.eu/" "Mozilla/5.0 (Windows NT 6.2; Win64; x64) AppleWebKit/537.36 (KHTML, like Gecko) Chrome/90.0.4430.72 Safari/537.36"
91.183.150.180 - - [22/Dec/2021:21:31:35 +0100] "GET /index.php/component/ajax/?format=json HTTP/1.1" 200 758 "https://www.lager-techniek.eu/index.php/overig/skf-tmft36" "Mozilla/5.0 (Windows NT 6.3; Win64; x64) AppleWebKit/537.36 (KHTML, like Gecko) Chrome/96.0.4664.110 Safari/537.36"
54.36.148.227 - - [22/Dec/2021:21:31:43 +0100] "GET /index.php/askquestion/form?category_id=22&product_id=2198&type=1&tmpl=component HTTP/1.1" 200 2430 "-" "Mozilla/5.0 (compatible; AhrefsBot/7.0; +http://ahrefs.com/robot/)"
51.15.233.178 - - [22/Dec/2021:21:31:52 +0100] "GET /index.php/askquestion/form?category_id=174&product_id=15807&type=1&tmpl=component HTTP/1.1" 200 2428 "-" "Mozilla/5.0 (Windows NT 10.0; Win64; x64) AppleWebKit/537.36 (KHTML, like Gecko) Chrome/93.0.4577.0 Safari/537.36"
51.15.233.178 - - [22/Dec/2021:21:31:52 +0100] "GET /media/com_jchoptimize/cache/js/51278189d53ca09cf2b1ced260bf8870.js HTTP/1.1" 200 58823 "https://lager-techniek.eu/index.php/askquestion/form?category_id=174&product_id=15807&type=1&tmpl=component" "Mozilla/5.0 (Windows NT 10.0; Win64; x64) AppleWebKit/537.36 (KHTML, like Gecko) Chrome/93.0.4577.0 Safari/537.36"
54.36.148.227 - - [22/Dec/2021:21:31:56 +0100] "GET /index.php/tandriemen-5m/contitech-3355m9 HTTP/1.1" 200 14325 "-" "Mozilla/5.0 (compatible; AhrefsBot/7.0; +http://ahrefs.com/robot/)"
185.178.235.166 - - [22/Dec/2021:21:32:00 +0100] "GET /index.php/component/ajax/?format=json HTTP/1.1" 200 758 "https://www.lager-techniek.eu/index.php/kettingspanwiel/ina-ksr16l010101408" "Mozilla/5.0 (Windows NT 10.0; Win64; x64) AppleWebKit/537.36 (KHTML, like Gecko) Chrome/96.0.4664.45 Safari/537.36"
40.77.167.59 - - [22/Dec/2021:21:32:00 +0100] "GET /index.php/k-range-naaldkrans/ina-k10x13x16tv HTTP/1.1" 200 13694 "-" "Mozilla/5.0 (compatible; bingbot/2.0; +http://www.bing.com/bingbot.htm)"
66.249.66.4 - - [22/Dec/2021:21:32:02 +0100] "GET /index.php/6200-range/skf-62032zc3lht23 HTTP/1.1" 200 13931 "-" "Mozilla/5.0 (compatible; Googlebot/2.1; +http://www.google.com/bot.html)"
54.36.148.227 - - [22/Dec/2021:21:32:10 +0100] "GET /index.php/nu-200-range/skf-nu203ecp HTTP/1.1" 200 14348 "-" "Mozilla/5.0 (compatible; AhrefsBot/7.0; +http://ahrefs.com/robot/)"
54.36.148.227 - - [22/Dec/2021:21:32:25 +0100] "GET /index.php/askquestion/form?category_id=59&product_id=2435&type=1&tmpl=component HTTP/1.1" 200 2414 "-" "Mozilla/5.0 (compatible; AhrefsBot/7.0; +http://ahrefs.com/robot/)"
77.226.249.91 - - [22/Dec/2021:21:32:28 +0100] "GET /index.php/component/ajax/?format=json HTTP/1.1" 200 758 "https://www.lager-techniek.eu/index.php/a-range/contitech-13x3650" "Mozilla/5.0 (Windows NT 10.0; Win64; x64) AppleWebKit/537.36 (KHTML, like Gecko) Chrome/96.0.4664.55 Safari/537.36 Edg/96.0.1054.43"
54.36.148.227 - - [22/Dec/2021:21:32:42 +0100] "GET /index.php/vierpuntslager/skf-qj216ma HTTP/1.1" 200 13820 "-" "Mozilla/5.0 (compatible; AhrefsBot/7.0; +http://ahrefs.com/robot/)"
82.75.56.74 - - [22/Dec/2021:21:32:45 +0100] "GET /index.php/component/ajax/?format=json HTTP/1.1" 200 758 "https://www.lager-techniek.eu/index.php/6000-range/fag-60032rsr" "Mozilla/5.0 (Windows NT 10.0; Win64; x64; rv:95.0) Gecko/20100101 Firefox/95.0"
90.145.217.226 - - [22/Dec/2021:21:32:53 +0100] "GET /index.php/component/ajax/?format=json HTTP/1.1" 200 758 "https://www.lager-techniek.eu/index.php/met-flens/permaglide-paf25215-p11" "Mozilla/5.0 (Windows NT 10.0; Win64; x64) AppleWebKit/537.36 (KHTML, like Gecko) Chrome/96.0.4664.45 Safari/537.36"
54.36.148.227 - - [22/Dec/2021:21:32:55 +0100] "GET /index.php/nu-1000-range/skf-nu1007ecpc3 HTTP/1.1" 200 13866 "-" "Mozilla/5.0 (compatible; AhrefsBot/7.0; +http://ahrefs.com/robot/)"
54.36.148.227 - - [22/Dec/2021:21:33:06 +0100] "GET /index.php/askquestion/form?category_id=55&product_id=12734&type=1&tmpl=component HTTP/1.1" 200 2414 "-" "Mozilla/5.0 (compatible; AhrefsBot/7.0; +http://ahrefs.com/robot/)"
51.15.234.26 - - [22/Dec/2021:21:33:06 +0100] "GET /index.php/askquestion/form?category_id=857&product_id=35785&type=1&tmpl=component HTTP/1.1" 200 2421 "-" "Mozilla/5.0 (Windows NT 10.0; Win64; x64) AppleWebKit/537.36 (KHTML, like Gecko) Chrome/93.0.4577.0 Safari/537.36"
51.15.234.26 - - [22/Dec/2021:21:33:07 +0100] "GET /media/com_jchoptimize/cache/js/5dc3e54fd7b6cf9601b5079de7a347f7.js HTTP/1.1" 200 58821 "https://lager-techniek.eu/index.php/askquestion/form?category_id=857&product_id=35785&type=1&tmpl=component" "Mozilla/5.0 (Windows NT 10.0; Win64; x64) AppleWebKit/537.36 (KHTML, like Gecko) Chrome/93.0.4577.0 Safari/537.36"
213.49.113.27 - - [22/Dec/2021:21:33:10 +0100] "GET /index.php/miniatuur-range/nsk-608z HTTP/1.1" 200 14412 "https://www.google.nl/" "Mozilla/5.0 (iPhone; CPU iPhone OS 15_2 like Mac OS X) AppleWebKit/605.1.15 (KHTML, like Gecko) Version/15.2 Mobile/15E148 Safari/604.1"
213.49.113.27 - - [22/Dec/2021:21:33:11 +0100] "GET /images/banner12-lager-techniek.eu.jpg HTTP/1.1" 200 17827 "https://www.lager-techniek.eu/index.php/miniatuur-range/nsk-608z" "Mozilla/5.0 (iPhone; CPU iPhone OS 15_2 like Mac OS X) AppleWebKit/605.1.15 (KHTML, like Gecko) Version/15.2 Mobile/15E148 Safari/604.1"
213.49.113.27 - - [22/Dec/2021:21:33:11 +0100] "GET /media/com_jchoptimize/cache/css/e3aaa5baf7724231080a3c38514acb60.css HTTP/1.1" 200 32260 "https://www.lager-techniek.eu/index.php/miniatuur-range/nsk-608z" "Mozilla/5.0 (iPhone; CPU iPhone OS 15_2 like Mac OS X) AppleWebKit/605.1.15 (KHTML, like Gecko) Version/15.2 Mobile/15E148 Safari/604.1"
213.49.113.27 - - [22/Dec/2021:21:33:11 +0100] "GET /media/com_jchoptimize/cache/js/af1111cf1dcd0f1d7258d5fa2fddab4c.js HTTP/1.1" 200 1504 "https://www.lager-techniek.eu/index.php/miniatuur-range/nsk-608z" "Mozilla/5.0 (iPhone; CPU iPhone OS 15_2 like Mac OS X) AppleWebKit/605.1.15 (KHTML, like Gecko) Version/15.2 Mobile/15E148 Safari/604.1"
213.49.113.27 - - [22/Dec/2021:21:33:11 +0100] "GET /media/com_jchoptimize/cache/js/06f37f52e42f8f6a99fa2b3e8e79d821.js HTTP/1.1" 200 20663 "https://www.lager-techniek.eu/index.php/miniatuur-range/nsk-608z" "Mozilla/5.0 (iPhone; CPU iPhone OS 15_2 like Mac OS X) AppleWebKit/605.1.15 (KHTML, like Gecko) Version/15.2 Mobile/15E148 Safari/604.1"
213.49.113.27 - - [22/Dec/2021:21:33:11 +0100] "GET /media/com_jchoptimize/cache/js/e1e741538ea48d5044101810569996d6.js HTTP/1.1" 200 101221 "https://www.lager-techniek.eu/index.php/miniatuur-range/nsk-608z" "Mozilla/5.0 (iPhone; CPU iPhone OS 15_2 like Mac OS X) AppleWebKit/605.1.15 (KHTML, like Gecko) Version/15.2 Mobile/15E148 Safari/604.1"
213.49.113.27 - - [22/Dec/2021:21:33:11 +0100] "GET /modules/mod_gtranslate/tmpl/lang/16/en.png HTTP/1.1" 200 1063 "https://www.lager-techniek.eu/index.php/miniatuur-range/nsk-608z" "Mozilla/5.0 (iPhone; CPU iPhone OS 15_2 like Mac OS X) AppleWebKit/605.1.15 (KHTML, like Gecko) Version/15.2 Mobile/15E148 Safari/604.1"
