77.167.19.160 - - [22/Dec/2021:20:12:16 +0100] "GET /components/com_jshopping/images/star.gif HTTP/1.1" 200 1171 "https://www.lager-techniek.eu/index.php/kogels/kogellager-kogel-10mm" "Mozilla/5.0 (Macintosh; Intel Mac OS X 10_15_6) AppleWebKit/605.1.15 (KHTML, like Gecko) Version/15.1 Safari/605.1.15"
77.167.19.160 - - [22/Dec/2021:20:12:16 +0100] "GET /modules/mod_gtranslate/tmpl/lang/16/it.png HTTP/1.1" 200 796 "https://www.lager-techniek.eu/index.php/kogels/kogellager-kogel-10mm" "Mozilla/5.0 (Macintosh; Intel Mac OS X 10_15_6) AppleWebKit/605.1.15 (KHTML, like Gecko) Version/15.1 Safari/605.1.15"
77.167.19.160 - - [22/Dec/2021:20:12:16 +0100] "GET /components/com_jshopping/files/img_products/img_img_img_shockcraft-bb-3-16-20_1.jpg HTTP/1.1" 200 5716 "https://www.lager-techniek.eu/index.php/kogels/kogellager-kogel-10mm" "Mozilla/5.0 (Macintosh; Intel Mac OS X 10_15_6) AppleWebKit/605.1.15 (KHTML, like Gecko) Version/15.1 Safari/605.1.15"
77.167.19.160 - - [22/Dec/2021:20:12:16 +0100] "GET /media/jui/fonts/IcoMoon.woff HTTP/1.1" 200 25867 "https://www.lager-techniek.eu/index.php/kogels/kogellager-kogel-10mm" "Mozilla/5.0 (Macintosh; Intel Mac OS X 10_15_6) AppleWebKit/605.1.15 (KHTML, like Gecko) Version/15.1 Safari/605.1.15"
77.167.19.160 - - [22/Dec/2021:20:12:16 +0100] "GET /images/Lengteberekening.jpg HTTP/1.1" 200 10994 "https://www.lager-techniek.eu/index.php/kogels/kogellager-kogel-10mm" "Mozilla/5.0 (Macintosh; Intel Mac OS X 10_15_6) AppleWebKit/605.1.15 (KHTML, like Gecko) Version/15.1 Safari/605.1.15"
77.167.19.160 - - [22/Dec/2021:20:12:16 +0100] "GET /images/DPD.jpg HTTP/1.1" 200 7428 "https://www.lager-techniek.eu/index.php/kogels/kogellager-kogel-10mm" "Mozilla/5.0 (Macintosh; Intel Mac OS X 10_15_6) AppleWebKit/605.1.15 (KHTML, like Gecko) Version/15.1 Safari/605.1.15"
77.167.19.160 - - [22/Dec/2021:20:12:16 +0100] "GET /images/Postnl.jpg HTTP/1.1" 200 10478 "https://www.lager-techniek.eu/index.php/kogels/kogellager-kogel-10mm" "Mozilla/5.0 (Macintosh; Intel Mac OS X 10_15_6) AppleWebKit/605.1.15 (KHTML, like Gecko) Version/15.1 Safari/605.1.15"
77.167.19.160 - - [22/Dec/2021:20:12:16 +0100] "GET /images/UPS.jpg HTTP/1.1" 200 6889 "https://www.lager-techniek.eu/index.php/kogels/kogellager-kogel-10mm" "Mozilla/5.0 (Macintosh; Intel Mac OS X 10_15_6) AppleWebKit/605.1.15 (KHTML, like Gecko) Version/15.1 Safari/605.1.15"
77.167.19.160 - - [22/Dec/2021:20:12:16 +0100] "GET /images/index.jpg HTTP/1.1" 200 5654 "https://www.lager-techniek.eu/index.php/kogels/kogellager-kogel-10mm" "Mozilla/5.0 (Macintosh; Intel Mac OS X 10_15_6) AppleWebKit/605.1.15 (KHTML, like Gecko) Version/15.1 Safari/605.1.15"
77.167.19.160 - - [22/Dec/2021:20:12:16 +0100] "GET /images/images.jpg HTTP/1.1" 200 5841 "https://www.lager-techniek.eu/index.php/kogels/kogellager-kogel-10mm" "Mozilla/5.0 (Macintosh; Intel Mac OS X 10_15_6) AppleWebKit/605.1.15 (KHTML, like Gecko) Version/15.1 Safari/605.1.15"
77.167.19.160 - - [22/Dec/2021:20:12:16 +0100] "GET /images/achteraf.jpg HTTP/1.1" 200 2428 "https://www.lager-techniek.eu/index.php/kogels/kogellager-kogel-10mm" "Mozilla/5.0 (Macintosh; Intel Mac OS X 10_15_6) AppleWebKit/605.1.15 (KHTML, like Gecko) Version/15.1 Safari/605.1.15"
77.167.19.160 - - [22/Dec/2021:20:12:16 +0100] "GET /images/bank.jpg HTTP/1.1" 200 2955 "https://www.lager-techniek.eu/index.php/kogels/kogellager-kogel-10mm" "Mozilla/5.0 (Macintosh; Intel Mac OS X 10_15_6) AppleWebKit/605.1.15 (KHTML, like Gecko) Version/15.1 Safari/605.1.15"
77.167.19.160 - - [22/Dec/2021:20:12:16 +0100] "GET /images/paypal.jpg HTTP/1.1" 200 2557 "https://www.lager-techniek.eu/index.php/kogels/kogellager-kogel-10mm" "Mozilla/5.0 (Macintosh; Intel Mac OS X 10_15_6) AppleWebKit/605.1.15 (KHTML, like Gecko) Version/15.1 Safari/605.1.15"
77.167.19.160 - - [22/Dec/2021:20:12:16 +0100] "GET /images/Mollienancontact.jpg HTTP/1.1" 200 9278 "https://www.lager-techniek.eu/index.php/kogels/kogellager-kogel-10mm" "Mozilla/5.0 (Macintosh; Intel Mac OS X 10_15_6) AppleWebKit/605.1.15 (KHTML, like Gecko) Version/15.1 Safari/605.1.15"
77.167.19.160 - - [22/Dec/2021:20:12:16 +0100] "GET /images/MollieIdeal.png HTTP/1.1" 200 15837 "https://www.lager-techniek.eu/index.php/kogels/kogellager-kogel-10mm" "Mozilla/5.0 (Macintosh; Intel Mac OS X 10_15_6) AppleWebKit/605.1.15 (KHTML, like Gecko) Version/15.1 Safari/605.1.15"
54.36.148.227 - - [22/Dec/2021:20:12:18 +0100] "GET /index.php/askquestion/form?category_id=975&product_id=43119&type=1&tmpl=component HTTP/1.1" 200 2426 "-" "Mozilla/5.0 (compatible; AhrefsBot/7.0; +http://ahrefs.com/robot/)"
77.167.19.160 - - [22/Dec/2021:20:12:19 +0100] "GET /templates/protostar/favicon.ico HTTP/1.1" 200 1432 "https://www.lager-techniek.eu/index.php/kogels/kogellager-kogel-10mm" "Mozilla/5.0 (Macintosh; Intel Mac OS X 10_15_6) AppleWebKit/605.1.15 (KHTML, like Gecko) Version/15.1 Safari/605.1.15"
66.249.66.6 - - [22/Dec/2021:20:12:24 +0100] "GET /index.php/dhtd-8m/contitech-dhtd8160085 HTTP/1.1" 200 13977 "-" "Mozilla/5.0 (Linux; Android 6.0.1; Nexus 5X Build/MMB29P) AppleWebKit/537.36 (KHTML, like Gecko) Chrome/96.0.4664.110 Mobile Safari/537.36 (compatible; Googlebot/2.1; +http://www.google.com/bot.html)"
66.249.66.4 - - [22/Dec/2021:20:12:25 +0100] "GET /index.php/rtuey-tu-tf-range/skf-tu50tf HTTP/1.1" 200 14436 "-" "Mozilla/5.0 (Linux; Android 6.0.1; Nexus 5X Build/MMB29P) AppleWebKit/537.36 (KHTML, like Gecko) Chrome/96.0.4664.110 Mobile Safari/537.36 (compatible; Googlebot/2.1; +http://www.google.com/bot.html)"
77.226.249.91 - - [22/Dec/2021:20:12:28 +0100] "GET /index.php/component/ajax/?format=json HTTP/1.1" 200 758 "https://www.lager-techniek.eu/index.php/a-range/contitech-13x3650" "Mozilla/5.0 (Windows NT 10.0; Win64; x64) AppleWebKit/537.36 (KHTML, like Gecko) Chrome/96.0.4664.55 Safari/537.36 Edg/96.0.1054.43"
54.36.148.227 - - [22/Dec/2021:20:12:28 +0100] "GET /index.php/askquestion/form?category_id=998&product_id=43903&type=1&tmpl=component HTTP/1.1" 200 2418 "-" "Mozilla/5.0 (compatible; AhrefsBot/7.0; +http://ahrefs.com/robot/)"
212.47.243.119 - - [22/Dec/2021:20:12:34 +0100] "GET /index.php/askquestion/form?category_id=224&product_id=25135&type=1&tmpl=component HTTP/1.1" 200 2421 "-" "Mozilla/5.0 (Windows NT 10.0; Win64; x64) AppleWebKit/537.36 (KHTML, like Gecko) Chrome/93.0.4577.0 Safari/537.36"
212.47.243.119 - - [22/Dec/2021:20:12:34 +0100] "GET /media/com_jchoptimize/cache/js/c85738285b96c6e63b3c0d8b41aaff02.js HTTP/1.1" 200 58823 "https://lager-techniek.eu/index.php/askquestion/form?category_id=224&product_id=25135&type=1&tmpl=component" "Mozilla/5.0 (Windows NT 10.0; Win64; x64) AppleWebKit/537.36 (KHTML, like Gecko) Chrome/93.0.4577.0 Safari/537.36"
82.75.56.74 - - [22/Dec/2021:20:12:35 +0100] "GET /index.php/component/ajax/?format=json HTTP/1.1" 200 758 "https://www.lager-techniek.eu/index.php/6000-range/fag-60032rsr" "Mozilla/5.0 (Windows NT 10.0; Win64; x64; rv:95.0) Gecko/20100101 Firefox/95.0"
66.249.66.76 - - [22/Dec/2021:20:12:36 +0100] "GET /index.php/6000-range/skf-60142zc3gjn HTTP/1.1" 200 13918 "-" "Mozilla/5.0 (Linux; Android 6.0.1; Nexus 5X Build/MMB29P) AppleWebKit/537.36 (KHTML, like Gecko) Chrome/96.0.4664.93 Mobile Safari/537.36 (compatible; Googlebot/2.1; +http://www.google.com/bot.html)"
66.249.66.158 - - [22/Dec/2021:20:12:39 +0100] "GET /index.php/xpa-range/optibelt-xpa1132xep HTTP/1.1" 200 14815 "-" "Mozilla/5.0 (Linux; Android 6.0.1; Nexus 5X Build/MMB29P) AppleWebKit/537.36 (KHTML, like Gecko) Chrome/96.0.4664.110 Mobile Safari/537.36 (compatible; Googlebot/2.1; +http://www.google.com/bot.html)"
54.36.148.227 - - [22/Dec/2021:20:12:42 +0100] "GET /index.php/cart/add?category_id=431&product_id=18131 HTTP/1.1" 303 645 "-" "Mozilla/5.0 (compatible; AhrefsBot/7.0; +http://ahrefs.com/robot/)"
66.249.66.4 - - [22/Dec/2021:20:12:46 +0100] "GET /media/com_jchoptimize/cache/js/3a6bf0c6d1f9792efae04cae2b04b037.js HTTP/1.1" 200 101191 "https://www.lager-techniek.eu/index.php/nu-200-range/ntn-nu204et2x" "Mozilla/5.0 AppleWebKit/537.36 (KHTML, like Gecko; compatible; Googlebot/2.1; +http://www.google.com/bot.html) Chrome/96.0.4664.93 Safari/537.36"
77.167.19.160 - - [22/Dec/2021:20:12:52 +0100] "GET /favicon.ico HTTP/1.1" 200 881 "-" "Mozilla/5.0 (Macintosh; Intel Mac OS X 10_11_1) AppleWebKit/601.2.4 (KHTML, like Gecko) Version/9.0.1 Safari/601.2.4 facebookexternalhit/1.1 Facebot Twitterbot/1.0"
77.167.19.160 - - [22/Dec/2021:20:12:52 +0100] "GET /templates/protostar/favicon.ico HTTP/1.1" 200 1465 "-" "Mozilla/5.0 (Macintosh; Intel Mac OS X 10_11_1) AppleWebKit/601.2.4 (KHTML, like Gecko) Version/9.0.1 Safari/601.2.4 facebookexternalhit/1.1 Facebot Twitterbot/1.0"
77.167.19.160 - - [22/Dec/2021:20:12:52 +0100] "GET /apple-touch-icon-precomposed.png HTTP/1.1" 404 5349 "-" "Mozilla/5.0 (Macintosh; Intel Mac OS X 10_11_1) AppleWebKit/601.2.4 (KHTML, like Gecko) Version/9.0.1 Safari/601.2.4 facebookexternalhit/1.1 Facebot Twitterbot/1.0"
77.167.19.160 - - [22/Dec/2021:20:12:52 +0100] "GET /apple-touch-icon.png HTTP/1.1" 404 5349 "-" "Mozilla/5.0 (Macintosh; Intel Mac OS X 10_11_1) AppleWebKit/601.2.4 (KHTML, like Gecko) Version/9.0.1 Safari/601.2.4 facebookexternalhit/1.1 Facebot Twitterbot/1.0"
90.145.217.226 - - [22/Dec/2021:20:12:53 +0100] "GET /index.php/component/ajax/?format=json HTTP/1.1" 200 758 "https://www.lager-techniek.eu/index.php/met-flens/permaglide-paf25215-p11" "Mozilla/5.0 (Windows NT 10.0; Win64; x64) AppleWebKit/537.36 (KHTML, like Gecko) Chrome/96.0.4664.45 Safari/537.36"
77.167.19.160 - - [22/Dec/2021:20:12:54 +0100] "GET /components/com_jshopping/files/img_products/img_img_img_shockcraft-bb-3-16-20_1.jpg HTTP/1.1" 200 5716 "-" "Mozilla/5.0 (Macintosh; Intel Mac OS X 10_11_1) AppleWebKit/601.2.4 (KHTML, like Gecko) Version/9.0.1 Safari/601.2.4 facebookexternalhit/1.1 Facebot Twitterbot/1.0"
77.167.19.160 - - [22/Dec/2021:20:12:55 +0100] "GET /components/com_jshopping/files/img_products/img_img_img_shockcraft-bb-3-16-20_1.jpg HTTP/1.1" 200 5716 "-" "MobileSafari/8612.2.9.0.20 CFNetwork/1325.0.1 Darwin/21.1.0"
77.167.19.160 - - [22/Dec/2021:20:12:55 +0100] "GET /index.php/kogels/kogellager-kogel-10mm HTTP/1.1" 200 0 "-" "Mozilla/5.0 (Macintosh; Intel Mac OS X 10_15_6) AppleWebKit/605.1.15 (KHTML, like Gecko) Version/15.1 Mobile/15E148 Safari/604.1"
77.167.19.160 - - [22/Dec/2021:20:12:56 +0100] "GET /index.php/lager-techniek HTTP/1.1" 200 7523 "https://www.lager-techniek.eu/index.php/kogels/kogellager-kogel-10mm" "Mozilla/5.0 (Macintosh; Intel Mac OS X 10_15_6) AppleWebKit/605.1.15 (KHTML, like Gecko) Version/15.1 Safari/605.1.15"
77.167.19.160 - - [22/Dec/2021:20:12:57 +0100] "GET /components/com_jshopping/files/img_categories/www.lager-techniek.eu_Axiaal_Cilinderrollager1.jpg HTTP/1.1" 200 5341 "https://www.lager-techniek.eu/index.php/lager-techniek" "Mozilla/5.0 (Macintosh; Intel Mac OS X 10_15_6) AppleWebKit/605.1.15 (KHTML, like Gecko) Version/15.1 Safari/605.1.15"
77.167.19.160 - - [22/Dec/2021:20:12:57 +0100] "GET /media/com_jchoptimize/cache/css/d6f7603932c6c44453841ae5841e3339.css HTTP/1.1" 200 31639 "https://www.lager-techniek.eu/index.php/lager-techniek" "Mozilla/5.0 (Macintosh; Intel Mac OS X 10_15_6) AppleWebKit/605.1.15 (KHTML, like Gecko) Version/15.1 Safari/605.1.15"
77.167.19.160 - - [22/Dec/2021:20:12:57 +0100] "GET /media/com_jchoptimize/cache/js/cb422a6f19ab3b4eec0aa05fbca63a27.js HTTP/1.1" 200 67722 "https://www.lager-techniek.eu/index.php/lager-techniek" "Mozilla/5.0 (Macintosh; Intel Mac OS X 10_15_6) AppleWebKit/605.1.15 (KHTML, like Gecko) Version/15.1 Safari/605.1.15"
77.167.19.160 - - [22/Dec/2021:20:12:57 +0100] "GET /components/com_jshopping/files/img_categories/www.lager-techniek.eu_Cilinderrollager.jpg HTTP/1.1" 200 5439 "https://www.lager-techniek.eu/index.php/lager-techniek" "Mozilla/5.0 (Macintosh; Intel Mac OS X 10_15_6) AppleWebKit/605.1.15 (KHTML, like Gecko) Version/15.1 Safari/605.1.15"
77.167.19.160 - - [22/Dec/2021:20:12:57 +0100] "GET /components/com_jshopping/files/img_categories/www.lager-techniek.eu_stangkoppen.jpg HTTP/1.1" 200 4562 "https://www.lager-techniek.eu/index.php/lager-techniek" "Mozilla/5.0 (Macintosh; Intel Mac OS X 10_15_6) AppleWebKit/605.1.15 (KHTML, like Gecko) Version/15.1 Safari/605.1.15"
77.167.19.160 - - [22/Dec/2021:20:12:57 +0100] "GET /components/com_jshopping/files/img_categories/kogels.jpg HTTP/1.1" 200 3783 "https://www.lager-techniek.eu/index.php/lager-techniek" "Mozilla/5.0 (Macintosh; Intel Mac OS X 10_15_6) AppleWebKit/605.1.15 (KHTML, like Gecko) Version/15.1 Safari/605.1.15"
77.167.19.160 - - [22/Dec/2021:20:12:57 +0100] "GET /components/com_jshopping/files/img_categories/www.lager-techniek.eu_Groefkogellagers.jpg HTTP/1.1" 200 6158 "https://www.lager-techniek.eu/index.php/lager-techniek" "Mozilla/5.0 (Macintosh; Intel Mac OS X 10_15_6) AppleWebKit/605.1.15 (KHTML, like Gecko) Version/15.1 Safari/605.1.15"
77.167.19.160 - - [22/Dec/2021:20:12:57 +0100] "GET /components/com_jshopping/files/img_categories/www.lager-techniek.eu_-_Glijlagers.jpg HTTP/1.1" 200 4590 "https://www.lager-techniek.eu/index.php/lager-techniek" "Mozilla/5.0 (Macintosh; Intel Mac OS X 10_15_6) AppleWebKit/605.1.15 (KHTML, like Gecko) Version/15.1 Safari/605.1.15"
77.167.19.160 - - [22/Dec/2021:20:12:57 +0100] "GET /components/com_jshopping/files/img_categories/www.lager-techniek.eu_-_Kegellagers.jpg HTTP/1.1" 200 5240 "https://www.lager-techniek.eu/index.php/lager-techniek" "Mozilla/5.0 (Macintosh; Intel Mac OS X 10_15_6) AppleWebKit/605.1.15 (KHTML, like Gecko) Version/15.1 Safari/605.1.15"
77.167.19.160 - - [22/Dec/2021:20:12:57 +0100] "GET /components/com_jshopping/files/img_categories/www.lager-techniek.eu_metal_housing.jpg HTTP/1.1" 200 5039 "https://www.lager-techniek.eu/index.php/lager-techniek" "Mozilla/5.0 (Macintosh; Intel Mac OS X 10_15_6) AppleWebKit/605.1.15 (KHTML, like Gecko) Version/15.1 Safari/605.1.15"
77.167.19.160 - - [22/Dec/2021:20:12:57 +0100] "GET /components/com_jshopping/files/img_categories/www.lager-techniek.eu_Hoek_Contact_Kogellagers.jpg HTTP/1.1" 200 3872 "https://www.lager-techniek.eu/index.php/lager-techniek" "Mozilla/5.0 (Macintosh; Intel Mac OS X 10_15_6) AppleWebKit/605.1.15 (KHTML, like Gecko) Version/15.1 Safari/605.1.15"
77.167.19.160 - - [22/Dec/2021:20:12:57 +0100] "GET /components/com_jshopping/files/img_categories/lineargeleiding.jpg HTTP/1.1" 200 3961 "https://www.lager-techniek.eu/index.php/lager-techniek" "Mozilla/5.0 (Macintosh; Intel Mac OS X 10_15_6) AppleWebKit/605.1.15 (KHTML, like Gecko) Version/15.1 Safari/605.1.15"
77.167.19.160 - - [22/Dec/2021:20:12:57 +0100] "GET /components/com_jshopping/files/img_categories/www.lager-techniek.eu_-_Lager_huizen.jpg HTTP/1.1" 200 5062 "https://www.lager-techniek.eu/index.php/lager-techniek" "Mozilla/5.0 (Macintosh; Intel Mac OS X 10_15_6) AppleWebKit/605.1.15 (KHTML, like Gecko) Version/15.1 Safari/605.1.15"
77.167.19.160 - - [22/Dec/2021:20:12:57 +0100] "GET /components/com_jshopping/files/img_categories/www.lager-techniek.eu_loop-_en_steunrollen.jpg HTTP/1.1" 200 4846 "https://www.lager-techniek.eu/index.php/lager-techniek" "Mozilla/5.0 (Macintosh; Intel Mac OS X 10_15_6) AppleWebKit/605.1.15 (KHTML, like Gecko) Version/15.1 Safari/605.1.15"
77.167.19.160 - - [22/Dec/2021:20:12:57 +0100] "GET /components/com_jshopping/files/img_categories/www.lager-techniek.eu_-_Magneto_bearing.jpg HTTP/1.1" 200 5279 "https://www.lager-techniek.eu/index.php/lager-techniek" "Mozilla/5.0 (Macintosh; Intel Mac OS X 10_15_6) AppleWebKit/605.1.15 (KHTML, like Gecko) Version/15.1 Safari/605.1.15"
77.167.19.160 - - [22/Dec/2021:20:12:57 +0100] "GET /components/com_jshopping/files/img_categories/www.lager-techniek.eu_Naaldlagers.jpg HTTP/1.1" 200 6320 "https://www.lager-techniek.eu/index.php/lager-techniek" "Mozilla/5.0 (Macintosh; Intel Mac OS X 10_15_6) AppleWebKit/605.1.15 (KHTML, like Gecko) Version/15.1 Safari/605.1.15"
77.167.19.160 - - [22/Dec/2021:20:12:57 +0100] "GET /components/com_jshopping/files/img_categories/Seegerringen.jpg HTTP/1.1" 200 4202 "https://www.lager-techniek.eu/index.php/lager-techniek" "Mozilla/5.0 (Macintosh; Intel Mac OS X 10_15_6) AppleWebKit/605.1.15 (KHTML, like Gecko) Version/15.1 Safari/605.1.15"
77.167.19.160 - - [22/Dec/2021:20:12:57 +0100] "GET /components/com_jshopping/files/img_categories/SpeediSleeve1.jpg HTTP/1.1" 200 4313 "https://www.lager-techniek.eu/index.php/lager-techniek" "Mozilla/5.0 (Macintosh; Intel Mac OS X 10_15_6) AppleWebKit/605.1.15 (KHTML, like Gecko) Version/15.1 Safari/605.1.15"
77.167.19.160 - - [22/Dec/2021:20:12:57 +0100] "GET /components/com_jshopping/files/img_categories/www.lager-techniek.eu_-_Spindel_lager.jpg HTTP/1.1" 200 3695 "https://www.lager-techniek.eu/index.php/lager-techniek" "Mozilla/5.0 (Macintosh; Intel Mac OS X 10_15_6) AppleWebKit/605.1.15 (KHTML, like Gecko) Version/15.1 Safari/605.1.15"
77.167.19.160 - - [22/Dec/2021:20:12:57 +0100] "GET /components/com_jshopping/files/img_categories/www.lager-techniek.eu_Stroomgeisoleerde_lagers.jpg HTTP/1.1" 200 5890 "https://www.lager-techniek.eu/index.php/lager-techniek" "Mozilla/5.0 (Macintosh; Intel Mac OS X 10_15_6) AppleWebKit/605.1.15 (KHTML, like Gecko) Version/15.1 Safari/605.1.15"
77.167.19.160 - - [22/Dec/2021:20:12:57 +0100] "GET /components/com_jshopping/files/img_categories/www.lager-techniek.eu_Tonlagers.jpg HTTP/1.1" 200 6296 "https://www.lager-techniek.eu/index.php/lager-techniek" "Mozilla/5.0 (Macintosh; Intel Mac OS X 10_15_6) AppleWebKit/605.1.15 (KHTML, like Gecko) Version/15.1 Safari/605.1.15"
77.167.19.160 - - [22/Dec/2021:20:12:57 +0100] "GET /components/com_jshopping/files/img_categories/www.lager-techniek.eu_-_Taatslager.jpg HTTP/1.1" 200 4179 "https://www.lager-techniek.eu/index.php/lager-techniek" "Mozilla/5.0 (Macintosh; Intel Mac OS X 10_15_6) AppleWebKit/605.1.15 (KHTML, like Gecko) Version/15.1 Safari/605.1.15"
77.167.19.160 - - [22/Dec/2021:20:12:57 +0100] "GET /components/com_jshopping/files/img_categories/www.lager-techniek.eu_Toebehoren.jpg HTTP/1.1" 200 3640 "https://www.lager-techniek.eu/index.php/lager-techniek" "Mozilla/5.0 (Macintosh; Intel Mac OS X 10_15_6) AppleWebKit/605.1.15 (KHTML, like Gecko) Version/15.1 Safari/605.1.15"
77.167.19.160 - - [22/Dec/2021:20:12:57 +0100] "GET /components/com_jshopping/files/img_categories/www.lager-techniek.eu_-_y-lagers.jpg HTTP/1.1" 200 4181 "https://www.lager-techniek.eu/index.php/lager-techniek" "Mozilla/5.0 (Macintosh; Intel Mac OS X 10_15_6) AppleWebKit/605.1.15 (KHTML, like Gecko) Version/15.1 Safari/605.1.15"
77.167.19.160 - - [22/Dec/2021:20:12:57 +0100] "GET /components/com_jshopping/files/img_categories/www.lager-techniek.eu_Pendel_kogellager.jpg HTTP/1.1" 200 5262 "https://www.lager-techniek.eu/index.php/lager-techniek" "Mozilla/5.0 (Macintosh; Intel Mac OS X 10_15_6) AppleWebKit/605.1.15 (KHTML, like Gecko) Version/15.1 Safari/605.1.15"
77.167.19.160 - - [22/Dec/2021:20:12:57 +0100] "GET /components/com_jshopping/files/img_categories/www.lager-techniek.eu_Tontaatslager.jpg HTTP/1.1" 200 4507 "https://www.lager-techniek.eu/index.php/lager-techniek" "Mozilla/5.0 (Macintosh; Intel Mac OS X 10_15_6) AppleWebKit/605.1.15 (KHTML, like Gecko) Version/15.1 Safari/605.1.15"
54.36.148.227 - - [22/Dec/2021:20:12:59 +0100] "GET /index.php/21300-range/timken-21307kejw33c3 HTTP/1.1" 200 14347 "-" "Mozilla/5.0 (compatible; AhrefsBot/7.0; +http://ahrefs.com/robot/)"
77.167.19.160 - - [22/Dec/2021:20:13:00 +0100] "GET /index.php/kogels HTTP/1.1" 200 9578 "https://www.lager-techniek.eu/index.php/lager-techniek" "Mozilla/5.0 (Macintosh; Intel Mac OS X 10_15_6) AppleWebKit/605.1.15 (KHTML, like Gecko) Version/15.1 Safari/605.1.15"
77.167.19.160 - - [22/Dec/2021:20:13:00 +0100] "GET /components/com_jshopping/images/arrow_up.gif HTTP/1.1" 200 839 "https://www.lager-techniek.eu/index.php/kogels" "Mozilla/5.0 (Macintosh; Intel Mac OS X 10_15_6) AppleWebKit/605.1.15 (KHTML, like Gecko) Version/15.1 Safari/605.1.15"
77.167.19.160 - - [22/Dec/2021:20:13:00 +0100] "GET /components/com_jshopping/files/img_products/thumb_img_img_img_shockcraft-bb-3-16-20_1.jpg HTTP/1.1" 200 3161 "https://www.lager-techniek.eu/index.php/kogels" "Mozilla/5.0 (Macintosh; Intel Mac OS X 10_15_6) AppleWebKit/605.1.15 (KHTML, like Gecko) Version/15.1 Safari/605.1.15"
54.36.148.227 - - [22/Dec/2021:20:13:12 +0100] "GET /index.php/hk-range/ina-hk4012b HTTP/1.1" 200 14101 "-" "Mozilla/5.0 (compatible; AhrefsBot/7.0; +http://ahrefs.com/robot/)"
77.167.19.160 - - [22/Dec/2021:20:13:14 +0100] "GET /index.php/kogels/kogellager-kogel-10-319mm HTTP/1.1" 200 13406 "https://www.lager-techniek.eu/index.php/kogels" "Mozilla/5.0 (Macintosh; Intel Mac OS X 10_15_6) AppleWebKit/605.1.15 (KHTML, like Gecko) Version/15.1 Safari/605.1.15"
77.167.19.160 - - [22/Dec/2021:20:13:14 +0100] "GET /media/com_jchoptimize/cache/js/73031bcc52f94e433add8816edc377cf.js HTTP/1.1" 200 101228 "https://www.lager-techniek.eu/index.php/kogels/kogellager-kogel-10-319mm" "Mozilla/5.0 (Macintosh; Intel Mac OS X 10_15_6) AppleWebKit/605.1.15 (KHTML, like Gecko) Version/15.1 Safari/605.1.15"
77.167.19.160 - - [22/Dec/2021:20:13:24 +0100] "GET /favicon.ico HTTP/1.1" 200 881 "-" "Mozilla/5.0 (Macintosh; Intel Mac OS X 10_11_1) AppleWebKit/601.2.4 (KHTML, like Gecko) Version/9.0.1 Safari/601.2.4 facebookexternalhit/1.1 Facebot Twitterbot/1.0"
77.167.19.160 - - [22/Dec/2021:20:13:24 +0100] "GET /templates/protostar/favicon.ico HTTP/1.1" 200 1465 "-" "Mozilla/5.0 (Macintosh; Intel Mac OS X 10_11_1) AppleWebKit/601.2.4 (KHTML, like Gecko) Version/9.0.1 Safari/601.2.4 facebookexternalhit/1.1 Facebot Twitterbot/1.0"
77.167.19.160 - - [22/Dec/2021:20:13:24 +0100] "GET /components/com_jshopping/files/img_products/img_img_img_shockcraft-bb-3-16-20_1.jpg HTTP/1.1" 200 5716 "-" "Mozilla/5.0 (Macintosh; Intel Mac OS X 10_11_1) AppleWebKit/601.2.4 (KHTML, like Gecko) Version/9.0.1 Safari/601.2.4 facebookexternalhit/1.1 Facebot Twitterbot/1.0"
77.167.19.160 - - [22/Dec/2021:20:13:24 +0100] "GET /apple-touch-icon-precomposed.png HTTP/1.1" 404 5349 "-" "Mozilla/5.0 (Macintosh; Intel Mac OS X 10_11_1) AppleWebKit/601.2.4 (KHTML, like Gecko) Version/9.0.1 Safari/601.2.4 facebookexternalhit/1.1 Facebot Twitterbot/1.0"
77.167.19.160 - - [22/Dec/2021:20:13:24 +0100] "GET /apple-touch-icon.png HTTP/1.1" 404 5349 "-" "Mozilla/5.0 (Macintosh; Intel Mac OS X 10_11_1) AppleWebKit/601.2.4 (KHTML, like Gecko) Version/9.0.1 Safari/601.2.4 facebookexternalhit/1.1 Facebot Twitterbot/1.0"
54.36.148.227 - - [22/Dec/2021:20:13:26 +0100] "GET /index.php/cart/add?category_id=431&product_id=18205 HTTP/1.1" 303 645 "-" "Mozilla/5.0 (compatible; AhrefsBot/7.0; +http://ahrefs.com/robot/)"
77.167.19.160 - - [22/Dec/2021:20:13:30 +0100] "GET /index.php/kogels HTTP/1.1" 200 9557 "https://www.lager-techniek.eu/index.php/lager-techniek" "Mozilla/5.0 (Macintosh; Intel Mac OS X 10_15_6) AppleWebKit/605.1.15 (KHTML, like Gecko) Version/15.1 Safari/605.1.15"
66.249.66.4 - - [22/Dec/2021:20:13:31 +0100] "GET /index.php/tandriemen-at10/megadyne-at1063075 HTTP/1.1" 200 14150 "-" "Mozilla/5.0 (compatible; Googlebot/2.1; +http://www.google.com/bot.html)"
66.249.66.4 - - [22/Dec/2021:20:13:32 +0100] "GET /index.php/xpa-range/optibelt-xpa1132xep HTTP/1.1" 200 14815 "-" "Mozilla/5.0 (Linux; Android 6.0.1; Nexus 5X Build/MMB29P) AppleWebKit/537.36 (KHTML, like Gecko) Chrome/96.0.4664.110 Mobile Safari/537.36 (compatible; Googlebot/2.1; +http://www.google.com/bot.html)"
66.249.66.158 - - [22/Dec/2021:20:13:33 +0100] "GET /media/com_jchoptimize/cache/js/ba6a33eb52e8ebe40aa5d2ef08e8648d.js HTTP/1.1" 200 101225 "https://www.lager-techniek.eu/index.php/tandriemen-at10/megadyne-at1063075" "Mozilla/5.0 AppleWebKit/537.36 (KHTML, like Gecko; compatible; Googlebot/2.1; +http://www.google.com/bot.html) Chrome/96.0.4664.93 Safari/537.36"
8.209.109.213 - - [22/Dec/2021:20:13:34 +0100] "GET /components/com_jshopping/files/img_products/img_img_img_img_www.lager-techniek.eu_Timken_Groefkogellager.jpg HTTP/1.1" 200 9664 "https://google.com" "Mozilla/5.0 (X11; U; Linux x86_64; en-US) AppleWebKit/530.7 (KHTML, like Gecko) Chrome/2.0.176.0 Safari/530.7"
54.36.148.227 - - [22/Dec/2021:20:13:39 +0100] "GET /index.php/askquestion/form?category_id=23&product_id=26283&type=1&tmpl=component HTTP/1.1" 200 2413 "-" "Mozilla/5.0 (compatible; AhrefsBot/7.0; +http://ahrefs.com/robot/)"
66.249.66.195 - - [22/Dec/2021:20:13:43 +0100] "GET /media/com_jchoptimize/cache/js/6c04abf549f4ddce4722689e81a48e10.js HTTP/1.1" 200 101225 "https://www.lager-techniek.eu/index.php/6000-range/skf-60142zc3gjn" "Mozilla/5.0 (Linux; Android 6.0.1; Nexus 5X Build/MMB29P) AppleWebKit/537.36 (KHTML, like Gecko) Chrome/96.0.4664.93 Mobile Safari/537.36 (compatible; Googlebot/2.1; +http://www.google.com/bot.html)"
77.167.19.160 - - [22/Dec/2021:20:13:44 +0100] "GET /index.php/kogels?start=24 HTTP/1.1" 200 9830 "https://www.lager-techniek.eu/index.php/kogels" "Mozilla/5.0 (Macintosh; Intel Mac OS X 10_15_6) AppleWebKit/605.1.15 (KHTML, like Gecko) Version/15.1 Safari/605.1.15"
77.167.19.160 - - [22/Dec/2021:20:13:44 +0100] "GET /components/com_jshopping/files/img_products/thumb_img_img_img_www.lager-techniek.eu_-_kogel.jpg HTTP/1.1" 200 3171 "https://www.lager-techniek.eu/index.php/kogels?start=24" "Mozilla/5.0 (Macintosh; Intel Mac OS X 10_15_6) AppleWebKit/605.1.15 (KHTML, like Gecko) Version/15.1 Safari/605.1.15"
77.167.19.160 - - [22/Dec/2021:20:13:44 +0100] "GET /components/com_jshopping/files/img_products/thumb_img_img_shockcraft-bb-3-16-20_1.jpg HTTP/1.1" 200 3186 "https://www.lager-techniek.eu/index.php/kogels?start=24" "Mozilla/5.0 (Macintosh; Intel Mac OS X 10_15_6) AppleWebKit/605.1.15 (KHTML, like Gecko) Version/15.1 Safari/605.1.15"
66.249.66.76 - - [22/Dec/2021:20:13:44 +0100] "GET /index.php/nj-200-range/fag-nj226exltvp2c3 HTTP/1.1" 200 14118 "-" "Mozilla/5.0 (Linux; Android 6.0.1; Nexus 5X Build/MMB29P) AppleWebKit/537.36 (KHTML, like Gecko) Chrome/96.0.4664.110 Mobile Safari/537.36 (compatible; Googlebot/2.1; +http://www.google.com/bot.html)"
66.249.66.158 - - [22/Dec/2021:20:13:50 +0100] "GET /media/com_jchoptimize/cache/js/0f40b3eff825e94bd4372797df73426c.js HTTP/1.1" 200 101226 "https://www.lager-techniek.eu/index.php/62300-range/ntn-623052rs" "Mozilla/5.0 (Linux; Android 6.0.1; Nexus 5X Build/MMB29P) AppleWebKit/537.36 (KHTML, like Gecko) Chrome/96.0.4664.93 Mobile Safari/537.36 (compatible; Googlebot/2.1; +http://www.google.com/bot.html)"
66.249.66.4 - - [22/Dec/2021:20:13:51 +0100] "GET /media/com_jchoptimize/cache/js/06f37f52e42f8f6a99fa2b3e8e79d821.js HTTP/1.1" 200 20663 "https://www.lager-techniek.eu/index.php/xpa-range/optibelt-xpa1132xep" "Mozilla/5.0 (Linux; Android 6.0.1; Nexus 5X Build/MMB29P) AppleWebKit/537.36 (KHTML, like Gecko) Chrome/96.0.4664.110 Mobile Safari/537.36 (compatible; Googlebot/2.1; +http://www.google.com/bot.html)"
54.36.148.227 - - [22/Dec/2021:20:13:54 +0100] "GET /index.php/lr-range/ina-lr7x10x105 HTTP/1.1" 200 13684 "-" "Mozilla/5.0 (compatible; AhrefsBot/7.0; +http://ahrefs.com/robot/)"
66.249.66.158 - - [22/Dec/2021:20:13:57 +0100] "GET /index.php/61800-range/fag-618102rsry HTTP/1.1" 200 14421 "-" "Mozilla/5.0 (compatible; Googlebot/2.1; +http://www.google.com/bot.html)"
89.146.3.50 - - [22/Dec/2021:20:13:58 +0100] "GET /index.php/component/ajax/?format=json HTTP/1.1" 200 758 "https://www.lager-techniek.eu/index.php/spa-range/optibelt-spa1600" "Mozilla/5.0 (Windows NT 10.0; Win64; x64) AppleWebKit/537.36 (KHTML, like Gecko) Chrome/96.0.4664.110 Safari/537.36 Edg/96.0.1054.62"
77.167.19.160 - - [22/Dec/2021:20:13:59 +0100] "GET /index.php/kogels?start=48 HTTP/1.1" 200 9789 "https://www.lager-techniek.eu/index.php/kogels?start=24" "Mozilla/5.0 (Macintosh; Intel Mac OS X 10_15_6) AppleWebKit/605.1.15 (KHTML, like Gecko) Version/15.1 Safari/605.1.15"
66.249.66.4 - - [22/Dec/2021:20:14:09 +0100] "GET /media/com_jchoptimize/cache/js/326b8f5ffa1a0f2dc6dd47335ba01904.js HTTP/1.1" 200 74722 "https://www.lager-techniek.eu/index.php/xpa-range/optibelt-xpa1132xep" "Mozilla/5.0 (Linux; Android 6.0.1; Nexus 5X Build/MMB29P) AppleWebKit/537.36 (KHTML, like Gecko) Chrome/96.0.4664.110 Mobile Safari/537.36 (compatible; Googlebot/2.1; +http://www.google.com/bot.html)"
54.36.148.227 - - [22/Dec/2021:20:14:11 +0100] "GET /index.php/askquestion/form?category_id=65&product_id=6609&type=1&tmpl=component HTTP/1.1" 200 2408 "-" "Mozilla/5.0 (compatible; AhrefsBot/7.0; +http://ahrefs.com/robot/)"
2a02:a44c:f26c:1:6cbb:b172:62af:b00d - - [22/Dec/2021:20:14:12 +0100] "GET /index.php/component/ajax/?format=json HTTP/1.1" 200 758 "https://www.lager-techniek.eu/index.php/6000-range/fag-6006" "Mozilla/5.0 (Windows NT 10.0; Win64; x64; rv:95.0) Gecko/20100101 Firefox/95.0"
2a02:a44c:f26c:1:6cbb:b172:62af:b00d - - [22/Dec/2021:20:14:13 +0100] "GET /index.php/component/ajax/?format=json HTTP/1.1" 200 758 "https://www.lager-techniek.eu/index.php/k-range-naaldkrans/ina-k20x28x20c" "Mozilla/5.0 (Windows NT 10.0; Win64; x64; rv:95.0) Gecko/20100101 Firefox/95.0"
77.167.19.160 - - [22/Dec/2021:20:14:17 +0100] "GET /index.php/kogels?start=72 HTTP/1.1" 200 9736 "https://www.lager-techniek.eu/index.php/kogels?start=48" "Mozilla/5.0 (Macintosh; Intel Mac OS X 10_15_6) AppleWebKit/605.1.15 (KHTML, like Gecko) Version/15.1 Safari/605.1.15"
66.249.66.198 - - [22/Dec/2021:20:14:26 +0100] "GET /media/com_jchoptimize/cache/js/af1111cf1dcd0f1d7258d5fa2fddab4c.js HTTP/1.1" 200 1504 "https://www.lager-techniek.eu/index.php/xpa-range/optibelt-xpa1132xep" "Mozilla/5.0 (Linux; Android 6.0.1; Nexus 5X Build/MMB29P) AppleWebKit/537.36 (KHTML, like Gecko) Chrome/96.0.4664.110 Mobile Safari/537.36 (compatible; Googlebot/2.1; +http://www.google.com/bot.html)"
54.36.148.227 - - [22/Dec/2021:20:14:26 +0100] "GET /index.php/askquestion/form?category_id=1035&product_id=43521&type=1&tmpl=component HTTP/1.1" 200 2407 "-" "Mozilla/5.0 (compatible; AhrefsBot/7.0; +http://ahrefs.com/robot/)"
178.118.52.254 - - [22/Dec/2021:20:14:32 +0100] "GET /index.php/component/ajax/?format=json HTTP/1.1" 200 758 "https://www.lager-techniek.eu/index.php/tandriemen-3m/gates-2883m15" "Mozilla/5.0 (Windows NT 10.0; Win64; x64) AppleWebKit/537.36 (KHTML, like Gecko) Chrome/96.0.4664.110 Safari/537.36"
51.158.97.254 - - [22/Dec/2021:20:14:33 +0100] "GET /index.php/askquestion/form?category_id=234&product_id=36971&type=1&tmpl=component HTTP/1.1" 200 2427 "-" "Mozilla/5.0 (Windows NT 10.0; Win64; x64) AppleWebKit/537.36 (KHTML, like Gecko) Chrome/93.0.4577.0 Safari/537.36"
51.158.97.254 - - [22/Dec/2021:20:14:34 +0100] "GET /media/com_jchoptimize/cache/js/af22c799a78196600e3144e792bbee4d.js HTTP/1.1" 200 58786 "https://lager-techniek.eu/index.php/askquestion/form?category_id=234&product_id=36971&type=1&tmpl=component" "Mozilla/5.0 (Windows NT 10.0; Win64; x64) AppleWebKit/537.36 (KHTML, like Gecko) Chrome/93.0.4577.0 Safari/537.36"
77.167.19.160 - - [22/Dec/2021:20:14:34 +0100] "GET /index.php/kogels?start=96 HTTP/1.1" 200 9275 "https://www.lager-techniek.eu/index.php/kogels?start=72" "Mozilla/5.0 (Macintosh; Intel Mac OS X 10_15_6) AppleWebKit/605.1.15 (KHTML, like Gecko) Version/15.1 Safari/605.1.15"
77.167.19.160 - - [22/Dec/2021:20:14:35 +0100] "GET /media/com_jchoptimize/cache/css/4fb67446889519982a05b2fcf7bc1335.css HTTP/1.1" 200 31639 "https://www.lager-techniek.eu/index.php/kogels?start=96" "Mozilla/5.0 (Macintosh; Intel Mac OS X 10_15_6) AppleWebKit/605.1.15 (KHTML, like Gecko) Version/15.1 Safari/605.1.15"
54.36.148.227 - - [22/Dec/2021:20:14:37 +0100] "GET /index.php/cart/add?category_id=61&product_id=3232 HTTP/1.1" 303 645 "-" "Mozilla/5.0 (compatible; AhrefsBot/7.0; +http://ahrefs.com/robot/)"
54.36.148.227 - - [22/Dec/2021:20:14:51 +0100] "GET /index.php/hk-range/ina-hk40202rsal271 HTTP/1.1" 200 14156 "-" "Mozilla/5.0 (compatible; AhrefsBot/7.0; +http://ahrefs.com/robot/)"
66.249.66.158 - - [22/Dec/2021:20:14:53 +0100] "GET /index.php/rvs-range/merklooss-6309-2rs HTTP/1.1" 200 13781 "-" "Mozilla/5.0 (compatible; Googlebot/2.1; +http://www.google.com/bot.html)"
77.167.19.160 - - [22/Dec/2021:20:14:55 +0100] "GET /index.php/kogels/kogellager-kogel-9-525mm HTTP/1.1" 200 13434 "https://www.lager-techniek.eu/index.php/kogels?start=96" "Mozilla/5.0 (Macintosh; Intel Mac OS X 10_15_6) AppleWebKit/605.1.15 (KHTML, like Gecko) Version/15.1 Safari/605.1.15"
77.167.19.160 - - [22/Dec/2021:20:14:55 +0100] "GET /media/com_jchoptimize/cache/js/c56325a93bf5fefb1e3c7e572586d7a1.js HTTP/1.1" 200 101228 "https://www.lager-techniek.eu/index.php/kogels/kogellager-kogel-9-525mm" "Mozilla/5.0 (Macintosh; Intel Mac OS X 10_15_6) AppleWebKit/605.1.15 (KHTML, like Gecko) Version/15.1 Safari/605.1.15"
77.167.19.160 - - [22/Dec/2021:20:14:57 +0100] "GET /templates/protostar/favicon.ico HTTP/1.1" 200 1465 "-" "Mozilla/5.0 (Macintosh; Intel Mac OS X 10_11_1) AppleWebKit/601.2.4 (KHTML, like Gecko) Version/9.0.1 Safari/601.2.4 facebookexternalhit/1.1 Facebot Twitterbot/1.0"
77.167.19.160 - - [22/Dec/2021:20:14:57 +0100] "GET /favicon.ico HTTP/1.1" 200 881 "-" "Mozilla/5.0 (Macintosh; Intel Mac OS X 10_11_1) AppleWebKit/601.2.4 (KHTML, like Gecko) Version/9.0.1 Safari/601.2.4 facebookexternalhit/1.1 Facebot Twitterbot/1.0"
77.167.19.160 - - [22/Dec/2021:20:14:57 +0100] "GET /components/com_jshopping/files/img_products/img_img_img_shockcraft-bb-3-16-20_1.jpg HTTP/1.1" 200 5716 "-" "Mozilla/5.0 (Macintosh; Intel Mac OS X 10_11_1) AppleWebKit/601.2.4 (KHTML, like Gecko) Version/9.0.1 Safari/601.2.4 facebookexternalhit/1.1 Facebot Twitterbot/1.0"
77.167.19.160 - - [22/Dec/2021:20:14:57 +0100] "GET /apple-touch-icon.png HTTP/1.1" 404 5349 "-" "Mozilla/5.0 (Macintosh; Intel Mac OS X 10_11_1) AppleWebKit/601.2.4 (KHTML, like Gecko) Version/9.0.1 Safari/601.2.4 facebookexternalhit/1.1 Facebot Twitterbot/1.0"
77.167.19.160 - - [22/Dec/2021:20:14:57 +0100] "GET /apple-touch-icon-precomposed.png HTTP/1.1" 404 5349 "-" "Mozilla/5.0 (Macintosh; Intel Mac OS X 10_11_1) AppleWebKit/601.2.4 (KHTML, like Gecko) Version/9.0.1 Safari/601.2.4 facebookexternalhit/1.1 Facebot Twitterbot/1.0"
54.36.148.227 - - [22/Dec/2021:20:15:04 +0100] "GET /index.php/nu-300-range/nsk-nu311etc3 HTTP/1.1" 200 14070 "-" "Mozilla/5.0 (compatible; AhrefsBot/7.0; +http://ahrefs.com/robot/)"
77.167.19.160 - - [22/Dec/2021:20:15:06 +0100] "GET /index.php/kogels?start=96 HTTP/1.1" 200 9274 "https://www.lager-techniek.eu/index.php/kogels?start=72" "Mozilla/5.0 (Macintosh; Intel Mac OS X 10_15_6) AppleWebKit/605.1.15 (KHTML, like Gecko) Version/15.1 Safari/605.1.15"
77.167.19.160 - - [22/Dec/2021:20:15:07 +0100] "GET /index.php/kogels?start=72 HTTP/1.1" 200 9736 "https://www.lager-techniek.eu/index.php/kogels?start=48" "Mozilla/5.0 (Macintosh; Intel Mac OS X 10_15_6) AppleWebKit/605.1.15 (KHTML, like Gecko) Version/15.1 Safari/605.1.15"
66.249.66.4 - - [22/Dec/2021:20:15:07 +0100] "GET /index.php/6200-range/skf-6213nc3 HTTP/1.1" 200 13820 "-" "Mozilla/5.0 (compatible; Googlebot/2.1; +http://www.google.com/bot.html)"
77.167.19.160 - - [22/Dec/2021:20:15:08 +0100] "GET /index.php/kogels?start=48 HTTP/1.1" 200 9789 "https://www.lager-techniek.eu/index.php/kogels?start=24" "Mozilla/5.0 (Macintosh; Intel Mac OS X 10_15_6) AppleWebKit/605.1.15 (KHTML, like Gecko) Version/15.1 Safari/605.1.15"
77.167.19.160 - - [22/Dec/2021:20:15:10 +0100] "GET /index.php/kogels?start=24 HTTP/1.1" 200 9830 "https://www.lager-techniek.eu/index.php/kogels" "Mozilla/5.0 (Macintosh; Intel Mac OS X 10_15_6) AppleWebKit/605.1.15 (KHTML, like Gecko) Version/15.1 Safari/605.1.15"
77.167.19.160 - - [22/Dec/2021:20:15:12 +0100] "GET /index.php/kogels HTTP/1.1" 200 9557 "https://www.lager-techniek.eu/index.php/lager-techniek" "Mozilla/5.0 (Macintosh; Intel Mac OS X 10_15_6) AppleWebKit/605.1.15 (KHTML, like Gecko) Version/15.1 Safari/605.1.15"
77.167.19.160 - - [22/Dec/2021:20:15:13 +0100] "GET /index.php/lager-techniek HTTP/1.1" 200 7523 "https://www.lager-techniek.eu/index.php/kogels/kogellager-kogel-10mm" "Mozilla/5.0 (Macintosh; Intel Mac OS X 10_15_6) AppleWebKit/605.1.15 (KHTML, like Gecko) Version/15.1 Safari/605.1.15"
77.167.19.160 - - [22/Dec/2021:20:15:14 +0100] "GET /index.php/kogels/kogellager-kogel-10mm HTTP/1.1" 200 13395 "https://www.google.nl/" "Mozilla/5.0 (Macintosh; Intel Mac OS X 10_15_6) AppleWebKit/605.1.15 (KHTML, like Gecko) Version/15.1 Safari/605.1.15"
54.36.148.227 - - [22/Dec/2021:20:15:14 +0100] "GET /index.php/askquestion/form?category_id=9&product_id=3922&type=1&tmpl=component HTTP/1.1" 200 2416 "-" "Mozilla/5.0 (compatible; AhrefsBot/7.0; +http://ahrefs.com/robot/)"
77.167.19.160 - - [22/Dec/2021:20:15:19 +0100] "GET /index.php/kogels/kogellager-kogel-10mm HTTP/1.1" 200 13395 "https://www.google.nl/" "Mozilla/5.0 (Macintosh; Intel Mac OS X 10_15_6) AppleWebKit/605.1.15 (KHTML, like Gecko) Version/15.1 Safari/605.1.15"
37.153.194.15 - - [22/Dec/2021:20:15:19 +0100] "GET /index.php/6200-range/nsk-6204nr HTTP/1.1" 200 14324 "https://www.google.com/" "Mozilla/5.0 (X11; Linux x86_64) AppleWebKit/537.36 (KHTML, like Gecko) Chrome/96.0.4664.110 Safari/537.36"
37.153.194.15 - - [22/Dec/2021:20:15:20 +0100] "GET /media/com_jchoptimize/cache/css/e3aaa5baf7724231080a3c38514acb60.css HTTP/1.1" 200 32260 "https://www.lager-techniek.eu/index.php/6200-range/nsk-6204nr" "Mozilla/5.0 (X11; Linux x86_64) AppleWebKit/537.36 (KHTML, like Gecko) Chrome/96.0.4664.110 Safari/537.36"
37.153.194.15 - - [22/Dec/2021:20:15:20 +0100] "GET /media/com_jchoptimize/cache/js/5a83212f50c7040d95f2bc6173790b9a.js HTTP/1.1" 200 101228 "https://www.lager-techniek.eu/index.php/6200-range/nsk-6204nr" "Mozilla/5.0 (X11; Linux x86_64) AppleWebKit/537.36 (KHTML, like Gecko) Chrome/96.0.4664.110 Safari/537.36"
37.153.194.15 - - [22/Dec/2021:20:15:20 +0100] "GET /media/com_jchoptimize/cache/js/06f37f52e42f8f6a99fa2b3e8e79d821.js HTTP/1.1" 200 20663 "https://www.lager-techniek.eu/index.php/6200-range/nsk-6204nr" "Mozilla/5.0 (X11; Linux x86_64) AppleWebKit/537.36 (KHTML, like Gecko) Chrome/96.0.4664.110 Safari/537.36"
37.153.194.15 - - [22/Dec/2021:20:15:20 +0100] "GET /images/banner12-lager-techniek.eu.jpg HTTP/1.1" 200 17827 "https://www.lager-techniek.eu/index.php/6200-range/nsk-6204nr" "Mozilla/5.0 (X11; Linux x86_64) AppleWebKit/537.36 (KHTML, like Gecko) Chrome/96.0.4664.110 Safari/537.36"
37.153.194.15 - - [22/Dec/2021:20:15:20 +0100] "GET /modules/mod_gtranslate/tmpl/lang/16/en.png HTTP/1.1" 200 1063 "https://www.lager-techniek.eu/index.php/6200-range/nsk-6204nr" "Mozilla/5.0 (X11; Linux x86_64) AppleWebKit/537.36 (KHTML, like Gecko) Chrome/96.0.4664.110 Safari/537.36"
37.153.194.15 - - [22/Dec/2021:20:15:20 +0100] "GET /modules/mod_gtranslate/tmpl/lang/16/de.png HTTP/1.1" 200 747 "https://www.lager-techniek.eu/index.php/6200-range/nsk-6204nr" "Mozilla/5.0 (X11; Linux x86_64) AppleWebKit/537.36 (KHTML, like Gecko) Chrome/96.0.4664.110 Safari/537.36"
37.153.194.15 - - [22/Dec/2021:20:15:20 +0100] "GET /modules/mod_gtranslate/tmpl/lang/16/it.png HTTP/1.1" 200 796 "https://www.lager-techniek.eu/index.php/6200-range/nsk-6204nr" "Mozilla/5.0 (X11; Linux x86_64) AppleWebKit/537.36 (KHTML, like Gecko) Chrome/96.0.4664.110 Safari/537.36"
37.153.194.15 - - [22/Dec/2021:20:15:20 +0100] "GET /modules/mod_gtranslate/tmpl/lang/16/fr.png HTTP/1.1" 200 802 "https://www.lager-techniek.eu/index.php/6200-range/nsk-6204nr" "Mozilla/5.0 (X11; Linux x86_64) AppleWebKit/537.36 (KHTML, like Gecko) Chrome/96.0.4664.110 Safari/537.36"
37.153.194.15 - - [22/Dec/2021:20:15:20 +0100] "GET /modules/mod_gtranslate/tmpl/lang/16/es.png HTTP/1.1" 200 849 "https://www.lager-techniek.eu/index.php/6200-range/nsk-6204nr" "Mozilla/5.0 (X11; Linux x86_64) AppleWebKit/537.36 (KHTML, like Gecko) Chrome/96.0.4664.110 Safari/537.36"
37.153.194.15 - - [22/Dec/2021:20:15:20 +0100] "GET /modules/mod_gtranslate/tmpl/lang/16/ru.png HTTP/1.1" 200 706 "https://www.lager-techniek.eu/index.php/6200-range/nsk-6204nr" "Mozilla/5.0 (X11; Linux x86_64) AppleWebKit/537.36 (KHTML, like Gecko) Chrome/96.0.4664.110 Safari/537.36"
37.153.194.15 - - [22/Dec/2021:20:15:20 +0100] "GET /modules/mod_gtranslate/tmpl/lang/16/pt.png HTTP/1.1" 200 947 "https://www.lager-techniek.eu/index.php/6200-range/nsk-6204nr" "Mozilla/5.0 (X11; Linux x86_64) AppleWebKit/537.36 (KHTML, like Gecko) Chrome/96.0.4664.110 Safari/537.36"
37.153.194.15 - - [22/Dec/2021:20:15:20 +0100] "GET /components/com_jshopping/files/img_products/img_NR.jpg HTTP/1.1" 200 11859 "https://www.lager-techniek.eu/index.php/6200-range/nsk-6204nr" "Mozilla/5.0 (X11; Linux x86_64) AppleWebKit/537.36 (KHTML, like Gecko) Chrome/96.0.4664.110 Safari/537.36"
37.153.194.15 - - [22/Dec/2021:20:15:20 +0100] "GET /components/com_jshopping/images/print.png HTTP/1.1" 200 735 "https://www.lager-techniek.eu/index.php/6200-range/nsk-6204nr" "Mozilla/5.0 (X11; Linux x86_64) AppleWebKit/537.36 (KHTML, like Gecko) Chrome/96.0.4664.110 Safari/537.36"
37.153.194.15 - - [22/Dec/2021:20:15:20 +0100] "GET /media/system/images/arrow.png HTTP/1.1" 200 462 "https://www.lager-techniek.eu/index.php/6200-range/nsk-6204nr" "Mozilla/5.0 (X11; Linux x86_64) AppleWebKit/537.36 (KHTML, like Gecko) Chrome/96.0.4664.110 Safari/537.36"
37.153.194.15 - - [22/Dec/2021:20:15:20 +0100] "GET /components/com_jshopping/files/img_products/img_DGBBONR.jpg HTTP/1.1" 200 11507 "https://www.lager-techniek.eu/index.php/6200-range/nsk-6204nr" "Mozilla/5.0 (X11; Linux x86_64) AppleWebKit/537.36 (KHTML, like Gecko) Chrome/96.0.4664.110 Safari/537.36"
37.153.194.15 - - [22/Dec/2021:20:15:20 +0100] "GET /components/com_jshopping/images/search.png HTTP/1.1" 200 847 "https://www.lager-techniek.eu/index.php/6200-range/nsk-6204nr" "Mozilla/5.0 (X11; Linux x86_64) AppleWebKit/537.36 (KHTML, like Gecko) Chrome/96.0.4664.110 Safari/537.36"
37.153.194.15 - - [22/Dec/2021:20:15:20 +0100] "GET /components/com_jshopping/files/img_products/img_www.lager-techniek.eu_NSK_Groefkogellager_NR.jpg HTTP/1.1" 200 11104 "https://www.lager-techniek.eu/index.php/6200-range/nsk-6204nr" "Mozilla/5.0 (X11; Linux x86_64) AppleWebKit/537.36 (KHTML, like Gecko) Chrome/96.0.4664.110 Safari/537.36"
37.153.194.15 - - [22/Dec/2021:20:15:20 +0100] "GET /components/com_jshopping/files/img_products/thumb_img_DGBBONR.jpg HTTP/1.1" 200 4610 "https://www.lager-techniek.eu/index.php/6200-range/nsk-6204nr" "Mozilla/5.0 (X11; Linux x86_64) AppleWebKit/537.36 (KHTML, like Gecko) Chrome/96.0.4664.110 Safari/537.36"
37.153.194.15 - - [22/Dec/2021:20:15:20 +0100] "GET /components/com_jshopping/files/img_products/thumb_img_NR.jpg HTTP/1.1" 200 6821 "https://www.lager-techniek.eu/index.php/6200-range/nsk-6204nr" "Mozilla/5.0 (X11; Linux x86_64) AppleWebKit/537.36 (KHTML, like Gecko) Chrome/96.0.4664.110 Safari/537.36"
37.153.194.15 - - [22/Dec/2021:20:15:20 +0100] "GET /components/com_jshopping/files/img_products/thumb_img_www.lager-techniek.eu_NSK_Groefkogellager_NR.jpg HTTP/1.1" 200 5919 "https://www.lager-techniek.eu/index.php/6200-range/nsk-6204nr" "Mozilla/5.0 (X11; Linux x86_64) AppleWebKit/537.36 (KHTML, like Gecko) Chrome/96.0.4664.110 Safari/537.36"
37.153.194.15 - - [22/Dec/2021:20:15:20 +0100] "GET /images/DPD.jpg HTTP/1.1" 200 7428 "https://www.lager-techniek.eu/index.php/6200-range/nsk-6204nr" "Mozilla/5.0 (X11; Linux x86_64) AppleWebKit/537.36 (KHTML, like Gecko) Chrome/96.0.4664.110 Safari/537.36"
37.153.194.15 - - [22/Dec/2021:20:15:20 +0100] "GET /images/Lengteberekening.jpg HTTP/1.1" 200 10994 "https://www.lager-techniek.eu/index.php/6200-range/nsk-6204nr" "Mozilla/5.0 (X11; Linux x86_64) AppleWebKit/537.36 (KHTML, like Gecko) Chrome/96.0.4664.110 Safari/537.36"
37.153.194.15 - - [22/Dec/2021:20:15:21 +0100] "GET /images/Postnl.jpg HTTP/1.1" 200 10478 "https://www.lager-techniek.eu/index.php/6200-range/nsk-6204nr" "Mozilla/5.0 (X11; Linux x86_64) AppleWebKit/537.36 (KHTML, like Gecko) Chrome/96.0.4664.110 Safari/537.36"
37.153.194.15 - - [22/Dec/2021:20:15:21 +0100] "GET /images/index.jpg HTTP/1.1" 200 5654 "https://www.lager-techniek.eu/index.php/6200-range/nsk-6204nr" "Mozilla/5.0 (X11; Linux x86_64) AppleWebKit/537.36 (KHTML, like Gecko) Chrome/96.0.4664.110 Safari/537.36"
37.153.194.15 - - [22/Dec/2021:20:15:21 +0100] "GET /images/UPS.jpg HTTP/1.1" 200 6889 "https://www.lager-techniek.eu/index.php/6200-range/nsk-6204nr" "Mozilla/5.0 (X11; Linux x86_64) AppleWebKit/537.36 (KHTML, like Gecko) Chrome/96.0.4664.110 Safari/537.36"
37.153.194.15 - - [22/Dec/2021:20:15:21 +0100] "GET /images/images.jpg HTTP/1.1" 200 5841 "https://www.lager-techniek.eu/index.php/6200-range/nsk-6204nr" "Mozilla/5.0 (X11; Linux x86_64) AppleWebKit/537.36 (KHTML, like Gecko) Chrome/96.0.4664.110 Safari/537.36"
37.153.194.15 - - [22/Dec/2021:20:15:21 +0100] "GET /images/achteraf.jpg HTTP/1.1" 200 2428 "https://www.lager-techniek.eu/index.php/6200-range/nsk-6204nr" "Mozilla/5.0 (X11; Linux x86_64) AppleWebKit/537.36 (KHTML, like Gecko) Chrome/96.0.4664.110 Safari/537.36"
37.153.194.15 - - [22/Dec/2021:20:15:21 +0100] "GET /images/bank.jpg HTTP/1.1" 200 2955 "https://www.lager-techniek.eu/index.php/6200-range/nsk-6204nr" "Mozilla/5.0 (X11; Linux x86_64) AppleWebKit/537.36 (KHTML, like Gecko) Chrome/96.0.4664.110 Safari/537.36"
37.153.194.15 - - [22/Dec/2021:20:15:21 +0100] "GET /images/paypal.jpg HTTP/1.1" 200 2557 "https://www.lager-techniek.eu/index.php/6200-range/nsk-6204nr" "Mozilla/5.0 (X11; Linux x86_64) AppleWebKit/537.36 (KHTML, like Gecko) Chrome/96.0.4664.110 Safari/537.36"
37.153.194.15 - - [22/Dec/2021:20:15:21 +0100] "GET /images/MollieIdeal.png HTTP/1.1" 200 15837 "https://www.lager-techniek.eu/index.php/6200-range/nsk-6204nr" "Mozilla/5.0 (X11; Linux x86_64) AppleWebKit/537.36 (KHTML, like Gecko) Chrome/96.0.4664.110 Safari/537.36"
37.153.194.15 - - [22/Dec/2021:20:15:21 +0100] "GET /images/Mollienancontact.jpg HTTP/1.1" 200 9278 "https://www.lager-techniek.eu/index.php/6200-range/nsk-6204nr" "Mozilla/5.0 (X11; Linux x86_64) AppleWebKit/537.36 (KHTML, like Gecko) Chrome/96.0.4664.110 Safari/537.36"
37.153.194.15 - - [22/Dec/2021:20:15:21 +0100] "GET /media/com_jchoptimize/cache/js/af1111cf1dcd0f1d7258d5fa2fddab4c.js HTTP/1.1" 200 1504 "https://www.lager-techniek.eu/index.php/6200-range/nsk-6204nr" "Mozilla/5.0 (X11; Linux x86_64) AppleWebKit/537.36 (KHTML, like Gecko) Chrome/96.0.4664.110 Safari/537.36"
37.153.194.15 - - [22/Dec/2021:20:15:21 +0100] "GET /components/com_jshopping/images/star.gif HTTP/1.1" 200 1171 "https://www.lager-techniek.eu/media/com_jchoptimize/cache/css/e3aaa5baf7724231080a3c38514acb60.css" "Mozilla/5.0 (X11; Linux x86_64) AppleWebKit/537.36 (KHTML, like Gecko) Chrome/96.0.4664.110 Safari/537.36"
37.153.194.15 - - [22/Dec/2021:20:15:21 +0100] "GET /media/jui/fonts/IcoMoon.woff HTTP/1.1" 200 25867 "https://www.lager-techniek.eu/media/com_jchoptimize/cache/css/e3aaa5baf7724231080a3c38514acb60.css" "Mozilla/5.0 (X11; Linux x86_64) AppleWebKit/537.36 (KHTML, like Gecko) Chrome/96.0.4664.110 Safari/537.36"
37.153.194.15 - - [22/Dec/2021:20:15:22 +0100] "GET /templates/protostar/favicon.ico HTTP/1.1" 200 1465 "https://www.lager-techniek.eu/index.php/6200-range/nsk-6204nr" "Mozilla/5.0 (X11; Linux x86_64) AppleWebKit/537.36 (KHTML, like Gecko) Chrome/96.0.4664.110 Safari/537.36"
77.60.98.226 - - [22/Dec/2021:20:15:28 +0100] "GET /index.php/component/ajax/?format=json HTTP/1.1" 200 758 "https://www.lager-techniek.eu/index.php/b-range/contitech-17x1215" "Mozilla/5.0 (Windows NT 6.1; Win64; x64) AppleWebKit/537.36 (KHTML, like Gecko) Chrome/94.0.4606.71 Safari/537.36"
54.36.148.227 - - [22/Dec/2021:20:15:28 +0100] "GET /index.php/cart/add?category_id=210&product_id=18584 HTTP/1.1" 303 645 "-" "Mozilla/5.0 (compatible; AhrefsBot/7.0; +http://ahrefs.com/robot/)"
178.118.52.254 - - [22/Dec/2021:20:15:32 +0100] "GET /index.php/component/ajax/?format=json HTTP/1.1" 200 758 "https://www.lager-techniek.eu/index.php/tandriemen-3m/gates-2823m6gt3" "Mozilla/5.0 (Windows NT 10.0; Win64; x64) AppleWebKit/537.36 (KHTML, like Gecko) Chrome/96.0.4664.110 Safari/537.36"
77.167.19.160 - - [22/Dec/2021:20:15:30 +0100] "POST /index.php/zoeken/result HTTP/1.1" 200 0 "https://www.lager-techniek.eu/index.php/kogels/kogellager-kogel-10mm" "Mozilla/5.0 (Macintosh; Intel Mac OS X 10_15_6) AppleWebKit/605.1.15 (KHTML, like Gecko) Version/15.1 Safari/605.1.15"
77.167.19.160 - - [22/Dec/2021:20:15:30 +0100] "POST /index.php/zoeken/result HTTP/1.1" 200 0 "https://www.lager-techniek.eu/index.php/kogels/kogellager-kogel-10mm" "Mozilla/5.0 (Macintosh; Intel Mac OS X 10_15_6) AppleWebKit/605.1.15 (KHTML, like Gecko) Version/15.1 Safari/605.1.15"
77.167.19.160 - - [22/Dec/2021:20:15:33 +0100] "POST /index.php/zoeken/result HTTP/1.1" 200 14533 "https://www.lager-techniek.eu/index.php/kogels/kogellager-kogel-10mm" "Mozilla/5.0 (Macintosh; Intel Mac OS X 10_15_6) AppleWebKit/605.1.15 (KHTML, like Gecko) Version/15.1 Safari/605.1.15"
77.167.19.160 - - [22/Dec/2021:20:15:36 +0100] "GET /components/com_jshopping/files/img_products/thumb_img_1200.jpg HTTP/1.1" 200 5013 "https://www.lager-techniek.eu/index.php/zoeken/result" "Mozilla/5.0 (Macintosh; Intel Mac OS X 10_15_6) AppleWebKit/605.1.15 (KHTML, like Gecko) Version/15.1 Safari/605.1.15"
77.167.19.160 - - [22/Dec/2021:20:15:36 +0100] "GET /components/com_jshopping/files/img_products/thumb_img_fag1121.jpg HTTP/1.1" 200 4174 "https://www.lager-techniek.eu/index.php/zoeken/result" "Mozilla/5.0 (Macintosh; Intel Mac OS X 10_15_6) AppleWebKit/605.1.15 (KHTML, like Gecko) Version/15.1 Safari/605.1.15"
77.167.19.160 - - [22/Dec/2021:20:15:36 +0100] "GET /components/com_jshopping/files/img_products/thumb_img_fag112.jpg HTTP/1.1" 200 4174 "https://www.lager-techniek.eu/index.php/zoeken/result" "Mozilla/5.0 (Macintosh; Intel Mac OS X 10_15_6) AppleWebKit/605.1.15 (KHTML, like Gecko) Version/15.1 Safari/605.1.15"
54.36.148.227 - - [22/Dec/2021:20:15:43 +0100] "GET /index.php/askquestion/form?category_id=32&product_id=1767&type=1&tmpl=component HTTP/1.1" 200 2402 "-" "Mozilla/5.0 (compatible; AhrefsBot/7.0; +http://ahrefs.com/robot/)"
