213.49.113.27 - - [22/Dec/2021:21:33:11 +0100] "GET /components/com_jshopping/images/print.png HTTP/1.1" 200 735 "https://www.lager-techniek.eu/index.php/miniatuur-range/nsk-608z" "Mozilla/5.0 (iPhone; CPU iPhone OS 15_2 like Mac OS X) AppleWebKit/605.1.15 (KHTML, like Gecko) Version/15.2 Mobile/15E148 Safari/604.1"
213.49.113.27 - - [22/Dec/2021:21:33:11 +0100] "GET /modules/mod_gtranslate/tmpl/lang/16/pt.png HTTP/1.1" 200 947 "https://www.lager-techniek.eu/index.php/miniatuur-range/nsk-608z" "Mozilla/5.0 (iPhone; CPU iPhone OS 15_2 like Mac OS X) AppleWebKit/605.1.15 (KHTML, like Gecko) Version/15.2 Mobile/15E148 Safari/604.1"
213.49.113.27 - - [22/Dec/2021:21:33:11 +0100] "GET /modules/mod_gtranslate/tmpl/lang/16/it.png HTTP/1.1" 200 796 "https://www.lager-techniek.eu/index.php/miniatuur-range/nsk-608z" "Mozilla/5.0 (iPhone; CPU iPhone OS 15_2 like Mac OS X) AppleWebKit/605.1.15 (KHTML, like Gecko) Version/15.2 Mobile/15E148 Safari/604.1"
213.49.113.27 - - [22/Dec/2021:21:33:11 +0100] "GET /modules/mod_gtranslate/tmpl/lang/16/de.png HTTP/1.1" 200 747 "https://www.lager-techniek.eu/index.php/miniatuur-range/nsk-608z" "Mozilla/5.0 (iPhone; CPU iPhone OS 15_2 like Mac OS X) AppleWebKit/605.1.15 (KHTML, like Gecko) Version/15.2 Mobile/15E148 Safari/604.1"
213.49.113.27 - - [22/Dec/2021:21:33:11 +0100] "GET /modules/mod_gtranslate/tmpl/lang/16/ru.png HTTP/1.1" 200 706 "https://www.lager-techniek.eu/index.php/miniatuur-range/nsk-608z" "Mozilla/5.0 (iPhone; CPU iPhone OS 15_2 like Mac OS X) AppleWebKit/605.1.15 (KHTML, like Gecko) Version/15.2 Mobile/15E148 Safari/604.1"
213.49.113.27 - - [22/Dec/2021:21:33:11 +0100] "GET /media/system/images/arrow.png HTTP/1.1" 200 462 "https://www.lager-techniek.eu/index.php/miniatuur-range/nsk-608z" "Mozilla/5.0 (iPhone; CPU iPhone OS 15_2 like Mac OS X) AppleWebKit/605.1.15 (KHTML, like Gecko) Version/15.2 Mobile/15E148 Safari/604.1"
213.49.113.27 - - [22/Dec/2021:21:33:11 +0100] "GET /components/com_jshopping/images/search.png HTTP/1.1" 200 847 "https://www.lager-techniek.eu/index.php/miniatuur-range/nsk-608z" "Mozilla/5.0 (iPhone; CPU iPhone OS 15_2 like Mac OS X) AppleWebKit/605.1.15 (KHTML, like Gecko) Version/15.2 Mobile/15E148 Safari/604.1"
213.49.113.27 - - [22/Dec/2021:21:33:11 +0100] "GET /modules/mod_gtranslate/tmpl/lang/16/es.png HTTP/1.1" 200 849 "https://www.lager-techniek.eu/index.php/miniatuur-range/nsk-608z" "Mozilla/5.0 (iPhone; CPU iPhone OS 15_2 like Mac OS X) AppleWebKit/605.1.15 (KHTML, like Gecko) Version/15.2 Mobile/15E148 Safari/604.1"
213.49.113.27 - - [22/Dec/2021:21:33:11 +0100] "GET /modules/mod_gtranslate/tmpl/lang/16/fr.png HTTP/1.1" 200 802 "https://www.lager-techniek.eu/index.php/miniatuur-range/nsk-608z" "Mozilla/5.0 (iPhone; CPU iPhone OS 15_2 like Mac OS X) AppleWebKit/605.1.15 (KHTML, like Gecko) Version/15.2 Mobile/15E148 Safari/604.1"
213.49.113.27 - - [22/Dec/2021:21:33:11 +0100] "GET /components/com_jshopping/images/star.gif HTTP/1.1" 200 1171 "https://www.lager-techniek.eu/index.php/miniatuur-range/nsk-608z" "Mozilla/5.0 (iPhone; CPU iPhone OS 15_2 like Mac OS X) AppleWebKit/605.1.15 (KHTML, like Gecko) Version/15.2 Mobile/15E148 Safari/604.1"
213.49.113.27 - - [22/Dec/2021:21:33:11 +0100] "GET /components/com_jshopping/files/img_products/img_dgbbzz.jpg HTTP/1.1" 200 11779 "https://www.lager-techniek.eu/index.php/miniatuur-range/nsk-608z" "Mozilla/5.0 (iPhone; CPU iPhone OS 15_2 like Mac OS X) AppleWebKit/605.1.15 (KHTML, like Gecko) Version/15.2 Mobile/15E148 Safari/604.1"
213.49.113.27 - - [22/Dec/2021:21:33:11 +0100] "GET /components/com_jshopping/files/img_products/img_dgbbzsos.jpg HTTP/1.1" 200 11334 "https://www.lager-techniek.eu/index.php/miniatuur-range/nsk-608z" "Mozilla/5.0 (iPhone; CPU iPhone OS 15_2 like Mac OS X) AppleWebKit/605.1.15 (KHTML, like Gecko) Version/15.2 Mobile/15E148 Safari/604.1"
213.49.113.27 - - [22/Dec/2021:21:33:11 +0100] "GET /components/com_jshopping/files/img_products/img_www.lager-techniek.eu_Groefkogellager_NSK.jpg HTTP/1.1" 200 10307 "https://www.lager-techniek.eu/index.php/miniatuur-range/nsk-608z" "Mozilla/5.0 (iPhone; CPU iPhone OS 15_2 like Mac OS X) AppleWebKit/605.1.15 (KHTML, like Gecko) Version/15.2 Mobile/15E148 Safari/604.1"
213.49.113.27 - - [22/Dec/2021:21:33:11 +0100] "GET /media/jui/fonts/IcoMoon.woff HTTP/1.1" 200 25867 "https://www.lager-techniek.eu/index.php/miniatuur-range/nsk-608z" "Mozilla/5.0 (iPhone; CPU iPhone OS 15_2 like Mac OS X) AppleWebKit/605.1.15 (KHTML, like Gecko) Version/15.2 Mobile/15E148 Safari/604.1"
213.49.113.27 - - [22/Dec/2021:21:33:11 +0100] "GET /components/com_jshopping/files/img_products/thumb_img_dgbbzz.jpg HTTP/1.1" 200 7052 "https://www.lager-techniek.eu/index.php/miniatuur-range/nsk-608z" "Mozilla/5.0 (iPhone; CPU iPhone OS 15_2 like Mac OS X) AppleWebKit/605.1.15 (KHTML, like Gecko) Version/15.2 Mobile/15E148 Safari/604.1"
213.49.113.27 - - [22/Dec/2021:21:33:11 +0100] "GET /components/com_jshopping/files/img_products/thumb_img_dgbbzsos.jpg HTTP/1.1" 200 4483 "https://www.lager-techniek.eu/index.php/miniatuur-range/nsk-608z" "Mozilla/5.0 (iPhone; CPU iPhone OS 15_2 like Mac OS X) AppleWebKit/605.1.15 (KHTML, like Gecko) Version/15.2 Mobile/15E148 Safari/604.1"
213.49.113.27 - - [22/Dec/2021:21:33:11 +0100] "GET /images/Lengteberekening.jpg HTTP/1.1" 200 10994 "https://www.lager-techniek.eu/index.php/miniatuur-range/nsk-608z" "Mozilla/5.0 (iPhone; CPU iPhone OS 15_2 like Mac OS X) AppleWebKit/605.1.15 (KHTML, like Gecko) Version/15.2 Mobile/15E148 Safari/604.1"
213.49.113.27 - - [22/Dec/2021:21:33:11 +0100] "GET /components/com_jshopping/files/img_products/thumb_img_www.lager-techniek.eu_Groefkogellager_NSK.jpg HTTP/1.1" 200 5789 "https://www.lager-techniek.eu/index.php/miniatuur-range/nsk-608z" "Mozilla/5.0 (iPhone; CPU iPhone OS 15_2 like Mac OS X) AppleWebKit/605.1.15 (KHTML, like Gecko) Version/15.2 Mobile/15E148 Safari/604.1"
213.49.113.27 - - [22/Dec/2021:21:33:11 +0100] "GET /images/DPD.jpg HTTP/1.1" 200 7428 "https://www.lager-techniek.eu/index.php/miniatuur-range/nsk-608z" "Mozilla/5.0 (iPhone; CPU iPhone OS 15_2 like Mac OS X) AppleWebKit/605.1.15 (KHTML, like Gecko) Version/15.2 Mobile/15E148 Safari/604.1"
213.49.113.27 - - [22/Dec/2021:21:33:11 +0100] "GET /images/Postnl.jpg HTTP/1.1" 200 10478 "https://www.lager-techniek.eu/index.php/miniatuur-range/nsk-608z" "Mozilla/5.0 (iPhone; CPU iPhone OS 15_2 like Mac OS X) AppleWebKit/605.1.15 (KHTML, like Gecko) Version/15.2 Mobile/15E148 Safari/604.1"
213.49.113.27 - - [22/Dec/2021:21:33:11 +0100] "GET /images/UPS.jpg HTTP/1.1" 200 6889 "https://www.lager-techniek.eu/index.php/miniatuur-range/nsk-608z" "Mozilla/5.0 (iPhone; CPU iPhone OS 15_2 like Mac OS X) AppleWebKit/605.1.15 (KHTML, like Gecko) Version/15.2 Mobile/15E148 Safari/604.1"
213.49.113.27 - - [22/Dec/2021:21:33:11 +0100] "GET /images/index.jpg HTTP/1.1" 200 5654 "https://www.lager-techniek.eu/index.php/miniatuur-range/nsk-608z" "Mozilla/5.0 (iPhone; CPU iPhone OS 15_2 like Mac OS X) AppleWebKit/605.1.15 (KHTML, like Gecko) Version/15.2 Mobile/15E148 Safari/604.1"
213.49.113.27 - - [22/Dec/2021:21:33:11 +0100] "GET /images/images.jpg HTTP/1.1" 200 5841 "https://www.lager-techniek.eu/index.php/miniatuur-range/nsk-608z" "Mozilla/5.0 (iPhone; CPU iPhone OS 15_2 like Mac OS X) AppleWebKit/605.1.15 (KHTML, like Gecko) Version/15.2 Mobile/15E148 Safari/604.1"
213.49.113.27 - - [22/Dec/2021:21:33:11 +0100] "GET /images/achteraf.jpg HTTP/1.1" 200 2428 "https://www.lager-techniek.eu/index.php/miniatuur-range/nsk-608z" "Mozilla/5.0 (iPhone; CPU iPhone OS 15_2 like Mac OS X) AppleWebKit/605.1.15 (KHTML, like Gecko) Version/15.2 Mobile/15E148 Safari/604.1"
213.49.113.27 - - [22/Dec/2021:21:33:11 +0100] "GET /images/bank.jpg HTTP/1.1" 200 2955 "https://www.lager-techniek.eu/index.php/miniatuur-range/nsk-608z" "Mozilla/5.0 (iPhone; CPU iPhone OS 15_2 like Mac OS X) AppleWebKit/605.1.15 (KHTML, like Gecko) Version/15.2 Mobile/15E148 Safari/604.1"
213.49.113.27 - - [22/Dec/2021:21:33:11 +0100] "GET /images/paypal.jpg HTTP/1.1" 200 2557 "https://www.lager-techniek.eu/index.php/miniatuur-range/nsk-608z" "Mozilla/5.0 (iPhone; CPU iPhone OS 15_2 like Mac OS X) AppleWebKit/605.1.15 (KHTML, like Gecko) Version/15.2 Mobile/15E148 Safari/604.1"
213.49.113.27 - - [22/Dec/2021:21:33:11 +0100] "GET /images/Mollienancontact.jpg HTTP/1.1" 200 9278 "https://www.lager-techniek.eu/index.php/miniatuur-range/nsk-608z" "Mozilla/5.0 (iPhone; CPU iPhone OS 15_2 like Mac OS X) AppleWebKit/605.1.15 (KHTML, like Gecko) Version/15.2 Mobile/15E148 Safari/604.1"
213.49.113.27 - - [22/Dec/2021:21:33:11 +0100] "GET /images/MollieIdeal.png HTTP/1.1" 200 15837 "https://www.lager-techniek.eu/index.php/miniatuur-range/nsk-608z" "Mozilla/5.0 (iPhone; CPU iPhone OS 15_2 like Mac OS X) AppleWebKit/605.1.15 (KHTML, like Gecko) Version/15.2 Mobile/15E148 Safari/604.1"
213.49.113.27 - - [22/Dec/2021:21:33:12 +0100] "GET /templates/protostar/favicon.ico HTTP/1.1" 200 1465 "https://www.lager-techniek.eu/index.php/miniatuur-range/nsk-608z" "Mozilla/5.0 (iPhone; CPU iPhone OS 15_2 like Mac OS X) AppleWebKit/605.1.15 (KHTML, like Gecko) Version/15.2 Mobile/15E148 Safari/604.1"
54.36.148.227 - - [22/Dec/2021:21:33:18 +0100] "GET /index.php/6300-range/skf-63052zc3lht23 HTTP/1.1" 200 13933 "-" "Mozilla/5.0 (compatible; AhrefsBot/7.0; +http://ahrefs.com/robot/)"
54.36.148.227 - - [22/Dec/2021:21:33:31 +0100] "GET /index.php/fixeerringen/frb13150 HTTP/1.1" 200 13676 "-" "Mozilla/5.0 (compatible; AhrefsBot/7.0; +http://ahrefs.com/robot/)"
66.249.66.158 - - [22/Dec/2021:21:33:36 +0100] "GET /index.php/6300-range/skf-6305 HTTP/1.1" 200 14617 "-" "Mozilla/5.0 (compatible; Googlebot/2.1; +http://www.google.com/bot.html)"
66.249.66.158 - - [22/Dec/2021:21:33:39 +0100] "GET /media/com_jchoptimize/cache/js/6b7ca8e23286ea28972a1e6f0ff39759.js HTTP/1.1" 200 74721 "https://www.lager-techniek.eu/index.php/6300-range/skf-6305" "Mozilla/5.0 AppleWebKit/537.36 (KHTML, like Gecko; compatible; Googlebot/2.1; +http://www.google.com/bot.html) Chrome/96.0.4664.93 Safari/537.36"
54.36.148.227 - - [22/Dec/2021:21:33:44 +0100] "GET /index.php/6300-range/skf-63052zva228 HTTP/1.1" 200 13867 "-" "Mozilla/5.0 (compatible; AhrefsBot/7.0; +http://ahrefs.com/robot/)"
54.36.148.227 - - [22/Dec/2021:21:33:55 +0100] "GET /index.php/vierpuntslager/skf-qj217ma HTTP/1.1" 200 13821 "-" "Mozilla/5.0 (compatible; AhrefsBot/7.0; +http://ahrefs.com/robot/)"
89.146.3.50 - - [22/Dec/2021:21:33:58 +0100] "GET /index.php/component/ajax/?format=json HTTP/1.1" 200 758 "https://www.lager-techniek.eu/index.php/spa-range/optibelt-spa1600" "Mozilla/5.0 (Windows NT 10.0; Win64; x64) AppleWebKit/537.36 (KHTML, like Gecko) Chrome/96.0.4664.110 Safari/537.36 Edg/96.0.1054.62"
54.36.148.227 - - [22/Dec/2021:21:34:10 +0100] "GET /index.php/askquestion/form?category_id=38&product_id=14452&type=1&tmpl=component HTTP/1.1" 200 2421 "-" "Mozilla/5.0 (compatible; AhrefsBot/7.0; +http://ahrefs.com/robot/)"
94.211.136.29 - - [22/Dec/2021:21:34:20 +0100] "GET /index.php/component/ajax/?format=json HTTP/1.1" 200 863 "https://www.lager-techniek.eu/index.php/producenten/speedi-sleeve/skf-99333" "Mozilla/5.0 (iPhone; CPU iPhone OS 15_1 like Mac OS X) AppleWebKit/605.1.15 (KHTML, like Gecko) Version/15.1 Mobile/15E148 Safari/604.1"
54.36.148.227 - - [22/Dec/2021:21:34:24 +0100] "GET /index.php/grae-yet-range/ina-grae55nppb HTTP/1.1" 200 14170 "-" "Mozilla/5.0 (compatible; AhrefsBot/7.0; +http://ahrefs.com/robot/)"
178.118.52.254 - - [22/Dec/2021:21:34:32 +0100] "GET /index.php/component/ajax/?format=json HTTP/1.1" 200 758 "https://www.lager-techniek.eu/index.php/tandriemen-3m/gates-2883m15" "Mozilla/5.0 (Windows NT 10.0; Win64; x64) AppleWebKit/537.36 (KHTML, like Gecko) Chrome/96.0.4664.110 Safari/537.36"
66.249.66.195 - - [22/Dec/2021:21:34:35 +0100] "GET /index.php/n-300-range/fag-n313exlm1 HTTP/1.1" 200 14103 "-" "Mozilla/5.0 (Linux; Android 6.0.1; Nexus 5X Build/MMB29P) AppleWebKit/537.36 (KHTML, like Gecko) Chrome/96.0.4664.93 Mobile Safari/537.36 (compatible; Googlebot/2.1; +http://www.google.com/bot.html)"
54.36.148.227 - - [22/Dec/2021:21:34:38 +0100] "GET /index.php/22200-range/fag-22217e1axlmc3 HTTP/1.1" 200 14433 "-" "Mozilla/5.0 (compatible; AhrefsBot/7.0; +http://ahrefs.com/robot/)"
54.36.148.227 - - [22/Dec/2021:21:34:51 +0100] "GET /index.php/vierpuntslager/skf-qj219n2ma HTTP/1.1" 200 13883 "-" "Mozilla/5.0 (compatible; AhrefsBot/7.0; +http://ahrefs.com/robot/)"
66.249.66.195 - - [22/Dec/2021:21:34:59 +0100] "GET /index.php/rasey-sy-tf-ucp-range/fag-ucp205j7 HTTP/1.1" 200 13972 "-" "Mozilla/5.0 (Linux; Android 6.0.1; Nexus 5X Build/MMB29P) AppleWebKit/537.36 (KHTML, like Gecko) Chrome/96.0.4664.110 Mobile Safari/537.36 (compatible; Googlebot/2.1; +http://www.google.com/bot.html)"
54.36.148.227 - - [22/Dec/2021:21:35:03 +0100] "GET /index.php/fixeerringen/frb13230 HTTP/1.1" 200 13683 "-" "Mozilla/5.0 (compatible; AhrefsBot/7.0; +http://ahrefs.com/robot/)"
66.249.66.78 - - [22/Dec/2021:21:35:13 +0100] "GET /index.php/naaldrollen/ina-nrb3x158g2010 HTTP/1.1" 200 13763 "-" "Mozilla/5.0 (compatible; Googlebot/2.1; +http://www.google.com/bot.html)"
54.36.148.227 - - [22/Dec/2021:21:35:16 +0100] "GET /index.php/askquestion/form?category_id=9&product_id=14879&type=1&tmpl=component HTTP/1.1" 200 2404 "-" "Mozilla/5.0 (compatible; AhrefsBot/7.0; +http://ahrefs.com/robot/)"
77.60.98.226 - - [22/Dec/2021:21:35:27 +0100] "GET /index.php/component/ajax/?format=json HTTP/1.1" 200 758 "https://www.lager-techniek.eu/index.php/b-range/contitech-17x1215" "Mozilla/5.0 (Windows NT 6.1; Win64; x64) AppleWebKit/537.36 (KHTML, like Gecko) Chrome/94.0.4606.71 Safari/537.36"
178.118.52.254 - - [22/Dec/2021:21:35:32 +0100] "GET /index.php/component/ajax/?format=json HTTP/1.1" 200 758 "https://www.lager-techniek.eu/index.php/tandriemen-3m/gates-2823m6gt3" "Mozilla/5.0 (Windows NT 10.0; Win64; x64) AppleWebKit/537.36 (KHTML, like Gecko) Chrome/96.0.4664.110 Safari/537.36"
54.36.148.227 - - [22/Dec/2021:21:35:35 +0100] "GET /index.php/72-range/nsk-7215beat85sun HTTP/1.1" 200 13923 "-" "Mozilla/5.0 (compatible; AhrefsBot/7.0; +http://ahrefs.com/robot/)"
54.36.148.227 - - [22/Dec/2021:21:35:51 +0100] "GET /index.php/6300-range/skf-63052zva208 HTTP/1.1" 200 13847 "-" "Mozilla/5.0 (compatible; AhrefsBot/7.0; +http://ahrefs.com/robot/)"
54.36.148.227 - - [22/Dec/2021:21:36:08 +0100] "GET /index.php/askquestion/form?category_id=374&product_id=25056&type=1&tmpl=component HTTP/1.1" 200 2415 "-" "Mozilla/5.0 (compatible; AhrefsBot/7.0; +http://ahrefs.com/robot/)"
66.249.66.77 - - [22/Dec/2021:21:36:10 +0100] "GET /index.php/22300-range/fag-22320e1axlkm HTTP/1.1" 200 14077 "-" "Mozilla/5.0 (Linux; Android 6.0.1; Nexus 5X Build/MMB29P) AppleWebKit/537.36 (KHTML, like Gecko) Chrome/96.0.4664.110 Mobile Safari/537.36 (compatible; Googlebot/2.1; +http://www.google.com/bot.html)"
193.104.159.11 - - [22/Dec/2021:21:36:11 +0100] "GET /index.php/component/ajax/?format=json HTTP/1.1" 200 758 "https://www.lager-techniek.eu/index.php/2200-range/fag-22032rstvh" "Mozilla/5.0 (Windows NT 10.0; Win64; x64) AppleWebKit/537.36 (KHTML, like Gecko) Chrome/96.0.4664.110 Safari/537.36 Edg/96.0.1054.62"
66.249.66.159 - - [22/Dec/2021:21:36:15 +0100] "GET /media/com_jchoptimize/cache/js/8c2949418f753326f3a6287bb3740971.js HTTP/1.1" 200 58821 "https://www.lager-techniek.eu/index.php/askquestion/form?category_id=226&product_id=25577&type=1&tmpl=component" "Mozilla/5.0 (Linux; Android 6.0.1; Nexus 5X Build/MMB29P) AppleWebKit/537.36 (KHTML, like Gecko) Chrome/96.0.4664.93 Mobile Safari/537.36 (compatible; Googlebot/2.1; +http://www.google.com/bot.html)"
54.36.148.227 - - [22/Dec/2021:21:36:20 +0100] "GET /index.php/72-range/nsk-7215bw HTTP/1.1" 200 13826 "-" "Mozilla/5.0 (compatible; AhrefsBot/7.0; +http://ahrefs.com/robot/)"
54.36.148.227 - - [22/Dec/2021:21:36:32 +0100] "GET /index.php/fixeerringen/frb14120 HTTP/1.1" 200 13681 "-" "Mozilla/5.0 (compatible; AhrefsBot/7.0; +http://ahrefs.com/robot/)"
91.183.150.180 - - [22/Dec/2021:21:36:35 +0100] "GET /index.php/component/ajax/?format=json HTTP/1.1" 200 758 "https://www.lager-techniek.eu/index.php/overig/skf-tmft36" "Mozilla/5.0 (Windows NT 6.3; Win64; x64) AppleWebKit/537.36 (KHTML, like Gecko) Chrome/96.0.4664.110 Safari/537.36"
66.249.66.4 - - [22/Dec/2021:21:36:39 +0100] "GET /index.php/tandriemen-14m/gates-432614m85gt3 HTTP/1.1" 200 14756 "-" "Mozilla/5.0 (Linux; Android 6.0.1; Nexus 5X Build/MMB29P) AppleWebKit/537.36 (KHTML, like Gecko) Chrome/96.0.4664.110 Mobile Safari/537.36 (compatible; Googlebot/2.1; +http://www.google.com/bot.html)"
66.249.66.4 - - [22/Dec/2021:21:36:43 +0100] "GET /index.php/xpz-range/optibelt-xpz1180xep HTTP/1.1" 200 14990 "-" "Mozilla/5.0 (compatible; Googlebot/2.1; +http://www.google.com/bot.html)"
54.36.148.227 - - [22/Dec/2021:21:36:50 +0100] "GET /index.php/kegellager-inch/timken-lm72849lm72810 HTTP/1.1" 200 13851 "-" "Mozilla/5.0 (compatible; AhrefsBot/7.0; +http://ahrefs.com/robot/)"
185.178.235.166 - - [22/Dec/2021:21:37:00 +0100] "GET /index.php/component/ajax/?format=json HTTP/1.1" 200 758 "https://www.lager-techniek.eu/index.php/kettingspanwiel/ina-ksr16l010101408" "Mozilla/5.0 (Windows NT 10.0; Win64; x64) AppleWebKit/537.36 (KHTML, like Gecko) Chrome/96.0.4664.45 Safari/537.36"
54.36.148.227 - - [22/Dec/2021:21:37:05 +0100] "GET /index.php/askquestion/form?category_id=448&product_id=51279&type=1&tmpl=component HTTP/1.1" 200 2421 "-" "Mozilla/5.0 (compatible; AhrefsBot/7.0; +http://ahrefs.com/robot/)"
66.249.66.77 - - [22/Dec/2021:21:37:12 +0100] "GET /index.php/tandriemschijf-h075/28h075st HTTP/1.1" 200 13922 "-" "Mozilla/5.0 (compatible; Googlebot/2.1; +http://www.google.com/bot.html)"
54.36.148.227 - - [22/Dec/2021:21:37:16 +0100] "GET /index.php/72-range/nsk-7215ctrdump3 HTTP/1.1" 200 13921 "-" "Mozilla/5.0 (compatible; AhrefsBot/7.0; +http://ahrefs.com/robot/)"
54.36.148.227 - - [22/Dec/2021:21:37:27 +0100] "GET /index.php/askquestion/form?category_id=56&product_id=16198&type=1&tmpl=component HTTP/1.1" 200 2411 "-" "Mozilla/5.0 (compatible; AhrefsBot/7.0; +http://ahrefs.com/robot/)"
77.226.249.91 - - [22/Dec/2021:21:37:40 +0100] "GET /index.php/component/ajax/?format=json HTTP/1.1" 200 758 "https://www.lager-techniek.eu/index.php/a-range/contitech-13x3650" "Mozilla/5.0 (Windows NT 10.0; Win64; x64) AppleWebKit/537.36 (KHTML, like Gecko) Chrome/96.0.4664.55 Safari/537.36 Edg/96.0.1054.43"
54.36.148.227 - - [22/Dec/2021:21:37:40 +0100] "GET /index.php/6300-range/skf-63052zc3wt HTTP/1.1" 200 13887 "-" "Mozilla/5.0 (compatible; AhrefsBot/7.0; +http://ahrefs.com/robot/)"
82.75.56.74 - - [22/Dec/2021:21:37:46 +0100] "GET /index.php/component/ajax/?format=json HTTP/1.1" 200 758 "https://www.lager-techniek.eu/index.php/6000-range/fag-60032rsr" "Mozilla/5.0 (Windows NT 10.0; Win64; x64; rv:95.0) Gecko/20100101 Firefox/95.0"
54.36.148.227 - - [22/Dec/2021:21:37:51 +0100] "GET /index.php/askquestion/form?category_id=8&product_id=7747&type=1&tmpl=component HTTP/1.1" 200 2416 "-" "Mozilla/5.0 (compatible; AhrefsBot/7.0; +http://ahrefs.com/robot/)"
90.145.217.226 - - [22/Dec/2021:21:37:53 +0100] "GET /index.php/component/ajax/?format=json HTTP/1.1" 200 758 "https://www.lager-techniek.eu/index.php/met-flens/permaglide-paf25215-p11" "Mozilla/5.0 (Windows NT 10.0; Win64; x64) AppleWebKit/537.36 (KHTML, like Gecko) Chrome/96.0.4664.45 Safari/537.36"
54.36.148.227 - - [22/Dec/2021:21:38:02 +0100] "GET /index.php/72-range/nsk-7215ctrsulp3 HTTP/1.1" 200 13907 "-" "Mozilla/5.0 (compatible; AhrefsBot/7.0; +http://ahrefs.com/robot/)"
66.249.66.200 - - [22/Dec/2021:21:38:04 +0100] "GET /index.php/62300-range/skf-623122rs1 HTTP/1.1" 200 13744 "-" "Mozilla/5.0 (Linux; Android 6.0.1; Nexus 5X Build/MMB29P) AppleWebKit/537.36 (KHTML, like Gecko) Chrome/96.0.4664.110 Mobile Safari/537.36 (compatible; Googlebot/2.1; +http://www.google.com/bot.html)"
54.36.148.227 - - [22/Dec/2021:21:38:17 +0100] "GET /index.php/nu-2200-range/nsk-nu2220em HTTP/1.1" 200 13991 "-" "Mozilla/5.0 (compatible; AhrefsBot/7.0; +http://ahrefs.com/robot/)"
54.36.148.227 - - [22/Dec/2021:21:38:32 +0100] "GET /index.php/fixeerringen/frb14160 HTTP/1.1" 200 13680 "-" "Mozilla/5.0 (compatible; AhrefsBot/7.0; +http://ahrefs.com/robot/)"
66.249.66.77 - - [22/Dec/2021:21:38:39 +0100] "GET /index.php/33-range/skf-3310ac3 HTTP/1.1" 200 14212 "-" "Mozilla/5.0 (compatible; Googlebot/2.1; +http://www.google.com/bot.html)"
54.36.148.227 - - [22/Dec/2021:21:38:46 +0100] "GET /index.php/6300-range/skf-63052zlht23 HTTP/1.1" 200 13897 "-" "Mozilla/5.0 (compatible; AhrefsBot/7.0; +http://ahrefs.com/robot/)"
54.36.148.227 - - [22/Dec/2021:21:38:57 +0100] "GET /index.php/1200-range/skf-1208etn9 HTTP/1.1" 200 14350 "-" "Mozilla/5.0 (compatible; AhrefsBot/7.0; +http://ahrefs.com/robot/)"
89.146.3.50 - - [22/Dec/2021:21:38:58 +0100] "GET /index.php/component/ajax/?format=json HTTP/1.1" 200 758 "https://www.lager-techniek.eu/index.php/spa-range/optibelt-spa1600" "Mozilla/5.0 (Windows NT 10.0; Win64; x64) AppleWebKit/537.36 (KHTML, like Gecko) Chrome/96.0.4664.110 Safari/537.36 Edg/96.0.1054.62"
54.36.148.227 - - [22/Dec/2021:21:39:10 +0100] "GET /index.php/nu-2200-range/nsk-nu2220emc3 HTTP/1.1" 200 14033 "-" "Mozilla/5.0 (compatible; AhrefsBot/7.0; +http://ahrefs.com/robot/)"
94.211.136.29 - - [22/Dec/2021:21:39:20 +0100] "GET /index.php/component/ajax/?format=json HTTP/1.1" 200 758 "https://www.lager-techniek.eu/index.php/producenten/speedi-sleeve/skf-99333" "Mozilla/5.0 (iPhone; CPU iPhone OS 15_1 like Mac OS X) AppleWebKit/605.1.15 (KHTML, like Gecko) Version/15.1 Mobile/15E148 Safari/604.1"
54.36.148.227 - - [22/Dec/2021:21:39:25 +0100] "GET /index.php/askquestion/form?category_id=9&product_id=14052&type=1&tmpl=component HTTP/1.1" 200 2413 "-" "Mozilla/5.0 (compatible; AhrefsBot/7.0; +http://ahrefs.com/robot/)"
178.118.52.254 - - [22/Dec/2021:21:39:32 +0100] "GET /index.php/component/ajax/?format=json HTTP/1.1" 200 758 "https://www.lager-techniek.eu/index.php/tandriemen-3m/gates-2883m15" "Mozilla/5.0 (Windows NT 10.0; Win64; x64) AppleWebKit/537.36 (KHTML, like Gecko) Chrome/96.0.4664.110 Safari/537.36"
54.36.148.227 - - [22/Dec/2021:21:39:43 +0100] "GET /index.php/61800-range/skf-61803rs1 HTTP/1.1" 200 13827 "-" "Mozilla/5.0 (compatible; AhrefsBot/7.0; +http://ahrefs.com/robot/)"
54.36.148.227 - - [22/Dec/2021:21:39:57 +0100] "GET /index.php/askquestion/form?category_id=56&product_id=16199&type=1&tmpl=component HTTP/1.1" 200 2414 "-" "Mozilla/5.0 (compatible; AhrefsBot/7.0; +http://ahrefs.com/robot/)"
54.36.148.227 - - [22/Dec/2021:21:40:08 +0100] "GET /index.php/72-range/nsk-7215a5trdulp3 HTTP/1.1" 200 13903 "-" "Mozilla/5.0 (compatible; AhrefsBot/7.0; +http://ahrefs.com/robot/)"
54.36.148.227 - - [22/Dec/2021:21:40:20 +0100] "GET /index.php/askquestion/form?category_id=1036&product_id=42063&type=1&tmpl=component HTTP/1.1" 200 2431 "-" "Mozilla/5.0 (compatible; AhrefsBot/7.0; +http://ahrefs.com/robot/)"
77.60.98.226 - - [22/Dec/2021:21:40:27 +0100] "GET /index.php/component/ajax/?format=json HTTP/1.1" 200 758 "https://www.lager-techniek.eu/index.php/b-range/contitech-17x1215" "Mozilla/5.0 (Windows NT 6.1; Win64; x64) AppleWebKit/537.36 (KHTML, like Gecko) Chrome/94.0.4606.71 Safari/537.36"
178.118.52.254 - - [22/Dec/2021:21:40:32 +0100] "GET /index.php/component/ajax/?format=json HTTP/1.1" 200 758 "https://www.lager-techniek.eu/index.php/tandriemen-3m/gates-2823m6gt3" "Mozilla/5.0 (Windows NT 10.0; Win64; x64) AppleWebKit/537.36 (KHTML, like Gecko) Chrome/96.0.4664.110 Safari/537.36"
54.36.148.227 - - [22/Dec/2021:21:40:34 +0100] "GET /index.php/askquestion/form?category_id=431&product_id=16803&type=1&tmpl=component HTTP/1.1" 200 2417 "-" "Mozilla/5.0 (compatible; AhrefsBot/7.0; +http://ahrefs.com/robot/)"
54.36.148.227 - - [22/Dec/2021:21:40:53 +0100] "GET /index.php/fixeerringen/frb145180 HTTP/1.1" 200 13685 "-" "Mozilla/5.0 (compatible; AhrefsBot/7.0; +http://ahrefs.com/robot/)"
54.36.148.227 - - [22/Dec/2021:21:41:06 +0100] "GET /index.php/askquestion/form?category_id=1036&product_id=42065&type=1&tmpl=component HTTP/1.1" 200 2409 "-" "Mozilla/5.0 (compatible; AhrefsBot/7.0; +http://ahrefs.com/robot/)"
193.104.159.11 - - [22/Dec/2021:21:41:11 +0100] "GET /index.php/component/ajax/?format=json HTTP/1.1" 200 758 "https://www.lager-techniek.eu/index.php/2200-range/fag-22032rstvh" "Mozilla/5.0 (Windows NT 10.0; Win64; x64) AppleWebKit/537.36 (KHTML, like Gecko) Chrome/96.0.4664.110 Safari/537.36 Edg/96.0.1054.62"
51.15.200.97 - - [22/Dec/2021:21:41:16 +0100] "GET /index.php/askquestion/form?category_id=395&product_id=12811&type=1&tmpl=component HTTP/1.1" 200 2424 "-" "Mozilla/5.0 (Windows NT 10.0; Win64; x64) AppleWebKit/537.36 (KHTML, like Gecko) Chrome/93.0.4577.0 Safari/537.36"
51.15.200.97 - - [22/Dec/2021:21:41:17 +0100] "GET /media/com_jchoptimize/cache/js/f04330f609f9fec8ba70e4e90c6f9389.js HTTP/1.1" 200 58822 "https://lager-techniek.eu/index.php/askquestion/form?category_id=395&product_id=12811&type=1&tmpl=component" "Mozilla/5.0 (Windows NT 10.0; Win64; x64) AppleWebKit/537.36 (KHTML, like Gecko) Chrome/93.0.4577.0 Safari/537.36"
54.36.148.227 - - [22/Dec/2021:21:41:20 +0100] "GET /index.php/ir-range/ina-ir160x175x40egs HTTP/1.1" 200 13703 "-" "Mozilla/5.0 (compatible; AhrefsBot/7.0; +http://ahrefs.com/robot/)"
54.36.148.227 - - [22/Dec/2021:21:41:34 +0100] "GET /index.php/askquestion/form?category_id=921&product_id=30623&type=1&tmpl=component HTTP/1.1" 200 2425 "-" "Mozilla/5.0 (compatible; AhrefsBot/7.0; +http://ahrefs.com/robot/)"
91.183.150.180 - - [22/Dec/2021:21:41:35 +0100] "GET /index.php/component/ajax/?format=json HTTP/1.1" 200 758 "https://www.lager-techniek.eu/index.php/overig/skf-tmft36" "Mozilla/5.0 (Windows NT 6.3; Win64; x64) AppleWebKit/537.36 (KHTML, like Gecko) Chrome/96.0.4664.110 Safari/537.36"
54.36.148.227 - - [22/Dec/2021:21:41:46 +0100] "GET /index.php/fixeerringen/frb13110 HTTP/1.1" 200 13679 "-" "Mozilla/5.0 (compatible; AhrefsBot/7.0; +http://ahrefs.com/robot/)"
5.161.66.108 - - [22/Dec/2021:21:41:52 +0100] "GET /index.php/30200-range/fag-30202xl HTTP/1.1" 200 14577 "-" "Mozilla/5.0 (Windows NT 10.0; Win64; x64) AppleWebKit/537.36 (KHTML, like Gecko) Chrome/84.0.4147.105 Safari/537.36"
66.249.66.158 - - [22/Dec/2021:21:41:55 +0100] "GET /index.php/moduul-2-5/m25z33 HTTP/1.1" 200 13558 "-" "Mozilla/5.0 (Linux; Android 6.0.1; Nexus 5X Build/MMB29P) AppleWebKit/537.36 (KHTML, like Gecko) Chrome/96.0.4664.110 Mobile Safari/537.36 (compatible; Googlebot/2.1; +http://www.google.com/bot.html)"
185.178.235.166 - - [22/Dec/2021:21:42:00 +0100] "GET /index.php/component/ajax/?format=json HTTP/1.1" 200 758 "https://www.lager-techniek.eu/index.php/kettingspanwiel/ina-ksr16l010101408" "Mozilla/5.0 (Windows NT 10.0; Win64; x64) AppleWebKit/537.36 (KHTML, like Gecko) Chrome/96.0.4664.45 Safari/537.36"
54.36.148.227 - - [22/Dec/2021:21:42:00 +0100] "GET /index.php/72-range/nsk-7215a5trdulp4 HTTP/1.1" 200 13906 "-" "Mozilla/5.0 (compatible; AhrefsBot/7.0; +http://ahrefs.com/robot/)"
66.249.66.78 - - [22/Dec/2021:21:42:01 +0100] "GET /index.php/tandriemen-t5/megadyne-t559010 HTTP/1.1" 200 14147 "-" "Mozilla/5.0 (compatible; Googlebot/2.1; +http://www.google.com/bot.html)"
54.36.148.227 - - [22/Dec/2021:21:42:12 +0100] "GET /index.php/askquestion/form?category_id=1036&product_id=42067&type=1&tmpl=component HTTP/1.1" 200 2409 "-" "Mozilla/5.0 (compatible; AhrefsBot/7.0; +http://ahrefs.com/robot/)"
54.36.148.227 - - [22/Dec/2021:21:42:25 +0100] "GET /index.php/askquestion/form?category_id=37&product_id=9997&type=1&tmpl=component HTTP/1.1" 200 2419 "-" "Mozilla/5.0 (compatible; AhrefsBot/7.0; +http://ahrefs.com/robot/)"
77.226.249.91 - - [22/Dec/2021:21:42:28 +0100] "GET /index.php/component/ajax/?format=json HTTP/1.1" 200 758 "https://www.lager-techniek.eu/index.php/a-range/contitech-13x3650" "Mozilla/5.0 (Windows NT 10.0; Win64; x64) AppleWebKit/537.36 (KHTML, like Gecko) Chrome/96.0.4664.55 Safari/537.36 Edg/96.0.1054.43"
54.36.148.227 - - [22/Dec/2021:21:42:37 +0100] "GET /index.php/askquestion/form?category_id=431&product_id=16810&type=1&tmpl=component HTTP/1.1" 200 2409 "-" "Mozilla/5.0 (compatible; AhrefsBot/7.0; +http://ahrefs.com/robot/)"
82.75.56.74 - - [22/Dec/2021:21:42:46 +0100] "GET /index.php/component/ajax/?format=json HTTP/1.1" 200 758 "https://www.lager-techniek.eu/index.php/6000-range/fag-60032rsr" "Mozilla/5.0 (Windows NT 10.0; Win64; x64; rv:95.0) Gecko/20100101 Firefox/95.0"
66.249.66.198 - - [22/Dec/2021:21:42:50 +0100] "GET /index.php/hf-range/ina-hf2520l564 HTTP/1.1" 200 13754 "-" "Mozilla/5.0 (Linux; Android 6.0.1; Nexus 5X Build/MMB29P) AppleWebKit/537.36 (KHTML, like Gecko) Chrome/96.0.4664.93 Mobile Safari/537.36 (compatible; Googlebot/2.1; +http://www.google.com/bot.html)"
54.36.148.227 - - [22/Dec/2021:21:42:50 +0100] "GET /index.php/72-range/skf-7213begaf HTTP/1.1" 200 13956 "-" "Mozilla/5.0 (compatible; AhrefsBot/7.0; +http://ahrefs.com/robot/)"
90.145.217.226 - - [22/Dec/2021:21:42:53 +0100] "GET /index.php/component/ajax/?format=json HTTP/1.1" 200 758 "https://www.lager-techniek.eu/index.php/met-flens/permaglide-paf25215-p11" "Mozilla/5.0 (Windows NT 10.0; Win64; x64) AppleWebKit/537.36 (KHTML, like Gecko) Chrome/96.0.4664.45 Safari/537.36"
54.36.148.227 - - [22/Dec/2021:21:43:03 +0100] "GET /index.php/tandriemen-5m/contitech-3505m9cxp HTTP/1.1" 200 14462 "-" "Mozilla/5.0 (compatible; AhrefsBot/7.0; +http://ahrefs.com/robot/)"
66.249.66.8 - - [22/Dec/2021:21:43:04 +0100] "GET /media/com_jchoptimize/cache/js/43d90099b8a33abc2dce6ace6ae2bcf0.js HTTP/1.1" 200 101225 "https://www.lager-techniek.eu/index.php/hf-range/ina-hf2520l564" "Mozilla/5.0 (Linux; Android 6.0.1; Nexus 5X Build/MMB29P) AppleWebKit/537.36 (KHTML, like Gecko) Chrome/96.0.4664.93 Mobile Safari/537.36 (compatible; Googlebot/2.1; +http://www.google.com/bot.html)"
66.249.66.6 - - [22/Dec/2021:21:43:06 +0100] "GET /index.php/kegellager-inch/timken-lm104949jlm104910 HTTP/1.1" 200 13845 "-" "Mozilla/5.0 (compatible; Googlebot/2.1; +http://www.google.com/bot.html)"
54.36.148.227 - - [22/Dec/2021:21:43:18 +0100] "GET /index.php/askquestion/form?category_id=895&product_id=32219&type=1&tmpl=component HTTP/1.1" 200 2409 "-" "Mozilla/5.0 (compatible; AhrefsBot/7.0; +http://ahrefs.com/robot/)"
54.36.148.227 - - [22/Dec/2021:21:43:34 +0100] "GET /index.php/fixeerringen/frb13210 HTTP/1.1" 200 13710 "-" "Mozilla/5.0 (compatible; AhrefsBot/7.0; +http://ahrefs.com/robot/)"
54.36.148.227 - - [22/Dec/2021:21:43:48 +0100] "GET /index.php/72-range/nsk-7215a5trdump4 HTTP/1.1" 200 13913 "-" "Mozilla/5.0 (compatible; AhrefsBot/7.0; +http://ahrefs.com/robot/)"
89.146.3.50 - - [22/Dec/2021:21:43:58 +0100] "GET /index.php/component/ajax/?format=json HTTP/1.1" 200 758 "https://www.lager-techniek.eu/index.php/spa-range/optibelt-spa1600" "Mozilla/5.0 (Windows NT 10.0; Win64; x64) AppleWebKit/537.36 (KHTML, like Gecko) Chrome/96.0.4664.110 Safari/537.36 Edg/96.0.1054.62"
54.36.148.227 - - [22/Dec/2021:21:44:01 +0100] "GET /index.php/2200-range/skf-2222c3 HTTP/1.1" 200 14088 "-" "Mozilla/5.0 (compatible; AhrefsBot/7.0; +http://ahrefs.com/robot/)"
66.249.66.198 - - [22/Dec/2021:21:44:10 +0100] "GET /index.php/tandriemen-h/gates-540h075 HTTP/1.1" 200 15036 "-" "Mozilla/5.0 (Linux; Android 6.0.1; Nexus 5X Build/MMB29P) AppleWebKit/537.36 (KHTML, like Gecko) Chrome/96.0.4664.110 Mobile Safari/537.36 (compatible; Googlebot/2.1; +http://www.google.com/bot.html)"
54.36.148.227 - - [22/Dec/2021:21:44:13 +0100] "GET /index.php/tandriemschijf-h100/96h100gy HTTP/1.1" 200 13918 "-" "Mozilla/5.0 (compatible; AhrefsBot/7.0; +http://ahrefs.com/robot/)"
54.36.148.227 - - [22/Dec/2021:21:44:25 +0100] "GET /index.php/a-range/gates-13x1400 HTTP/1.1" 200 15500 "-" "Mozilla/5.0 (compatible; AhrefsBot/7.0; +http://ahrefs.com/robot/)"
66.249.66.159 - - [22/Dec/2021:21:44:30 +0100] "GET /index.php/producenten HTTP/1.1" 200 13615 "-" "Mozilla/5.0 (Linux; Android 6.0.1; Nexus 5X Build/MMB29P) AppleWebKit/537.36 (KHTML, like Gecko) Chrome/96.0.4664.93 Mobile Safari/537.36 (compatible; Googlebot/2.1; +http://www.google.com/bot.html)"
178.118.52.254 - - [22/Dec/2021:21:44:32 +0100] "GET /index.php/component/ajax/?format=json HTTP/1.1" 200 758 "https://www.lager-techniek.eu/index.php/tandriemen-3m/gates-2883m15" "Mozilla/5.0 (Windows NT 10.0; Win64; x64) AppleWebKit/537.36 (KHTML, like Gecko) Chrome/96.0.4664.110 Safari/537.36"
54.36.148.227 - - [22/Dec/2021:21:44:36 +0100] "GET /index.php/askquestion/form?category_id=233&product_id=21859&type=1&tmpl=component HTTP/1.1" 200 2414 "-" "Mozilla/5.0 (compatible; AhrefsBot/7.0; +http://ahrefs.com/robot/)"
207.46.13.147 - - [22/Dec/2021:21:44:49 +0100] "GET /index.php/xpz-range/contitech-xpz975 HTTP/1.1" 404 5349 "-" "Mozilla/5.0 (compatible; bingbot/2.0; +http://www.bing.com/bingbot.htm)"
54.36.148.227 - - [22/Dec/2021:21:44:50 +0100] "GET /index.php/askquestion/form?category_id=895&product_id=32211&type=1&tmpl=component HTTP/1.1" 200 2409 "-" "Mozilla/5.0 (compatible; AhrefsBot/7.0; +http://ahrefs.com/robot/)"
107.191.114.70 - - [22/Dec/2021:21:44:56 +0100] "GET /favicon.ico HTTP/1.1" 200 881 "https://www.lager-techniek.eu/freudenberg%20seals.pdf" "Mozilla/5.0 (Windows NT 10.0; Win64; x64) AppleWebKit/537.36 (KHTML, like Gecko) Chrome/96.0.4664.45 Safari/537.36"
107.191.114.70 - - [22/Dec/2021:21:44:56 +0100] "GET /freudenberg%20seals.pdf HTTP/1.1" 200 12358394 "https://www.google.com/" "Mozilla/5.0 (Windows NT 10.0; Win64; x64) AppleWebKit/537.36 (KHTML, like Gecko) Chrome/96.0.4664.45 Safari/537.36"
40.77.167.59 - - [22/Dec/2021:21:45:01 +0100] "GET /index.php/cart/add?category_id=23&product_id=41918 HTTP/1.1" 303 645 "-" "Mozilla/5.0 (compatible; bingbot/2.0; +http://www.bing.com/bingbot.htm)"
54.36.148.227 - - [22/Dec/2021:21:45:01 +0100] "GET /index.php/askquestion/form?category_id=226&product_id=25516&type=1&tmpl=component HTTP/1.1" 200 2414 "-" "Mozilla/5.0 (compatible; AhrefsBot/7.0; +http://ahrefs.com/robot/)"
40.77.167.59 - - [22/Dec/2021:21:45:11 +0100] "GET /index.php/cart/view HTTP/1.1" 200 12861 "-" "Mozilla/5.0 (compatible; bingbot/2.0; +http://www.bing.com/bingbot.htm)"
54.36.148.227 - - [22/Dec/2021:21:45:14 +0100] "GET /index.php/askquestion/form?category_id=16&product_id=13978&type=1&tmpl=component HTTP/1.1" 200 2401 "-" "Mozilla/5.0 (compatible; AhrefsBot/7.0; +http://ahrefs.com/robot/)"
54.36.148.227 - - [22/Dec/2021:21:45:27 +0100] "GET /index.php/xpb-range/contitech-xpb1350p HTTP/1.1" 200 14242 "-" "Mozilla/5.0 (compatible; AhrefsBot/7.0; +http://ahrefs.com/robot/)"
77.60.98.226 - - [22/Dec/2021:21:45:27 +0100] "GET /index.php/component/ajax/?format=json HTTP/1.1" 200 758 "https://www.lager-techniek.eu/index.php/b-range/contitech-17x1215" "Mozilla/5.0 (Windows NT 6.1; Win64; x64) AppleWebKit/537.36 (KHTML, like Gecko) Chrome/94.0.4606.71 Safari/537.36"
178.118.52.254 - - [22/Dec/2021:21:45:32 +0100] "GET /index.php/component/ajax/?format=json HTTP/1.1" 200 758 "https://www.lager-techniek.eu/index.php/tandriemen-3m/gates-2823m6gt3" "Mozilla/5.0 (Windows NT 10.0; Win64; x64) AppleWebKit/537.36 (KHTML, like Gecko) Chrome/96.0.4664.110 Safari/537.36"
54.36.148.227 - - [22/Dec/2021:21:45:39 +0100] "GET /index.php/askquestion/form?category_id=45&product_id=22766&type=1&tmpl=component HTTP/1.1" 200 2422 "-" "Mozilla/5.0 (compatible; AhrefsBot/7.0; +http://ahrefs.com/robot/)"
66.249.66.200 - - [22/Dec/2021:21:45:41 +0100] "GET /index.php/vierpuntslager/skf-qj316n2phasc2l HTTP/1.1" 200 14028 "-" "Mozilla/5.0 (Linux; Android 6.0.1; Nexus 5X Build/MMB29P) AppleWebKit/537.36 (KHTML, like Gecko) Chrome/96.0.4664.110 Mobile Safari/537.36 (compatible; Googlebot/2.1; +http://www.google.com/bot.html)"
54.36.148.227 - - [22/Dec/2021:21:45:52 +0100] "GET /index.php/askquestion/form?category_id=8&product_id=24728&type=1&tmpl=component HTTP/1.1" 200 2399 "-" "Mozilla/5.0 (compatible; AhrefsBot/7.0; +http://ahrefs.com/robot/)"
54.36.148.227 - - [22/Dec/2021:21:46:04 +0100] "GET /index.php/ir-range/ina-ir160x175x40xl HTTP/1.1" 200 13697 "-" "Mozilla/5.0 (compatible; AhrefsBot/7.0; +http://ahrefs.com/robot/)"
163.172.132.88 - - [22/Dec/2021:21:46:11 +0100] "GET /index.php/askquestion/form?category_id=409&product_id=16398&type=1&tmpl=component HTTP/1.1" 200 2420 "-" "Mozilla/5.0 (Windows NT 10.0; Win64; x64) AppleWebKit/537.36 (KHTML, like Gecko) Chrome/93.0.4577.0 Safari/537.36"
163.172.132.88 - - [22/Dec/2021:21:46:11 +0100] "GET /media/com_jchoptimize/cache/js/2329f30516c4a792108b49c8fc8eab61.js HTTP/1.1" 200 58823 "https://lager-techniek.eu/index.php/askquestion/form?category_id=409&product_id=16398&type=1&tmpl=component" "Mozilla/5.0 (Windows NT 10.0; Win64; x64) AppleWebKit/537.36 (KHTML, like Gecko) Chrome/93.0.4577.0 Safari/537.36"
193.104.159.11 - - [22/Dec/2021:21:46:11 +0100] "GET /index.php/component/ajax/?format=json HTTP/1.1" 200 758 "https://www.lager-techniek.eu/index.php/2200-range/fag-22032rstvh" "Mozilla/5.0 (Windows NT 10.0; Win64; x64) AppleWebKit/537.36 (KHTML, like Gecko) Chrome/96.0.4664.110 Safari/537.36 Edg/96.0.1054.62"
54.36.148.227 - - [22/Dec/2021:21:46:14 +0100] "GET /index.php/askquestion/form?category_id=404&product_id=15721&type=1&tmpl=component HTTP/1.1" 200 2416 "-" "Mozilla/5.0 (compatible; AhrefsBot/7.0; +http://ahrefs.com/robot/)"
54.36.148.227 - - [22/Dec/2021:21:46:27 +0100] "GET /index.php/tandriemen-8m/gates-10408m20 HTTP/1.1" 200 14852 "-" "Mozilla/5.0 (compatible; AhrefsBot/7.0; +http://ahrefs.com/robot/)"
66.249.66.195 - - [22/Dec/2021:21:46:30 +0100] "GET /index.php/6000-range/skf-60032zc3 HTTP/1.1" 200 14712 "-" "Mozilla/5.0 (compatible; Googlebot/2.1; +http://www.google.com/bot.html)"
66.249.66.158 - - [22/Dec/2021:21:46:33 +0100] "GET /index.php/6200-range/fag-6206c2hrs HTTP/1.1" 200 14571 "-" "Mozilla/5.0 (compatible; Googlebot/2.1; +http://www.google.com/bot.html)"
66.249.66.1 - - [22/Dec/2021:21:46:35 +0100] "GET /media/com_jchoptimize/cache/js/e82319fc057a178695b3371f1d9809ff.js HTTP/1.1" 200 101224 "https://lager-techniek.eu/index.php/6000-range/skf-60032zc3" "Mozilla/5.0 AppleWebKit/537.36 (KHTML, like Gecko; compatible; Googlebot/2.1; +http://www.google.com/bot.html) Chrome/96.0.4664.93 Safari/537.36"
91.183.150.180 - - [22/Dec/2021:21:46:35 +0100] "GET /index.php/component/ajax/?format=json HTTP/1.1" 200 758 "https://www.lager-techniek.eu/index.php/overig/skf-tmft36" "Mozilla/5.0 (Windows NT 6.3; Win64; x64) AppleWebKit/537.36 (KHTML, like Gecko) Chrome/96.0.4664.110 Safari/537.36"
54.36.148.227 - - [22/Dec/2021:21:46:39 +0100] "GET /index.php/6200-range/skf-6200zc3 HTTP/1.1" 200 14455 "-" "Mozilla/5.0 (compatible; AhrefsBot/7.0; +http://ahrefs.com/robot/)"
66.249.66.4 - - [22/Dec/2021:21:46:50 +0100] "GET /index.php/xpa-range/contitech-xpa1150p HTTP/1.1" 200 14680 "-" "Mozilla/5.0 (compatible; Googlebot/2.1; +http://www.google.com/bot.html)"
54.36.148.227 - - [22/Dec/2021:21:46:51 +0100] "GET /index.php/1215/121528-klembus HTTP/1.1" 200 13828 "-" "Mozilla/5.0 (compatible; AhrefsBot/7.0; +http://ahrefs.com/robot/)"
51.158.99.217 - - [22/Dec/2021:21:46:53 +0100] "GET /index.php/askquestion/form?category_id=61&product_id=3232&type=1&tmpl=component HTTP/1.1" 200 2416 "-" "Mozilla/5.0 (Windows NT 10.0; Win64; x64) AppleWebKit/537.36 (KHTML, like Gecko) Chrome/93.0.4577.0 Safari/537.36"
51.158.99.217 - - [22/Dec/2021:21:46:54 +0100] "GET /media/com_jchoptimize/cache/js/871351bfb3dc1b07f14aeed207610c2e.js HTTP/1.1" 200 58822 "https://lager-techniek.eu/index.php/askquestion/form?category_id=61&product_id=3232&type=1&tmpl=component" "Mozilla/5.0 (Windows NT 10.0; Win64; x64) AppleWebKit/537.36 (KHTML, like Gecko) Chrome/93.0.4577.0 Safari/537.36"
185.178.235.166 - - [22/Dec/2021:21:47:00 +0100] "GET /index.php/component/ajax/?format=json HTTP/1.1" 200 758 "https://www.lager-techniek.eu/index.php/kettingspanwiel/ina-ksr16l010101408" "Mozilla/5.0 (Windows NT 10.0; Win64; x64) AppleWebKit/537.36 (KHTML, like Gecko) Chrome/96.0.4664.45 Safari/537.36"
54.36.148.227 - - [22/Dec/2021:21:47:05 +0100] "GET /index.php/askquestion/form?category_id=968&product_id=49344&type=1&tmpl=component HTTP/1.1" 200 2443 "-" "Mozilla/5.0 (compatible; AhrefsBot/7.0; +http://ahrefs.com/robot/)"
66.249.66.200 - - [22/Dec/2021:21:47:08 +0100] "GET /index.php/61900-range/skf-619122rs1 HTTP/1.1" 200 14188 "-" "Mozilla/5.0 (compatible; Googlebot/2.1; +http://www.google.com/bot.html)"
66.249.66.4 - - [22/Dec/2021:21:47:15 +0100] "GET /index.php/tandriemen-xl/gates-200xl037 HTTP/1.1" 200 15194 "-" "Mozilla/5.0 (Linux; Android 6.0.1; Nexus 5X Build/MMB29P) AppleWebKit/537.36 (KHTML, like Gecko) Chrome/96.0.4664.93 Mobile Safari/537.36 (compatible; Googlebot/2.1; +http://www.google.com/bot.html)"
54.36.148.227 - - [22/Dec/2021:21:47:18 +0100] "GET /index.php/askquestion/form?category_id=968&product_id=49453&type=1&tmpl=component HTTP/1.1" 200 2434 "-" "Mozilla/5.0 (compatible; AhrefsBot/7.0; +http://ahrefs.com/robot/)"
66.249.66.4 - - [22/Dec/2021:21:47:26 +0100] "GET /index.php/nj-2300-range/fag-nj2314exltvp2c3 HTTP/1.1" 200 14137 "-" "Mozilla/5.0 (Linux; Android 6.0.1; Nexus 5X Build/MMB29P) AppleWebKit/537.36 (KHTML, like Gecko) Chrome/96.0.4664.110 Mobile Safari/537.36 (compatible; Googlebot/2.1; +http://www.google.com/bot.html)"
54.36.148.227 - - [22/Dec/2021:21:47:27 +0100] "GET /index.php/askquestion/form?category_id=410&product_id=16410&type=1&tmpl=component HTTP/1.1" 200 2408 "-" "Mozilla/5.0 (compatible; AhrefsBot/7.0; +http://ahrefs.com/robot/)"
77.226.249.91 - - [22/Dec/2021:21:47:28 +0100] "GET /index.php/component/ajax/?format=json HTTP/1.1" 200 758 "https://www.lager-techniek.eu/index.php/a-range/contitech-13x3650" "Mozilla/5.0 (Windows NT 10.0; Win64; x64) AppleWebKit/537.36 (KHTML, like Gecko) Chrome/96.0.4664.55 Safari/537.36 Edg/96.0.1054.43"
54.36.148.227 - - [22/Dec/2021:21:47:39 +0100] "GET /index.php/askquestion/form?category_id=968&product_id=49454&type=1&tmpl=component HTTP/1.1" 200 2435 "-" "Mozilla/5.0 (compatible; AhrefsBot/7.0; +http://ahrefs.com/robot/)"
82.75.56.74 - - [22/Dec/2021:21:47:47 +0100] "GET /index.php/component/ajax/?format=json HTTP/1.1" 200 758 "https://www.lager-techniek.eu/index.php/6000-range/fag-60032rsr" "Mozilla/5.0 (Windows NT 10.0; Win64; x64; rv:95.0) Gecko/20100101 Firefox/95.0"
54.36.148.227 - - [22/Dec/2021:21:47:49 +0100] "GET /index.php/kegellager-inch/timken-l44649-l44610-20701 HTTP/1.1" 200 13856 "-" "Mozilla/5.0 (compatible; AhrefsBot/7.0; +http://ahrefs.com/robot/)"
90.145.217.226 - - [22/Dec/2021:21:47:53 +0100] "GET /index.php/component/ajax/?format=json HTTP/1.1" 200 758 "https://www.lager-techniek.eu/index.php/met-flens/permaglide-paf25215-p11" "Mozilla/5.0 (Windows NT 10.0; Win64; x64) AppleWebKit/537.36 (KHTML, like Gecko) Chrome/96.0.4664.45 Safari/537.36"
54.36.148.227 - - [22/Dec/2021:21:48:02 +0100] "GET /index.php/askquestion/form?category_id=968&product_id=49456&type=1&tmpl=component HTTP/1.1" 200 2435 "-" "Mozilla/5.0 (compatible; AhrefsBot/7.0; +http://ahrefs.com/robot/)"
66.249.66.8 - - [22/Dec/2021:21:48:07 +0100] "GET /media/com_jchoptimize/cache/js/b5947ad4547f2cdcf0ad7e01e559766a.js HTTP/1.1" 200 101226 "https://www.lager-techniek.eu/index.php/tandriemen-xl/gates-200xl037" "Mozilla/5.0 (Linux; Android 6.0.1; Nexus 5X Build/MMB29P) AppleWebKit/537.36 (KHTML, like Gecko) Chrome/96.0.4664.93 Mobile Safari/537.36 (compatible; Googlebot/2.1; +http://www.google.com/bot.html)"
54.36.148.227 - - [22/Dec/2021:21:48:18 +0100] "GET /index.php/nu-200-range/skf-nu219ecp HTTP/1.1" 200 14514 "-" "Mozilla/5.0 (compatible; AhrefsBot/7.0; +http://ahrefs.com/robot/)"
54.36.148.227 - - [22/Dec/2021:21:48:30 +0100] "GET /index.php/tandriemen-xl/gates-264xl025 HTTP/1.1" 200 14641 "-" "Mozilla/5.0 (compatible; AhrefsBot/7.0; +http://ahrefs.com/robot/)"
66.249.66.76 - - [22/Dec/2021:21:48:42 +0100] "GET /index.php/24000-range/skf-24056cck30c4w33 HTTP/1.1" 200 14103 "-" "Mozilla/5.0 (Linux; Android 6.0.1; Nexus 5X Build/MMB29P) AppleWebKit/537.36 (KHTML, like Gecko) Chrome/96.0.4664.110 Mobile Safari/537.36 (compatible; Googlebot/2.1; +http://www.google.com/bot.html)"
66.249.66.195 - - [22/Dec/2021:21:48:42 +0100] "GET /index.php/bs2-range/skf-bs222122rs5c4gem9 HTTP/1.1" 200 13848 "-" "Mozilla/5.0 (compatible; Googlebot/2.1; +http://www.google.com/bot.html)"
54.36.148.227 - - [22/Dec/2021:21:48:48 +0100] "GET /index.php/spa-range/optibelt-spa3550rp3 HTTP/1.1" 200 14404 "-" "Mozilla/5.0 (compatible; AhrefsBot/7.0; +http://ahrefs.com/robot/)"
66.249.66.195 - - [22/Dec/2021:21:48:51 +0100] "GET /index.php/basl-rp-range/45x62x7-basl-oliekeerring HTTP/1.1" 200 13676 "-" "Mozilla/5.0 (compatible; Googlebot/2.1; +http://www.google.com/bot.html)"
40.77.167.31 - - [22/Dec/2021:21:48:52 +0100] "GET /index.php/tandriemen-14m/contitech-105014m170cxp HTTP/1.1" 200 13955 "-" "Mozilla/5.0 (compatible; bingbot/2.0; +http://www.bing.com/bingbot.htm)"
89.146.3.50 - - [22/Dec/2021:21:48:58 +0100] "GET /index.php/component/ajax/?format=json HTTP/1.1" 200 758 "https://www.lager-techniek.eu/index.php/spa-range/optibelt-spa1600" "Mozilla/5.0 (Windows NT 10.0; Win64; x64) AppleWebKit/537.36 (KHTML, like Gecko) Chrome/96.0.4664.110 Safari/537.36 Edg/96.0.1054.62"
54.36.148.227 - - [22/Dec/2021:21:48:59 +0100] "GET /index.php/tandriemen-xl/megadyne-240xl100 HTTP/1.1" 200 14037 "-" "Mozilla/5.0 (compatible; AhrefsBot/7.0; +http://ahrefs.com/robot/)"
54.36.148.227 - - [22/Dec/2021:21:49:16 +0100] "GET /index.php/askquestion/form?category_id=1007&product_id=33651&type=1&tmpl=component HTTP/1.1" 200 2419 "-" "Mozilla/5.0 (compatible; AhrefsBot/7.0; +http://ahrefs.com/robot/)"
54.36.148.227 - - [22/Dec/2021:21:49:31 +0100] "GET /index.php/askquestion/form?category_id=37&product_id=9991&type=1&tmpl=component HTTP/1.1" 200 2415 "-" "Mozilla/5.0 (compatible; AhrefsBot/7.0; +http://ahrefs.com/robot/)"
178.118.52.254 - - [22/Dec/2021:21:49:32 +0100] "GET /index.php/component/ajax/?format=json HTTP/1.1" 200 758 "https://www.lager-techniek.eu/index.php/tandriemen-3m/gates-2883m15" "Mozilla/5.0 (Windows NT 10.0; Win64; x64) AppleWebKit/537.36 (KHTML, like Gecko) Chrome/96.0.4664.110 Safari/537.36"
207.46.13.1 - - [22/Dec/2021:21:49:32 +0100] "GET /index.php/6300-range/skf-6306-2rs1c3 HTTP/1.1" 301 699 "-" "Mozilla/5.0 (compatible; bingbot/2.0; +http://www.bing.com/bingbot.htm)"
54.36.148.227 - - [22/Dec/2021:21:49:43 +0100] "GET /index.php/askquestion/form?category_id=985&product_id=95434&type=1&tmpl=component HTTP/1.1" 200 2411 "-" "Mozilla/5.0 (compatible; AhrefsBot/7.0; +http://ahrefs.com/robot/)"
54.36.148.227 - - [22/Dec/2021:21:49:55 +0100] "GET /index.php/askquestion/form?category_id=913&product_id=30202&type=1&tmpl=component HTTP/1.1" 200 2417 "-" "Mozilla/5.0 (compatible; AhrefsBot/7.0; +http://ahrefs.com/robot/)"
66.249.66.76 - - [22/Dec/2021:21:50:04 +0100] "GET /index.php/gye-yar-uc-range/skf-yar-205-100-2rf HTTP/1.1" 200 13898 "-" "Mozilla/5.0 (compatible; Googlebot/2.1; +http://www.google.com/bot.html)"
54.36.148.227 - - [22/Dec/2021:21:50:06 +0100] "GET /index.php/kegellager-inch/timken-07087x07196 HTTP/1.1" 200 13835 "-" "Mozilla/5.0 (compatible; AhrefsBot/7.0; +http://ahrefs.com/robot/)"
66.249.66.195 - - [22/Dec/2021:21:50:10 +0100] "GET /index.php/dhtd-5m/contitech-dhtd5200015 HTTP/1.1" 200 13991 "-" "Mozilla/5.0 (compatible; Googlebot/2.1; +http://www.google.com/bot.html)"
54.36.148.227 - - [22/Dec/2021:21:50:18 +0100] "GET /index.php/askquestion/form?category_id=968&product_id=49455&type=1&tmpl=component HTTP/1.1" 200 2433 "-" "Mozilla/5.0 (compatible; AhrefsBot/7.0; +http://ahrefs.com/robot/)"
77.60.98.226 - - [22/Dec/2021:21:50:27 +0100] "GET /index.php/component/ajax/?format=json HTTP/1.1" 200 758 "https://www.lager-techniek.eu/index.php/b-range/contitech-17x1215" "Mozilla/5.0 (Windows NT 6.1; Win64; x64) AppleWebKit/537.36 (KHTML, like Gecko) Chrome/94.0.4606.71 Safari/537.36"
178.118.52.254 - - [22/Dec/2021:21:50:32 +0100] "GET /index.php/component/ajax/?format=json HTTP/1.1" 200 758 "https://www.lager-techniek.eu/index.php/tandriemen-3m/gates-2823m6gt3" "Mozilla/5.0 (Windows NT 10.0; Win64; x64) AppleWebKit/537.36 (KHTML, like Gecko) Chrome/96.0.4664.110 Safari/537.36"
54.36.148.227 - - [22/Dec/2021:21:50:32 +0100] "GET /index.php/askquestion/form?category_id=1016&product_id=44383&type=1&tmpl=component HTTP/1.1" 200 2411 "-" "Mozilla/5.0 (compatible; AhrefsBot/7.0; +http://ahrefs.com/robot/)"
217.123.82.92 - - [22/Dec/2021:21:50:38 +0100] "GET /index.php/component/ajax/?format=json HTTP/1.1" 200 758 "https://www.lager-techniek.eu/index.php/duplex-rollenketting/vbchain-rk24b2" "Mozilla/5.0 (Windows NT 10.0; Win64; x64) AppleWebKit/537.36 (KHTML, like Gecko) Chrome/96.0.4664.110 Safari/537.36"
54.36.148.227 - - [22/Dec/2021:21:50:45 +0100] "GET /index.php/askquestion/form?category_id=1016&product_id=44412&type=1&tmpl=component HTTP/1.1" 200 2409 "-" "Mozilla/5.0 (compatible; AhrefsBot/7.0; +http://ahrefs.com/robot/)"
54.36.148.227 - - [22/Dec/2021:21:50:57 +0100] "GET /index.php/askquestion/form?category_id=216&product_id=16117&type=1&tmpl=component HTTP/1.1" 200 2427 "-" "Mozilla/5.0 (compatible; AhrefsBot/7.0; +http://ahrefs.com/robot/)"
77.88.5.82 - - [22/Dec/2021:21:50:58 +0100] "GET /index.php/kghk-range/ina-kghk30bppas HTTP/1.1" 200 13765 "-" "Mozilla/5.0 (compatible; YandexBot/3.0; +http://yandex.com/bots)"
66.249.66.198 - - [22/Dec/2021:21:51:04 +0100] "GET /index.php/6300-range/fag-63172z HTTP/1.1" 200 14390 "-" "Mozilla/5.0 (compatible; Googlebot/2.1; +http://www.google.com/bot.html)"
54.36.148.227 - - [22/Dec/2021:21:51:09 +0100] "GET /index.php/askquestion/form?category_id=985&product_id=95440&type=1&tmpl=component HTTP/1.1" 200 2407 "-" "Mozilla/5.0 (compatible; AhrefsBot/7.0; +http://ahrefs.com/robot/)"
