83.134.3.184 - - [22/Dec/2021:22:47:49 +0100] "GET /components/com_jshopping/files/img_products/thumb_img_ALU_Timing_belt_pulley.jpg HTTP/1.1" 200 5096 "https://www.lager-techniek.eu/index.php/tandriemschijf-21t5/21t5102" "Mozilla/5.0 (Windows NT 6.1; Win64; x64) AppleWebKit/537.36 (KHTML, like Gecko) Chrome/96.0.4664.110 Safari/537.36"
83.134.3.184 - - [22/Dec/2021:22:47:49 +0100] "GET /components/com_jshopping/files/img_products/thumb_img_6F3.jpg HTTP/1.1" 200 4101 "https://www.lager-techniek.eu/index.php/tandriemschijf-21t5/21t5102" "Mozilla/5.0 (Windows NT 6.1; Win64; x64) AppleWebKit/537.36 (KHTML, like Gecko) Chrome/96.0.4664.110 Safari/537.36"
83.134.3.184 - - [22/Dec/2021:22:47:49 +0100] "GET /images/Lengteberekening.jpg HTTP/1.1" 200 10994 "https://www.lager-techniek.eu/index.php/tandriemschijf-21t5/21t5102" "Mozilla/5.0 (Windows NT 6.1; Win64; x64) AppleWebKit/537.36 (KHTML, like Gecko) Chrome/96.0.4664.110 Safari/537.36"
83.134.3.184 - - [22/Dec/2021:22:47:49 +0100] "GET /images/DPD.jpg HTTP/1.1" 200 7428 "https://www.lager-techniek.eu/index.php/tandriemschijf-21t5/21t5102" "Mozilla/5.0 (Windows NT 6.1; Win64; x64) AppleWebKit/537.36 (KHTML, like Gecko) Chrome/96.0.4664.110 Safari/537.36"
83.134.3.184 - - [22/Dec/2021:22:47:49 +0100] "GET /images/Postnl.jpg HTTP/1.1" 200 10478 "https://www.lager-techniek.eu/index.php/tandriemschijf-21t5/21t5102" "Mozilla/5.0 (Windows NT 6.1; Win64; x64) AppleWebKit/537.36 (KHTML, like Gecko) Chrome/96.0.4664.110 Safari/537.36"
83.134.3.184 - - [22/Dec/2021:22:47:49 +0100] "GET /images/UPS.jpg HTTP/1.1" 200 6889 "https://www.lager-techniek.eu/index.php/tandriemschijf-21t5/21t5102" "Mozilla/5.0 (Windows NT 6.1; Win64; x64) AppleWebKit/537.36 (KHTML, like Gecko) Chrome/96.0.4664.110 Safari/537.36"
83.134.3.184 - - [22/Dec/2021:22:47:49 +0100] "GET /images/index.jpg HTTP/1.1" 200 5654 "https://www.lager-techniek.eu/index.php/tandriemschijf-21t5/21t5102" "Mozilla/5.0 (Windows NT 6.1; Win64; x64) AppleWebKit/537.36 (KHTML, like Gecko) Chrome/96.0.4664.110 Safari/537.36"
83.134.3.184 - - [22/Dec/2021:22:47:49 +0100] "GET /images/images.jpg HTTP/1.1" 200 5841 "https://www.lager-techniek.eu/index.php/tandriemschijf-21t5/21t5102" "Mozilla/5.0 (Windows NT 6.1; Win64; x64) AppleWebKit/537.36 (KHTML, like Gecko) Chrome/96.0.4664.110 Safari/537.36"
83.134.3.184 - - [22/Dec/2021:22:47:49 +0100] "GET /images/bank.jpg HTTP/1.1" 200 2955 "https://www.lager-techniek.eu/index.php/tandriemschijf-21t5/21t5102" "Mozilla/5.0 (Windows NT 6.1; Win64; x64) AppleWebKit/537.36 (KHTML, like Gecko) Chrome/96.0.4664.110 Safari/537.36"
83.134.3.184 - - [22/Dec/2021:22:47:49 +0100] "GET /images/achteraf.jpg HTTP/1.1" 200 2428 "https://www.lager-techniek.eu/index.php/tandriemschijf-21t5/21t5102" "Mozilla/5.0 (Windows NT 6.1; Win64; x64) AppleWebKit/537.36 (KHTML, like Gecko) Chrome/96.0.4664.110 Safari/537.36"
83.134.3.184 - - [22/Dec/2021:22:47:49 +0100] "GET /images/paypal.jpg HTTP/1.1" 200 2557 "https://www.lager-techniek.eu/index.php/tandriemschijf-21t5/21t5102" "Mozilla/5.0 (Windows NT 6.1; Win64; x64) AppleWebKit/537.36 (KHTML, like Gecko) Chrome/96.0.4664.110 Safari/537.36"
83.134.3.184 - - [22/Dec/2021:22:47:49 +0100] "GET /images/MollieIdeal.png HTTP/1.1" 200 15837 "https://www.lager-techniek.eu/index.php/tandriemschijf-21t5/21t5102" "Mozilla/5.0 (Windows NT 6.1; Win64; x64) AppleWebKit/537.36 (KHTML, like Gecko) Chrome/96.0.4664.110 Safari/537.36"
83.134.3.184 - - [22/Dec/2021:22:47:49 +0100] "GET /images/Mollienancontact.jpg HTTP/1.1" 200 9278 "https://www.lager-techniek.eu/index.php/tandriemschijf-21t5/21t5102" "Mozilla/5.0 (Windows NT 6.1; Win64; x64) AppleWebKit/537.36 (KHTML, like Gecko) Chrome/96.0.4664.110 Safari/537.36"
83.134.3.184 - - [22/Dec/2021:22:47:49 +0100] "GET /media/com_jchoptimize/cache/js/af1111cf1dcd0f1d7258d5fa2fddab4c.js HTTP/1.1" 200 1504 "https://www.lager-techniek.eu/index.php/tandriemschijf-21t5/21t5102" "Mozilla/5.0 (Windows NT 6.1; Win64; x64) AppleWebKit/537.36 (KHTML, like Gecko) Chrome/96.0.4664.110 Safari/537.36"
83.134.3.184 - - [22/Dec/2021:22:47:49 +0100] "GET /components/com_jshopping/images/star.gif HTTP/1.1" 200 1171 "https://www.lager-techniek.eu/media/com_jchoptimize/cache/css/e3aaa5baf7724231080a3c38514acb60.css" "Mozilla/5.0 (Windows NT 6.1; Win64; x64) AppleWebKit/537.36 (KHTML, like Gecko) Chrome/96.0.4664.110 Safari/537.36"
83.134.3.184 - - [22/Dec/2021:22:47:49 +0100] "GET /media/jui/fonts/IcoMoon.woff HTTP/1.1" 200 25867 "https://www.lager-techniek.eu/media/com_jchoptimize/cache/css/e3aaa5baf7724231080a3c38514acb60.css" "Mozilla/5.0 (Windows NT 6.1; Win64; x64) AppleWebKit/537.36 (KHTML, like Gecko) Chrome/96.0.4664.110 Safari/537.36"
54.36.148.227 - - [22/Dec/2021:22:47:52 +0100] "GET /index.php/askquestion/form?category_id=373&product_id=14781&type=1&tmpl=component HTTP/1.1" 200 2417 "-" "Mozilla/5.0 (compatible; AhrefsBot/7.0; +http://ahrefs.com/robot/)"
90.145.217.226 - - [22/Dec/2021:22:47:53 +0100] "GET /index.php/component/ajax/?format=json HTTP/1.1" 200 758 "https://www.lager-techniek.eu/index.php/met-flens/permaglide-paf25215-p11" "Mozilla/5.0 (Windows NT 10.0; Win64; x64) AppleWebKit/537.36 (KHTML, like Gecko) Chrome/96.0.4664.45 Safari/537.36"
83.134.3.184 - - [22/Dec/2021:22:47:55 +0100] "GET /index.php/tandriemen HTTP/1.1" 200 6714 "https://www.lager-techniek.eu/index.php/tandriemschijf-21t5/21t5102" "Mozilla/5.0 (Windows NT 6.1; Win64; x64) AppleWebKit/537.36 (KHTML, like Gecko) Chrome/96.0.4664.110 Safari/537.36"
83.134.3.184 - - [22/Dec/2021:22:47:55 +0100] "GET /components/com_jshopping/files/img_categories/HTD_PULLY3.jpg HTTP/1.1" 200 4947 "https://www.lager-techniek.eu/index.php/tandriemen" "Mozilla/5.0 (Windows NT 6.1; Win64; x64) AppleWebKit/537.36 (KHTML, like Gecko) Chrome/96.0.4664.110 Safari/537.36"
83.134.3.184 - - [22/Dec/2021:22:47:55 +0100] "GET /components/com_jshopping/files/img_categories/CP.jpg HTTP/1.1" 200 3702 "https://www.lager-techniek.eu/index.php/tandriemen" "Mozilla/5.0 (Windows NT 6.1; Win64; x64) AppleWebKit/537.36 (KHTML, like Gecko) Chrome/96.0.4664.110 Safari/537.36"
83.134.3.184 - - [22/Dec/2021:22:47:55 +0100] "GET /components/com_jshopping/files/img_categories/htd_tandriemen7.jpg HTTP/1.1" 200 4109 "https://www.lager-techniek.eu/index.php/tandriemen" "Mozilla/5.0 (Windows NT 6.1; Win64; x64) AppleWebKit/537.36 (KHTML, like Gecko) Chrome/96.0.4664.110 Safari/537.36"
83.134.3.184 - - [22/Dec/2021:22:47:55 +0100] "GET /components/com_jshopping/files/img_categories/ZRS5.jpg HTTP/1.1" 200 3178 "https://www.lager-techniek.eu/index.php/tandriemen" "Mozilla/5.0 (Windows NT 6.1; Win64; x64) AppleWebKit/537.36 (KHTML, like Gecko) Chrome/96.0.4664.110 Safari/537.36"
83.134.3.184 - - [22/Dec/2021:22:47:55 +0100] "GET /media/com_jchoptimize/cache/css/d6f7603932c6c44453841ae5841e3339.css HTTP/1.1" 200 31674 "https://www.lager-techniek.eu/index.php/tandriemen" "Mozilla/5.0 (Windows NT 6.1; Win64; x64) AppleWebKit/537.36 (KHTML, like Gecko) Chrome/96.0.4664.110 Safari/537.36"
83.134.3.184 - - [22/Dec/2021:22:47:55 +0100] "GET /media/com_jchoptimize/cache/js/cb422a6f19ab3b4eec0aa05fbca63a27.js HTTP/1.1" 200 67757 "https://www.lager-techniek.eu/index.php/tandriemen" "Mozilla/5.0 (Windows NT 6.1; Win64; x64) AppleWebKit/537.36 (KHTML, like Gecko) Chrome/96.0.4664.110 Safari/537.36"
83.134.3.184 - - [22/Dec/2021:22:48:03 +0100] "GET /index.php/t-at HTTP/1.1" 200 6714 "https://www.lager-techniek.eu/index.php/tandriemen" "Mozilla/5.0 (Windows NT 6.1; Win64; x64) AppleWebKit/537.36 (KHTML, like Gecko) Chrome/96.0.4664.110 Safari/537.36"
83.134.3.184 - - [22/Dec/2021:22:48:03 +0100] "GET /components/com_jshopping/files/img_categories/ZRS3.jpg HTTP/1.1" 200 3178 "https://www.lager-techniek.eu/index.php/t-at" "Mozilla/5.0 (Windows NT 6.1; Win64; x64) AppleWebKit/537.36 (KHTML, like Gecko) Chrome/96.0.4664.110 Safari/537.36"
83.134.3.184 - - [22/Dec/2021:22:48:03 +0100] "GET /components/com_jshopping/files/img_categories/ZRS2.jpg HTTP/1.1" 200 3178 "https://www.lager-techniek.eu/index.php/t-at" "Mozilla/5.0 (Windows NT 6.1; Win64; x64) AppleWebKit/537.36 (KHTML, like Gecko) Chrome/96.0.4664.110 Safari/537.36"
83.134.3.184 - - [22/Dec/2021:22:48:03 +0100] "GET /components/com_jshopping/files/img_categories/ZRS1.jpg HTTP/1.1" 200 3178 "https://www.lager-techniek.eu/index.php/t-at" "Mozilla/5.0 (Windows NT 6.1; Win64; x64) AppleWebKit/537.36 (KHTML, like Gecko) Chrome/96.0.4664.110 Safari/537.36"
83.134.3.184 - - [22/Dec/2021:22:48:03 +0100] "GET /components/com_jshopping/files/img_categories/ZRS4.jpg HTTP/1.1" 200 3178 "https://www.lager-techniek.eu/index.php/t-at" "Mozilla/5.0 (Windows NT 6.1; Win64; x64) AppleWebKit/537.36 (KHTML, like Gecko) Chrome/96.0.4664.110 Safari/537.36"
83.134.3.184 - - [22/Dec/2021:22:48:03 +0100] "GET /components/com_jshopping/files/img_categories/ZRS.jpg HTTP/1.1" 200 3178 "https://www.lager-techniek.eu/index.php/t-at" "Mozilla/5.0 (Windows NT 6.1; Win64; x64) AppleWebKit/537.36 (KHTML, like Gecko) Chrome/96.0.4664.110 Safari/537.36"
54.36.148.227 - - [22/Dec/2021:22:48:06 +0100] "GET /index.php/askquestion/form?category_id=1037&product_id=42071&type=1&tmpl=component HTTP/1.1" 200 2412 "-" "Mozilla/5.0 (compatible; AhrefsBot/7.0; +http://ahrefs.com/robot/)"
66.249.66.198 - - [22/Dec/2021:22:48:07 +0100] "GET /index.php/h300-range/ntn-h309 HTTP/1.1" 200 14308 "-" "Mozilla/5.0 (Linux; Android 6.0.1; Nexus 5X Build/MMB29P) AppleWebKit/537.36 (KHTML, like Gecko) Chrome/96.0.4664.110 Mobile Safari/537.36 (compatible; Googlebot/2.1; +http://www.google.com/bot.html)"
83.134.3.184 - - [22/Dec/2021:22:48:09 +0100] "GET /index.php/at5 HTTP/1.1" 200 6862 "https://www.lager-techniek.eu/index.php/t-at" "Mozilla/5.0 (Windows NT 6.1; Win64; x64) AppleWebKit/537.36 (KHTML, like Gecko) Chrome/96.0.4664.110 Safari/537.36"
83.134.3.184 - - [22/Dec/2021:22:48:09 +0100] "GET /components/com_jshopping/files/img_categories/T_tandriem8.jpg HTTP/1.1" 200 2793 "https://www.lager-techniek.eu/index.php/at5" "Mozilla/5.0 (Windows NT 6.1; Win64; x64) AppleWebKit/537.36 (KHTML, like Gecko) Chrome/96.0.4664.110 Safari/537.36"
83.134.3.184 - - [22/Dec/2021:22:48:09 +0100] "GET /components/com_jshopping/files/img_categories/Bar3.jpg HTTP/1.1" 200 3301 "https://www.lager-techniek.eu/index.php/at5" "Mozilla/5.0 (Windows NT 6.1; Win64; x64) AppleWebKit/537.36 (KHTML, like Gecko) Chrome/96.0.4664.110 Safari/537.36"
83.134.3.184 - - [22/Dec/2021:22:48:09 +0100] "GET /components/com_jshopping/files/img_categories/ALU_Timing_belt_pulley6.jpg HTTP/1.1" 200 4809 "https://www.lager-techniek.eu/index.php/at5" "Mozilla/5.0 (Windows NT 6.1; Win64; x64) AppleWebKit/537.36 (KHTML, like Gecko) Chrome/96.0.4664.110 Safari/537.36"
83.134.3.184 - - [22/Dec/2021:22:48:09 +0100] "GET /components/com_jshopping/files/img_categories/ALU_Timing_belt_pulley5.jpg HTTP/1.1" 200 4809 "https://www.lager-techniek.eu/index.php/at5" "Mozilla/5.0 (Windows NT 6.1; Win64; x64) AppleWebKit/537.36 (KHTML, like Gecko) Chrome/96.0.4664.110 Safari/537.36"
83.134.3.184 - - [22/Dec/2021:22:48:09 +0100] "GET /components/com_jshopping/files/img_categories/Open_end1.jpg HTTP/1.1" 200 5438 "https://www.lager-techniek.eu/index.php/at5" "Mozilla/5.0 (Windows NT 6.1; Win64; x64) AppleWebKit/537.36 (KHTML, like Gecko) Chrome/96.0.4664.110 Safari/537.36"
83.134.3.184 - - [22/Dec/2021:22:48:09 +0100] "GET /components/com_jshopping/files/img_categories/ALU_Timing_belt_pulley4.jpg HTTP/1.1" 200 4809 "https://www.lager-techniek.eu/index.php/at5" "Mozilla/5.0 (Windows NT 6.1; Win64; x64) AppleWebKit/537.36 (KHTML, like Gecko) Chrome/96.0.4664.110 Safari/537.36"
83.134.3.184 - - [22/Dec/2021:22:48:15 +0100] "GET /index.php/tandriemen-at5 HTTP/1.1" 200 10300 "https://www.lager-techniek.eu/index.php/at5" "Mozilla/5.0 (Windows NT 6.1; Win64; x64) AppleWebKit/537.36 (KHTML, like Gecko) Chrome/96.0.4664.110 Safari/537.36"
83.134.3.184 - - [22/Dec/2021:22:48:16 +0100] "GET /components/com_jshopping/images/arrow_up.gif HTTP/1.1" 200 839 "https://www.lager-techniek.eu/index.php/tandriemen-at5" "Mozilla/5.0 (Windows NT 6.1; Win64; x64) AppleWebKit/537.36 (KHTML, like Gecko) Chrome/96.0.4664.110 Safari/537.36"
83.134.3.184 - - [22/Dec/2021:22:48:16 +0100] "GET /components/com_jshopping/files/img_products/thumb_img_T_tandriem.jpg HTTP/1.1" 200 3041 "https://www.lager-techniek.eu/index.php/tandriemen-at5" "Mozilla/5.0 (Windows NT 6.1; Win64; x64) AppleWebKit/537.36 (KHTML, like Gecko) Chrome/96.0.4664.110 Safari/537.36"
66.249.66.195 - - [22/Dec/2021:22:48:16 +0100] "GET /index.php/6300-range/skf-6309va201 HTTP/1.1" 200 13865 "-" "Mozilla/5.0 (compatible; Googlebot/2.1; +http://www.google.com/bot.html)"
54.36.148.227 - - [22/Dec/2021:22:48:17 +0100] "GET /index.php/32000-range/ntn-32028xu HTTP/1.1" 200 14819 "-" "Mozilla/5.0 (compatible; AhrefsBot/7.0; +http://ahrefs.com/robot/)"
54.36.148.227 - - [22/Dec/2021:22:48:31 +0100] "GET /index.php/askquestion/form?category_id=916&product_id=35343&type=1&tmpl=component HTTP/1.1" 200 2428 "-" "Mozilla/5.0 (compatible; AhrefsBot/7.0; +http://ahrefs.com/robot/)"
54.36.148.227 - - [22/Dec/2021:22:48:49 +0100] "GET /index.php/askquestion/form?category_id=948&product_id=39978&type=1&tmpl=component HTTP/1.1" 200 2409 "-" "Mozilla/5.0 (compatible; AhrefsBot/7.0; +http://ahrefs.com/robot/)"
83.134.3.184 - - [22/Dec/2021:22:48:49 +0100] "GET /index.php/tandriemen-at5?start=216 HTTP/1.1" 200 10337 "https://www.lager-techniek.eu/index.php/tandriemen-at5" "Mozilla/5.0 (Windows NT 6.1; Win64; x64) AppleWebKit/537.36 (KHTML, like Gecko) Chrome/96.0.4664.110 Safari/537.36"
89.146.3.50 - - [22/Dec/2021:22:48:58 +0100] "GET /index.php/component/ajax/?format=json HTTP/1.1" 200 758 "https://www.lager-techniek.eu/index.php/spa-range/optibelt-spa1600" "Mozilla/5.0 (Windows NT 10.0; Win64; x64) AppleWebKit/537.36 (KHTML, like Gecko) Chrome/96.0.4664.110 Safari/537.36 Edg/96.0.1054.62"
83.134.3.184 - - [22/Dec/2021:22:48:58 +0100] "GET /index.php/tandriemen-at5?start=288 HTTP/1.1" 200 8939 "https://www.lager-techniek.eu/index.php/tandriemen-at5?start=216" "Mozilla/5.0 (Windows NT 6.1; Win64; x64) AppleWebKit/537.36 (KHTML, like Gecko) Chrome/96.0.4664.110 Safari/537.36"
54.36.148.227 - - [22/Dec/2021:22:49:03 +0100] "GET /index.php/askquestion/form?category_id=916&product_id=49054&type=1&tmpl=component HTTP/1.1" 200 2430 "-" "Mozilla/5.0 (compatible; AhrefsBot/7.0; +http://ahrefs.com/robot/)"
54.36.148.227 - - [22/Dec/2021:22:49:15 +0100] "GET /index.php/askquestion/form?category_id=916&product_id=35345&type=1&tmpl=component HTTP/1.1" 200 2429 "-" "Mozilla/5.0 (compatible; AhrefsBot/7.0; +http://ahrefs.com/robot/)"
207.46.13.175 - - [22/Dec/2021:22:49:16 +0100] "GET /index.php/cart/add?category_id=903&product_id=32444 HTTP/1.1" 303 645 "-" "Mozilla/5.0 (compatible; bingbot/2.0; +http://www.bing.com/bingbot.htm)"
66.249.66.76 - - [22/Dec/2021:22:49:19 +0100] "GET /index.php/variator-riemen/optibelt-70x18x2500 HTTP/1.1" 200 13612 "-" "Mozilla/5.0 (compatible; Googlebot/2.1; +http://www.google.com/bot.html)"
66.249.66.76 - - [22/Dec/2021:22:49:26 +0100] "GET /index.php/t5-open-eind/megadyne-10t5 HTTP/1.1" 200 13968 "-" "Mozilla/5.0 (Linux; Android 6.0.1; Nexus 5X Build/MMB29P) AppleWebKit/537.36 (KHTML, like Gecko) Chrome/96.0.4664.110 Mobile Safari/537.36 (compatible; Googlebot/2.1; +http://www.google.com/bot.html)"
207.46.13.175 - - [22/Dec/2021:22:49:25 +0100] "GET /index.php/cart/view HTTP/1.1" 200 12880 "-" "Mozilla/5.0 (compatible; bingbot/2.0; +http://www.bing.com/bingbot.htm)"
54.36.148.227 - - [22/Dec/2021:22:49:28 +0100] "GET /index.php/bk-range/ina-bk1516a HTTP/1.1" 200 14042 "-" "Mozilla/5.0 (compatible; AhrefsBot/7.0; +http://ahrefs.com/robot/)"
178.118.52.254 - - [22/Dec/2021:22:49:32 +0100] "GET /index.php/component/ajax/?format=json HTTP/1.1" 200 758 "https://www.lager-techniek.eu/index.php/tandriemen-3m/gates-2883m15" "Mozilla/5.0 (Windows NT 10.0; Win64; x64) AppleWebKit/537.36 (KHTML, like Gecko) Chrome/96.0.4664.110 Safari/537.36"
2a02:a46a:4513:1:8d6f:371c:a7a9:e6c6 - - [22/Dec/2021:22:49:34 +0100] "GET /index.php/component/ajax/?format=json HTTP/1.1" 200 758 "https://www.lager-techniek.eu/index.php/b-range/gates-17x1725" "Mozilla/5.0 (Windows NT 10.0; Win64; x64) AppleWebKit/537.36 (KHTML, like Gecko) Chrome/96.0.4664.110 Safari/537.36"
13.66.139.0 - - [22/Dec/2021:22:49:36 +0100] "GET /index.php/producenten/72-range/skf-7206cdp4adga HTTP/1.1" 200 13988 "-" "Mozilla/5.0 (compatible; bingbot/2.0; +http://www.bing.com/bingbot.htm)"
54.36.148.227 - - [22/Dec/2021:22:49:44 +0100] "GET /index.php/askquestion/form?category_id=1007&product_id=95671&type=1&tmpl=component HTTP/1.1" 200 2415 "-" "Mozilla/5.0 (compatible; AhrefsBot/7.0; +http://ahrefs.com/robot/)"
54.36.148.227 - - [22/Dec/2021:22:49:58 +0100] "GET /index.php/askquestion/form?category_id=67&product_id=40766&type=1&tmpl=component HTTP/1.1" 200 2403 "-" "Mozilla/5.0 (compatible; AhrefsBot/7.0; +http://ahrefs.com/robot/)"
83.134.3.184 - - [22/Dec/2021:22:50:05 +0100] "POST /index.php/zoeken/result HTTP/1.1" 200 14584 "https://www.lager-techniek.eu/index.php/tandriemen-at5?start=288" "Mozilla/5.0 (Windows NT 6.1; Win64; x64) AppleWebKit/537.36 (KHTML, like Gecko) Chrome/96.0.4664.110 Safari/537.36"
83.134.3.184 - - [22/Dec/2021:22:50:10 +0100] "GET /components/com_jshopping/files/img_products/thumb_CP.jpg HTTP/1.1" 200 3702 "https://www.lager-techniek.eu/index.php/zoeken/result" "Mozilla/5.0 (Windows NT 6.1; Win64; x64) AppleWebKit/537.36 (KHTML, like Gecko) Chrome/96.0.4664.110 Safari/537.36"
83.134.3.184 - - [22/Dec/2021:22:50:10 +0100] "GET /components/com_jshopping/files/img_products/thumb_Open_end.jpg HTTP/1.1" 200 5442 "https://www.lager-techniek.eu/index.php/zoeken/result" "Mozilla/5.0 (Windows NT 6.1; Win64; x64) AppleWebKit/537.36 (KHTML, like Gecko) Chrome/96.0.4664.110 Safari/537.36"
54.36.148.227 - - [22/Dec/2021:22:50:09 +0100] "GET /index.php/kegellager-inch/timken-72200c72500 HTTP/1.1" 200 13842 "-" "Mozilla/5.0 (compatible; AhrefsBot/7.0; +http://ahrefs.com/robot/)"
66.249.66.128 - - [22/Dec/2021:22:50:15 +0100] "GET /index.php/a-range/contitech-13x914 HTTP/1.1" 200 14527 "-" "Mozilla/5.0 (Linux; Android 6.0.1; Nexus 5X Build/MMB29P) AppleWebKit/537.36 (KHTML, like Gecko) Chrome/96.0.4664.110 Mobile Safari/537.36 (compatible; Googlebot/2.1; +http://www.google.com/bot.html)"
83.134.3.184 - - [22/Dec/2021:22:50:16 +0100] "GET /index.php/at5-open-eind/megadyne-10at5 HTTP/1.1" 200 13880 "https://www.lager-techniek.eu/index.php/zoeken/result" "Mozilla/5.0 (Windows NT 6.1; Win64; x64) AppleWebKit/537.36 (KHTML, like Gecko) Chrome/96.0.4664.110 Safari/537.36"
83.134.3.184 - - [22/Dec/2021:22:50:16 +0100] "GET /components/com_jshopping/files/img_products/Open_end.jpg HTTP/1.1" 200 10704 "https://www.lager-techniek.eu/index.php/at5-open-eind/megadyne-10at5" "Mozilla/5.0 (Windows NT 6.1; Win64; x64) AppleWebKit/537.36 (KHTML, like Gecko) Chrome/96.0.4664.110 Safari/537.36"
83.134.3.184 - - [22/Dec/2021:22:50:16 +0100] "GET /media/com_jchoptimize/cache/js/ecfec06cdc68ba11a68871f44b18af9a.js HTTP/1.1" 200 101227 "https://www.lager-techniek.eu/index.php/at5-open-eind/megadyne-10at5" "Mozilla/5.0 (Windows NT 6.1; Win64; x64) AppleWebKit/537.36 (KHTML, like Gecko) Chrome/96.0.4664.110 Safari/537.36"
207.46.13.175 - - [22/Dec/2021:22:50:17 +0100] "GET /index.php/skf-e2-energy-efficient-lagers/skf-e260002zc3 HTTP/1.1" 200 13866 "-" "Mozilla/5.0 (compatible; bingbot/2.0; +http://www.bing.com/bingbot.htm)"
217.123.82.92 - - [22/Dec/2021:22:50:23 +0100] "GET /index.php/component/ajax/?format=json HTTP/1.1" 200 758 "https://www.lager-techniek.eu/index.php/duplex-rollenketting/vbchain-rk24b2" "Mozilla/5.0 (Windows NT 10.0; Win64; x64) AppleWebKit/537.36 (KHTML, like Gecko) Chrome/96.0.4664.110 Safari/537.36"
77.60.98.226 - - [22/Dec/2021:22:50:27 +0100] "GET /index.php/component/ajax/?format=json HTTP/1.1" 200 758 "https://www.lager-techniek.eu/index.php/b-range/contitech-17x1215" "Mozilla/5.0 (Windows NT 6.1; Win64; x64) AppleWebKit/537.36 (KHTML, like Gecko) Chrome/94.0.4606.71 Safari/537.36"
54.36.148.227 - - [22/Dec/2021:22:50:29 +0100] "GET /index.php/askquestion/form?category_id=831&product_id=33184&type=1&tmpl=component HTTP/1.1" 200 2419 "-" "Mozilla/5.0 (compatible; AhrefsBot/7.0; +http://ahrefs.com/robot/)"
178.118.52.254 - - [22/Dec/2021:22:50:32 +0100] "GET /index.php/component/ajax/?format=json HTTP/1.1" 200 758 "https://www.lager-techniek.eu/index.php/tandriemen-3m/gates-2823m6gt3" "Mozilla/5.0 (Windows NT 10.0; Win64; x64) AppleWebKit/537.36 (KHTML, like Gecko) Chrome/96.0.4664.110 Safari/537.36"
13.66.139.0 - - [22/Dec/2021:22:50:33 +0100] "GET /index.php/dhtd-8m/gates-tpgt28008mgt85 HTTP/1.1" 200 14481 "-" "Mozilla/5.0 (compatible; bingbot/2.0; +http://www.bing.com/bingbot.htm)"
66.249.66.158 - - [22/Dec/2021:22:50:34 +0100] "GET /index.php/nj-2200-range/skf-nj2216ecmlc3 HTTP/1.1" 200 14039 "-" "Mozilla/5.0 (Linux; Android 6.0.1; Nexus 5X Build/MMB29P) AppleWebKit/537.36 (KHTML, like Gecko) Chrome/96.0.4664.110 Mobile Safari/537.36 (compatible; Googlebot/2.1; +http://www.google.com/bot.html)"
54.36.148.227 - - [22/Dec/2021:22:50:42 +0100] "GET /index.php/cart/add?category_id=13&product_id=25902 HTTP/1.1" 303 645 "-" "Mozilla/5.0 (compatible; AhrefsBot/7.0; +http://ahrefs.com/robot/)"
83.134.3.184 - - [22/Dec/2021:22:50:43 +0100] "POST /index.php/zoeken/result HTTP/1.1" 200 14558 "https://www.lager-techniek.eu/index.php/at5-open-eind/megadyne-10at5" "Mozilla/5.0 (Windows NT 6.1; Win64; x64) AppleWebKit/537.36 (KHTML, like Gecko) Chrome/96.0.4664.110 Safari/537.36"
83.134.3.184 - - [22/Dec/2021:22:50:47 +0100] "GET /components/com_jshopping/files/img_products/thumb_Duplex.jpg HTTP/1.1" 200 4820 "https://www.lager-techniek.eu/index.php/zoeken/result" "Mozilla/5.0 (Windows NT 6.1; Win64; x64) AppleWebKit/537.36 (KHTML, like Gecko) Chrome/96.0.4664.110 Safari/537.36"
83.134.3.184 - - [22/Dec/2021:22:50:47 +0100] "GET /components/com_jshopping/files/img_products/thumb_GL1.jpg HTTP/1.1" 200 3567 "https://www.lager-techniek.eu/index.php/zoeken/result" "Mozilla/5.0 (Windows NT 6.1; Win64; x64) AppleWebKit/537.36 (KHTML, like Gecko) Chrome/96.0.4664.110 Safari/537.36"
83.134.3.184 - - [22/Dec/2021:22:50:47 +0100] "GET /components/com_jshopping/files/img_products/thumb_B1L.jpg HTTP/1.1" 200 3629 "https://www.lager-techniek.eu/index.php/zoeken/result" "Mozilla/5.0 (Windows NT 6.1; Win64; x64) AppleWebKit/537.36 (KHTML, like Gecko) Chrome/96.0.4664.110 Safari/537.36"
83.134.3.184 - - [22/Dec/2021:22:50:47 +0100] "GET /components/com_jshopping/files/img_products/thumb_GLE.jpg HTTP/1.1" 200 4493 "https://www.lager-techniek.eu/index.php/zoeken/result" "Mozilla/5.0 (Windows NT 6.1; Win64; x64) AppleWebKit/537.36 (KHTML, like Gecko) Chrome/96.0.4664.110 Safari/537.36"
83.134.3.184 - - [22/Dec/2021:22:50:47 +0100] "GET /components/com_jshopping/files/img_products/thumb_B1E.jpg HTTP/1.1" 200 4210 "https://www.lager-techniek.eu/index.php/zoeken/result" "Mozilla/5.0 (Windows NT 6.1; Win64; x64) AppleWebKit/537.36 (KHTML, like Gecko) Chrome/96.0.4664.110 Safari/537.36"
83.134.3.184 - - [22/Dec/2021:22:50:47 +0100] "GET /components/com_jshopping/files/img_products/thumb_DGLE1.jpg HTTP/1.1" 200 4328 "https://www.lager-techniek.eu/index.php/zoeken/result" "Mozilla/5.0 (Windows NT 6.1; Win64; x64) AppleWebKit/537.36 (KHTML, like Gecko) Chrome/96.0.4664.110 Safari/537.36"
83.134.3.184 - - [22/Dec/2021:22:50:47 +0100] "GET /components/com_jshopping/files/img_products/thumb_B2L.jpg HTTP/1.1" 200 5040 "https://www.lager-techniek.eu/index.php/zoeken/result" "Mozilla/5.0 (Windows NT 6.1; Win64; x64) AppleWebKit/537.36 (KHTML, like Gecko) Chrome/96.0.4664.110 Safari/537.36"
83.134.3.184 - - [22/Dec/2021:22:50:47 +0100] "GET /components/com_jshopping/files/img_products/thumb_Simplex.jpg HTTP/1.1" 200 3174 "https://www.lager-techniek.eu/index.php/zoeken/result" "Mozilla/5.0 (Windows NT 6.1; Win64; x64) AppleWebKit/537.36 (KHTML, like Gecko) Chrome/96.0.4664.110 Safari/537.36"
54.36.148.227 - - [22/Dec/2021:22:50:55 +0100] "GET /index.php/61800-range/skf-618012rs1evp HTTP/1.1" 200 14926 "-" "Mozilla/5.0 (compatible; AhrefsBot/7.0; +http://ahrefs.com/robot/)"
83.134.3.184 - - [22/Dec/2021:22:50:56 +0100] "POST /index.php/zoeken/result HTTP/1.1" 200 14556 "https://www.lager-techniek.eu/index.php/zoeken/result" "Mozilla/5.0 (Windows NT 6.1; Win64; x64) AppleWebKit/537.36 (KHTML, like Gecko) Chrome/96.0.4664.110 Safari/537.36"
51.15.128.186 - - [22/Dec/2021:22:51:07 +0100] "GET /index.php/askquestion/form?category_id=229&product_id=97223&type=1&tmpl=component HTTP/1.1" 200 2413 "-" "Mozilla/5.0 (Windows NT 10.0; Win64; x64) AppleWebKit/537.36 (KHTML, like Gecko) Chrome/93.0.4577.0 Safari/537.36"
51.15.128.186 - - [22/Dec/2021:22:51:07 +0100] "GET /media/com_jchoptimize/cache/js/fd6254950ec86e6611e897b868c02233.js HTTP/1.1" 200 58821 "https://lager-techniek.eu/index.php/askquestion/form?category_id=229&product_id=97223&type=1&tmpl=component" "Mozilla/5.0 (Windows NT 10.0; Win64; x64) AppleWebKit/537.36 (KHTML, like Gecko) Chrome/93.0.4577.0 Safari/537.36"
193.104.159.11 - - [22/Dec/2021:22:51:11 +0100] "GET /index.php/component/ajax/?format=json HTTP/1.1" 200 758 "https://www.lager-techniek.eu/index.php/2200-range/fag-22032rstvh" "Mozilla/5.0 (Windows NT 10.0; Win64; x64) AppleWebKit/537.36 (KHTML, like Gecko) Chrome/96.0.4664.110 Safari/537.36 Edg/96.0.1054.62"
54.36.148.227 - - [22/Dec/2021:22:51:11 +0100] "GET /index.php/askquestion/form?category_id=431&product_id=16748&type=1&tmpl=component HTTP/1.1" 200 2418 "-" "Mozilla/5.0 (compatible; AhrefsBot/7.0; +http://ahrefs.com/robot/)"
66.249.66.8 - - [22/Dec/2021:22:51:19 +0100] "GET /index.php/huizen/skf-snl216 HTTP/1.1" 200 14322 "-" "Mozilla/5.0 (Linux; Android 6.0.1; Nexus 5X Build/MMB29P) AppleWebKit/537.36 (KHTML, like Gecko) Chrome/96.0.4664.110 Mobile Safari/537.36 (compatible; Googlebot/2.1; +http://www.google.com/bot.html)"
51.158.70.126 - - [22/Dec/2021:22:51:21 +0100] "GET /index.php/askquestion/form?category_id=395&product_id=12800&type=1&tmpl=component HTTP/1.1" 200 2417 "-" "Mozilla/5.0 (Windows NT 10.0; Win64; x64) AppleWebKit/537.36 (KHTML, like Gecko) Chrome/93.0.4577.0 Safari/537.36"
51.158.70.126 - - [22/Dec/2021:22:51:21 +0100] "GET /media/com_jchoptimize/cache/js/c53fdc3c6bfa83d8140db6a1478bb6ae.js HTTP/1.1" 200 58820 "https://lager-techniek.eu/index.php/askquestion/form?category_id=395&product_id=12800&type=1&tmpl=component" "Mozilla/5.0 (Windows NT 10.0; Win64; x64) AppleWebKit/537.36 (KHTML, like Gecko) Chrome/93.0.4577.0 Safari/537.36"
54.36.148.227 - - [22/Dec/2021:22:51:24 +0100] "GET /index.php/askquestion/form?category_id=1094&product_id=51077&type=1&tmpl=component HTTP/1.1" 200 2415 "-" "Mozilla/5.0 (compatible; AhrefsBot/7.0; +http://ahrefs.com/robot/)"
83.134.3.184 - - [22/Dec/2021:22:51:27 +0100] "POST /index.php/zoeken/result HTTP/1.1" 200 14424 "https://www.lager-techniek.eu/index.php/zoeken/result" "Mozilla/5.0 (Windows NT 6.1; Win64; x64) AppleWebKit/537.36 (KHTML, like Gecko) Chrome/96.0.4664.110 Safari/537.36"
83.134.3.184 - - [22/Dec/2021:22:51:31 +0100] "GET /components/com_jshopping/files/img_products/thumb_img_TONST.jpg HTTP/1.1" 200 6270 "https://www.lager-techniek.eu/index.php/zoeken/result" "Mozilla/5.0 (Windows NT 6.1; Win64; x64) AppleWebKit/537.36 (KHTML, like Gecko) Chrome/96.0.4664.110 Safari/537.36"
83.134.3.184 - - [22/Dec/2021:22:51:31 +0100] "GET /components/com_jshopping/files/img_products/thumb_img_TON2CS.jpg HTTP/1.1" 200 3818 "https://www.lager-techniek.eu/index.php/zoeken/result" "Mozilla/5.0 (Windows NT 6.1; Win64; x64) AppleWebKit/537.36 (KHTML, like Gecko) Chrome/96.0.4664.110 Safari/537.36"
91.183.150.180 - - [22/Dec/2021:22:51:35 +0100] "GET /index.php/component/ajax/?format=json HTTP/1.1" 200 758 "https://www.lager-techniek.eu/index.php/overig/skf-tmft36" "Mozilla/5.0 (Windows NT 6.3; Win64; x64) AppleWebKit/537.36 (KHTML, like Gecko) Chrome/96.0.4664.110 Safari/537.36"
54.36.148.227 - - [22/Dec/2021:22:51:37 +0100] "GET /index.php/huizen/skf-snl3144 HTTP/1.1" 200 13759 "-" "Mozilla/5.0 (compatible; AhrefsBot/7.0; +http://ahrefs.com/robot/)"
83.134.3.184 - - [22/Dec/2021:22:51:41 +0100] "POST /index.php/zoeken/result HTTP/1.1" 200 14584 "https://www.lager-techniek.eu/index.php/zoeken/result" "Mozilla/5.0 (Windows NT 6.1; Win64; x64) AppleWebKit/537.36 (KHTML, like Gecko) Chrome/96.0.4664.110 Safari/537.36"
66.249.66.195 - - [22/Dec/2021:22:51:48 +0100] "GET /index.php/tandriemschijf-21t5/21t5102 HTTP/1.1" 200 13893 "-" "Mozilla/5.0 (compatible; Googlebot/2.1; +http://www.google.com/bot.html)"
54.36.148.227 - - [22/Dec/2021:22:51:50 +0100] "GET /index.php/6000-range/ntn-6016zzc3 HTTP/1.1" 200 14517 "-" "Mozilla/5.0 (compatible; AhrefsBot/7.0; +http://ahrefs.com/robot/)"
2a02:1810:50a:8a00:9d45:e58b:3aba:829e - - [22/Dec/2021:22:51:53 +0100] "GET /components/com_jshopping/files/img_products/thumb_img_FAGNUPTV.jpg HTTP/1.1" 200 14607 "https://www.google.com/" "Mozilla/5.0 (Windows NT 10.0; Win64; x64) AppleWebKit/537.36 (KHTML, like Gecko) Chrome/96.0.4664.110 Safari/537.36"
185.178.235.166 - - [22/Dec/2021:22:52:00 +0100] "GET /index.php/component/ajax/?format=json HTTP/1.1" 200 758 "https://www.lager-techniek.eu/index.php/kettingspanwiel/ina-ksr16l010101408" "Mozilla/5.0 (Windows NT 10.0; Win64; x64) AppleWebKit/537.36 (KHTML, like Gecko) Chrome/96.0.4664.45 Safari/537.36"
54.36.148.227 - - [22/Dec/2021:22:52:07 +0100] "GET /index.php/askquestion/form?category_id=450&product_id=28886&type=1&tmpl=component HTTP/1.1" 200 2403 "-" "Mozilla/5.0 (compatible; AhrefsBot/7.0; +http://ahrefs.com/robot/)"
54.36.148.227 - - [22/Dec/2021:22:52:22 +0100] "GET /index.php/1215/121524-klembus HTTP/1.1" 200 13830 "-" "Mozilla/5.0 (compatible; AhrefsBot/7.0; +http://ahrefs.com/robot/)"
77.226.249.91 - - [22/Dec/2021:22:52:28 +0100] "GET /index.php/component/ajax/?format=json HTTP/1.1" 200 758 "https://www.lager-techniek.eu/index.php/a-range/contitech-13x3650" "Mozilla/5.0 (Windows NT 10.0; Win64; x64) AppleWebKit/537.36 (KHTML, like Gecko) Chrome/96.0.4664.55 Safari/537.36 Edg/96.0.1054.43"
54.36.148.227 - - [22/Dec/2021:22:52:35 +0100] "GET /index.php/askquestion/form?category_id=32&product_id=1357&type=1&tmpl=component HTTP/1.1" 200 2415 "-" "Mozilla/5.0 (compatible; AhrefsBot/7.0; +http://ahrefs.com/robot/)"
54.36.148.227 - - [22/Dec/2021:22:52:48 +0100] "GET /index.php/fixeerringen/timken-sr140x125 HTTP/1.1" 200 14085 "-" "Mozilla/5.0 (compatible; AhrefsBot/7.0; +http://ahrefs.com/robot/)"
207.46.13.1 - - [22/Dec/2021:22:52:50 +0100] "GET /index.php/6200-range/timken-6218z HTTP/1.1" 404 5349 "-" "Mozilla/5.0 (compatible; bingbot/2.0; +http://www.bing.com/bingbot.htm)"
66.249.66.195 - - [22/Dec/2021:22:52:52 +0100] "GET /index.php/rshey-syf-tf-range/skf-syf-30-tf HTTP/1.1" 200 14454 "-" "Mozilla/5.0 (Linux; Android 6.0.1; Nexus 5X Build/MMB29P) AppleWebKit/537.36 (KHTML, like Gecko) Chrome/96.0.4664.110 Mobile Safari/537.36 (compatible; Googlebot/2.1; +http://www.google.com/bot.html)"
90.145.217.226 - - [22/Dec/2021:22:52:53 +0100] "GET /index.php/component/ajax/?format=json HTTP/1.1" 200 758 "https://www.lager-techniek.eu/index.php/met-flens/permaglide-paf25215-p11" "Mozilla/5.0 (Windows NT 10.0; Win64; x64) AppleWebKit/537.36 (KHTML, like Gecko) Chrome/96.0.4664.45 Safari/537.36"
83.134.3.184 - - [22/Dec/2021:22:52:59 +0100] "GET /index.php/zoeken/result?start=12 HTTP/1.1" 200 14570 "https://www.lager-techniek.eu/index.php/zoeken/result" "Mozilla/5.0 (Windows NT 6.1; Win64; x64) AppleWebKit/537.36 (KHTML, like Gecko) Chrome/96.0.4664.110 Safari/537.36"
54.36.148.227 - - [22/Dec/2021:22:53:01 +0100] "GET /index.php/askquestion/form?category_id=1038&product_id=42184&type=1&tmpl=component HTTP/1.1" 200 2411 "-" "Mozilla/5.0 (compatible; AhrefsBot/7.0; +http://ahrefs.com/robot/)"
83.134.3.184 - - [22/Dec/2021:22:53:02 +0100] "GET /components/com_jshopping/files/img_products/thumb_img_T5ZF.jpg HTTP/1.1" 200 3995 "https://www.lager-techniek.eu/index.php/zoeken/result?start=12" "Mozilla/5.0 (Windows NT 6.1; Win64; x64) AppleWebKit/537.36 (KHTML, like Gecko) Chrome/96.0.4664.110 Safari/537.36"
54.36.148.227 - - [22/Dec/2021:22:53:17 +0100] "GET /index.php/81200-range/ina-81256m HTTP/1.1" 200 13851 "-" "Mozilla/5.0 (compatible; AhrefsBot/7.0; +http://ahrefs.com/robot/)"
83.134.3.184 - - [22/Dec/2021:22:53:18 +0100] "GET /index.php/zoeken/result?start=24 HTTP/1.1" 200 14726 "https://www.lager-techniek.eu/index.php/zoeken/result?start=12" "Mozilla/5.0 (Windows NT 6.1; Win64; x64) AppleWebKit/537.36 (KHTML, like Gecko) Chrome/96.0.4664.110 Safari/537.36"
54.36.148.227 - - [22/Dec/2021:22:53:30 +0100] "GET /index.php/cart/add?category_id=33&product_id=1541 HTTP/1.1" 303 645 "-" "Mozilla/5.0 (compatible; AhrefsBot/7.0; +http://ahrefs.com/robot/)"
83.134.3.184 - - [22/Dec/2021:22:53:32 +0100] "GET /index.php/at5-open-eind/megadyne-25at5 HTTP/1.1" 200 13885 "https://www.lager-techniek.eu/index.php/zoeken/result?start=24" "Mozilla/5.0 (Windows NT 6.1; Win64; x64) AppleWebKit/537.36 (KHTML, like Gecko) Chrome/96.0.4664.110 Safari/537.36"
83.134.3.184 - - [22/Dec/2021:22:53:32 +0100] "GET /media/com_jchoptimize/cache/js/011091ba164b4593b8f21131ca04ca48.js HTTP/1.1" 200 101228 "https://www.lager-techniek.eu/index.php/at5-open-eind/megadyne-25at5" "Mozilla/5.0 (Windows NT 6.1; Win64; x64) AppleWebKit/537.36 (KHTML, like Gecko) Chrome/96.0.4664.110 Safari/537.36"
54.36.148.227 - - [22/Dec/2021:22:53:42 +0100] "GET /index.php/kettingwiel-05b-2/05b2z24 HTTP/1.1" 200 13915 "-" "Mozilla/5.0 (compatible; AhrefsBot/7.0; +http://ahrefs.com/robot/)"
54.36.148.227 - - [22/Dec/2021:22:53:56 +0100] "GET /index.php/askquestion/form?category_id=968&product_id=49292&type=1&tmpl=component HTTP/1.1" 200 2443 "-" "Mozilla/5.0 (compatible; AhrefsBot/7.0; +http://ahrefs.com/robot/)"
89.146.3.50 - - [22/Dec/2021:22:53:58 +0100] "GET /index.php/component/ajax/?format=json HTTP/1.1" 200 758 "https://www.lager-techniek.eu/index.php/spa-range/optibelt-spa1600" "Mozilla/5.0 (Windows NT 10.0; Win64; x64) AppleWebKit/537.36 (KHTML, like Gecko) Chrome/96.0.4664.110 Safari/537.36 Edg/96.0.1054.62"
54.36.148.227 - - [22/Dec/2021:22:54:07 +0100] "GET /index.php/6000-range/fag-6052m HTTP/1.1" 200 14128 "-" "Mozilla/5.0 (compatible; AhrefsBot/7.0; +http://ahrefs.com/robot/)"
2a02:a461:249b:1:906f:4ad6:52f3:2afe - - [22/Dec/2021:22:54:17 +0100] "GET /index.php/6000-range/skf-6001z HTTP/1.1" 200 14441 "https://www.google.com/" "Mozilla/5.0 (Linux; Android 10; SAMSUNG SM-N960F) AppleWebKit/537.36 (KHTML, like Gecko) SamsungBrowser/16.0 Chrome/92.0.4515.166 Mobile Safari/537.36"
2a02:a461:249b:1:906f:4ad6:52f3:2afe - - [22/Dec/2021:22:54:17 +0100] "GET /media/com_jchoptimize/cache/css/e3aaa5baf7724231080a3c38514acb60.css HTTP/1.1" 200 32260 "https://www.lager-techniek.eu/index.php/6000-range/skf-6001z" "Mozilla/5.0 (Linux; Android 10; SAMSUNG SM-N960F) AppleWebKit/537.36 (KHTML, like Gecko) SamsungBrowser/16.0 Chrome/92.0.4515.166 Mobile Safari/537.36"
2a02:a461:249b:1:906f:4ad6:52f3:2afe - - [22/Dec/2021:22:54:17 +0100] "GET /images/banner12-lager-techniek.eu.jpg HTTP/1.1" 200 17827 "https://www.lager-techniek.eu/index.php/6000-range/skf-6001z" "Mozilla/5.0 (Linux; Android 10; SAMSUNG SM-N960F) AppleWebKit/537.36 (KHTML, like Gecko) SamsungBrowser/16.0 Chrome/92.0.4515.166 Mobile Safari/537.36"
2a02:a461:249b:1:906f:4ad6:52f3:2afe - - [22/Dec/2021:22:54:17 +0100] "GET /modules/mod_gtranslate/tmpl/lang/16/en.png HTTP/1.1" 200 1063 "https://www.lager-techniek.eu/index.php/6000-range/skf-6001z" "Mozilla/5.0 (Linux; Android 10; SAMSUNG SM-N960F) AppleWebKit/537.36 (KHTML, like Gecko) SamsungBrowser/16.0 Chrome/92.0.4515.166 Mobile Safari/537.36"
2a02:a461:249b:1:906f:4ad6:52f3:2afe - - [22/Dec/2021:22:54:17 +0100] "GET /modules/mod_gtranslate/tmpl/lang/16/de.png HTTP/1.1" 200 747 "https://www.lager-techniek.eu/index.php/6000-range/skf-6001z" "Mozilla/5.0 (Linux; Android 10; SAMSUNG SM-N960F) AppleWebKit/537.36 (KHTML, like Gecko) SamsungBrowser/16.0 Chrome/92.0.4515.166 Mobile Safari/537.36"
2a02:a461:249b:1:906f:4ad6:52f3:2afe - - [22/Dec/2021:22:54:17 +0100] "GET /media/system/images/arrow.png HTTP/1.1" 200 462 "https://www.lager-techniek.eu/index.php/6000-range/skf-6001z" "Mozilla/5.0 (Linux; Android 10; SAMSUNG SM-N960F) AppleWebKit/537.36 (KHTML, like Gecko) SamsungBrowser/16.0 Chrome/92.0.4515.166 Mobile Safari/537.36"
2a02:a461:249b:1:906f:4ad6:52f3:2afe - - [22/Dec/2021:22:54:17 +0100] "GET /modules/mod_gtranslate/tmpl/lang/16/es.png HTTP/1.1" 200 849 "https://www.lager-techniek.eu/index.php/6000-range/skf-6001z" "Mozilla/5.0 (Linux; Android 10; SAMSUNG SM-N960F) AppleWebKit/537.36 (KHTML, like Gecko) SamsungBrowser/16.0 Chrome/92.0.4515.166 Mobile Safari/537.36"
2a02:a461:249b:1:906f:4ad6:52f3:2afe - - [22/Dec/2021:22:54:17 +0100] "GET /modules/mod_gtranslate/tmpl/lang/16/fr.png HTTP/1.1" 200 802 "https://www.lager-techniek.eu/index.php/6000-range/skf-6001z" "Mozilla/5.0 (Linux; Android 10; SAMSUNG SM-N960F) AppleWebKit/537.36 (KHTML, like Gecko) SamsungBrowser/16.0 Chrome/92.0.4515.166 Mobile Safari/537.36"
2a02:a461:249b:1:906f:4ad6:52f3:2afe - - [22/Dec/2021:22:54:17 +0100] "GET /modules/mod_gtranslate/tmpl/lang/16/pt.png HTTP/1.1" 200 947 "https://www.lager-techniek.eu/index.php/6000-range/skf-6001z" "Mozilla/5.0 (Linux; Android 10; SAMSUNG SM-N960F) AppleWebKit/537.36 (KHTML, like Gecko) SamsungBrowser/16.0 Chrome/92.0.4515.166 Mobile Safari/537.36"
2a02:a461:249b:1:906f:4ad6:52f3:2afe - - [22/Dec/2021:22:54:17 +0100] "GET /components/com_jshopping/files/img_products/img_dgbbzz.jpg HTTP/1.1" 200 11779 "https://www.lager-techniek.eu/index.php/6000-range/skf-6001z" "Mozilla/5.0 (Linux; Android 10; SAMSUNG SM-N960F) AppleWebKit/537.36 (KHTML, like Gecko) SamsungBrowser/16.0 Chrome/92.0.4515.166 Mobile Safari/537.36"
2a02:a461:249b:1:906f:4ad6:52f3:2afe - - [22/Dec/2021:22:54:17 +0100] "GET /modules/mod_gtranslate/tmpl/lang/16/it.png HTTP/1.1" 200 796 "https://www.lager-techniek.eu/index.php/6000-range/skf-6001z" "Mozilla/5.0 (Linux; Android 10; SAMSUNG SM-N960F) AppleWebKit/537.36 (KHTML, like Gecko) SamsungBrowser/16.0 Chrome/92.0.4515.166 Mobile Safari/537.36"
2a02:a461:249b:1:906f:4ad6:52f3:2afe - - [22/Dec/2021:22:54:17 +0100] "GET /components/com_jshopping/files/img_products/img_dgbbzsos.jpg HTTP/1.1" 200 11334 "https://www.lager-techniek.eu/index.php/6000-range/skf-6001z" "Mozilla/5.0 (Linux; Android 10; SAMSUNG SM-N960F) AppleWebKit/537.36 (KHTML, like Gecko) SamsungBrowser/16.0 Chrome/92.0.4515.166 Mobile Safari/537.36"
2a02:a461:249b:1:906f:4ad6:52f3:2afe - - [22/Dec/2021:22:54:17 +0100] "GET /components/com_jshopping/files/img_products/img_www.lager-techniek.eu_SKF_GroefKogellager.jpg HTTP/1.1" 200 10276 "https://www.lager-techniek.eu/index.php/6000-range/skf-6001z" "Mozilla/5.0 (Linux; Android 10; SAMSUNG SM-N960F) AppleWebKit/537.36 (KHTML, like Gecko) SamsungBrowser/16.0 Chrome/92.0.4515.166 Mobile Safari/537.36"
2a02:a461:249b:1:906f:4ad6:52f3:2afe - - [22/Dec/2021:22:54:17 +0100] "GET /components/com_jshopping/files/img_products/thumb_img_dgbbzsos.jpg HTTP/1.1" 200 4483 "https://www.lager-techniek.eu/index.php/6000-range/skf-6001z" "Mozilla/5.0 (Linux; Android 10; SAMSUNG SM-N960F) AppleWebKit/537.36 (KHTML, like Gecko) SamsungBrowser/16.0 Chrome/92.0.4515.166 Mobile Safari/537.36"
2a02:a461:249b:1:906f:4ad6:52f3:2afe - - [22/Dec/2021:22:54:17 +0100] "GET /components/com_jshopping/images/search.png HTTP/1.1" 200 847 "https://www.lager-techniek.eu/index.php/6000-range/skf-6001z" "Mozilla/5.0 (Linux; Android 10; SAMSUNG SM-N960F) AppleWebKit/537.36 (KHTML, like Gecko) SamsungBrowser/16.0 Chrome/92.0.4515.166 Mobile Safari/537.36"
2a02:a461:249b:1:906f:4ad6:52f3:2afe - - [22/Dec/2021:22:54:17 +0100] "GET /components/com_jshopping/images/print.png HTTP/1.1" 200 735 "https://www.lager-techniek.eu/index.php/6000-range/skf-6001z" "Mozilla/5.0 (Linux; Android 10; SAMSUNG SM-N960F) AppleWebKit/537.36 (KHTML, like Gecko) SamsungBrowser/16.0 Chrome/92.0.4515.166 Mobile Safari/537.36"
2a02:a461:249b:1:906f:4ad6:52f3:2afe - - [22/Dec/2021:22:54:17 +0100] "GET /images/Lengteberekening.jpg HTTP/1.1" 200 10994 "https://www.lager-techniek.eu/index.php/6000-range/skf-6001z" "Mozilla/5.0 (Linux; Android 10; SAMSUNG SM-N960F) AppleWebKit/537.36 (KHTML, like Gecko) SamsungBrowser/16.0 Chrome/92.0.4515.166 Mobile Safari/537.36"
2a02:a461:249b:1:906f:4ad6:52f3:2afe - - [22/Dec/2021:22:54:17 +0100] "GET /modules/mod_gtranslate/tmpl/lang/16/ru.png HTTP/1.1" 200 706 "https://www.lager-techniek.eu/index.php/6000-range/skf-6001z" "Mozilla/5.0 (Linux; Android 10; SAMSUNG SM-N960F) AppleWebKit/537.36 (KHTML, like Gecko) SamsungBrowser/16.0 Chrome/92.0.4515.166 Mobile Safari/537.36"
2a02:a461:249b:1:906f:4ad6:52f3:2afe - - [22/Dec/2021:22:54:17 +0100] "GET /images/UPS.jpg HTTP/1.1" 200 6889 "https://www.lager-techniek.eu/index.php/6000-range/skf-6001z" "Mozilla/5.0 (Linux; Android 10; SAMSUNG SM-N960F) AppleWebKit/537.36 (KHTML, like Gecko) SamsungBrowser/16.0 Chrome/92.0.4515.166 Mobile Safari/537.36"
2a02:a461:249b:1:906f:4ad6:52f3:2afe - - [22/Dec/2021:22:54:17 +0100] "GET /images/DPD.jpg HTTP/1.1" 200 7428 "https://www.lager-techniek.eu/index.php/6000-range/skf-6001z" "Mozilla/5.0 (Linux; Android 10; SAMSUNG SM-N960F) AppleWebKit/537.36 (KHTML, like Gecko) SamsungBrowser/16.0 Chrome/92.0.4515.166 Mobile Safari/537.36"
2a02:a461:249b:1:906f:4ad6:52f3:2afe - - [22/Dec/2021:22:54:17 +0100] "GET /components/com_jshopping/files/img_products/thumb_img_www.lager-techniek.eu_SKF_GroefKogellager.jpg HTTP/1.1" 200 5636 "https://www.lager-techniek.eu/index.php/6000-range/skf-6001z" "Mozilla/5.0 (Linux; Android 10; SAMSUNG SM-N960F) AppleWebKit/537.36 (KHTML, like Gecko) SamsungBrowser/16.0 Chrome/92.0.4515.166 Mobile Safari/537.36"
2a02:a461:249b:1:906f:4ad6:52f3:2afe - - [22/Dec/2021:22:54:17 +0100] "GET /images/Postnl.jpg HTTP/1.1" 200 10478 "https://www.lager-techniek.eu/index.php/6000-range/skf-6001z" "Mozilla/5.0 (Linux; Android 10; SAMSUNG SM-N960F) AppleWebKit/537.36 (KHTML, like Gecko) SamsungBrowser/16.0 Chrome/92.0.4515.166 Mobile Safari/537.36"
2a02:a461:249b:1:906f:4ad6:52f3:2afe - - [22/Dec/2021:22:54:17 +0100] "GET /components/com_jshopping/files/img_products/thumb_img_dgbbzz.jpg HTTP/1.1" 200 7052 "https://www.lager-techniek.eu/index.php/6000-range/skf-6001z" "Mozilla/5.0 (Linux; Android 10; SAMSUNG SM-N960F) AppleWebKit/537.36 (KHTML, like Gecko) SamsungBrowser/16.0 Chrome/92.0.4515.166 Mobile Safari/537.36"
2a02:a461:249b:1:906f:4ad6:52f3:2afe - - [22/Dec/2021:22:54:17 +0100] "GET /media/com_jchoptimize/cache/js/af1111cf1dcd0f1d7258d5fa2fddab4c.js HTTP/1.1" 200 1504 "https://www.lager-techniek.eu/index.php/6000-range/skf-6001z" "Mozilla/5.0 (Linux; Android 10; SAMSUNG SM-N960F) AppleWebKit/537.36 (KHTML, like Gecko) SamsungBrowser/16.0 Chrome/92.0.4515.166 Mobile Safari/537.36"
2a02:a461:249b:1:906f:4ad6:52f3:2afe - - [22/Dec/2021:22:54:17 +0100] "GET /images/images.jpg HTTP/1.1" 200 5841 "https://www.lager-techniek.eu/index.php/6000-range/skf-6001z" "Mozilla/5.0 (Linux; Android 10; SAMSUNG SM-N960F) AppleWebKit/537.36 (KHTML, like Gecko) SamsungBrowser/16.0 Chrome/92.0.4515.166 Mobile Safari/537.36"
2a02:a461:249b:1:906f:4ad6:52f3:2afe - - [22/Dec/2021:22:54:17 +0100] "GET /images/paypal.jpg HTTP/1.1" 200 2557 "https://www.lager-techniek.eu/index.php/6000-range/skf-6001z" "Mozilla/5.0 (Linux; Android 10; SAMSUNG SM-N960F) AppleWebKit/537.36 (KHTML, like Gecko) SamsungBrowser/16.0 Chrome/92.0.4515.166 Mobile Safari/537.36"
2a02:a461:249b:1:906f:4ad6:52f3:2afe - - [22/Dec/2021:22:54:17 +0100] "GET /images/achteraf.jpg HTTP/1.1" 200 2428 "https://www.lager-techniek.eu/index.php/6000-range/skf-6001z" "Mozilla/5.0 (Linux; Android 10; SAMSUNG SM-N960F) AppleWebKit/537.36 (KHTML, like Gecko) SamsungBrowser/16.0 Chrome/92.0.4515.166 Mobile Safari/537.36"
2a02:a461:249b:1:906f:4ad6:52f3:2afe - - [22/Dec/2021:22:54:17 +0100] "GET /images/MollieIdeal.png HTTP/1.1" 200 15837 "https://www.lager-techniek.eu/index.php/6000-range/skf-6001z" "Mozilla/5.0 (Linux; Android 10; SAMSUNG SM-N960F) AppleWebKit/537.36 (KHTML, like Gecko) SamsungBrowser/16.0 Chrome/92.0.4515.166 Mobile Safari/537.36"
2a02:a461:249b:1:906f:4ad6:52f3:2afe - - [22/Dec/2021:22:54:17 +0100] "GET /images/Mollienancontact.jpg HTTP/1.1" 200 9278 "https://www.lager-techniek.eu/index.php/6000-range/skf-6001z" "Mozilla/5.0 (Linux; Android 10; SAMSUNG SM-N960F) AppleWebKit/537.36 (KHTML, like Gecko) SamsungBrowser/16.0 Chrome/92.0.4515.166 Mobile Safari/537.36"
2a02:a461:249b:1:906f:4ad6:52f3:2afe - - [22/Dec/2021:22:54:17 +0100] "GET /images/bank.jpg HTTP/1.1" 200 2955 "https://www.lager-techniek.eu/index.php/6000-range/skf-6001z" "Mozilla/5.0 (Linux; Android 10; SAMSUNG SM-N960F) AppleWebKit/537.36 (KHTML, like Gecko) SamsungBrowser/16.0 Chrome/92.0.4515.166 Mobile Safari/537.36"
2a02:a461:249b:1:906f:4ad6:52f3:2afe - - [22/Dec/2021:22:54:17 +0100] "GET /images/index.jpg HTTP/1.1" 200 5654 "https://www.lager-techniek.eu/index.php/6000-range/skf-6001z" "Mozilla/5.0 (Linux; Android 10; SAMSUNG SM-N960F) AppleWebKit/537.36 (KHTML, like Gecko) SamsungBrowser/16.0 Chrome/92.0.4515.166 Mobile Safari/537.36"
2a02:a461:249b:1:906f:4ad6:52f3:2afe - - [22/Dec/2021:22:54:17 +0100] "GET /media/com_jchoptimize/cache/js/06f37f52e42f8f6a99fa2b3e8e79d821.js HTTP/1.1" 200 20663 "https://www.lager-techniek.eu/index.php/6000-range/skf-6001z" "Mozilla/5.0 (Linux; Android 10; SAMSUNG SM-N960F) AppleWebKit/537.36 (KHTML, like Gecko) SamsungBrowser/16.0 Chrome/92.0.4515.166 Mobile Safari/537.36"
2a02:a461:249b:1:906f:4ad6:52f3:2afe - - [22/Dec/2021:22:54:17 +0100] "GET /media/com_jchoptimize/cache/js/2bdb83533229b68ff7a80d351c9588ee.js HTTP/1.1" 200 74722 "https://www.lager-techniek.eu/index.php/6000-range/skf-6001z" "Mozilla/5.0 (Linux; Android 10; SAMSUNG SM-N960F) AppleWebKit/537.36 (KHTML, like Gecko) SamsungBrowser/16.0 Chrome/92.0.4515.166 Mobile Safari/537.36"
2a02:a461:249b:1:906f:4ad6:52f3:2afe - - [22/Dec/2021:22:54:17 +0100] "GET /components/com_jshopping/images/star.gif HTTP/1.1" 200 1171 "https://www.lager-techniek.eu/media/com_jchoptimize/cache/css/e3aaa5baf7724231080a3c38514acb60.css" "Mozilla/5.0 (Linux; Android 10; SAMSUNG SM-N960F) AppleWebKit/537.36 (KHTML, like Gecko) SamsungBrowser/16.0 Chrome/92.0.4515.166 Mobile Safari/537.36"
2a02:a461:249b:1:906f:4ad6:52f3:2afe - - [22/Dec/2021:22:54:17 +0100] "GET /media/jui/fonts/IcoMoon.woff HTTP/1.1" 200 25867 "https://www.lager-techniek.eu/media/com_jchoptimize/cache/css/e3aaa5baf7724231080a3c38514acb60.css" "Mozilla/5.0 (Linux; Android 10; SAMSUNG SM-N960F) AppleWebKit/537.36 (KHTML, like Gecko) SamsungBrowser/16.0 Chrome/92.0.4515.166 Mobile Safari/537.36"
2a02:a461:249b:1:906f:4ad6:52f3:2afe - - [22/Dec/2021:22:54:20 +0100] "GET /templates/protostar/favicon.ico HTTP/1.1" 200 1465 "https://www.lager-techniek.eu/index.php/6000-range/skf-6001z" "Mozilla/5.0 (Linux; Android 10; SAMSUNG SM-N960F) AppleWebKit/537.36 (KHTML, like Gecko) SamsungBrowser/16.0 Chrome/92.0.4515.166 Mobile Safari/537.36"
54.36.148.227 - - [22/Dec/2021:22:54:20 +0100] "GET /index.php/32000-range/son-32019 HTTP/1.1" 200 14834 "-" "Mozilla/5.0 (compatible; AhrefsBot/7.0; +http://ahrefs.com/robot/)"
178.118.52.254 - - [22/Dec/2021:22:54:32 +0100] "GET /index.php/component/ajax/?format=json HTTP/1.1" 200 758 "https://www.lager-techniek.eu/index.php/tandriemen-3m/gates-2883m15" "Mozilla/5.0 (Windows NT 10.0; Win64; x64) AppleWebKit/537.36 (KHTML, like Gecko) Chrome/96.0.4664.110 Safari/537.36"
54.36.148.227 - - [22/Dec/2021:22:54:33 +0100] "GET /index.php/ba-r-range/20x35x8-ba-oliekeerring HTTP/1.1" 200 13604 "-" "Mozilla/5.0 (compatible; AhrefsBot/7.0; +http://ahrefs.com/robot/)"
66.249.66.78 - - [22/Dec/2021:22:54:33 +0100] "GET /index.php/b-range/contitech-17x2700 HTTP/1.1" 200 14538 "-" "Mozilla/5.0 (compatible; Googlebot/2.1; +http://www.google.com/bot.html)"
2a02:a46a:4513:1:8d6f:371c:a7a9:e6c6 - - [22/Dec/2021:22:54:34 +0100] "GET /index.php/component/ajax/?format=json HTTP/1.1" 200 758 "https://www.lager-techniek.eu/index.php/b-range/gates-17x1725" "Mozilla/5.0 (Windows NT 10.0; Win64; x64) AppleWebKit/537.36 (KHTML, like Gecko) Chrome/96.0.4664.110 Safari/537.36"
66.249.66.159 - - [22/Dec/2021:22:54:40 +0100] "GET /index.php/n-200-range/skf-n205ecp HTTP/1.1" 200 14387 "-" "Mozilla/5.0 (Linux; Android 6.0.1; Nexus 5X Build/MMB29P) AppleWebKit/537.36 (KHTML, like Gecko) Chrome/96.0.4664.93 Mobile Safari/537.36 (compatible; Googlebot/2.1; +http://www.google.com/bot.html)"
54.36.148.227 - - [22/Dec/2021:22:54:45 +0100] "GET /index.php/kegellager-inch/timken-742 HTTP/1.1" 200 13676 "-" "Mozilla/5.0 (compatible; AhrefsBot/7.0; +http://ahrefs.com/robot/)"
83.134.3.184 - - [22/Dec/2021:22:54:43 +0100] "GET /index.php/zoeken/result?start=24 HTTP/1.1" 200 14747 "https://www.lager-techniek.eu/index.php/zoeken/result?start=12" "Mozilla/5.0 (Windows NT 6.1; Win64; x64) AppleWebKit/537.36 (KHTML, like Gecko) Chrome/96.0.4664.110 Safari/537.36"
17.121.114.135 - - [22/Dec/2021:22:54:49 +0100] "GET /index.php/natr-range/ina-natr12 HTTP/1.1" 200 14064 "-" "Mozilla/5.0 (Macintosh; Intel Mac OS X 10_15_5) AppleWebKit/605.1.15 (KHTML, like Gecko) Version/13.1.1 Safari/605.1.15 (Applebot/0.1; +http://www.apple.com/go/applebot)"
54.36.148.227 - - [22/Dec/2021:22:54:59 +0100] "GET /index.php/askquestion/form?category_id=24&product_id=26059&type=1&tmpl=component HTTP/1.1" 200 2434 "-" "Mozilla/5.0 (compatible; AhrefsBot/7.0; +http://ahrefs.com/robot/)"
54.36.148.227 - - [22/Dec/2021:22:55:13 +0100] "GET /index.php/askquestion/form?category_id=22&product_id=25767&type=1&tmpl=component HTTP/1.1" 200 2410 "-" "Mozilla/5.0 (compatible; AhrefsBot/7.0; +http://ahrefs.com/robot/)"
66.249.66.76 - - [22/Dec/2021:22:55:17 +0100] "GET /index.php/tandriemen-t5/megadyne-t52958 HTTP/1.1" 200 14132 "-" "Mozilla/5.0 (compatible; Googlebot/2.1; +http://www.google.com/bot.html)"
