54.36.148.227 - - [22/Dec/2021:20:26:22 +0100] "GET /index.php/askquestion/form?category_id=968&product_id=49482&type=1&tmpl=component HTTP/1.1" 200 2428 "-" "Mozilla/5.0 (compatible; AhrefsBot/7.0; +http://ahrefs.com/robot/)"
91.183.150.180 - - [22/Dec/2021:20:26:35 +0100] "GET /index.php/component/ajax/?format=json HTTP/1.1" 200 758 "https://www.lager-techniek.eu/index.php/overig/skf-tmft36" "Mozilla/5.0 (Windows NT 6.3; Win64; x64) AppleWebKit/537.36 (KHTML, like Gecko) Chrome/96.0.4664.110 Safari/537.36"
66.249.66.158 - - [22/Dec/2021:20:26:36 +0100] "GET /index.php/moduul-1-5/m15z51 HTTP/1.1" 200 13547 "-" "Mozilla/5.0 (compatible; Googlebot/2.1; +http://www.google.com/bot.html)"
66.249.66.4 - - [22/Dec/2021:20:26:42 +0100] "GET /media/com_jchoptimize/cache/js/d9b8831fa55da6ac0f3d99fde6797ef4.js HTTP/1.1" 200 101226 "https://www.lager-techniek.eu/index.php/dubbelrijig-range/nsk-4208btng" "Mozilla/5.0 AppleWebKit/537.36 (KHTML, like Gecko; compatible; Googlebot/2.1; +http://www.google.com/bot.html) Chrome/96.0.4664.93 Safari/537.36"
207.46.13.122 - - [22/Dec/2021:20:26:45 +0100] "GET /index.php/producenten/pj-range/gates-pj1092-12 HTTP/1.1" 200 13995 "-" "Mozilla/5.0 (compatible; bingbot/2.0; +http://www.bing.com/bingbot.htm)"
54.36.148.227 - - [22/Dec/2021:20:26:46 +0100] "GET /index.php/askquestion/form?category_id=968&product_id=49491&type=1&tmpl=component HTTP/1.1" 200 2427 "-" "Mozilla/5.0 (compatible; AhrefsBot/7.0; +http://ahrefs.com/robot/)"
185.178.235.166 - - [22/Dec/2021:20:27:00 +0100] "GET /index.php/component/ajax/?format=json HTTP/1.1" 200 758 "https://www.lager-techniek.eu/index.php/kettingspanwiel/ina-ksr16l010101408" "Mozilla/5.0 (Windows NT 10.0; Win64; x64) AppleWebKit/537.36 (KHTML, like Gecko) Chrome/96.0.4664.45 Safari/537.36"
54.36.148.227 - - [22/Dec/2021:20:27:06 +0100] "GET /index.php/askquestion/form?category_id=20&product_id=25946&type=1&tmpl=component HTTP/1.1" 200 2406 "-" "Mozilla/5.0 (compatible; AhrefsBot/7.0; +http://ahrefs.com/robot/)"
54.36.148.227 - - [22/Dec/2021:20:27:24 +0100] "GET /index.php/askquestion/form?category_id=33&product_id=1760&type=1&tmpl=component HTTP/1.1" 200 2400 "-" "Mozilla/5.0 (compatible; AhrefsBot/7.0; +http://ahrefs.com/robot/)"
77.226.249.91 - - [22/Dec/2021:20:27:36 +0100] "GET /index.php/component/ajax/?format=json HTTP/1.1" 200 758 "https://www.lager-techniek.eu/index.php/a-range/contitech-13x3650" "Mozilla/5.0 (Windows NT 10.0; Win64; x64) AppleWebKit/537.36 (KHTML, like Gecko) Chrome/96.0.4664.55 Safari/537.36 Edg/96.0.1054.43"
82.75.56.74 - - [22/Dec/2021:20:27:37 +0100] "GET /index.php/component/ajax/?format=json HTTP/1.1" 200 758 "https://www.lager-techniek.eu/index.php/6000-range/fag-60032rsr" "Mozilla/5.0 (Windows NT 10.0; Win64; x64; rv:95.0) Gecko/20100101 Firefox/95.0"
207.46.13.122 - - [22/Dec/2021:20:27:38 +0100] "GET /index.php/rasearange/ina-rasea30n HTTP/1.1" 200 14018 "-" "Mozilla/5.0 (compatible; bingbot/2.0; +http://www.bing.com/bingbot.htm)"
54.36.148.227 - - [22/Dec/2021:20:27:40 +0100] "GET /index.php/cart/add?category_id=32&product_id=12974 HTTP/1.1" 303 645 "-" "Mozilla/5.0 (compatible; AhrefsBot/7.0; +http://ahrefs.com/robot/)"
66.249.66.74 - - [22/Dec/2021:20:27:51 +0100] "GET /index.php/6000-range/skf-60042rshc4gjn HTTP/1.1" 200 13907 "-" "Mozilla/5.0 (Linux; Android 6.0.1; Nexus 5X Build/MMB29P) AppleWebKit/537.36 (KHTML, like Gecko) Chrome/96.0.4664.93 Mobile Safari/537.36 (compatible; Googlebot/2.1; +http://www.google.com/bot.html)"
90.145.217.226 - - [22/Dec/2021:20:27:53 +0100] "GET /index.php/component/ajax/?format=json HTTP/1.1" 200 758 "https://www.lager-techniek.eu/index.php/met-flens/permaglide-paf25215-p11" "Mozilla/5.0 (Windows NT 10.0; Win64; x64) AppleWebKit/537.36 (KHTML, like Gecko) Chrome/96.0.4664.45 Safari/537.36"
66.249.66.5 - - [22/Dec/2021:20:27:54 +0100] "GET /media/com_jchoptimize/cache/js/f447aeff9c10681b2465bf83f6b7a8e4.js HTTP/1.1" 200 101225 "https://lager-techniek.eu/index.php/6000-range/skf-60042rshc4gjn" "Mozilla/5.0 (Linux; Android 6.0.1; Nexus 5X Build/MMB29P) AppleWebKit/537.36 (KHTML, like Gecko) Chrome/96.0.4664.93 Mobile Safari/537.36 (compatible; Googlebot/2.1; +http://www.google.com/bot.html)"
54.36.148.227 - - [22/Dec/2021:20:27:57 +0100] "GET /index.php/borgmoer/fag-km14 HTTP/1.1" 200 14258 "-" "Mozilla/5.0 (compatible; AhrefsBot/7.0; +http://ahrefs.com/robot/)"
51.158.125.182 - - [22/Dec/2021:20:28:05 +0100] "GET /index.php/askquestion/form?category_id=154&product_id=26809&type=1&tmpl=component HTTP/1.1" 200 2417 "-" "Mozilla/5.0 (Windows NT 10.0; Win64; x64) AppleWebKit/537.36 (KHTML, like Gecko) Chrome/93.0.4577.0 Safari/537.36"
207.46.13.1 - - [22/Dec/2021:20:28:05 +0100] "GET /index.php/6200-range/fag-6216 HTTP/1.1" 200 14359 "-" "Mozilla/5.0 (compatible; bingbot/2.0; +http://www.bing.com/bingbot.htm)"
51.158.125.182 - - [22/Dec/2021:20:28:06 +0100] "GET /media/com_jchoptimize/cache/js/d0a8b14fe2617a5fb63f2410424e09f9.js HTTP/1.1" 200 58821 "https://lager-techniek.eu/index.php/askquestion/form?category_id=154&product_id=26809&type=1&tmpl=component" "Mozilla/5.0 (Windows NT 10.0; Win64; x64) AppleWebKit/537.36 (KHTML, like Gecko) Chrome/93.0.4577.0 Safari/537.36"
54.36.148.227 - - [22/Dec/2021:20:28:16 +0100] "GET /index.php/borgring/fag-mb21 HTTP/1.1" 200 14237 "-" "Mozilla/5.0 (compatible; AhrefsBot/7.0; +http://ahrefs.com/robot/)"
51.158.123.74 - - [22/Dec/2021:20:28:26 +0100] "GET /index.php/askquestion/form?category_id=45&product_id=2001&type=1&tmpl=component HTTP/1.1" 200 2426 "-" "Mozilla/5.0 (Windows NT 10.0; Win64; x64) AppleWebKit/537.36 (KHTML, like Gecko) Chrome/93.0.4577.0 Safari/537.36"
51.158.123.74 - - [22/Dec/2021:20:28:26 +0100] "GET /media/com_jchoptimize/cache/js/33abf3b34f104e07bb3f1f0144660200.js HTTP/1.1" 200 58784 "https://lager-techniek.eu/index.php/askquestion/form?category_id=45&product_id=2001&type=1&tmpl=component" "Mozilla/5.0 (Windows NT 10.0; Win64; x64) AppleWebKit/537.36 (KHTML, like Gecko) Chrome/93.0.4577.0 Safari/537.36"
54.36.148.227 - - [22/Dec/2021:20:28:32 +0100] "GET /index.php/askquestion/form?category_id=916&product_id=49234&type=1&tmpl=component HTTP/1.1" 200 2451 "-" "Mozilla/5.0 (compatible; AhrefsBot/7.0; +http://ahrefs.com/robot/)"
66.249.66.195 - - [22/Dec/2021:20:28:41 +0100] "GET /index.php/6200-range/skf-6222zc3 HTTP/1.1" 200 13845 "-" "Mozilla/5.0 (Linux; Android 6.0.1; Nexus 5X Build/MMB29P) AppleWebKit/537.36 (KHTML, like Gecko) Chrome/96.0.4664.110 Mobile Safari/537.36 (compatible; Googlebot/2.1; +http://www.google.com/bot.html)"
54.36.148.227 - - [22/Dec/2021:20:28:45 +0100] "GET /index.php/72-range/skf-7219bep HTTP/1.1" 200 14259 "-" "Mozilla/5.0 (compatible; AhrefsBot/7.0; +http://ahrefs.com/robot/)"
89.146.3.50 - - [22/Dec/2021:20:28:58 +0100] "GET /index.php/component/ajax/?format=json HTTP/1.1" 200 758 "https://www.lager-techniek.eu/index.php/spa-range/optibelt-spa1600" "Mozilla/5.0 (Windows NT 10.0; Win64; x64) AppleWebKit/537.36 (KHTML, like Gecko) Chrome/96.0.4664.110 Safari/537.36 Edg/96.0.1054.62"
54.36.148.227 - - [22/Dec/2021:20:28:58 +0100] "GET /index.php/cart/add?category_id=968&product_id=49357 HTTP/1.1" 303 645 "-" "Mozilla/5.0 (compatible; AhrefsBot/7.0; +http://ahrefs.com/robot/)"
2a02:a469:d63a:1:fc59:b3ec:5aba:20f8 - - [22/Dec/2021:20:29:05 +0100] "GET /index.php/component/ajax/?format=json HTTP/1.1" 200 758 "https://www.lager-techniek.eu/index.php/tandriemen-l/megadyne-150l075" "Mozilla/5.0 (Windows NT 10.0; Win64; x64; rv:95.0) Gecko/20100101 Firefox/95.0"
54.36.148.227 - - [22/Dec/2021:20:29:10 +0100] "GET /index.php/cart/add?category_id=968&product_id=49358 HTTP/1.1" 303 645 "-" "Mozilla/5.0 (compatible; AhrefsBot/7.0; +http://ahrefs.com/robot/)"
66.249.66.76 - - [22/Dec/2021:20:29:11 +0100] "GET /index.php/53200-range/fag-53220 HTTP/1.1" 200 13656 "-" "Mozilla/5.0 (Linux; Android 6.0.1; Nexus 5X Build/MMB29P) AppleWebKit/537.36 (KHTML, like Gecko) Chrome/96.0.4664.110 Mobile Safari/537.36 (compatible; Googlebot/2.1; +http://www.google.com/bot.html)"
2a02:a44c:f26c:1:6cbb:b172:62af:b00d - - [22/Dec/2021:20:29:12 +0100] "GET /index.php/component/ajax/?format=json HTTP/1.1" 200 758 "https://www.lager-techniek.eu/index.php/6000-range/fag-6006" "Mozilla/5.0 (Windows NT 10.0; Win64; x64; rv:95.0) Gecko/20100101 Firefox/95.0"
2a02:a44c:f26c:1:6cbb:b172:62af:b00d - - [22/Dec/2021:20:29:15 +0100] "GET /index.php/component/ajax/?format=json HTTP/1.1" 200 758 "https://www.lager-techniek.eu/index.php/k-range-naaldkrans/ina-k20x28x20c" "Mozilla/5.0 (Windows NT 10.0; Win64; x64; rv:95.0) Gecko/20100101 Firefox/95.0"
54.36.148.227 - - [22/Dec/2021:20:29:24 +0100] "GET /index.php/cart/add?category_id=968&product_id=49359 HTTP/1.1" 303 645 "-" "Mozilla/5.0 (compatible; AhrefsBot/7.0; +http://ahrefs.com/robot/)"
66.249.66.76 - - [22/Dec/2021:20:29:24 +0100] "GET /index.php/16000-range/skf-16020 HTTP/1.1" 200 14364 "-" "Mozilla/5.0 (Linux; Android 6.0.1; Nexus 5X Build/MMB29P) AppleWebKit/537.36 (KHTML, like Gecko) Chrome/96.0.4664.93 Mobile Safari/537.36 (compatible; Googlebot/2.1; +http://www.google.com/bot.html)"
178.118.52.254 - - [22/Dec/2021:20:29:32 +0100] "GET /index.php/component/ajax/?format=json HTTP/1.1" 200 758 "https://www.lager-techniek.eu/index.php/tandriemen-3m/gates-2883m15" "Mozilla/5.0 (Windows NT 10.0; Win64; x64) AppleWebKit/537.36 (KHTML, like Gecko) Chrome/96.0.4664.110 Safari/537.36"
66.249.66.76 - - [22/Dec/2021:20:29:36 +0100] "GET /index.php/tandriemschijf-3m15/403m15 HTTP/1.1" 200 13904 "-" "Mozilla/5.0 (Linux; Android 6.0.1; Nexus 5X Build/MMB29P) AppleWebKit/537.36 (KHTML, like Gecko) Chrome/96.0.4664.110 Mobile Safari/537.36 (compatible; Googlebot/2.1; +http://www.google.com/bot.html)"
54.36.148.227 - - [22/Dec/2021:20:29:37 +0100] "GET /index.php/cart/add?category_id=968&product_id=49360 HTTP/1.1" 303 645 "-" "Mozilla/5.0 (compatible; AhrefsBot/7.0; +http://ahrefs.com/robot/)"
40.77.167.59 - - [22/Dec/2021:20:29:44 +0100] "GET /index.php/b1-range/25x42x7-b1-oliekeerring HTTP/1.1" 404 5349 "-" "Mozilla/5.0 (compatible; bingbot/2.0; +http://www.bing.com/bingbot.htm)"
54.36.148.227 - - [22/Dec/2021:20:29:51 +0100] "GET /index.php/cart/add?category_id=968&product_id=49361 HTTP/1.1" 303 645 "-" "Mozilla/5.0 (compatible; AhrefsBot/7.0; +http://ahrefs.com/robot/)"
54.36.148.227 - - [22/Dec/2021:20:30:04 +0100] "GET /index.php/cart/add?category_id=968&product_id=49362 HTTP/1.1" 303 645 "-" "Mozilla/5.0 (compatible; AhrefsBot/7.0; +http://ahrefs.com/robot/)"
2a02:a03f:883b:7e00:2160:3f0b:296a:22ed - - [22/Dec/2021:20:30:10 +0100] "GET /components/com_jshopping/files/img_products/DGL.jpg HTTP/1.1" 200 6774 "https://www.google.com/" "Mozilla/5.0 (Windows NT 10.0; Win64; x64) AppleWebKit/537.36 (KHTML, like Gecko) Chrome/96.0.4664.110 Safari/537.36"
54.36.148.227 - - [22/Dec/2021:20:30:18 +0100] "GET /index.php/cart/add?category_id=968&product_id=49363 HTTP/1.1" 303 645 "-" "Mozilla/5.0 (compatible; AhrefsBot/7.0; +http://ahrefs.com/robot/)"
77.60.98.226 - - [22/Dec/2021:20:30:28 +0100] "GET /index.php/component/ajax/?format=json HTTP/1.1" 200 758 "https://www.lager-techniek.eu/index.php/b-range/contitech-17x1215" "Mozilla/5.0 (Windows NT 6.1; Win64; x64) AppleWebKit/537.36 (KHTML, like Gecko) Chrome/94.0.4606.71 Safari/537.36"
54.36.148.227 - - [22/Dec/2021:20:30:31 +0100] "GET /index.php/cart/add?category_id=968&product_id=49364 HTTP/1.1" 303 645 "-" "Mozilla/5.0 (compatible; AhrefsBot/7.0; +http://ahrefs.com/robot/)"
178.118.52.254 - - [22/Dec/2021:20:30:32 +0100] "GET /index.php/component/ajax/?format=json HTTP/1.1" 200 758 "https://www.lager-techniek.eu/index.php/tandriemen-3m/gates-2823m6gt3" "Mozilla/5.0 (Windows NT 10.0; Win64; x64) AppleWebKit/537.36 (KHTML, like Gecko) Chrome/96.0.4664.110 Safari/537.36"
66.249.66.6 - - [22/Dec/2021:20:30:31 +0100] "GET /index.php/6300-range/nsk-6317z HTTP/1.1" 200 14304 "-" "Mozilla/5.0 (Linux; Android 6.0.1; Nexus 5X Build/MMB29P) AppleWebKit/537.36 (KHTML, like Gecko) Chrome/96.0.4664.110 Mobile Safari/537.36 (compatible; Googlebot/2.1; +http://www.google.com/bot.html)"
54.36.148.227 - - [22/Dec/2021:20:30:44 +0100] "GET /index.php/cart/add?category_id=968&product_id=49365 HTTP/1.1" 303 645 "-" "Mozilla/5.0 (compatible; AhrefsBot/7.0; +http://ahrefs.com/robot/)"
13.66.139.0 - - [22/Dec/2021:20:30:52 +0100] "GET /index.php/producenten/tandriemen-8m/contitech-30088m85 HTTP/1.1" 200 14274 "-" "Mozilla/5.0 (compatible; bingbot/2.0; +http://www.bing.com/bingbot.htm)"
54.36.148.227 - - [22/Dec/2021:20:30:57 +0100] "GET /index.php/cart/add?category_id=968&product_id=49366 HTTP/1.1" 303 645 "-" "Mozilla/5.0 (compatible; AhrefsBot/7.0; +http://ahrefs.com/robot/)"
54.36.148.227 - - [22/Dec/2021:20:31:11 +0100] "GET /index.php/cart/add?category_id=968&product_id=49367 HTTP/1.1" 303 645 "-" "Mozilla/5.0 (compatible; AhrefsBot/7.0; +http://ahrefs.com/robot/)"
193.104.159.11 - - [22/Dec/2021:20:31:11 +0100] "GET /index.php/component/ajax/?format=json HTTP/1.1" 200 758 "https://www.lager-techniek.eu/index.php/2200-range/fag-22032rstvh" "Mozilla/5.0 (Windows NT 10.0; Win64; x64) AppleWebKit/537.36 (KHTML, like Gecko) Chrome/96.0.4664.110 Safari/537.36 Edg/96.0.1054.62"
54.36.148.227 - - [22/Dec/2021:20:31:27 +0100] "GET /index.php/cart/add?category_id=968&product_id=49368 HTTP/1.1" 303 645 "-" "Mozilla/5.0 (compatible; AhrefsBot/7.0; +http://ahrefs.com/robot/)"
91.183.150.180 - - [22/Dec/2021:20:31:35 +0100] "GET /index.php/component/ajax/?format=json HTTP/1.1" 200 758 "https://www.lager-techniek.eu/index.php/overig/skf-tmft36" "Mozilla/5.0 (Windows NT 6.3; Win64; x64) AppleWebKit/537.36 (KHTML, like Gecko) Chrome/96.0.4664.110 Safari/537.36"
54.36.148.227 - - [22/Dec/2021:20:31:42 +0100] "GET /index.php/cart/add?category_id=968&product_id=49369 HTTP/1.1" 303 645 "-" "Mozilla/5.0 (compatible; AhrefsBot/7.0; +http://ahrefs.com/robot/)"
66.249.66.158 - - [22/Dec/2021:20:31:50 +0100] "GET /index.php/dhtd-8m/contitech-dhtd892020 HTTP/1.1" 200 13963 "-" "Mozilla/5.0 (compatible; Googlebot/2.1; +http://www.google.com/bot.html)"
66.249.66.195 - - [22/Dec/2021:20:31:51 +0100] "GET /media/com_jchoptimize/cache/js/63588dc6e6392b6f6937d05b1f790947.js HTTP/1.1" 200 101190 "https://www.lager-techniek.eu/index.php/16000-range/skf-16020" "Mozilla/5.0 (Linux; Android 6.0.1; Nexus 5X Build/MMB29P) AppleWebKit/537.36 (KHTML, like Gecko) Chrome/96.0.4664.93 Mobile Safari/537.36 (compatible; Googlebot/2.1; +http://www.google.com/bot.html)"
54.36.148.227 - - [22/Dec/2021:20:31:56 +0100] "GET /index.php/cart/add?category_id=968&product_id=49370 HTTP/1.1" 303 645 "-" "Mozilla/5.0 (compatible; AhrefsBot/7.0; +http://ahrefs.com/robot/)"
66.249.66.4 - - [22/Dec/2021:20:31:57 +0100] "GET /index.php/lr-range/ina-lr17x20x165 HTTP/1.1" 200 13734 "-" "Mozilla/5.0 (compatible; Googlebot/2.1; +http://www.google.com/bot.html)"
185.178.235.166 - - [22/Dec/2021:20:32:00 +0100] "GET /index.php/component/ajax/?format=json HTTP/1.1" 200 758 "https://www.lager-techniek.eu/index.php/kettingspanwiel/ina-ksr16l010101408" "Mozilla/5.0 (Windows NT 10.0; Win64; x64) AppleWebKit/537.36 (KHTML, like Gecko) Chrome/96.0.4664.45 Safari/537.36"
66.249.66.200 - - [22/Dec/2021:20:32:04 +0100] "GET /index.php/rna-range/ina-rna49022rsrxl HTTP/1.1" 200 13717 "-" "Mozilla/5.0 (compatible; Googlebot/2.1; +http://www.google.com/bot.html)"
54.36.148.227 - - [22/Dec/2021:20:32:11 +0100] "GET /index.php/cart/add?category_id=968&product_id=49371 HTTP/1.1" 303 645 "-" "Mozilla/5.0 (compatible; AhrefsBot/7.0; +http://ahrefs.com/robot/)"
54.36.148.227 - - [22/Dec/2021:20:32:26 +0100] "GET /index.php/cart/add?category_id=968&product_id=49372 HTTP/1.1" 303 645 "-" "Mozilla/5.0 (compatible; AhrefsBot/7.0; +http://ahrefs.com/robot/)"
82.75.56.74 - - [22/Dec/2021:20:32:38 +0100] "GET /index.php/component/ajax/?format=json HTTP/1.1" 200 758 "https://www.lager-techniek.eu/index.php/6000-range/fag-60032rsr" "Mozilla/5.0 (Windows NT 10.0; Win64; x64; rv:95.0) Gecko/20100101 Firefox/95.0"
54.36.148.227 - - [22/Dec/2021:20:32:42 +0100] "GET /index.php/cart/add?category_id=968&product_id=49373 HTTP/1.1" 303 645 "-" "Mozilla/5.0 (compatible; AhrefsBot/7.0; +http://ahrefs.com/robot/)"
51.15.244.189 - - [22/Dec/2021:20:32:45 +0100] "GET /index.php/askquestion/form?category_id=235&product_id=22130&type=1&tmpl=component HTTP/1.1" 200 2421 "-" "Mozilla/5.0 (Windows NT 10.0; Win64; x64) AppleWebKit/537.36 (KHTML, like Gecko) Chrome/93.0.4577.0 Safari/537.36"
51.15.244.189 - - [22/Dec/2021:20:32:46 +0100] "GET /media/com_jchoptimize/cache/js/a904a6559660cc613ed10f6b0ab0edc7.js HTTP/1.1" 200 58821 "https://lager-techniek.eu/index.php/askquestion/form?category_id=235&product_id=22130&type=1&tmpl=component" "Mozilla/5.0 (Windows NT 10.0; Win64; x64) AppleWebKit/537.36 (KHTML, like Gecko) Chrome/93.0.4577.0 Safari/537.36"
77.226.249.91 - - [22/Dec/2021:20:32:51 +0100] "GET /index.php/component/ajax/?format=json HTTP/1.1" 200 758 "https://www.lager-techniek.eu/index.php/a-range/contitech-13x3650" "Mozilla/5.0 (Windows NT 10.0; Win64; x64) AppleWebKit/537.36 (KHTML, like Gecko) Chrome/96.0.4664.55 Safari/537.36 Edg/96.0.1054.43"
207.46.13.147 - - [22/Dec/2021:20:32:52 +0100] "GET /index.php/klauw-koppeling/hrc-280h HTTP/1.1" 200 13902 "-" "Mozilla/5.0 (compatible; bingbot/2.0; +http://www.bing.com/bingbot.htm)"
90.145.217.226 - - [22/Dec/2021:20:32:53 +0100] "GET /index.php/component/ajax/?format=json HTTP/1.1" 200 758 "https://www.lager-techniek.eu/index.php/met-flens/permaglide-paf25215-p11" "Mozilla/5.0 (Windows NT 10.0; Win64; x64) AppleWebKit/537.36 (KHTML, like Gecko) Chrome/96.0.4664.45 Safari/537.36"
207.46.13.122 - - [22/Dec/2021:20:32:56 +0100] "GET /index.php/61800-range/son-618042rs HTTP/1.1" 200 14623 "-" "Mozilla/5.0 (compatible; bingbot/2.0; +http://www.bing.com/bingbot.htm)"
54.36.148.227 - - [22/Dec/2021:20:32:58 +0100] "GET /index.php/cart/add?category_id=968&product_id=49374 HTTP/1.1" 303 645 "-" "Mozilla/5.0 (compatible; AhrefsBot/7.0; +http://ahrefs.com/robot/)"
40.77.167.59 - - [22/Dec/2021:20:33:05 +0100] "GET /index.php/61800-range/nsk-6884m HTTP/1.1" 200 13828 "-" "Mozilla/5.0 (compatible; bingbot/2.0; +http://www.bing.com/bingbot.htm)"
207.46.13.175 - - [22/Dec/2021:20:33:02 +0100] "GET /index.php/products/?start=45120 HTTP/1.1" 200 15730 "-" "Mozilla/5.0 (compatible; bingbot/2.0; +http://www.bing.com/bingbot.htm)"
207.46.13.147 - - [22/Dec/2021:20:33:02 +0100] "GET /index.php/zoeken/result?start=44676 HTTP/1.1" 200 14724 "-" "Mozilla/5.0 (compatible; bingbot/2.0; +http://www.bing.com/bingbot.htm)"
40.77.167.59 - - [22/Dec/2021:20:33:07 +0100] "GET /index.php/products/?start=44592 HTTP/1.1" 200 15942 "-" "Mozilla/5.0 (compatible; bingbot/2.0; +http://www.bing.com/bingbot.htm)"
54.36.148.227 - - [22/Dec/2021:20:33:12 +0100] "GET /index.php/cart/add?category_id=968&product_id=49375 HTTP/1.1" 303 645 "-" "Mozilla/5.0 (compatible; AhrefsBot/7.0; +http://ahrefs.com/robot/)"
40.77.167.59 - - [22/Dec/2021:20:33:10 +0100] "GET /index.php/products/?start=45000 HTTP/1.1" 200 15777 "-" "Mozilla/5.0 (compatible; bingbot/2.0; +http://www.bing.com/bingbot.htm)"
66.249.66.4 - - [22/Dec/2021:20:33:14 +0100] "GET /index.php/xpa-range/gates-xpa782qp4 HTTP/1.1" 200 14992 "-" "Mozilla/5.0 (compatible; Googlebot/2.1; +http://www.google.com/bot.html)"
66.249.66.195 - - [22/Dec/2021:20:33:21 +0100] "GET /index.php/borgmoer/snr-km5 HTTP/1.1" 200 14319 "-" "Mozilla/5.0 (Linux; Android 6.0.1; Nexus 5X Build/MMB29P) AppleWebKit/537.36 (KHTML, like Gecko) Chrome/96.0.4664.110 Mobile Safari/537.36 (compatible; Googlebot/2.1; +http://www.google.com/bot.html)"
54.36.148.227 - - [22/Dec/2021:20:33:23 +0100] "GET /index.php/cart/add?category_id=968&product_id=49376 HTTP/1.1" 303 645 "-" "Mozilla/5.0 (compatible; AhrefsBot/7.0; +http://ahrefs.com/robot/)"
66.249.66.4 - - [22/Dec/2021:20:33:24 +0100] "GET /index.php/kettingwiel-10b-2/10b2z33 HTTP/1.1" 200 13941 "-" "Mozilla/5.0 (compatible; Googlebot/2.1; +http://www.google.com/bot.html)"
54.36.148.227 - - [22/Dec/2021:20:33:35 +0100] "GET /index.php/cart/add?category_id=968&product_id=49377 HTTP/1.1" 303 645 "-" "Mozilla/5.0 (compatible; AhrefsBot/7.0; +http://ahrefs.com/robot/)"
51.158.96.157 - - [22/Dec/2021:20:33:41 +0100] "GET /index.php/askquestion/form?category_id=1109&product_id=97736&type=1&tmpl=component HTTP/1.1" 200 2422 "-" "Mozilla/5.0 (Windows NT 10.0; Win64; x64) AppleWebKit/537.36 (KHTML, like Gecko) Chrome/93.0.4577.0 Safari/537.36"
51.158.96.157 - - [22/Dec/2021:20:33:41 +0100] "GET /media/com_jchoptimize/cache/js/900f9821c4cd4178d1e72fb343b3270e.js HTTP/1.1" 200 58824 "https://lager-techniek.eu/index.php/askquestion/form?category_id=1109&product_id=97736&type=1&tmpl=component" "Mozilla/5.0 (Windows NT 10.0; Win64; x64) AppleWebKit/537.36 (KHTML, like Gecko) Chrome/93.0.4577.0 Safari/537.36"
54.36.148.227 - - [22/Dec/2021:20:33:50 +0100] "GET /index.php/cart/add?category_id=968&product_id=49378 HTTP/1.1" 303 645 "-" "Mozilla/5.0 (compatible; AhrefsBot/7.0; +http://ahrefs.com/robot/)"
89.146.3.50 - - [22/Dec/2021:20:33:58 +0100] "GET /index.php/component/ajax/?format=json HTTP/1.1" 200 758 "https://www.lager-techniek.eu/index.php/spa-range/optibelt-spa1600" "Mozilla/5.0 (Windows NT 10.0; Win64; x64) AppleWebKit/537.36 (KHTML, like Gecko) Chrome/96.0.4664.110 Safari/537.36 Edg/96.0.1054.62"
2a02:a469:d63a:1:fc59:b3ec:5aba:20f8 - - [22/Dec/2021:20:34:06 +0100] "GET /index.php/component/ajax/?format=json HTTP/1.1" 200 758 "https://www.lager-techniek.eu/index.php/tandriemen-l/megadyne-150l075" "Mozilla/5.0 (Windows NT 10.0; Win64; x64; rv:95.0) Gecko/20100101 Firefox/95.0"
54.36.148.227 - - [22/Dec/2021:20:34:06 +0100] "GET /index.php/cart/add?category_id=968&product_id=49379 HTTP/1.1" 303 645 "-" "Mozilla/5.0 (compatible; AhrefsBot/7.0; +http://ahrefs.com/robot/)"
2a02:a44c:f26c:1:6cbb:b172:62af:b00d - - [22/Dec/2021:20:34:12 +0100] "GET /index.php/component/ajax/?format=json HTTP/1.1" 200 758 "https://www.lager-techniek.eu/index.php/6000-range/fag-6006" "Mozilla/5.0 (Windows NT 10.0; Win64; x64; rv:95.0) Gecko/20100101 Firefox/95.0"
2a02:a44c:f26c:1:6cbb:b172:62af:b00d - - [22/Dec/2021:20:34:15 +0100] "GET /index.php/component/ajax/?format=json HTTP/1.1" 200 758 "https://www.lager-techniek.eu/index.php/k-range-naaldkrans/ina-k20x28x20c" "Mozilla/5.0 (Windows NT 10.0; Win64; x64; rv:95.0) Gecko/20100101 Firefox/95.0"
54.36.148.227 - - [22/Dec/2021:20:34:20 +0100] "GET /index.php/cart/add?category_id=968&product_id=49380 HTTP/1.1" 303 645 "-" "Mozilla/5.0 (compatible; AhrefsBot/7.0; +http://ahrefs.com/robot/)"
51.158.96.249 - - [22/Dec/2021:20:34:22 +0100] "GET /index.php/askquestion/form?category_id=919&product_id=37436&type=1&tmpl=component HTTP/1.1" 200 2422 "-" "Mozilla/5.0 (Windows NT 10.0; Win64; x64) AppleWebKit/537.36 (KHTML, like Gecko) Chrome/93.0.4577.0 Safari/537.36"
51.158.96.249 - - [22/Dec/2021:20:34:22 +0100] "GET /media/com_jchoptimize/cache/js/0bd51af6ff96e011f2fc4669866fbd75.js HTTP/1.1" 200 58822 "https://lager-techniek.eu/index.php/askquestion/form?category_id=919&product_id=37436&type=1&tmpl=component" "Mozilla/5.0 (Windows NT 10.0; Win64; x64) AppleWebKit/537.36 (KHTML, like Gecko) Chrome/93.0.4577.0 Safari/537.36"
178.118.52.254 - - [22/Dec/2021:20:34:32 +0100] "GET /index.php/component/ajax/?format=json HTTP/1.1" 200 758 "https://www.lager-techniek.eu/index.php/tandriemen-3m/gates-2883m15" "Mozilla/5.0 (Windows NT 10.0; Win64; x64) AppleWebKit/537.36 (KHTML, like Gecko) Chrome/96.0.4664.110 Safari/537.36"
54.36.148.227 - - [22/Dec/2021:20:34:34 +0100] "GET /index.php/cart/add?category_id=968&product_id=49381 HTTP/1.1" 303 645 "-" "Mozilla/5.0 (compatible; AhrefsBot/7.0; +http://ahrefs.com/robot/)"
66.249.66.78 - - [22/Dec/2021:20:34:40 +0100] "GET /index.php/kogels/kogellager-kogel-12-7mm HTTP/1.1" 200 13506 "-" "Mozilla/5.0 (Linux; Android 6.0.1; Nexus 5X Build/MMB29P) AppleWebKit/537.36 (KHTML, like Gecko) Chrome/96.0.4664.110 Mobile Safari/537.36 (compatible; Googlebot/2.1; +http://www.google.com/bot.html)"
66.249.66.6 - - [22/Dec/2021:20:34:43 +0100] "GET /index.php/72-range/nsk-7215a5trdump4 HTTP/1.1" 200 13921 "-" "Mozilla/5.0 (compatible; Googlebot/2.1; +http://www.google.com/bot.html)"
54.36.148.227 - - [22/Dec/2021:20:34:49 +0100] "GET /index.php/cart/add?category_id=968&product_id=49382 HTTP/1.1" 303 645 "-" "Mozilla/5.0 (compatible; AhrefsBot/7.0; +http://ahrefs.com/robot/)"
54.36.148.227 - - [22/Dec/2021:20:35:03 +0100] "GET /index.php/cart/add?category_id=968&product_id=49383 HTTP/1.1" 303 645 "-" "Mozilla/5.0 (compatible; AhrefsBot/7.0; +http://ahrefs.com/robot/)"
51.15.227.87 - - [22/Dec/2021:20:35:12 +0100] "GET /index.php/askquestion/form?category_id=229&product_id=97219&type=1&tmpl=component HTTP/1.1" 200 2411 "-" "Mozilla/5.0 (Windows NT 10.0; Win64; x64) AppleWebKit/537.36 (KHTML, like Gecko) Chrome/93.0.4577.0 Safari/537.36"
51.15.227.87 - - [22/Dec/2021:20:35:12 +0100] "GET /media/com_jchoptimize/cache/js/99daae659066c14b8188420a27a6894d.js HTTP/1.1" 200 58820 "https://lager-techniek.eu/index.php/askquestion/form?category_id=229&product_id=97219&type=1&tmpl=component" "Mozilla/5.0 (Windows NT 10.0; Win64; x64) AppleWebKit/537.36 (KHTML, like Gecko) Chrome/93.0.4577.0 Safari/537.36"
54.36.148.227 - - [22/Dec/2021:20:35:17 +0100] "GET /index.php/cart/add?category_id=968&product_id=49385 HTTP/1.1" 303 645 "-" "Mozilla/5.0 (compatible; AhrefsBot/7.0; +http://ahrefs.com/robot/)"
66.249.66.195 - - [22/Dec/2021:20:35:19 +0100] "GET /index.php/tandriemen-h/gates-330h075 HTTP/1.1" 200 15062 "-" "Mozilla/5.0 (compatible; Googlebot/2.1; +http://www.google.com/bot.html)"
77.60.98.226 - - [22/Dec/2021:20:35:27 +0100] "GET /index.php/component/ajax/?format=json HTTP/1.1" 200 758 "https://www.lager-techniek.eu/index.php/b-range/contitech-17x1215" "Mozilla/5.0 (Windows NT 6.1; Win64; x64) AppleWebKit/537.36 (KHTML, like Gecko) Chrome/94.0.4606.71 Safari/537.36"
66.249.66.159 - - [22/Dec/2021:20:35:28 +0100] "GET /index.php/overig/son-183072rs HTTP/1.1" 200 13815 "-" "Mozilla/5.0 (Linux; Android 6.0.1; Nexus 5X Build/MMB29P) AppleWebKit/537.36 (KHTML, like Gecko) Chrome/96.0.4664.110 Mobile Safari/537.36 (compatible; Googlebot/2.1; +http://www.google.com/bot.html)"
163.172.138.62 - - [22/Dec/2021:20:35:29 +0100] "GET /index.php/askquestion/form?category_id=174&product_id=15805&type=1&tmpl=component HTTP/1.1" 200 2430 "-" "Mozilla/5.0 (Windows NT 10.0; Win64; x64) AppleWebKit/537.36 (KHTML, like Gecko) Chrome/93.0.4577.0 Safari/537.36"
163.172.138.62 - - [22/Dec/2021:20:35:29 +0100] "GET /media/com_jchoptimize/cache/js/4e520f06d42fe30089cd933e0b94b803.js HTTP/1.1" 200 58823 "https://lager-techniek.eu/index.php/askquestion/form?category_id=174&product_id=15805&type=1&tmpl=component" "Mozilla/5.0 (Windows NT 10.0; Win64; x64) AppleWebKit/537.36 (KHTML, like Gecko) Chrome/93.0.4577.0 Safari/537.36"
178.118.52.254 - - [22/Dec/2021:20:35:32 +0100] "GET /index.php/component/ajax/?format=json HTTP/1.1" 200 758 "https://www.lager-techniek.eu/index.php/tandriemen-3m/gates-2823m6gt3" "Mozilla/5.0 (Windows NT 10.0; Win64; x64) AppleWebKit/537.36 (KHTML, like Gecko) Chrome/96.0.4664.110 Safari/537.36"
54.36.148.227 - - [22/Dec/2021:20:35:32 +0100] "GET /index.php/cart/add?category_id=968&product_id=49388 HTTP/1.1" 303 645 "-" "Mozilla/5.0 (compatible; AhrefsBot/7.0; +http://ahrefs.com/robot/)"
163.172.178.5 - - [22/Dec/2021:20:35:32 +0100] "GET /index.php/askquestion/form?category_id=1110&product_id=97746&type=1&tmpl=component HTTP/1.1" 200 2424 "-" "Mozilla/5.0 (Windows NT 10.0; Win64; x64) AppleWebKit/537.36 (KHTML, like Gecko) Chrome/93.0.4577.0 Safari/537.36"
163.172.178.5 - - [22/Dec/2021:20:35:32 +0100] "GET /media/com_jchoptimize/cache/js/fbd56302356a879ccfb0d87df2654a58.js HTTP/1.1" 200 58823 "https://lager-techniek.eu/index.php/askquestion/form?category_id=1110&product_id=97746&type=1&tmpl=component" "Mozilla/5.0 (Windows NT 10.0; Win64; x64) AppleWebKit/537.36 (KHTML, like Gecko) Chrome/93.0.4577.0 Safari/537.36"
66.249.66.76 - - [22/Dec/2021:20:35:44 +0100] "GET /index.php/6200-range/ntn-6212llunr HTTP/1.1" 200 14264 "-" "Mozilla/5.0 (Linux; Android 6.0.1; Nexus 5X Build/MMB29P) AppleWebKit/537.36 (KHTML, like Gecko) Chrome/96.0.4664.110 Mobile Safari/537.36 (compatible; Googlebot/2.1; +http://www.google.com/bot.html)"
54.36.148.227 - - [22/Dec/2021:20:35:46 +0100] "GET /index.php/cart/add?category_id=968&product_id=49472 HTTP/1.1" 303 645 "-" "Mozilla/5.0 (compatible; AhrefsBot/7.0; +http://ahrefs.com/robot/)"
66.249.66.76 - - [22/Dec/2021:20:35:54 +0100] "GET /loctite496.pdf HTTP/1.1" 200 158534 "-" "Googlebot/2.1 (+http://www.google.com/bot.html)"
54.36.148.227 - - [22/Dec/2021:20:36:00 +0100] "GET /index.php/cart/add?category_id=968&product_id=49474 HTTP/1.1" 303 645 "-" "Mozilla/5.0 (compatible; AhrefsBot/7.0; +http://ahrefs.com/robot/)"
193.104.159.11 - - [22/Dec/2021:20:36:11 +0100] "GET /index.php/component/ajax/?format=json HTTP/1.1" 200 758 "https://www.lager-techniek.eu/index.php/2200-range/fag-22032rstvh" "Mozilla/5.0 (Windows NT 10.0; Win64; x64) AppleWebKit/537.36 (KHTML, like Gecko) Chrome/96.0.4664.110 Safari/537.36 Edg/96.0.1054.62"
54.36.148.227 - - [22/Dec/2021:20:36:15 +0100] "GET /index.php/cart/add?category_id=968&product_id=49476 HTTP/1.1" 303 645 "-" "Mozilla/5.0 (compatible; AhrefsBot/7.0; +http://ahrefs.com/robot/)"
66.249.66.78 - - [22/Dec/2021:20:36:26 +0100] "GET /index.php/kettingwiel-24b-1/24b1z24 HTTP/1.1" 200 13964 "-" "Mozilla/5.0 (Linux; Android 6.0.1; Nexus 5X Build/MMB29P) AppleWebKit/537.36 (KHTML, like Gecko) Chrome/96.0.4664.110 Mobile Safari/537.36 (compatible; Googlebot/2.1; +http://www.google.com/bot.html)"
54.36.148.227 - - [22/Dec/2021:20:36:28 +0100] "GET /index.php/cart/add?category_id=968&product_id=49477 HTTP/1.1" 303 645 "-" "Mozilla/5.0 (compatible; AhrefsBot/7.0; +http://ahrefs.com/robot/)"
91.183.150.180 - - [22/Dec/2021:20:36:35 +0100] "GET /index.php/component/ajax/?format=json HTTP/1.1" 200 758 "https://www.lager-techniek.eu/index.php/overig/skf-tmft36" "Mozilla/5.0 (Windows NT 6.3; Win64; x64) AppleWebKit/537.36 (KHTML, like Gecko) Chrome/96.0.4664.110 Safari/537.36"
54.36.148.227 - - [22/Dec/2021:20:36:41 +0100] "GET /index.php/cart/add?category_id=968&product_id=49478 HTTP/1.1" 303 645 "-" "Mozilla/5.0 (compatible; AhrefsBot/7.0; +http://ahrefs.com/robot/)"
66.249.66.159 - - [22/Dec/2021:20:36:51 +0100] "GET /index.php/72-range/skf-7216acdgbp4a HTTP/1.1" 200 13977 "-" "Mozilla/5.0 (compatible; Googlebot/2.1; +http://www.google.com/bot.html)"
54.36.148.227 - - [22/Dec/2021:20:36:57 +0100] "GET /index.php/cart/add?category_id=968&product_id=49479 HTTP/1.1" 303 645 "-" "Mozilla/5.0 (compatible; AhrefsBot/7.0; +http://ahrefs.com/robot/)"
185.178.235.166 - - [22/Dec/2021:20:37:00 +0100] "GET /index.php/component/ajax/?format=json HTTP/1.1" 200 758 "https://www.lager-techniek.eu/index.php/kettingspanwiel/ina-ksr16l010101408" "Mozilla/5.0 (Windows NT 10.0; Win64; x64) AppleWebKit/537.36 (KHTML, like Gecko) Chrome/96.0.4664.45 Safari/537.36"
54.36.148.227 - - [22/Dec/2021:20:37:10 +0100] "GET /index.php/cart/add?category_id=968&product_id=49480 HTTP/1.1" 303 645 "-" "Mozilla/5.0 (compatible; AhrefsBot/7.0; +http://ahrefs.com/robot/)"
66.249.66.159 - - [22/Dec/2021:20:37:12 +0100] "GET /index.php/askquestion/form?category_id=843&product_id=46238&type=1&tmpl=component HTTP/1.1" 200 2377 "-" "Mozilla/5.0 (Linux; Android 6.0.1; Nexus 5X Build/MMB29P) AppleWebKit/537.36 (KHTML, like Gecko) Chrome/96.0.4664.93 Mobile Safari/537.36 (compatible; Googlebot/2.1; +http://www.google.com/bot.html)"
54.36.148.227 - - [22/Dec/2021:20:37:24 +0100] "GET /index.php/cart/add?category_id=968&product_id=49482 HTTP/1.1" 303 645 "-" "Mozilla/5.0 (compatible; AhrefsBot/7.0; +http://ahrefs.com/robot/)"
163.172.152.209 - - [22/Dec/2021:20:37:30 +0100] "GET /index.php/askquestion/form?category_id=395&product_id=12792&type=1&tmpl=component HTTP/1.1" 200 2419 "-" "Mozilla/5.0 (Windows NT 10.0; Win64; x64) AppleWebKit/537.36 (KHTML, like Gecko) Chrome/93.0.4577.0 Safari/537.36"
163.172.152.209 - - [22/Dec/2021:20:37:31 +0100] "GET /media/com_jchoptimize/cache/js/55cb5e840e7f76acfc4fa89d3c8c64e6.js HTTP/1.1" 200 58822 "https://lager-techniek.eu/index.php/askquestion/form?category_id=395&product_id=12792&type=1&tmpl=component" "Mozilla/5.0 (Windows NT 10.0; Win64; x64) AppleWebKit/537.36 (KHTML, like Gecko) Chrome/93.0.4577.0 Safari/537.36"
77.226.249.91 - - [22/Dec/2021:20:37:31 +0100] "GET /index.php/component/ajax/?format=json HTTP/1.1" 200 758 "https://www.lager-techniek.eu/index.php/a-range/contitech-13x3650" "Mozilla/5.0 (Windows NT 10.0; Win64; x64) AppleWebKit/537.36 (KHTML, like Gecko) Chrome/96.0.4664.55 Safari/537.36 Edg/96.0.1054.43"
82.75.56.74 - - [22/Dec/2021:20:37:38 +0100] "GET /index.php/component/ajax/?format=json HTTP/1.1" 200 758 "https://www.lager-techniek.eu/index.php/6000-range/fag-60032rsr" "Mozilla/5.0 (Windows NT 10.0; Win64; x64; rv:95.0) Gecko/20100101 Firefox/95.0"
66.249.66.159 - - [22/Dec/2021:20:37:40 +0100] "GET /index.php/taserange/ina-tase40xln HTTP/1.1" 200 14073 "-" "Mozilla/5.0 (compatible; Googlebot/2.1; +http://www.google.com/bot.html)"
54.36.148.227 - - [22/Dec/2021:20:37:42 +0100] "GET /index.php/cart/add?category_id=968&product_id=49483 HTTP/1.1" 303 645 "-" "Mozilla/5.0 (compatible; AhrefsBot/7.0; +http://ahrefs.com/robot/)"
90.145.217.226 - - [22/Dec/2021:20:37:53 +0100] "GET /index.php/component/ajax/?format=json HTTP/1.1" 200 758 "https://www.lager-techniek.eu/index.php/met-flens/permaglide-paf25215-p11" "Mozilla/5.0 (Windows NT 10.0; Win64; x64) AppleWebKit/537.36 (KHTML, like Gecko) Chrome/96.0.4664.45 Safari/537.36"
54.36.148.227 - - [22/Dec/2021:20:37:55 +0100] "GET /index.php/cart/add?category_id=968&product_id=49484 HTTP/1.1" 303 645 "-" "Mozilla/5.0 (compatible; AhrefsBot/7.0; +http://ahrefs.com/robot/)"
54.36.148.227 - - [22/Dec/2021:20:38:12 +0100] "GET /index.php/cart/add?category_id=968&product_id=49485 HTTP/1.1" 303 645 "-" "Mozilla/5.0 (compatible; AhrefsBot/7.0; +http://ahrefs.com/robot/)"
54.36.148.227 - - [22/Dec/2021:20:38:26 +0100] "GET /index.php/cart/add?category_id=968&product_id=49486 HTTP/1.1" 303 645 "-" "Mozilla/5.0 (compatible; AhrefsBot/7.0; +http://ahrefs.com/robot/)"
54.36.148.227 - - [22/Dec/2021:20:38:40 +0100] "GET /index.php/cart/add?category_id=968&product_id=49490 HTTP/1.1" 303 645 "-" "Mozilla/5.0 (compatible; AhrefsBot/7.0; +http://ahrefs.com/robot/)"
51.158.126.123 - - [22/Dec/2021:20:38:48 +0100] "GET /index.php/askquestion/form?category_id=1109&product_id=97738&type=1&tmpl=component HTTP/1.1" 200 2440 "-" "Mozilla/5.0 (Windows NT 10.0; Win64; x64) AppleWebKit/537.36 (KHTML, like Gecko) Chrome/93.0.4577.0 Safari/537.36"
51.158.126.123 - - [22/Dec/2021:20:38:48 +0100] "GET /media/com_jchoptimize/cache/js/8313311ce02fec7f021d920fb8791fa0.js HTTP/1.1" 200 58784 "https://lager-techniek.eu/index.php/askquestion/form?category_id=1109&product_id=97738&type=1&tmpl=component" "Mozilla/5.0 (Windows NT 10.0; Win64; x64) AppleWebKit/537.36 (KHTML, like Gecko) Chrome/93.0.4577.0 Safari/537.36"
51.158.77.71 - - [22/Dec/2021:20:38:49 +0100] "GET /index.php/askquestion/form?category_id=85&product_id=12058&type=1&tmpl=component HTTP/1.1" 200 2426 "-" "Mozilla/5.0 (Windows NT 10.0; Win64; x64) AppleWebKit/537.36 (KHTML, like Gecko) Chrome/93.0.4577.0 Safari/537.36"
51.158.77.71 - - [22/Dec/2021:20:38:49 +0100] "GET /media/com_jchoptimize/cache/js/898c3dc82cde8ad8f5e4c01fe155ff65.js HTTP/1.1" 200 58823 "https://lager-techniek.eu/index.php/askquestion/form?category_id=85&product_id=12058&type=1&tmpl=component" "Mozilla/5.0 (Windows NT 10.0; Win64; x64) AppleWebKit/537.36 (KHTML, like Gecko) Chrome/93.0.4577.0 Safari/537.36"
51.15.213.167 - - [22/Dec/2021:20:38:52 +0100] "GET /index.php/askquestion/form?category_id=1109&product_id=97738&type=1&tmpl=component HTTP/1.1" 200 2419 "-" "Mozilla/5.0 (Windows NT 10.0; Win64; x64) AppleWebKit/537.36 (KHTML, like Gecko) Chrome/93.0.4577.0 Safari/537.36"
51.15.213.167 - - [22/Dec/2021:20:38:52 +0100] "GET /media/com_jchoptimize/cache/js/8313311ce02fec7f021d920fb8791fa0.js HTTP/1.1" 200 58819 "https://lager-techniek.eu/index.php/askquestion/form?category_id=1109&product_id=97738&type=1&tmpl=component" "Mozilla/5.0 (Windows NT 10.0; Win64; x64) AppleWebKit/537.36 (KHTML, like Gecko) Chrome/93.0.4577.0 Safari/537.36"
54.36.148.227 - - [22/Dec/2021:20:38:52 +0100] "GET /index.php/cart/add?category_id=968&product_id=49491 HTTP/1.1" 303 645 "-" "Mozilla/5.0 (compatible; AhrefsBot/7.0; +http://ahrefs.com/robot/)"
51.158.77.71 - - [22/Dec/2021:20:38:53 +0100] "GET /index.php/askquestion/form?category_id=85&product_id=12058&type=1&tmpl=component HTTP/1.1" 200 2426 "-" "Mozilla/5.0 (Windows NT 10.0; Win64; x64) AppleWebKit/537.36 (KHTML, like Gecko) Chrome/93.0.4577.0 Safari/537.36"
51.158.77.71 - - [22/Dec/2021:20:38:53 +0100] "GET /media/com_jchoptimize/cache/js/898c3dc82cde8ad8f5e4c01fe155ff65.js HTTP/1.1" 200 58821 "https://lager-techniek.eu/index.php/askquestion/form?category_id=85&product_id=12058&type=1&tmpl=component" "Mozilla/5.0 (Windows NT 10.0; Win64; x64) AppleWebKit/537.36 (KHTML, like Gecko) Chrome/93.0.4577.0 Safari/537.36"
51.158.77.71 - - [22/Dec/2021:20:38:57 +0100] "GET /index.php/askquestion/form?category_id=85&product_id=12058&type=1&tmpl=component HTTP/1.1" 200 2425 "-" "Mozilla/5.0 (Windows NT 10.0; Win64; x64) AppleWebKit/537.36 (KHTML, like Gecko) Chrome/93.0.4577.0 Safari/537.36"
51.158.77.71 - - [22/Dec/2021:20:38:57 +0100] "GET /media/com_jchoptimize/cache/js/898c3dc82cde8ad8f5e4c01fe155ff65.js HTTP/1.1" 200 58821 "https://lager-techniek.eu/index.php/askquestion/form?category_id=85&product_id=12058&type=1&tmpl=component" "Mozilla/5.0 (Windows NT 10.0; Win64; x64) AppleWebKit/537.36 (KHTML, like Gecko) Chrome/93.0.4577.0 Safari/537.36"
89.146.3.50 - - [22/Dec/2021:20:38:58 +0100] "GET /index.php/component/ajax/?format=json HTTP/1.1" 200 758 "https://www.lager-techniek.eu/index.php/spa-range/optibelt-spa1600" "Mozilla/5.0 (Windows NT 10.0; Win64; x64) AppleWebKit/537.36 (KHTML, like Gecko) Chrome/96.0.4664.110 Safari/537.36 Edg/96.0.1054.62"
51.15.213.167 - - [22/Dec/2021:20:38:59 +0100] "GET /index.php/askquestion/form?category_id=1109&product_id=97738&type=1&tmpl=component HTTP/1.1" 200 2420 "-" "Mozilla/5.0 (Windows NT 10.0; Win64; x64) AppleWebKit/537.36 (KHTML, like Gecko) Chrome/93.0.4577.0 Safari/537.36"
51.15.213.167 - - [22/Dec/2021:20:38:59 +0100] "GET /media/com_jchoptimize/cache/js/8313311ce02fec7f021d920fb8791fa0.js HTTP/1.1" 200 58819 "https://lager-techniek.eu/index.php/askquestion/form?category_id=1109&product_id=97738&type=1&tmpl=component" "Mozilla/5.0 (Windows NT 10.0; Win64; x64) AppleWebKit/537.36 (KHTML, like Gecko) Chrome/93.0.4577.0 Safari/537.36"
2a02:a469:d63a:1:fc59:b3ec:5aba:20f8 - - [22/Dec/2021:20:39:07 +0100] "GET /index.php/component/ajax/?format=json HTTP/1.1" 200 758 "https://www.lager-techniek.eu/index.php/tandriemen-l/megadyne-150l075" "Mozilla/5.0 (Windows NT 10.0; Win64; x64; rv:95.0) Gecko/20100101 Firefox/95.0"
54.36.148.227 - - [22/Dec/2021:20:39:07 +0100] "GET /index.php/cart/add?category_id=968&product_id=49492 HTTP/1.1" 303 645 "-" "Mozilla/5.0 (compatible; AhrefsBot/7.0; +http://ahrefs.com/robot/)"
2a02:a44c:f26c:1:6cbb:b172:62af:b00d - - [22/Dec/2021:20:39:12 +0100] "GET /index.php/component/ajax/?format=json HTTP/1.1" 200 758 "https://www.lager-techniek.eu/index.php/6000-range/fag-6006" "Mozilla/5.0 (Windows NT 10.0; Win64; x64; rv:95.0) Gecko/20100101 Firefox/95.0"
66.249.66.8 - - [22/Dec/2021:20:39:12 +0100] "GET /index.php/73-range/fag-7306bxljpua HTTP/1.1" 200 14285 "-" "Mozilla/5.0 (Linux; Android 6.0.1; Nexus 5X Build/MMB29P) AppleWebKit/537.36 (KHTML, like Gecko) Chrome/96.0.4664.110 Mobile Safari/537.36 (compatible; Googlebot/2.1; +http://www.google.com/bot.html)"
2a02:a44c:f26c:1:6cbb:b172:62af:b00d - - [22/Dec/2021:20:39:15 +0100] "GET /index.php/component/ajax/?format=json HTTP/1.1" 200 758 "https://www.lager-techniek.eu/index.php/k-range-naaldkrans/ina-k20x28x20c" "Mozilla/5.0 (Windows NT 10.0; Win64; x64; rv:95.0) Gecko/20100101 Firefox/95.0"
54.36.148.227 - - [22/Dec/2021:20:39:21 +0100] "GET /index.php/cart/add?category_id=968&product_id=49494 HTTP/1.1" 303 645 "-" "Mozilla/5.0 (compatible; AhrefsBot/7.0; +http://ahrefs.com/robot/)"
178.118.52.254 - - [22/Dec/2021:20:39:32 +0100] "GET /index.php/component/ajax/?format=json HTTP/1.1" 200 758 "https://www.lager-techniek.eu/index.php/tandriemen-3m/gates-2883m15" "Mozilla/5.0 (Windows NT 10.0; Win64; x64) AppleWebKit/537.36 (KHTML, like Gecko) Chrome/96.0.4664.110 Safari/537.36"
54.36.148.227 - - [22/Dec/2021:20:39:38 +0100] "GET /index.php/miniatuur-range/zen-6832z HTTP/1.1" 200 14197 "-" "Mozilla/5.0 (compatible; AhrefsBot/7.0; +http://ahrefs.com/robot/)"
54.36.148.227 - - [22/Dec/2021:20:39:53 +0100] "GET /index.php/cart/add?category_id=968&product_id=49384 HTTP/1.1" 303 645 "-" "Mozilla/5.0 (compatible; AhrefsBot/7.0; +http://ahrefs.com/robot/)"
54.36.148.227 - - [22/Dec/2021:20:40:09 +0100] "GET /index.php/cart/add?category_id=968&product_id=49386 HTTP/1.1" 303 645 "-" "Mozilla/5.0 (compatible; AhrefsBot/7.0; +http://ahrefs.com/robot/)"
66.249.66.6 - - [22/Dec/2021:20:40:11 +0100] "GET /index.php/23200-range/skf-23244-ccw33 HTTP/1.1" 200 14010 "-" "Mozilla/5.0 (compatible; Googlebot/2.1; +http://www.google.com/bot.html)"
54.36.148.227 - - [22/Dec/2021:20:40:23 +0100] "GET /index.php/cart/add?category_id=968&product_id=49387 HTTP/1.1" 303 645 "-" "Mozilla/5.0 (compatible; AhrefsBot/7.0; +http://ahrefs.com/robot/)"
77.60.98.226 - - [22/Dec/2021:20:40:28 +0100] "GET /index.php/component/ajax/?format=json HTTP/1.1" 200 758 "https://www.lager-techniek.eu/index.php/b-range/contitech-17x1215" "Mozilla/5.0 (Windows NT 6.1; Win64; x64) AppleWebKit/537.36 (KHTML, like Gecko) Chrome/94.0.4606.71 Safari/537.36"
178.118.52.254 - - [22/Dec/2021:20:40:32 +0100] "GET /index.php/component/ajax/?format=json HTTP/1.1" 200 758 "https://www.lager-techniek.eu/index.php/tandriemen-3m/gates-2823m6gt3" "Mozilla/5.0 (Windows NT 10.0; Win64; x64) AppleWebKit/537.36 (KHTML, like Gecko) Chrome/96.0.4664.110 Safari/537.36"
54.36.148.227 - - [22/Dec/2021:20:40:37 +0100] "GET /index.php/cart/add?category_id=968&product_id=49389 HTTP/1.1" 303 645 "-" "Mozilla/5.0 (compatible; AhrefsBot/7.0; +http://ahrefs.com/robot/)"
54.36.148.227 - - [22/Dec/2021:20:40:52 +0100] "GET /index.php/cart/add?category_id=968&product_id=49475 HTTP/1.1" 303 645 "-" "Mozilla/5.0 (compatible; AhrefsBot/7.0; +http://ahrefs.com/robot/)"
54.36.148.227 - - [22/Dec/2021:20:41:08 +0100] "GET /index.php/6000-range/skf-6021c3 HTTP/1.1" 200 14149 "-" "Mozilla/5.0 (compatible; AhrefsBot/7.0; +http://ahrefs.com/robot/)"
193.104.159.11 - - [22/Dec/2021:20:41:11 +0100] "GET /index.php/component/ajax/?format=json HTTP/1.1" 200 758 "https://www.lager-techniek.eu/index.php/2200-range/fag-22032rstvh" "Mozilla/5.0 (Windows NT 10.0; Win64; x64) AppleWebKit/537.36 (KHTML, like Gecko) Chrome/96.0.4664.110 Safari/537.36 Edg/96.0.1054.62"
54.36.148.227 - - [22/Dec/2021:20:41:21 +0100] "GET /index.php/cart/add?category_id=968&product_id=49487 HTTP/1.1" 303 645 "-" "Mozilla/5.0 (compatible; AhrefsBot/7.0; +http://ahrefs.com/robot/)"
66.249.66.8 - - [22/Dec/2021:20:41:29 +0100] "GET /index.php/b-range/contitech-17x3450 HTTP/1.1" 200 14536 "-" "Mozilla/5.0 (compatible; Googlebot/2.1; +http://www.google.com/bot.html)"
91.183.150.180 - - [22/Dec/2021:20:41:35 +0100] "GET /index.php/component/ajax/?format=json HTTP/1.1" 200 758 "https://www.lager-techniek.eu/index.php/overig/skf-tmft36" "Mozilla/5.0 (Windows NT 6.3; Win64; x64) AppleWebKit/537.36 (KHTML, like Gecko) Chrome/96.0.4664.110 Safari/537.36"
54.36.148.227 - - [22/Dec/2021:20:41:36 +0100] "GET /index.php/cart/add?category_id=968&product_id=49488 HTTP/1.1" 303 645 "-" "Mozilla/5.0 (compatible; AhrefsBot/7.0; +http://ahrefs.com/robot/)"
54.36.148.227 - - [22/Dec/2021:20:41:55 +0100] "GET /index.php/cart/add?category_id=968&product_id=49493 HTTP/1.1" 303 645 "-" "Mozilla/5.0 (compatible; AhrefsBot/7.0; +http://ahrefs.com/robot/)"
185.178.235.166 - - [22/Dec/2021:20:42:00 +0100] "GET /index.php/component/ajax/?format=json HTTP/1.1" 200 758 "https://www.lager-techniek.eu/index.php/kettingspanwiel/ina-ksr16l010101408" "Mozilla/5.0 (Windows NT 10.0; Win64; x64) AppleWebKit/537.36 (KHTML, like Gecko) Chrome/96.0.4664.45 Safari/537.36"
54.36.148.227 - - [22/Dec/2021:20:42:07 +0100] "GET /index.php/81100-range/ina-81116tv HTTP/1.1" 200 14196 "-" "Mozilla/5.0 (compatible; AhrefsBot/7.0; +http://ahrefs.com/robot/)"
207.46.13.122 - - [22/Dec/2021:20:42:08 +0100] "GET /index.php/16000-range/nsk-16100-2rs HTTP/1.1" 200 13905 "-" "Mozilla/5.0 (compatible; bingbot/2.0; +http://www.bing.com/bingbot.htm)"
66.249.66.8 - - [22/Dec/2021:20:42:13 +0100] "GET /index.php/tandriemen-t5/megadyne-t563032 HTTP/1.1" 200 14163 "-" "Mozilla/5.0 (Linux; Android 6.0.1; Nexus 5X Build/MMB29P) AppleWebKit/537.36 (KHTML, like Gecko) Chrome/96.0.4664.110 Mobile Safari/537.36 (compatible; Googlebot/2.1; +http://www.google.com/bot.html)"
54.36.148.227 - - [22/Dec/2021:20:42:22 +0100] "GET /index.php/cart/add?category_id=968&product_id=49473 HTTP/1.1" 303 645 "-" "Mozilla/5.0 (compatible; AhrefsBot/7.0; +http://ahrefs.com/robot/)"
77.226.249.91 - - [22/Dec/2021:20:42:28 +0100] "GET /index.php/component/ajax/?format=json HTTP/1.1" 200 758 "https://www.lager-techniek.eu/index.php/a-range/contitech-13x3650" "Mozilla/5.0 (Windows NT 10.0; Win64; x64) AppleWebKit/537.36 (KHTML, like Gecko) Chrome/96.0.4664.55 Safari/537.36 Edg/96.0.1054.43"
54.36.148.227 - - [22/Dec/2021:20:42:36 +0100] "GET /index.php/cart/add?category_id=968&product_id=49481 HTTP/1.1" 303 645 "-" "Mozilla/5.0 (compatible; AhrefsBot/7.0; +http://ahrefs.com/robot/)"
82.75.56.74 - - [22/Dec/2021:20:42:38 +0100] "GET /index.php/component/ajax/?format=json HTTP/1.1" 200 758 "https://www.lager-techniek.eu/index.php/6000-range/fag-60032rsr" "Mozilla/5.0 (Windows NT 10.0; Win64; x64; rv:95.0) Gecko/20100101 Firefox/95.0"
54.36.148.227 - - [22/Dec/2021:20:42:52 +0100] "GET /index.php/cart/add?category_id=13&product_id=1738 HTTP/1.1" 303 645 "-" "Mozilla/5.0 (compatible; AhrefsBot/7.0; +http://ahrefs.com/robot/)"
90.145.217.226 - - [22/Dec/2021:20:42:53 +0100] "GET /index.php/component/ajax/?format=json HTTP/1.1" 200 758 "https://www.lager-techniek.eu/index.php/met-flens/permaglide-paf25215-p11" "Mozilla/5.0 (Windows NT 10.0; Win64; x64) AppleWebKit/537.36 (KHTML, like Gecko) Chrome/96.0.4664.45 Safari/537.36"
54.36.148.227 - - [22/Dec/2021:20:43:07 +0100] "GET /index.php/pshe-syf-fm-range/skf-syf-20-fm HTTP/1.1" 200 14437 "-" "Mozilla/5.0 (compatible; AhrefsBot/7.0; +http://ahrefs.com/robot/)"
163.172.129.20 - - [22/Dec/2021:20:43:07 +0100] "GET /index.php/krv-range/ina-krv30b HTTP/1.1" 200 13718 "-" "Mozilla/5.0 (Windows NT 10.0; Win64; x64) AppleWebKit/537.36 (KHTML, like Gecko) Chrome/93.0.4577.0 Safari/537.36"
163.172.129.20 - - [22/Dec/2021:20:43:08 +0100] "GET /media/com_jchoptimize/cache/js/40ae85c2c7129dbdc96066373d968208.js HTTP/1.1" 200 1504 "https://lager-techniek.eu/index.php/krv-range/ina-krv30b" "Mozilla/5.0 (Windows NT 10.0; Win64; x64) AppleWebKit/537.36 (KHTML, like Gecko) Chrome/93.0.4577.0 Safari/537.36"
163.172.129.20 - - [22/Dec/2021:20:43:08 +0100] "GET /media/com_jchoptimize/cache/js/01c2bb7e5b2f41c77be699ef921df934.js HTTP/1.1" 200 20649 "https://lager-techniek.eu/index.php/krv-range/ina-krv30b" "Mozilla/5.0 (Windows NT 10.0; Win64; x64) AppleWebKit/537.36 (KHTML, like Gecko) Chrome/93.0.4577.0 Safari/537.36"
163.172.129.20 - - [22/Dec/2021:20:43:08 +0100] "GET /media/com_jchoptimize/cache/js/5fd98adc0e606a5b5687b97b7a240d65.js HTTP/1.1" 200 101228 "https://lager-techniek.eu/index.php/krv-range/ina-krv30b" "Mozilla/5.0 (Windows NT 10.0; Win64; x64) AppleWebKit/537.36 (KHTML, like Gecko) Chrome/93.0.4577.0 Safari/537.36"
54.36.148.227 - - [22/Dec/2021:20:43:22 +0100] "GET /index.php/cart/add?category_id=968&product_id=49489 HTTP/1.1" 303 645 "-" "Mozilla/5.0 (compatible; AhrefsBot/7.0; +http://ahrefs.com/robot/)"
51.158.103.115 - - [22/Dec/2021:20:43:30 +0100] "GET /index.php/askquestion/form?category_id=158&product_id=10928&type=1&tmpl=component HTTP/1.1" 200 2411 "-" "Mozilla/5.0 (Windows NT 10.0; Win64; x64) AppleWebKit/537.36 (KHTML, like Gecko) Chrome/93.0.4577.0 Safari/537.36"
51.158.103.115 - - [22/Dec/2021:20:43:31 +0100] "GET /media/com_jchoptimize/cache/js/90f7ed6b2645d7c997ac508c11e0769a.js HTTP/1.1" 200 58823 "https://lager-techniek.eu/index.php/askquestion/form?category_id=158&product_id=10928&type=1&tmpl=component" "Mozilla/5.0 (Windows NT 10.0; Win64; x64) AppleWebKit/537.36 (KHTML, like Gecko) Chrome/93.0.4577.0 Safari/537.36"
54.36.148.227 - - [22/Dec/2021:20:43:34 +0100] "GET /index.php/askquestion/form?category_id=8&product_id=7619&type=1&tmpl=component HTTP/1.1" 200 2411 "-" "Mozilla/5.0 (compatible; AhrefsBot/7.0; +http://ahrefs.com/robot/)"
54.36.148.227 - - [22/Dec/2021:20:43:45 +0100] "GET /index.php/askquestion/form?category_id=174&product_id=13420&type=1&tmpl=component HTTP/1.1" 200 2407 "-" "Mozilla/5.0 (compatible; AhrefsBot/7.0; +http://ahrefs.com/robot/)"
40.77.167.59 - - [22/Dec/2021:20:43:56 +0100] "GET /index.php/askquestion/form?category_id=154&product_id=96382&type=1&tmpl=component HTTP/1.1" 200 2407 "-" "Mozilla/5.0 (compatible; bingbot/2.0; +http://www.bing.com/bingbot.htm)"
89.146.3.50 - - [22/Dec/2021:20:43:58 +0100] "GET /index.php/component/ajax/?format=json HTTP/1.1" 200 758 "https://www.lager-techniek.eu/index.php/spa-range/optibelt-spa1600" "Mozilla/5.0 (Windows NT 10.0; Win64; x64) AppleWebKit/537.36 (KHTML, like Gecko) Chrome/96.0.4664.110 Safari/537.36 Edg/96.0.1054.62"
