2a02:a45e:4c6:1:7415:5335:9012:7c22 - - [22/Dec/2021:22:18:53 +0100] "GET /components/com_jshopping/files/img_products/M20TVP.jpg HTTP/1.1" 200 6926 "https://www.lager-techniek.eu/index.php/magneto-lagers/fag-m20tvp" "Mozilla/5.0 (iPhone; CPU iPhone OS 15_1_1 like Mac OS X) AppleWebKit/605.1.15 (KHTML, like Gecko) Version/15.1 Mobile/15E148 Safari/604.1"
2a02:a45e:4c6:1:7415:5335:9012:7c22 - - [22/Dec/2021:22:18:53 +0100] "GET /modules/mod_gtranslate/tmpl/lang/16/fr.png HTTP/1.1" 200 802 "https://www.lager-techniek.eu/index.php/magneto-lagers/fag-m20tvp" "Mozilla/5.0 (iPhone; CPU iPhone OS 15_1_1 like Mac OS X) AppleWebKit/605.1.15 (KHTML, like Gecko) Version/15.1 Mobile/15E148 Safari/604.1"
2a02:a45e:4c6:1:7415:5335:9012:7c22 - - [22/Dec/2021:22:18:53 +0100] "GET /components/com_jshopping/files/img_products/thumb_www.lager-techniek.eu_FAG_GroefKogellager1.jpg HTTP/1.1" 200 5811 "https://www.lager-techniek.eu/index.php/magneto-lagers/fag-m20tvp" "Mozilla/5.0 (iPhone; CPU iPhone OS 15_1_1 like Mac OS X) AppleWebKit/605.1.15 (KHTML, like Gecko) Version/15.1 Mobile/15E148 Safari/604.1"
2a02:a45e:4c6:1:7415:5335:9012:7c22 - - [22/Dec/2021:22:18:53 +0100] "GET /components/com_jshopping/files/img_products/thumb_M20TVP.jpg HTTP/1.1" 200 3672 "https://www.lager-techniek.eu/index.php/magneto-lagers/fag-m20tvp" "Mozilla/5.0 (iPhone; CPU iPhone OS 15_1_1 like Mac OS X) AppleWebKit/605.1.15 (KHTML, like Gecko) Version/15.1 Mobile/15E148 Safari/604.1"
2a02:a45e:4c6:1:7415:5335:9012:7c22 - - [22/Dec/2021:22:18:53 +0100] "GET /components/com_jshopping/images/star.gif HTTP/1.1" 200 1171 "https://www.lager-techniek.eu/index.php/magneto-lagers/fag-m20tvp" "Mozilla/5.0 (iPhone; CPU iPhone OS 15_1_1 like Mac OS X) AppleWebKit/605.1.15 (KHTML, like Gecko) Version/15.1 Mobile/15E148 Safari/604.1"
2a02:a45e:4c6:1:7415:5335:9012:7c22 - - [22/Dec/2021:22:18:53 +0100] "GET /modules/mod_gtranslate/tmpl/lang/16/es.png HTTP/1.1" 200 849 "https://www.lager-techniek.eu/index.php/magneto-lagers/fag-m20tvp" "Mozilla/5.0 (iPhone; CPU iPhone OS 15_1_1 like Mac OS X) AppleWebKit/605.1.15 (KHTML, like Gecko) Version/15.1 Mobile/15E148 Safari/604.1"
2a02:a45e:4c6:1:7415:5335:9012:7c22 - - [22/Dec/2021:22:18:53 +0100] "GET /media/system/images/arrow.png HTTP/1.1" 200 462 "https://www.lager-techniek.eu/index.php/magneto-lagers/fag-m20tvp" "Mozilla/5.0 (iPhone; CPU iPhone OS 15_1_1 like Mac OS X) AppleWebKit/605.1.15 (KHTML, like Gecko) Version/15.1 Mobile/15E148 Safari/604.1"
2a02:a45e:4c6:1:7415:5335:9012:7c22 - - [22/Dec/2021:22:18:53 +0100] "GET /modules/mod_gtranslate/tmpl/lang/16/ru.png HTTP/1.1" 200 706 "https://www.lager-techniek.eu/index.php/magneto-lagers/fag-m20tvp" "Mozilla/5.0 (iPhone; CPU iPhone OS 15_1_1 like Mac OS X) AppleWebKit/605.1.15 (KHTML, like Gecko) Version/15.1 Mobile/15E148 Safari/604.1"
2a02:a45e:4c6:1:7415:5335:9012:7c22 - - [22/Dec/2021:22:18:53 +0100] "GET /modules/mod_gtranslate/tmpl/lang/16/it.png HTTP/1.1" 200 796 "https://www.lager-techniek.eu/index.php/magneto-lagers/fag-m20tvp" "Mozilla/5.0 (iPhone; CPU iPhone OS 15_1_1 like Mac OS X) AppleWebKit/605.1.15 (KHTML, like Gecko) Version/15.1 Mobile/15E148 Safari/604.1"
2a02:a45e:4c6:1:7415:5335:9012:7c22 - - [22/Dec/2021:22:18:53 +0100] "GET /media/jui/fonts/IcoMoon.woff HTTP/1.1" 200 25867 "https://www.lager-techniek.eu/index.php/magneto-lagers/fag-m20tvp" "Mozilla/5.0 (iPhone; CPU iPhone OS 15_1_1 like Mac OS X) AppleWebKit/605.1.15 (KHTML, like Gecko) Version/15.1 Mobile/15E148 Safari/604.1"
2a02:a45e:4c6:1:7415:5335:9012:7c22 - - [22/Dec/2021:22:18:53 +0100] "GET /components/com_jshopping/files/img_products/www.lager-techniek.eu_FAG_GroefKogellager1.jpg HTTP/1.1" 200 10376 "https://www.lager-techniek.eu/index.php/magneto-lagers/fag-m20tvp" "Mozilla/5.0 (iPhone; CPU iPhone OS 15_1_1 like Mac OS X) AppleWebKit/605.1.15 (KHTML, like Gecko) Version/15.1 Mobile/15E148 Safari/604.1"
2a02:a45e:4c6:1:7415:5335:9012:7c22 - - [22/Dec/2021:22:18:53 +0100] "GET /images/Lengteberekening.jpg HTTP/1.1" 200 10994 "https://www.lager-techniek.eu/index.php/magneto-lagers/fag-m20tvp" "Mozilla/5.0 (iPhone; CPU iPhone OS 15_1_1 like Mac OS X) AppleWebKit/605.1.15 (KHTML, like Gecko) Version/15.1 Mobile/15E148 Safari/604.1"
2a02:a45e:4c6:1:7415:5335:9012:7c22 - - [22/Dec/2021:22:18:53 +0100] "GET /images/DPD.jpg HTTP/1.1" 200 7428 "https://www.lager-techniek.eu/index.php/magneto-lagers/fag-m20tvp" "Mozilla/5.0 (iPhone; CPU iPhone OS 15_1_1 like Mac OS X) AppleWebKit/605.1.15 (KHTML, like Gecko) Version/15.1 Mobile/15E148 Safari/604.1"
2a02:a45e:4c6:1:7415:5335:9012:7c22 - - [22/Dec/2021:22:18:53 +0100] "GET /images/Postnl.jpg HTTP/1.1" 200 10478 "https://www.lager-techniek.eu/index.php/magneto-lagers/fag-m20tvp" "Mozilla/5.0 (iPhone; CPU iPhone OS 15_1_1 like Mac OS X) AppleWebKit/605.1.15 (KHTML, like Gecko) Version/15.1 Mobile/15E148 Safari/604.1"
2a02:a45e:4c6:1:7415:5335:9012:7c22 - - [22/Dec/2021:22:18:53 +0100] "GET /images/UPS.jpg HTTP/1.1" 200 6889 "https://www.lager-techniek.eu/index.php/magneto-lagers/fag-m20tvp" "Mozilla/5.0 (iPhone; CPU iPhone OS 15_1_1 like Mac OS X) AppleWebKit/605.1.15 (KHTML, like Gecko) Version/15.1 Mobile/15E148 Safari/604.1"
2a02:a45e:4c6:1:7415:5335:9012:7c22 - - [22/Dec/2021:22:18:53 +0100] "GET /images/index.jpg HTTP/1.1" 200 5654 "https://www.lager-techniek.eu/index.php/magneto-lagers/fag-m20tvp" "Mozilla/5.0 (iPhone; CPU iPhone OS 15_1_1 like Mac OS X) AppleWebKit/605.1.15 (KHTML, like Gecko) Version/15.1 Mobile/15E148 Safari/604.1"
2a02:a45e:4c6:1:7415:5335:9012:7c22 - - [22/Dec/2021:22:18:53 +0100] "GET /images/images.jpg HTTP/1.1" 200 5841 "https://www.lager-techniek.eu/index.php/magneto-lagers/fag-m20tvp" "Mozilla/5.0 (iPhone; CPU iPhone OS 15_1_1 like Mac OS X) AppleWebKit/605.1.15 (KHTML, like Gecko) Version/15.1 Mobile/15E148 Safari/604.1"
2a02:a45e:4c6:1:7415:5335:9012:7c22 - - [22/Dec/2021:22:18:53 +0100] "GET /images/achteraf.jpg HTTP/1.1" 200 2428 "https://www.lager-techniek.eu/index.php/magneto-lagers/fag-m20tvp" "Mozilla/5.0 (iPhone; CPU iPhone OS 15_1_1 like Mac OS X) AppleWebKit/605.1.15 (KHTML, like Gecko) Version/15.1 Mobile/15E148 Safari/604.1"
2a02:a45e:4c6:1:7415:5335:9012:7c22 - - [22/Dec/2021:22:18:53 +0100] "GET /images/bank.jpg HTTP/1.1" 200 2955 "https://www.lager-techniek.eu/index.php/magneto-lagers/fag-m20tvp" "Mozilla/5.0 (iPhone; CPU iPhone OS 15_1_1 like Mac OS X) AppleWebKit/605.1.15 (KHTML, like Gecko) Version/15.1 Mobile/15E148 Safari/604.1"
2a02:a45e:4c6:1:7415:5335:9012:7c22 - - [22/Dec/2021:22:18:53 +0100] "GET /images/paypal.jpg HTTP/1.1" 200 2557 "https://www.lager-techniek.eu/index.php/magneto-lagers/fag-m20tvp" "Mozilla/5.0 (iPhone; CPU iPhone OS 15_1_1 like Mac OS X) AppleWebKit/605.1.15 (KHTML, like Gecko) Version/15.1 Mobile/15E148 Safari/604.1"
2a02:a45e:4c6:1:7415:5335:9012:7c22 - - [22/Dec/2021:22:18:53 +0100] "GET /images/Mollienancontact.jpg HTTP/1.1" 200 9278 "https://www.lager-techniek.eu/index.php/magneto-lagers/fag-m20tvp" "Mozilla/5.0 (iPhone; CPU iPhone OS 15_1_1 like Mac OS X) AppleWebKit/605.1.15 (KHTML, like Gecko) Version/15.1 Mobile/15E148 Safari/604.1"
2a02:a45e:4c6:1:7415:5335:9012:7c22 - - [22/Dec/2021:22:18:53 +0100] "GET /images/MollieIdeal.png HTTP/1.1" 200 15837 "https://www.lager-techniek.eu/index.php/magneto-lagers/fag-m20tvp" "Mozilla/5.0 (iPhone; CPU iPhone OS 15_1_1 like Mac OS X) AppleWebKit/605.1.15 (KHTML, like Gecko) Version/15.1 Mobile/15E148 Safari/604.1"
207.46.13.175 - - [22/Dec/2021:22:18:53 +0100] "GET /index.php/nj-200-range/skf-nj240ecml HTTP/1.1" 200 14392 "-" "Mozilla/5.0 (compatible; bingbot/2.0; +http://www.bing.com/bingbot.htm)"
2a02:a45e:4c6:1:7415:5335:9012:7c22 - - [22/Dec/2021:22:18:54 +0100] "GET /templates/protostar/favicon.ico HTTP/1.1" 200 1465 "https://www.lager-techniek.eu/index.php/magneto-lagers/fag-m20tvp" "Mozilla/5.0 (iPhone; CPU iPhone OS 15_1_1 like Mac OS X) AppleWebKit/605.1.15 (KHTML, like Gecko) Version/15.1 Mobile/15E148 Safari/604.1"
89.146.3.50 - - [22/Dec/2021:22:18:58 +0100] "GET /index.php/component/ajax/?format=json HTTP/1.1" 200 758 "https://www.lager-techniek.eu/index.php/spa-range/optibelt-spa1600" "Mozilla/5.0 (Windows NT 10.0; Win64; x64) AppleWebKit/537.36 (KHTML, like Gecko) Chrome/96.0.4664.110 Safari/537.36 Edg/96.0.1054.62"
54.36.148.227 - - [22/Dec/2021:22:19:00 +0100] "GET /index.php/askquestion/form?category_id=1044&product_id=39516&type=1&tmpl=component HTTP/1.1" 200 2438 "-" "Mozilla/5.0 (compatible; AhrefsBot/7.0; +http://ahrefs.com/robot/)"
66.249.66.159 - - [22/Dec/2021:22:19:07 +0100] "GET /index.php/70-range-precisie-spindel/skf-7008cegbp4a HTTP/1.1" 200 13910 "-" "Mozilla/5.0 (Linux; Android 6.0.1; Nexus 5X Build/MMB29P) AppleWebKit/537.36 (KHTML, like Gecko) Chrome/96.0.4664.110 Mobile Safari/537.36 (compatible; Googlebot/2.1; +http://www.google.com/bot.html)"
54.36.148.227 - - [22/Dec/2021:22:19:15 +0100] "GET /index.php/cart/add?category_id=916&product_id=30329 HTTP/1.1" 303 645 "-" "Mozilla/5.0 (compatible; AhrefsBot/7.0; +http://ahrefs.com/robot/)"
2a02:a441:875f:1:7de0:18ed:ddb5:da4b - - [22/Dec/2021:22:19:16 +0100] "GET /index.php/kegellager-inch/fag-klm11749lm11710 HTTP/1.1" 200 14408 "https://www.lager-techniek.eu/index.php/kegellager-inch/skf-lm11749710q" "Mozilla/5.0 (Windows NT 10.0) AppleWebKit/537.36 (KHTML, like Gecko) Chrome/96.0.4664.110 Safari/537.36"
2a02:a441:875f:1:7de0:18ed:ddb5:da4b - - [22/Dec/2021:22:19:17 +0100] "GET /components/com_jshopping/files/img_products/img_www.lager-techniek.eu_Kegellager_FAG1.jpg HTTP/1.1" 200 8969 "https://www.lager-techniek.eu/index.php/kegellager-inch/fag-klm11749lm11710" "Mozilla/5.0 (Windows NT 10.0) AppleWebKit/537.36 (KHTML, like Gecko) Chrome/96.0.4664.110 Safari/537.36"
2a02:a441:875f:1:7de0:18ed:ddb5:da4b - - [22/Dec/2021:22:19:17 +0100] "GET /components/com_jshopping/files/img_products/thumb_img_www.lager-techniek.eu_Kegellager_FAG1.jpg HTTP/1.1" 200 4686 "https://www.lager-techniek.eu/index.php/kegellager-inch/fag-klm11749lm11710" "Mozilla/5.0 (Windows NT 10.0) AppleWebKit/537.36 (KHTML, like Gecko) Chrome/96.0.4664.110 Safari/537.36"
2a02:a441:875f:1:7de0:18ed:ddb5:da4b - - [22/Dec/2021:22:19:17 +0100] "GET /media/com_jchoptimize/cache/js/02f7928bd42d1500f73d06d1813d81c2.js HTTP/1.1" 200 101190 "https://www.lager-techniek.eu/index.php/kegellager-inch/fag-klm11749lm11710" "Mozilla/5.0 (Windows NT 10.0) AppleWebKit/537.36 (KHTML, like Gecko) Chrome/96.0.4664.110 Safari/537.36"
66.249.66.158 - - [22/Dec/2021:22:19:26 +0100] "GET /media/com_jchoptimize/cache/js/6b624868aa896771b8d9079b1c22caaf.js HTTP/1.1" 200 101226 "https://www.lager-techniek.eu/index.php/producenten/plaatwiel-08b-1/08b1z64pw" "Mozilla/5.0 (Linux; Android 6.0.1; Nexus 5X Build/MMB29P) AppleWebKit/537.36 (KHTML, like Gecko) Chrome/96.0.4664.93 Mobile Safari/537.36 (compatible; Googlebot/2.1; +http://www.google.com/bot.html)"
54.36.148.227 - - [22/Dec/2021:22:19:31 +0100] "GET /index.php/nu-200-range?start=24 HTTP/1.1" 200 10632 "-" "Mozilla/5.0 (compatible; AhrefsBot/7.0; +http://ahrefs.com/robot/)"
178.118.52.254 - - [22/Dec/2021:22:19:32 +0100] "GET /index.php/component/ajax/?format=json HTTP/1.1" 200 758 "https://www.lager-techniek.eu/index.php/tandriemen-3m/gates-2883m15" "Mozilla/5.0 (Windows NT 10.0; Win64; x64) AppleWebKit/537.36 (KHTML, like Gecko) Chrome/96.0.4664.110 Safari/537.36"
93.158.161.47 - - [22/Dec/2021:22:19:35 +0100] "GET /index.php/pas-range/permaglide-pas30250-p14 HTTP/1.1" 200 13615 "-" "Mozilla/5.0 (compatible; YandexBot/3.0; +http://yandex.com/bots)"
93.158.161.35 - - [22/Dec/2021:22:19:37 +0100] "GET /index.php/pas-range/permaglide-pas30250-p14 HTTP/1.1" 200 13615 "-" "Mozilla/5.0 (compatible; YandexBot/3.0; +http://yandex.com/bots)"
66.249.66.195 - - [22/Dec/2021:22:19:42 +0100] "GET /index.php/huizen/snr-snc217314 HTTP/1.1" 200 14419 "-" "Mozilla/5.0 (compatible; Googlebot/2.1; +http://www.google.com/bot.html)"
54.36.148.227 - - [22/Dec/2021:22:19:43 +0100] "GET /index.php/askquestion/form?category_id=1030&product_id=39408&type=1&tmpl=component HTTP/1.1" 200 2415 "-" "Mozilla/5.0 (compatible; AhrefsBot/7.0; +http://ahrefs.com/robot/)"
54.36.148.227 - - [22/Dec/2021:22:19:57 +0100] "GET /index.php/32000-range/son-32016 HTTP/1.1" 200 14817 "-" "Mozilla/5.0 (compatible; AhrefsBot/7.0; +http://ahrefs.com/robot/)"
2a02:a441:875f:1:7de0:18ed:ddb5:da4b - - [22/Dec/2021:22:19:58 +0100] "POST /index.php/cart/add HTTP/1.1" 303 540 "https://www.lager-techniek.eu/index.php/kegellager-inch/fag-klm11749lm11710" "Mozilla/5.0 (Windows NT 10.0) AppleWebKit/537.36 (KHTML, like Gecko) Chrome/96.0.4664.110 Safari/537.36"
2a02:a441:875f:1:7de0:18ed:ddb5:da4b - - [22/Dec/2021:22:19:59 +0100] "GET /index.php/cart/view HTTP/1.1" 200 12894 "https://www.lager-techniek.eu/index.php/kegellager-inch/fag-klm11749lm11710" "Mozilla/5.0 (Windows NT 10.0) AppleWebKit/537.36 (KHTML, like Gecko) Chrome/96.0.4664.110 Safari/537.36"
2a02:a441:875f:1:7de0:18ed:ddb5:da4b - - [22/Dec/2021:22:20:00 +0100] "GET /media/com_jchoptimize/cache/css/7e32f7da8bb96e149325f5bbe076314a.css HTTP/1.1" 200 31632 "https://www.lager-techniek.eu/index.php/cart/view" "Mozilla/5.0 (Windows NT 10.0) AppleWebKit/537.36 (KHTML, like Gecko) Chrome/96.0.4664.110 Safari/537.36"
2a02:a441:875f:1:7de0:18ed:ddb5:da4b - - [22/Dec/2021:22:20:00 +0100] "GET /images/Ijsland_2022.jpg HTTP/1.1" 200 18210 "https://www.lager-techniek.eu/index.php/cart/view" "Mozilla/5.0 (Windows NT 10.0) AppleWebKit/537.36 (KHTML, like Gecko) Chrome/96.0.4664.110 Safari/537.36"
2a02:a441:875f:1:7de0:18ed:ddb5:da4b - - [22/Dec/2021:22:20:00 +0100] "GET /components/com_jshopping/images/reload.png HTTP/1.1" 200 4105 "https://www.lager-techniek.eu/index.php/cart/view" "Mozilla/5.0 (Windows NT 10.0) AppleWebKit/537.36 (KHTML, like Gecko) Chrome/96.0.4664.110 Safari/537.36"
2a02:a441:875f:1:7de0:18ed:ddb5:da4b - - [22/Dec/2021:22:20:00 +0100] "GET /components/com_jshopping/images/remove.png HTTP/1.1" 200 944 "https://www.lager-techniek.eu/index.php/cart/view" "Mozilla/5.0 (Windows NT 10.0) AppleWebKit/537.36 (KHTML, like Gecko) Chrome/96.0.4664.110 Safari/537.36"
2a02:a441:875f:1:7de0:18ed:ddb5:da4b - - [22/Dec/2021:22:20:00 +0100] "GET /media/com_jchoptimize/cache/js/ebcc444c9cd234281a979ed04d4bce33.js HTTP/1.1" 200 67731 "https://www.lager-techniek.eu/index.php/cart/view" "Mozilla/5.0 (Windows NT 10.0) AppleWebKit/537.36 (KHTML, like Gecko) Chrome/96.0.4664.110 Safari/537.36"
2a02:a441:875f:1:7de0:18ed:ddb5:da4b - - [22/Dec/2021:22:20:00 +0100] "GET /components/com_jshopping/images/arrow_right.gif HTTP/1.1" 200 409 "https://www.lager-techniek.eu/media/com_jchoptimize/cache/css/7e32f7da8bb96e149325f5bbe076314a.css" "Mozilla/5.0 (Windows NT 10.0) AppleWebKit/537.36 (KHTML, like Gecko) Chrome/96.0.4664.110 Safari/537.36"
2a02:a441:875f:1:7de0:18ed:ddb5:da4b - - [22/Dec/2021:22:20:00 +0100] "GET /components/com_jshopping/images/arrow_left.gif HTTP/1.1" 200 410 "https://www.lager-techniek.eu/media/com_jchoptimize/cache/css/7e32f7da8bb96e149325f5bbe076314a.css" "Mozilla/5.0 (Windows NT 10.0) AppleWebKit/537.36 (KHTML, like Gecko) Chrome/96.0.4664.110 Safari/537.36"
51.158.99.69 - - [22/Dec/2021:22:20:09 +0100] "GET /index.php/askquestion/form?category_id=19&product_id=1652&type=1&tmpl=component HTTP/1.1" 200 2411 "-" "Mozilla/5.0 (Windows NT 10.0; Win64; x64) AppleWebKit/537.36 (KHTML, like Gecko) Chrome/93.0.4577.0 Safari/537.36"
51.158.99.69 - - [22/Dec/2021:22:20:10 +0100] "GET /media/com_jchoptimize/cache/js/97f8db8538293a4c75465543789f5c68.js HTTP/1.1" 200 58822 "https://lager-techniek.eu/index.php/askquestion/form?category_id=19&product_id=1652&type=1&tmpl=component" "Mozilla/5.0 (Windows NT 10.0; Win64; x64) AppleWebKit/537.36 (KHTML, like Gecko) Chrome/93.0.4577.0 Safari/537.36"
54.36.148.227 - - [22/Dec/2021:22:20:10 +0100] "GET /index.php/kegellager-inch/timken-19881922 HTTP/1.1" 200 14253 "-" "Mozilla/5.0 (compatible; AhrefsBot/7.0; +http://ahrefs.com/robot/)"
217.123.82.92 - - [22/Dec/2021:22:20:24 +0100] "GET /index.php/component/ajax/?format=json HTTP/1.1" 200 758 "https://www.lager-techniek.eu/index.php/duplex-rollenketting/vbchain-rk24b2" "Mozilla/5.0 (Windows NT 10.0; Win64; x64) AppleWebKit/537.36 (KHTML, like Gecko) Chrome/96.0.4664.110 Safari/537.36"
54.36.148.227 - - [22/Dec/2021:22:20:25 +0100] "GET /index.php/askquestion/form?category_id=913&product_id=30191&type=1&tmpl=component HTTP/1.1" 200 2412 "-" "Mozilla/5.0 (compatible; AhrefsBot/7.0; +http://ahrefs.com/robot/)"
77.60.98.226 - - [22/Dec/2021:22:20:27 +0100] "GET /index.php/component/ajax/?format=json HTTP/1.1" 200 758 "https://www.lager-techniek.eu/index.php/b-range/contitech-17x1215" "Mozilla/5.0 (Windows NT 6.1; Win64; x64) AppleWebKit/537.36 (KHTML, like Gecko) Chrome/94.0.4606.71 Safari/537.36"
178.118.52.254 - - [22/Dec/2021:22:20:32 +0100] "GET /index.php/component/ajax/?format=json HTTP/1.1" 200 758 "https://www.lager-techniek.eu/index.php/tandriemen-3m/gates-2823m6gt3" "Mozilla/5.0 (Windows NT 10.0; Win64; x64) AppleWebKit/537.36 (KHTML, like Gecko) Chrome/96.0.4664.110 Safari/537.36"
66.249.66.195 - - [22/Dec/2021:22:20:33 +0100] "GET /index.php/smering/skf-lagd125hmt68 HTTP/1.1" 200 14127 "-" "Mozilla/5.0 (compatible; Googlebot/2.1; +http://www.google.com/bot.html)"
54.36.148.227 - - [22/Dec/2021:22:20:39 +0100] "GET /index.php/askquestion/form?category_id=8&product_id=27406&type=1&tmpl=component HTTP/1.1" 200 2414 "-" "Mozilla/5.0 (compatible; AhrefsBot/7.0; +http://ahrefs.com/robot/)"
54.36.148.227 - - [22/Dec/2021:22:20:51 +0100] "GET /index.php/6000-range/skf-60172z HTTP/1.1" 200 14406 "-" "Mozilla/5.0 (compatible; AhrefsBot/7.0; +http://ahrefs.com/robot/)"
207.46.13.175 - - [22/Dec/2021:22:20:53 +0100] "GET /index.php/z-range/optibelt-10x530 HTTP/1.1" 200 14689 "-" "Mozilla/5.0 (compatible; bingbot/2.0; +http://www.bing.com/bingbot.htm)"
2a02:a441:875f:1:7de0:18ed:ddb5:da4b - - [22/Dec/2021:22:21:01 +0100] "GET /index.php/component/users/?view=registration&Itemid=111 HTTP/1.1" 200 12785 "https://www.lager-techniek.eu/index.php/cart/view" "Mozilla/5.0 (Windows NT 10.0) AppleWebKit/537.36 (KHTML, like Gecko) Chrome/96.0.4664.110 Safari/537.36"
2a02:a441:875f:1:7de0:18ed:ddb5:da4b - - [22/Dec/2021:22:21:03 +0100] "GET /media/com_jchoptimize/cache/css/80c1e32bcd53a12bc84edc0accc4a1a2.css HTTP/1.1" 200 32197 "https://www.lager-techniek.eu/index.php/component/users/?view=registration&Itemid=111" "Mozilla/5.0 (Windows NT 10.0) AppleWebKit/537.36 (KHTML, like Gecko) Chrome/96.0.4664.110 Safari/537.36"
2a02:a441:875f:1:7de0:18ed:ddb5:da4b - - [22/Dec/2021:22:21:03 +0100] "GET /media/com_jchoptimize/cache/js/8d9a12cc9e2d00a4dc829bbe8d41243b.js HTTP/1.1" 200 100334 "https://www.lager-techniek.eu/index.php/component/users/?view=registration&Itemid=111" "Mozilla/5.0 (Windows NT 10.0) AppleWebKit/537.36 (KHTML, like Gecko) Chrome/96.0.4664.110 Safari/537.36"
54.36.148.227 - - [22/Dec/2021:22:21:07 +0100] "GET /index.php/askquestion/form?category_id=984&product_id=43292&type=1&tmpl=component HTTP/1.1" 200 2431 "-" "Mozilla/5.0 (compatible; AhrefsBot/7.0; +http://ahrefs.com/robot/)"
193.104.159.11 - - [22/Dec/2021:22:21:11 +0100] "GET /index.php/component/ajax/?format=json HTTP/1.1" 200 758 "https://www.lager-techniek.eu/index.php/2200-range/fag-22032rstvh" "Mozilla/5.0 (Windows NT 10.0; Win64; x64) AppleWebKit/537.36 (KHTML, like Gecko) Chrome/96.0.4664.110 Safari/537.36 Edg/96.0.1054.62"
40.77.167.31 - - [22/Dec/2021:22:21:11 +0100] "GET /index.php/cart/add?category_id=228&product_id=97615 HTTP/1.1" 303 645 "-" "Mozilla/5.0 (compatible; bingbot/2.0; +http://www.bing.com/bingbot.htm)"
54.36.148.227 - - [22/Dec/2021:22:21:19 +0100] "GET /index.php/askquestion/form?category_id=1037&product_id=41617&type=1&tmpl=component HTTP/1.1" 200 2411 "-" "Mozilla/5.0 (compatible; AhrefsBot/7.0; +http://ahrefs.com/robot/)"
40.77.167.31 - - [22/Dec/2021:22:21:22 +0100] "GET /index.php/cart/view HTTP/1.1" 200 12858 "-" "Mozilla/5.0 (compatible; bingbot/2.0; +http://www.bing.com/bingbot.htm)"
178.85.154.38 - - [22/Dec/2021:22:21:23 +0100] "GET /index.php/6300-range/skf-6307 HTTP/1.1" 200 14464 "https://www.google.com/" "Mozilla/5.0 (iPhone; CPU iPhone OS 15_1 like Mac OS X) AppleWebKit/605.1.15 (KHTML, like Gecko) CriOS/96.0.4664.101 Mobile/15E148 Safari/604.1"
178.85.154.38 - - [22/Dec/2021:22:21:24 +0100] "GET /media/com_jchoptimize/cache/css/e3aaa5baf7724231080a3c38514acb60.css HTTP/1.1" 200 32260 "https://www.lager-techniek.eu/index.php/6300-range/skf-6307" "Mozilla/5.0 (iPhone; CPU iPhone OS 15_1 like Mac OS X) AppleWebKit/605.1.15 (KHTML, like Gecko) CriOS/96.0.4664.101 Mobile/15E148 Safari/604.1"
178.85.154.38 - - [22/Dec/2021:22:21:24 +0100] "GET /images/banner12-lager-techniek.eu.jpg HTTP/1.1" 200 17827 "https://www.lager-techniek.eu/index.php/6300-range/skf-6307" "Mozilla/5.0 (iPhone; CPU iPhone OS 15_1 like Mac OS X) AppleWebKit/605.1.15 (KHTML, like Gecko) CriOS/96.0.4664.101 Mobile/15E148 Safari/604.1"
178.85.154.38 - - [22/Dec/2021:22:21:24 +0100] "GET /media/com_jchoptimize/cache/js/af1111cf1dcd0f1d7258d5fa2fddab4c.js HTTP/1.1" 200 1504 "https://www.lager-techniek.eu/index.php/6300-range/skf-6307" "Mozilla/5.0 (iPhone; CPU iPhone OS 15_1 like Mac OS X) AppleWebKit/605.1.15 (KHTML, like Gecko) CriOS/96.0.4664.101 Mobile/15E148 Safari/604.1"
178.85.154.38 - - [22/Dec/2021:22:21:24 +0100] "GET /media/com_jchoptimize/cache/js/06f37f52e42f8f6a99fa2b3e8e79d821.js HTTP/1.1" 200 20629 "https://www.lager-techniek.eu/index.php/6300-range/skf-6307" "Mozilla/5.0 (iPhone; CPU iPhone OS 15_1 like Mac OS X) AppleWebKit/605.1.15 (KHTML, like Gecko) CriOS/96.0.4664.101 Mobile/15E148 Safari/604.1"
178.85.154.38 - - [22/Dec/2021:22:21:24 +0100] "GET /media/com_jchoptimize/cache/js/a7d5e30a627e9ed991f4b3e163151c34.js HTTP/1.1" 200 74721 "https://www.lager-techniek.eu/index.php/6300-range/skf-6307" "Mozilla/5.0 (iPhone; CPU iPhone OS 15_1 like Mac OS X) AppleWebKit/605.1.15 (KHTML, like Gecko) CriOS/96.0.4664.101 Mobile/15E148 Safari/604.1"
178.85.154.38 - - [22/Dec/2021:22:21:24 +0100] "GET /modules/mod_gtranslate/tmpl/lang/16/en.png HTTP/1.1" 200 1063 "https://www.lager-techniek.eu/index.php/6300-range/skf-6307" "Mozilla/5.0 (iPhone; CPU iPhone OS 15_1 like Mac OS X) AppleWebKit/605.1.15 (KHTML, like Gecko) CriOS/96.0.4664.101 Mobile/15E148 Safari/604.1"
178.85.154.38 - - [22/Dec/2021:22:21:24 +0100] "GET /modules/mod_gtranslate/tmpl/lang/16/pt.png HTTP/1.1" 200 947 "https://www.lager-techniek.eu/index.php/6300-range/skf-6307" "Mozilla/5.0 (iPhone; CPU iPhone OS 15_1 like Mac OS X) AppleWebKit/605.1.15 (KHTML, like Gecko) CriOS/96.0.4664.101 Mobile/15E148 Safari/604.1"
178.85.154.38 - - [22/Dec/2021:22:21:24 +0100] "GET /components/com_jshopping/images/print.png HTTP/1.1" 200 735 "https://www.lager-techniek.eu/index.php/6300-range/skf-6307" "Mozilla/5.0 (iPhone; CPU iPhone OS 15_1 like Mac OS X) AppleWebKit/605.1.15 (KHTML, like Gecko) CriOS/96.0.4664.101 Mobile/15E148 Safari/604.1"
178.85.154.38 - - [22/Dec/2021:22:21:24 +0100] "GET /media/system/images/arrow.png HTTP/1.1" 200 462 "https://www.lager-techniek.eu/index.php/6300-range/skf-6307" "Mozilla/5.0 (iPhone; CPU iPhone OS 15_1 like Mac OS X) AppleWebKit/605.1.15 (KHTML, like Gecko) CriOS/96.0.4664.101 Mobile/15E148 Safari/604.1"
178.85.154.38 - - [22/Dec/2021:22:21:24 +0100] "GET /modules/mod_gtranslate/tmpl/lang/16/de.png HTTP/1.1" 200 747 "https://www.lager-techniek.eu/index.php/6300-range/skf-6307" "Mozilla/5.0 (iPhone; CPU iPhone OS 15_1 like Mac OS X) AppleWebKit/605.1.15 (KHTML, like Gecko) CriOS/96.0.4664.101 Mobile/15E148 Safari/604.1"
178.85.154.38 - - [22/Dec/2021:22:21:24 +0100] "GET /components/com_jshopping/images/star.gif HTTP/1.1" 200 1171 "https://www.lager-techniek.eu/index.php/6300-range/skf-6307" "Mozilla/5.0 (iPhone; CPU iPhone OS 15_1 like Mac OS X) AppleWebKit/605.1.15 (KHTML, like Gecko) CriOS/96.0.4664.101 Mobile/15E148 Safari/604.1"
178.85.154.38 - - [22/Dec/2021:22:21:24 +0100] "GET /components/com_jshopping/files/img_products/img_dgbbopen.jpg HTTP/1.1" 200 12228 "https://www.lager-techniek.eu/index.php/6300-range/skf-6307" "Mozilla/5.0 (iPhone; CPU iPhone OS 15_1 like Mac OS X) AppleWebKit/605.1.15 (KHTML, like Gecko) CriOS/96.0.4664.101 Mobile/15E148 Safari/604.1"
178.85.154.38 - - [22/Dec/2021:22:21:24 +0100] "GET /modules/mod_gtranslate/tmpl/lang/16/it.png HTTP/1.1" 200 796 "https://www.lager-techniek.eu/index.php/6300-range/skf-6307" "Mozilla/5.0 (iPhone; CPU iPhone OS 15_1 like Mac OS X) AppleWebKit/605.1.15 (KHTML, like Gecko) CriOS/96.0.4664.101 Mobile/15E148 Safari/604.1"
178.85.154.38 - - [22/Dec/2021:22:21:24 +0100] "GET /modules/mod_gtranslate/tmpl/lang/16/fr.png HTTP/1.1" 200 802 "https://www.lager-techniek.eu/index.php/6300-range/skf-6307" "Mozilla/5.0 (iPhone; CPU iPhone OS 15_1 like Mac OS X) AppleWebKit/605.1.15 (KHTML, like Gecko) CriOS/96.0.4664.101 Mobile/15E148 Safari/604.1"
178.85.154.38 - - [22/Dec/2021:22:21:24 +0100] "GET /components/com_jshopping/images/search.png HTTP/1.1" 200 847 "https://www.lager-techniek.eu/index.php/6300-range/skf-6307" "Mozilla/5.0 (iPhone; CPU iPhone OS 15_1 like Mac OS X) AppleWebKit/605.1.15 (KHTML, like Gecko) CriOS/96.0.4664.101 Mobile/15E148 Safari/604.1"
178.85.154.38 - - [22/Dec/2021:22:21:24 +0100] "GET /components/com_jshopping/files/img_products/thumb_img_DGBBNS.jpg HTTP/1.1" 200 4556 "https://www.lager-techniek.eu/index.php/6300-range/skf-6307" "Mozilla/5.0 (iPhone; CPU iPhone OS 15_1 like Mac OS X) AppleWebKit/605.1.15 (KHTML, like Gecko) CriOS/96.0.4664.101 Mobile/15E148 Safari/604.1"
178.85.154.38 - - [22/Dec/2021:22:21:24 +0100] "GET /components/com_jshopping/files/img_products/thumb_img_dgbbopen.jpg HTTP/1.1" 200 7102 "https://www.lager-techniek.eu/index.php/6300-range/skf-6307" "Mozilla/5.0 (iPhone; CPU iPhone OS 15_1 like Mac OS X) AppleWebKit/605.1.15 (KHTML, like Gecko) CriOS/96.0.4664.101 Mobile/15E148 Safari/604.1"
178.85.154.38 - - [22/Dec/2021:22:21:24 +0100] "GET /modules/mod_gtranslate/tmpl/lang/16/ru.png HTTP/1.1" 200 706 "https://www.lager-techniek.eu/index.php/6300-range/skf-6307" "Mozilla/5.0 (iPhone; CPU iPhone OS 15_1 like Mac OS X) AppleWebKit/605.1.15 (KHTML, like Gecko) CriOS/96.0.4664.101 Mobile/15E148 Safari/604.1"
178.85.154.38 - - [22/Dec/2021:22:21:24 +0100] "GET /modules/mod_gtranslate/tmpl/lang/16/es.png HTTP/1.1" 200 849 "https://www.lager-techniek.eu/index.php/6300-range/skf-6307" "Mozilla/5.0 (iPhone; CPU iPhone OS 15_1 like Mac OS X) AppleWebKit/605.1.15 (KHTML, like Gecko) CriOS/96.0.4664.101 Mobile/15E148 Safari/604.1"
178.85.154.38 - - [22/Dec/2021:22:21:24 +0100] "GET /components/com_jshopping/files/img_products/img_DGBBNS.jpg HTTP/1.1" 200 11229 "https://www.lager-techniek.eu/index.php/6300-range/skf-6307" "Mozilla/5.0 (iPhone; CPU iPhone OS 15_1 like Mac OS X) AppleWebKit/605.1.15 (KHTML, like Gecko) CriOS/96.0.4664.101 Mobile/15E148 Safari/604.1"
178.85.154.38 - - [22/Dec/2021:22:21:24 +0100] "GET /components/com_jshopping/files/img_products/img_www.lager-techniek.eu_SKF_GroefKogellager.jpg HTTP/1.1" 200 10276 "https://www.lager-techniek.eu/index.php/6300-range/skf-6307" "Mozilla/5.0 (iPhone; CPU iPhone OS 15_1 like Mac OS X) AppleWebKit/605.1.15 (KHTML, like Gecko) CriOS/96.0.4664.101 Mobile/15E148 Safari/604.1"
178.85.154.38 - - [22/Dec/2021:22:21:24 +0100] "GET /media/jui/fonts/IcoMoon.woff HTTP/1.1" 200 25867 "https://www.lager-techniek.eu/index.php/6300-range/skf-6307" "Mozilla/5.0 (iPhone; CPU iPhone OS 15_1 like Mac OS X) AppleWebKit/605.1.15 (KHTML, like Gecko) CriOS/96.0.4664.101 Mobile/15E148 Safari/604.1"
178.85.154.38 - - [22/Dec/2021:22:21:24 +0100] "GET /components/com_jshopping/files/img_products/thumb_img_www.lager-techniek.eu_SKF_GroefKogellager.jpg HTTP/1.1" 200 5636 "https://www.lager-techniek.eu/index.php/6300-range/skf-6307" "Mozilla/5.0 (iPhone; CPU iPhone OS 15_1 like Mac OS X) AppleWebKit/605.1.15 (KHTML, like Gecko) CriOS/96.0.4664.101 Mobile/15E148 Safari/604.1"
178.85.154.38 - - [22/Dec/2021:22:21:24 +0100] "GET /components/com_jshopping/files/img_products/thumb_img_img_dgbbopen.jpg HTTP/1.1" 200 7039 "https://www.lager-techniek.eu/index.php/6300-range/skf-6307" "Mozilla/5.0 (iPhone; CPU iPhone OS 15_1 like Mac OS X) AppleWebKit/605.1.15 (KHTML, like Gecko) CriOS/96.0.4664.101 Mobile/15E148 Safari/604.1"
178.85.154.38 - - [22/Dec/2021:22:21:24 +0100] "GET /templates/protostar/favicon.ico HTTP/1.1" 200 1432 "-" "Mozilla/5.0 (iPhone; CPU iPhone OS 15_1 like Mac OS X) AppleWebKit/605.1.15 (KHTML, like Gecko) CriOS/96.0.4664.101 Mobile/15E148 Safari/604.1"
178.85.154.38 - - [22/Dec/2021:22:21:24 +0100] "GET /images/Lengteberekening.jpg HTTP/1.1" 200 10994 "https://www.lager-techniek.eu/index.php/6300-range/skf-6307" "Mozilla/5.0 (iPhone; CPU iPhone OS 15_1 like Mac OS X) AppleWebKit/605.1.15 (KHTML, like Gecko) CriOS/96.0.4664.101 Mobile/15E148 Safari/604.1"
178.85.154.38 - - [22/Dec/2021:22:21:24 +0100] "GET /images/DPD.jpg HTTP/1.1" 200 7428 "https://www.lager-techniek.eu/index.php/6300-range/skf-6307" "Mozilla/5.0 (iPhone; CPU iPhone OS 15_1 like Mac OS X) AppleWebKit/605.1.15 (KHTML, like Gecko) CriOS/96.0.4664.101 Mobile/15E148 Safari/604.1"
178.85.154.38 - - [22/Dec/2021:22:21:24 +0100] "GET /images/Postnl.jpg HTTP/1.1" 200 10478 "https://www.lager-techniek.eu/index.php/6300-range/skf-6307" "Mozilla/5.0 (iPhone; CPU iPhone OS 15_1 like Mac OS X) AppleWebKit/605.1.15 (KHTML, like Gecko) CriOS/96.0.4664.101 Mobile/15E148 Safari/604.1"
178.85.154.38 - - [22/Dec/2021:22:21:24 +0100] "GET /images/UPS.jpg HTTP/1.1" 200 6889 "https://www.lager-techniek.eu/index.php/6300-range/skf-6307" "Mozilla/5.0 (iPhone; CPU iPhone OS 15_1 like Mac OS X) AppleWebKit/605.1.15 (KHTML, like Gecko) CriOS/96.0.4664.101 Mobile/15E148 Safari/604.1"
178.85.154.38 - - [22/Dec/2021:22:21:24 +0100] "GET /images/index.jpg HTTP/1.1" 200 5654 "https://www.lager-techniek.eu/index.php/6300-range/skf-6307" "Mozilla/5.0 (iPhone; CPU iPhone OS 15_1 like Mac OS X) AppleWebKit/605.1.15 (KHTML, like Gecko) CriOS/96.0.4664.101 Mobile/15E148 Safari/604.1"
178.85.154.38 - - [22/Dec/2021:22:21:24 +0100] "GET /images/images.jpg HTTP/1.1" 200 5841 "https://www.lager-techniek.eu/index.php/6300-range/skf-6307" "Mozilla/5.0 (iPhone; CPU iPhone OS 15_1 like Mac OS X) AppleWebKit/605.1.15 (KHTML, like Gecko) CriOS/96.0.4664.101 Mobile/15E148 Safari/604.1"
178.85.154.38 - - [22/Dec/2021:22:21:24 +0100] "GET /images/Mollienancontact.jpg HTTP/1.1" 200 9278 "https://www.lager-techniek.eu/index.php/6300-range/skf-6307" "Mozilla/5.0 (iPhone; CPU iPhone OS 15_1 like Mac OS X) AppleWebKit/605.1.15 (KHTML, like Gecko) CriOS/96.0.4664.101 Mobile/15E148 Safari/604.1"
178.85.154.38 - - [22/Dec/2021:22:21:24 +0100] "GET /images/paypal.jpg HTTP/1.1" 200 2557 "https://www.lager-techniek.eu/index.php/6300-range/skf-6307" "Mozilla/5.0 (iPhone; CPU iPhone OS 15_1 like Mac OS X) AppleWebKit/605.1.15 (KHTML, like Gecko) CriOS/96.0.4664.101 Mobile/15E148 Safari/604.1"
178.85.154.38 - - [22/Dec/2021:22:21:24 +0100] "GET /images/bank.jpg HTTP/1.1" 200 2955 "https://www.lager-techniek.eu/index.php/6300-range/skf-6307" "Mozilla/5.0 (iPhone; CPU iPhone OS 15_1 like Mac OS X) AppleWebKit/605.1.15 (KHTML, like Gecko) CriOS/96.0.4664.101 Mobile/15E148 Safari/604.1"
178.85.154.38 - - [22/Dec/2021:22:21:24 +0100] "GET /images/MollieIdeal.png HTTP/1.1" 200 15837 "https://www.lager-techniek.eu/index.php/6300-range/skf-6307" "Mozilla/5.0 (iPhone; CPU iPhone OS 15_1 like Mac OS X) AppleWebKit/605.1.15 (KHTML, like Gecko) CriOS/96.0.4664.101 Mobile/15E148 Safari/604.1"
178.85.154.38 - - [22/Dec/2021:22:21:24 +0100] "GET /images/achteraf.jpg HTTP/1.1" 200 2428 "https://www.lager-techniek.eu/index.php/6300-range/skf-6307" "Mozilla/5.0 (iPhone; CPU iPhone OS 15_1 like Mac OS X) AppleWebKit/605.1.15 (KHTML, like Gecko) CriOS/96.0.4664.101 Mobile/15E148 Safari/604.1"
207.46.13.1 - - [22/Dec/2021:22:21:26 +0100] "GET /index.php/din-472-seegerring/din472-j32-seegerring HTTP/1.1" 200 13715 "-" "Mozilla/5.0 (compatible; bingbot/2.0; +http://www.bing.com/bingbot.htm)"
51.15.235.135 - - [22/Dec/2021:22:21:29 +0100] "GET /index.php/askquestion/form?category_id=234&product_id=21619&type=1&tmpl=component HTTP/1.1" 200 2448 "-" "Mozilla/5.0 (Windows NT 10.0; Win64; x64) AppleWebKit/537.36 (KHTML, like Gecko) Chrome/93.0.4577.0 Safari/537.36"
51.15.235.135 - - [22/Dec/2021:22:21:29 +0100] "GET /media/com_jchoptimize/cache/js/acfd063d646d412af784fc9bf880fa6b.js HTTP/1.1" 200 58821 "https://lager-techniek.eu/index.php/askquestion/form?category_id=234&product_id=21619&type=1&tmpl=component" "Mozilla/5.0 (Windows NT 10.0; Win64; x64) AppleWebKit/537.36 (KHTML, like Gecko) Chrome/93.0.4577.0 Safari/537.36"
178.85.154.38 - - [22/Dec/2021:22:21:30 +0100] "POST /index.php/cart/add HTTP/1.1" 303 540 "https://www.lager-techniek.eu/index.php/6300-range/skf-6307" "Mozilla/5.0 (iPhone; CPU iPhone OS 15_1 like Mac OS X) AppleWebKit/605.1.15 (KHTML, like Gecko) CriOS/96.0.4664.101 Mobile/15E148 Safari/604.1"
2a02:a441:875f:1:7de0:18ed:ddb5:da4b - - [22/Dec/2021:22:21:31 +0100] "POST /index.php/component/users/?task=registration.register&Itemid=111 HTTP/1.1" 303 592 "https://www.lager-techniek.eu/index.php/component/users/?view=registration&Itemid=111" "Mozilla/5.0 (Windows NT 10.0) AppleWebKit/537.36 (KHTML, like Gecko) Chrome/96.0.4664.110 Safari/537.36"
54.36.148.227 - - [22/Dec/2021:22:21:32 +0100] "GET /index.php/askquestion/form?category_id=210&product_id=18473&type=1&tmpl=component HTTP/1.1" 200 2448 "-" "Mozilla/5.0 (compatible; AhrefsBot/7.0; +http://ahrefs.com/robot/)"
178.85.154.38 - - [22/Dec/2021:22:21:31 +0100] "GET /index.php/cart/view HTTP/1.1" 200 12876 "https://www.lager-techniek.eu/index.php/6300-range/skf-6307" "Mozilla/5.0 (iPhone; CPU iPhone OS 15_1 like Mac OS X) AppleWebKit/605.1.15 (KHTML, like Gecko) CriOS/96.0.4664.101 Mobile/15E148 Safari/604.1"
178.85.154.38 - - [22/Dec/2021:22:21:33 +0100] "GET /media/com_jchoptimize/cache/css/7e32f7da8bb96e149325f5bbe076314a.css HTTP/1.1" 200 31632 "https://www.lager-techniek.eu/index.php/cart/view" "Mozilla/5.0 (iPhone; CPU iPhone OS 15_1 like Mac OS X) AppleWebKit/605.1.15 (KHTML, like Gecko) CriOS/96.0.4664.101 Mobile/15E148 Safari/604.1"
178.85.154.38 - - [22/Dec/2021:22:21:33 +0100] "GET /components/com_jshopping/images/reload.png HTTP/1.1" 200 4105 "https://www.lager-techniek.eu/index.php/cart/view" "Mozilla/5.0 (iPhone; CPU iPhone OS 15_1 like Mac OS X) AppleWebKit/605.1.15 (KHTML, like Gecko) CriOS/96.0.4664.101 Mobile/15E148 Safari/604.1"
178.85.154.38 - - [22/Dec/2021:22:21:33 +0100] "GET /media/com_jchoptimize/cache/js/ebcc444c9cd234281a979ed04d4bce33.js HTTP/1.1" 200 67731 "https://www.lager-techniek.eu/index.php/cart/view" "Mozilla/5.0 (iPhone; CPU iPhone OS 15_1 like Mac OS X) AppleWebKit/605.1.15 (KHTML, like Gecko) CriOS/96.0.4664.101 Mobile/15E148 Safari/604.1"
178.85.154.38 - - [22/Dec/2021:22:21:33 +0100] "GET /components/com_jshopping/images/remove.png HTTP/1.1" 200 944 "https://www.lager-techniek.eu/index.php/cart/view" "Mozilla/5.0 (iPhone; CPU iPhone OS 15_1 like Mac OS X) AppleWebKit/605.1.15 (KHTML, like Gecko) CriOS/96.0.4664.101 Mobile/15E148 Safari/604.1"
66.249.66.195 - - [22/Dec/2021:22:21:32 +0100] "GET /index.php/hk-range/ina-hk2516b HTTP/1.1" 200 14127 "-" "Mozilla/5.0 (Linux; Android 6.0.1; Nexus 5X Build/MMB29P) AppleWebKit/537.36 (KHTML, like Gecko) Chrome/96.0.4664.110 Mobile Safari/537.36 (compatible; Googlebot/2.1; +http://www.google.com/bot.html)"
178.85.154.38 - - [22/Dec/2021:22:21:33 +0100] "GET /images/Ijsland_2022.jpg HTTP/1.1" 200 18210 "https://www.lager-techniek.eu/index.php/cart/view" "Mozilla/5.0 (iPhone; CPU iPhone OS 15_1 like Mac OS X) AppleWebKit/605.1.15 (KHTML, like Gecko) CriOS/96.0.4664.101 Mobile/15E148 Safari/604.1"
178.85.154.38 - - [22/Dec/2021:22:21:33 +0100] "GET /components/com_jshopping/images/arrow_right.gif HTTP/1.1" 200 409 "https://www.lager-techniek.eu/index.php/cart/view" "Mozilla/5.0 (iPhone; CPU iPhone OS 15_1 like Mac OS X) AppleWebKit/605.1.15 (KHTML, like Gecko) CriOS/96.0.4664.101 Mobile/15E148 Safari/604.1"
178.85.154.38 - - [22/Dec/2021:22:21:33 +0100] "GET /components/com_jshopping/images/arrow_left.gif HTTP/1.1" 200 410 "https://www.lager-techniek.eu/index.php/cart/view" "Mozilla/5.0 (iPhone; CPU iPhone OS 15_1 like Mac OS X) AppleWebKit/605.1.15 (KHTML, like Gecko) CriOS/96.0.4664.101 Mobile/15E148 Safari/604.1"
2a02:a441:875f:1:7de0:18ed:ddb5:da4b - - [22/Dec/2021:22:21:32 +0100] "GET /index.php/component/users/?view=registration&layout=complete&Itemid=111 HTTP/1.1" 200 12132 "https://www.lager-techniek.eu/index.php/component/users/?view=registration&Itemid=111" "Mozilla/5.0 (Windows NT 10.0) AppleWebKit/537.36 (KHTML, like Gecko) Chrome/96.0.4664.110 Safari/537.36"
2a02:a441:875f:1:7de0:18ed:ddb5:da4b - - [22/Dec/2021:22:21:33 +0100] "GET /media/com_jchoptimize/cache/js/14efa66e1eab42e544fc01318a01c75a.js HTTP/1.1" 200 97045 "https://www.lager-techniek.eu/index.php/component/users/?view=registration&layout=complete&Itemid=111" "Mozilla/5.0 (Windows NT 10.0) AppleWebKit/537.36 (KHTML, like Gecko) Chrome/96.0.4664.110 Safari/537.36"
91.183.150.180 - - [22/Dec/2021:22:21:35 +0100] "GET /index.php/component/ajax/?format=json HTTP/1.1" 200 758 "https://www.lager-techniek.eu/index.php/overig/skf-tmft36" "Mozilla/5.0 (Windows NT 6.3; Win64; x64) AppleWebKit/537.36 (KHTML, like Gecko) Chrome/96.0.4664.110 Safari/537.36"
66.249.66.76 - - [22/Dec/2021:22:21:43 +0100] "GET /index.php/70-range-precisie-spindel/fag-b7000ctp4sul HTTP/1.1" 200 13888 "-" "Mozilla/5.0 (compatible; Googlebot/2.1; +http://www.google.com/bot.html)"
54.36.148.227 - - [22/Dec/2021:22:21:48 +0100] "GET /index.php/h200-range/skf-h205 HTTP/1.1" 200 14300 "-" "Mozilla/5.0 (compatible; AhrefsBot/7.0; +http://ahrefs.com/robot/)"
40.77.167.31 - - [22/Dec/2021:22:21:53 +0100] "GET /index.php/16000-range/nsk-16012 HTTP/1.1" 200 14509 "-" "Mozilla/5.0 (compatible; bingbot/2.0; +http://www.bing.com/bingbot.htm)"
54.36.148.227 - - [22/Dec/2021:22:22:00 +0100] "GET /index.php/askquestion/form?category_id=187&product_id=15627&type=1&tmpl=component HTTP/1.1" 200 2426 "-" "Mozilla/5.0 (compatible; AhrefsBot/7.0; +http://ahrefs.com/robot/)"
185.178.235.166 - - [22/Dec/2021:22:22:00 +0100] "GET /index.php/component/ajax/?format=json HTTP/1.1" 200 758 "https://www.lager-techniek.eu/index.php/kettingspanwiel/ina-ksr16l010101408" "Mozilla/5.0 (Windows NT 10.0; Win64; x64) AppleWebKit/537.36 (KHTML, like Gecko) Chrome/96.0.4664.45 Safari/537.36"
178.85.154.38 - - [22/Dec/2021:22:22:02 +0100] "GET /index.php/6300-range/skf-6307 HTTP/1.1" 200 14369 "https://www.google.com/" "Mozilla/5.0 (iPhone; CPU iPhone OS 15_1 like Mac OS X) AppleWebKit/605.1.15 (KHTML, like Gecko) CriOS/96.0.4664.101 Mobile/15E148 Safari/604.1"
54.36.148.227 - - [22/Dec/2021:22:22:13 +0100] "GET /index.php/cart/add?category_id=945&product_id=47417 HTTP/1.1" 303 645 "-" "Mozilla/5.0 (compatible; AhrefsBot/7.0; +http://ahrefs.com/robot/)"
2a02:a441:875f:1:7de0:18ed:ddb5:da4b - - [22/Dec/2021:22:22:23 +0100] "GET /index.php/component/users/?task=registration.activate&token=1a70cd34cb09d6929700140cff794216&Itemid=111 HTTP/1.1" 303 569 "-" "Mozilla/5.0 (Windows NT 10.0) AppleWebKit/537.36 (KHTML, like Gecko) Chrome/96.0.4664.110 Safari/537.36"
54.36.148.227 - - [22/Dec/2021:22:22:24 +0100] "GET /index.php/askquestion/form?category_id=895&product_id=32299&type=1&tmpl=component HTTP/1.1" 200 2415 "-" "Mozilla/5.0 (compatible; AhrefsBot/7.0; +http://ahrefs.com/robot/)"
2a02:a441:875f:1:7de0:18ed:ddb5:da4b - - [22/Dec/2021:22:22:23 +0100] "GET /index.php/component/users/?view=login&Itemid=111 HTTP/1.1" 200 12410 "-" "Mozilla/5.0 (Windows NT 10.0) AppleWebKit/537.36 (KHTML, like Gecko) Chrome/96.0.4664.110 Safari/537.36"
2a02:a441:875f:1:7de0:18ed:ddb5:da4b - - [22/Dec/2021:22:22:25 +0100] "GET /media/com_jchoptimize/cache/js/95884586dbe8326457cb149c2fa7adcb.js HTTP/1.1" 200 99619 "https://www.lager-techniek.eu/index.php/component/users/?view=login&Itemid=111" "Mozilla/5.0 (Windows NT 10.0) AppleWebKit/537.36 (KHTML, like Gecko) Chrome/96.0.4664.110 Safari/537.36"
207.46.13.122 - - [22/Dec/2021:22:22:27 +0100] "GET /index.php/kogels/kogellager-kogel-10mmss HTTP/1.1" 200 13536 "-" "Mozilla/5.0 (compatible; bingbot/2.0; +http://www.bing.com/bingbot.htm)"
77.226.249.91 - - [22/Dec/2021:22:22:29 +0100] "GET /index.php/component/ajax/?format=json HTTP/1.1" 200 758 "https://www.lager-techniek.eu/index.php/a-range/contitech-13x3650" "Mozilla/5.0 (Windows NT 10.0; Win64; x64) AppleWebKit/537.36 (KHTML, like Gecko) Chrome/96.0.4664.55 Safari/537.36 Edg/96.0.1054.43"
54.36.148.227 - - [22/Dec/2021:22:22:37 +0100] "GET /index.php/borgmoer/snr-km28 HTTP/1.1" 200 14348 "-" "Mozilla/5.0 (compatible; AhrefsBot/7.0; +http://ahrefs.com/robot/)"
2a02:a441:875f:1:7de0:18ed:ddb5:da4b - - [22/Dec/2021:22:22:40 +0100] "POST /index.php/component/users/?task=user.login&Itemid=111 HTTP/1.1" 303 922 "https://www.lager-techniek.eu/index.php/component/users/?view=login&Itemid=111" "Mozilla/5.0 (Windows NT 10.0) AppleWebKit/537.36 (KHTML, like Gecko) Chrome/96.0.4664.110 Safari/537.36"
2a02:a441:875f:1:7de0:18ed:ddb5:da4b - - [22/Dec/2021:22:22:41 +0100] "GET /index.php/component/users/profile?Itemid=111 HTTP/1.1" 200 11873 "https://www.lager-techniek.eu/index.php/component/users/?view=login&Itemid=111" "Mozilla/5.0 (Windows NT 10.0) AppleWebKit/537.36 (KHTML, like Gecko) Chrome/96.0.4664.110 Safari/537.36"
2a02:a441:875f:1:7de0:18ed:ddb5:da4b - - [22/Dec/2021:22:22:42 +0100] "GET /media/com_jchoptimize/cache/css/e1a90f6af6a977224f18a16eb902e0c1.css HTTP/1.1" 200 32232 "https://www.lager-techniek.eu/index.php/component/users/profile?Itemid=111" "Mozilla/5.0 (Windows NT 10.0) AppleWebKit/537.36 (KHTML, like Gecko) Chrome/96.0.4664.110 Safari/537.36"
2a02:a441:875f:1:7de0:18ed:ddb5:da4b - - [22/Dec/2021:22:22:42 +0100] "GET /media/com_jchoptimize/cache/js/326dd614ff3979dea076a14e5613b1ac.js HTTP/1.1" 200 123490 "https://www.lager-techniek.eu/index.php/component/users/profile?Itemid=111" "Mozilla/5.0 (Windows NT 10.0) AppleWebKit/537.36 (KHTML, like Gecko) Chrome/96.0.4664.110 Safari/537.36"
54.36.148.227 - - [22/Dec/2021:22:22:50 +0100] "GET /index.php/cart/add?category_id=945&product_id=47420 HTTP/1.1" 303 645 "-" "Mozilla/5.0 (compatible; AhrefsBot/7.0; +http://ahrefs.com/robot/)"
82.75.56.74 - - [22/Dec/2021:22:22:51 +0100] "GET /index.php/component/ajax/?format=json HTTP/1.1" 200 758 "https://www.lager-techniek.eu/index.php/6000-range/fag-60032rsr" "Mozilla/5.0 (Windows NT 10.0; Win64; x64; rv:95.0) Gecko/20100101 Firefox/95.0"
90.145.217.226 - - [22/Dec/2021:22:22:53 +0100] "GET /index.php/component/ajax/?format=json HTTP/1.1" 200 758 "https://www.lager-techniek.eu/index.php/met-flens/permaglide-paf25215-p11" "Mozilla/5.0 (Windows NT 10.0; Win64; x64) AppleWebKit/537.36 (KHTML, like Gecko) Chrome/96.0.4664.45 Safari/537.36"
54.36.148.227 - - [22/Dec/2021:22:23:04 +0100] "GET /index.php/cart/add?category_id=945&product_id=47421 HTTP/1.1" 303 645 "-" "Mozilla/5.0 (compatible; AhrefsBot/7.0; +http://ahrefs.com/robot/)"
2a02:a441:875f:1:7de0:18ed:ddb5:da4b - - [22/Dec/2021:22:23:13 +0100] "GET /index.php/wenslijst/view HTTP/1.1" 200 12036 "https://www.lager-techniek.eu/index.php/component/users/profile?Itemid=111" "Mozilla/5.0 (Windows NT 10.0) AppleWebKit/537.36 (KHTML, like Gecko) Chrome/96.0.4664.110 Safari/537.36"
2a02:a441:875f:1:7de0:18ed:ddb5:da4b - - [22/Dec/2021:22:23:14 +0100] "GET /media/com_jchoptimize/cache/css/ff8c8fae05325d26a2fa22d13fc4b284.css HTTP/1.1" 200 31629 "https://www.lager-techniek.eu/index.php/wenslijst/view" "Mozilla/5.0 (Windows NT 10.0) AppleWebKit/537.36 (KHTML, like Gecko) Chrome/96.0.4664.110 Safari/537.36"
2a02:a441:875f:1:7de0:18ed:ddb5:da4b - - [22/Dec/2021:22:23:14 +0100] "GET /media/com_jchoptimize/cache/js/e9d3e4dc3203afcf4e826016a2d2a3b0.js HTTP/1.1" 200 94220 "https://www.lager-techniek.eu/index.php/wenslijst/view" "Mozilla/5.0 (Windows NT 10.0) AppleWebKit/537.36 (KHTML, like Gecko) Chrome/96.0.4664.110 Safari/537.36"
54.36.148.227 - - [22/Dec/2021:22:23:18 +0100] "GET /index.php/askquestion/form?category_id=899&product_id=31267&type=1&tmpl=component HTTP/1.1" 200 2410 "-" "Mozilla/5.0 (compatible; AhrefsBot/7.0; +http://ahrefs.com/robot/)"
2a02:a441:875f:1:7de0:18ed:ddb5:da4b - - [22/Dec/2021:22:23:23 +0100] "GET /index.php/component/users/?view=registration&Itemid=111 HTTP/1.1" 303 565 "https://www.lager-techniek.eu/index.php/cart/view" "Mozilla/5.0 (Windows NT 10.0) AppleWebKit/537.36 (KHTML, like Gecko) Chrome/96.0.4664.110 Safari/537.36"
66.249.66.4 - - [22/Dec/2021:22:23:23 +0100] "GET /index.php/ba-r-range/23x47x10-ba-oliekeerring HTTP/1.1" 200 13597 "-" "Mozilla/5.0 (compatible; Googlebot/2.1; +http://www.google.com/bot.html)"
2a02:a441:875f:1:7de0:18ed:ddb5:da4b - - [22/Dec/2021:22:23:23 +0100] "GET /index.php/component/users/profile?Itemid=111 HTTP/1.1" 200 11873 "https://www.lager-techniek.eu/index.php/cart/view" "Mozilla/5.0 (Windows NT 10.0) AppleWebKit/537.36 (KHTML, like Gecko) Chrome/96.0.4664.110 Safari/537.36"
2a02:a441:875f:1:7de0:18ed:ddb5:da4b - - [22/Dec/2021:22:23:31 +0100] "GET /index.php/cart/view HTTP/1.1" 200 12552 "https://www.lager-techniek.eu/index.php/kegellager-inch/fag-klm11749lm11710" "Mozilla/5.0 (Windows NT 10.0) AppleWebKit/537.36 (KHTML, like Gecko) Chrome/96.0.4664.110 Safari/537.36"
2a02:a441:875f:1:7de0:18ed:ddb5:da4b - - [22/Dec/2021:22:23:32 +0100] "GET /media/com_jchoptimize/cache/css/bf1d5cc57a2972bddcd46c9aec19204e.css HTTP/1.1" 200 31632 "https://www.lager-techniek.eu/index.php/cart/view" "Mozilla/5.0 (Windows NT 10.0) AppleWebKit/537.36 (KHTML, like Gecko) Chrome/96.0.4664.110 Safari/537.36"
54.36.148.227 - - [22/Dec/2021:22:23:33 +0100] "GET /index.php/askquestion/form?category_id=963&product_id=42173&type=1&tmpl=component HTTP/1.1" 200 2404 "-" "Mozilla/5.0 (compatible; AhrefsBot/7.0; +http://ahrefs.com/robot/)"
54.36.148.227 - - [22/Dec/2021:22:23:46 +0100] "GET /index.php/cart/add?category_id=916&product_id=30386 HTTP/1.1" 303 645 "-" "Mozilla/5.0 (compatible; AhrefsBot/7.0; +http://ahrefs.com/robot/)"
66.249.66.4 - - [22/Dec/2021:22:23:52 +0100] "GET /index.php/6200-range/nsk-6218dduc3 HTTP/1.1" 200 14410 "-" "Mozilla/5.0 (Linux; Android 6.0.1; Nexus 5X Build/MMB29P) AppleWebKit/537.36 (KHTML, like Gecko) Chrome/96.0.4664.110 Mobile Safari/537.36 (compatible; Googlebot/2.1; +http://www.google.com/bot.html)"
2a02:a441:875f:1:7de0:18ed:ddb5:da4b - - [22/Dec/2021:22:23:55 +0100] "POST /index.php/cart/discountsave HTTP/1.1" 303 540 "https://www.lager-techniek.eu/index.php/cart/view" "Mozilla/5.0 (Windows NT 10.0) AppleWebKit/537.36 (KHTML, like Gecko) Chrome/96.0.4664.110 Safari/537.36"
2a02:a441:875f:1:7de0:18ed:ddb5:da4b - - [22/Dec/2021:22:23:56 +0100] "GET /index.php/cart/view HTTP/1.1" 200 12641 "https://www.lager-techniek.eu/index.php/cart/view" "Mozilla/5.0 (Windows NT 10.0) AppleWebKit/537.36 (KHTML, like Gecko) Chrome/96.0.4664.110 Safari/537.36"
66.249.66.158 - - [22/Dec/2021:22:23:57 +0100] "GET /index.php/21300-range/timken-21313kejw33 HTTP/1.1" 200 14552 "-" "Mozilla/5.0 (compatible; Googlebot/2.1; +http://www.google.com/bot.html)"
89.146.3.50 - - [22/Dec/2021:22:23:58 +0100] "GET /index.php/component/ajax/?format=json HTTP/1.1" 200 758 "https://www.lager-techniek.eu/index.php/spa-range/optibelt-spa1600" "Mozilla/5.0 (Windows NT 10.0; Win64; x64) AppleWebKit/537.36 (KHTML, like Gecko) Chrome/96.0.4664.110 Safari/537.36 Edg/96.0.1054.62"
54.36.148.227 - - [22/Dec/2021:22:24:01 +0100] "GET /index.php/cart/add?category_id=45&product_id=22785 HTTP/1.1" 303 645 "-" "Mozilla/5.0 (compatible; AhrefsBot/7.0; +http://ahrefs.com/robot/)"
2a02:a441:875f:1:7de0:18ed:ddb5:da4b - - [22/Dec/2021:22:24:07 +0100] "GET /index.php/checkout/step2?check_login=1 HTTP/1.1" 200 12829 "https://www.lager-techniek.eu/index.php/cart/view" "Mozilla/5.0 (Windows NT 10.0) AppleWebKit/537.36 (KHTML, like Gecko) Chrome/96.0.4664.110 Safari/537.36"
2a02:a441:875f:1:7de0:18ed:ddb5:da4b - - [22/Dec/2021:22:24:09 +0100] "GET /media/com_jchoptimize/cache/js/1676597e32f88ed8b68b0b6a0aa5a9a5.js HTTP/1.1" 200 94339 "https://www.lager-techniek.eu/index.php/checkout/step2?check_login=1" "Mozilla/5.0 (Windows NT 10.0) AppleWebKit/537.36 (KHTML, like Gecko) Chrome/96.0.4664.110 Safari/537.36"
54.36.148.227 - - [22/Dec/2021:22:24:15 +0100] "GET /index.php/cart/add?category_id=45&product_id=22786 HTTP/1.1" 303 645 "-" "Mozilla/5.0 (compatible; AhrefsBot/7.0; +http://ahrefs.com/robot/)"
2a02:a465:f28:1:bdfe:fa9b:f69e:a79 - - [22/Dec/2021:22:24:17 +0100] "GET / HTTP/1.1" 200 0 "-" "Mozilla/5.0 (iPhone; CPU iPhone OS 15_1 like Mac OS X) AppleWebKit/605.1.15 (KHTML, like Gecko) CriOS/96.0.4664.101 Mobile/15E148 Safari/604.1"
163.172.149.5 - - [22/Dec/2021:22:24:22 +0100] "GET /index.php/askquestion/form?category_id=61&product_id=2859&type=1&tmpl=component HTTP/1.1" 200 2414 "-" "Mozilla/5.0 (Windows NT 10.0; Win64; x64) AppleWebKit/537.36 (KHTML, like Gecko) Chrome/93.0.4577.0 Safari/537.36"
163.172.149.5 - - [22/Dec/2021:22:24:22 +0100] "GET /media/com_jchoptimize/cache/js/074b06d5eeb9621498c703fd7611bad3.js HTTP/1.1" 200 58820 "https://lager-techniek.eu/index.php/askquestion/form?category_id=61&product_id=2859&type=1&tmpl=component" "Mozilla/5.0 (Windows NT 10.0; Win64; x64) AppleWebKit/537.36 (KHTML, like Gecko) Chrome/93.0.4577.0 Safari/537.36"
51.15.214.107 - - [22/Dec/2021:22:24:26 +0100] "GET /index.php/rollenketting/iwis-ct102-kettingbreker?tmpl=component&print=1 HTTP/1.1" 200 3578 "-" "Mozilla/5.0 (Windows NT 10.0; Win64; x64) AppleWebKit/537.36 (KHTML, like Gecko) Chrome/93.0.4577.0 Safari/537.36"
