90.145.217.226 - - [22/Dec/2021:23:12:53 +0100] "GET /index.php/component/ajax/?format=json HTTP/1.1" 200 758 "https://www.lager-techniek.eu/index.php/met-flens/permaglide-paf25215-p11" "Mozilla/5.0 (Windows NT 10.0; Win64; x64) AppleWebKit/537.36 (KHTML, like Gecko) Chrome/96.0.4664.45 Safari/537.36"
163.172.137.51 - - [22/Dec/2021:23:12:58 +0100] "GET /index.php/askquestion/form?category_id=228&product_id=97441&type=1&tmpl=component HTTP/1.1" 200 2415 "-" "Mozilla/5.0 (Windows NT 10.0; Win64; x64) AppleWebKit/537.36 (KHTML, like Gecko) Chrome/93.0.4577.0 Safari/537.36"
163.172.137.51 - - [22/Dec/2021:23:12:59 +0100] "GET /media/com_jchoptimize/cache/js/7889e391f996a4927c53a7929458955e.js HTTP/1.1" 200 58821 "https://lager-techniek.eu/index.php/askquestion/form?category_id=228&product_id=97441&type=1&tmpl=component" "Mozilla/5.0 (Windows NT 10.0; Win64; x64) AppleWebKit/537.36 (KHTML, like Gecko) Chrome/93.0.4577.0 Safari/537.36"
54.36.148.227 - - [22/Dec/2021:23:13:07 +0100] "GET /index.php/cart/add?category_id=33&product_id=27244 HTTP/1.1" 303 645 "-" "Mozilla/5.0 (compatible; AhrefsBot/7.0; +http://ahrefs.com/robot/)"
54.36.148.227 - - [22/Dec/2021:23:13:23 +0100] "GET /index.php/cart/add?category_id=33&product_id=27261 HTTP/1.1" 303 645 "-" "Mozilla/5.0 (compatible; AhrefsBot/7.0; +http://ahrefs.com/robot/)"
54.36.148.227 - - [22/Dec/2021:23:13:40 +0100] "GET /index.php/cart/add?category_id=33&product_id=27234 HTTP/1.1" 303 645 "-" "Mozilla/5.0 (compatible; AhrefsBot/7.0; +http://ahrefs.com/robot/)"
66.249.66.159 - - [22/Dec/2021:23:13:42 +0100] "GET /index.php/pase-sy-fm-range/skf-sy-30-fm HTTP/1.1" 200 14407 "-" "Mozilla/5.0 (Linux; Android 6.0.1; Nexus 5X Build/MMB29P) AppleWebKit/537.36 (KHTML, like Gecko) Chrome/96.0.4664.110 Mobile Safari/537.36 (compatible; Googlebot/2.1; +http://www.google.com/bot.html)"
54.36.148.227 - - [22/Dec/2021:23:13:55 +0100] "GET /index.php/cart/add?category_id=33&product_id=27243 HTTP/1.1" 303 645 "-" "Mozilla/5.0 (compatible; AhrefsBot/7.0; +http://ahrefs.com/robot/)"
66.249.66.159 - - [22/Dec/2021:23:13:56 +0100] "GET /index.php/speedi-sleeve/skf-99549 HTTP/1.1" 200 14506 "-" "Mozilla/5.0 (compatible; Googlebot/2.1; +http://www.google.com/bot.html)"
66.249.66.158 - - [22/Dec/2021:23:13:57 +0100] "GET /index.php/nk-range/ntn-nk1916 HTTP/1.1" 200 14202 "-" "Mozilla/5.0 (Linux; Android 6.0.1; Nexus 5X Build/MMB29P) AppleWebKit/537.36 (KHTML, like Gecko) Chrome/96.0.4664.110 Mobile Safari/537.36 (compatible; Googlebot/2.1; +http://www.google.com/bot.html)"
89.146.3.50 - - [22/Dec/2021:23:13:58 +0100] "GET /index.php/component/ajax/?format=json HTTP/1.1" 200 758 "https://www.lager-techniek.eu/index.php/spa-range/optibelt-spa1600" "Mozilla/5.0 (Windows NT 10.0; Win64; x64) AppleWebKit/537.36 (KHTML, like Gecko) Chrome/96.0.4664.110 Safari/537.36 Edg/96.0.1054.62"
51.158.114.97 - - [22/Dec/2021:23:14:07 +0100] "GET /index.php/inleg-spieen/din6885a-14x9x150rvs1-4571?tmpl=component&print=1 HTTP/1.1" 200 3786 "-" "Mozilla/5.0 (Windows NT 10.0; Win64; x64) AppleWebKit/537.36 (KHTML, like Gecko) Chrome/93.0.4577.0 Safari/537.36"
51.158.114.97 - - [22/Dec/2021:23:14:07 +0100] "GET /media/com_jchoptimize/cache/js/01c2bb7e5b2f41c77be699ef921df934.js HTTP/1.1" 200 20649 "https://lager-techniek.eu/index.php/inleg-spieen/din6885a-14x9x150rvs1-4571?tmpl=component&print=1" "Mozilla/5.0 (Windows NT 10.0; Win64; x64) AppleWebKit/537.36 (KHTML, like Gecko) Chrome/93.0.4577.0 Safari/537.36"
54.36.148.227 - - [22/Dec/2021:23:14:07 +0100] "GET /index.php/cart/add?category_id=33&product_id=27252 HTTP/1.1" 303 645 "-" "Mozilla/5.0 (compatible; AhrefsBot/7.0; +http://ahrefs.com/robot/)"
51.158.114.97 - - [22/Dec/2021:23:14:07 +0100] "GET /media/com_jchoptimize/cache/js/0a68812b70c9b08381b9aba1e21a9235.js HTTP/1.1" 200 66510 "https://lager-techniek.eu/index.php/inleg-spieen/din6885a-14x9x150rvs1-4571?tmpl=component&print=1" "Mozilla/5.0 (Windows NT 10.0; Win64; x64) AppleWebKit/537.36 (KHTML, like Gecko) Chrome/93.0.4577.0 Safari/537.36"
54.36.148.227 - - [22/Dec/2021:23:14:23 +0100] "GET /index.php/cart/add?category_id=33&product_id=27253 HTTP/1.1" 303 645 "-" "Mozilla/5.0 (compatible; AhrefsBot/7.0; +http://ahrefs.com/robot/)"
66.249.66.200 - - [22/Dec/2021:23:14:25 +0100] "GET /index.php/21300-range/fag-21317e1xlk HTTP/1.1" 200 14458 "-" "Mozilla/5.0 (Linux; Android 6.0.1; Nexus 5X Build/MMB29P) AppleWebKit/537.36 (KHTML, like Gecko) Chrome/96.0.4664.110 Mobile Safari/537.36 (compatible; Googlebot/2.1; +http://www.google.com/bot.html)"
178.118.52.254 - - [22/Dec/2021:23:14:32 +0100] "GET /index.php/component/ajax/?format=json HTTP/1.1" 200 758 "https://www.lager-techniek.eu/index.php/tandriemen-3m/gates-2883m15" "Mozilla/5.0 (Windows NT 10.0; Win64; x64) AppleWebKit/537.36 (KHTML, like Gecko) Chrome/96.0.4664.110 Safari/537.36"
2a02:a46a:4513:1:8d6f:371c:a7a9:e6c6 - - [22/Dec/2021:23:14:34 +0100] "GET /index.php/component/ajax/?format=json HTTP/1.1" 200 758 "https://www.lager-techniek.eu/index.php/b-range/gates-17x1725" "Mozilla/5.0 (Windows NT 10.0; Win64; x64) AppleWebKit/537.36 (KHTML, like Gecko) Chrome/96.0.4664.110 Safari/537.36"
54.36.148.227 - - [22/Dec/2021:23:14:41 +0100] "GET /index.php/cart/add?category_id=33&product_id=27259 HTTP/1.1" 303 645 "-" "Mozilla/5.0 (compatible; AhrefsBot/7.0; +http://ahrefs.com/robot/)"
54.36.148.227 - - [22/Dec/2021:23:14:56 +0100] "GET /index.php/cart/add?category_id=33&product_id=27262 HTTP/1.1" 303 645 "-" "Mozilla/5.0 (compatible; AhrefsBot/7.0; +http://ahrefs.com/robot/)"
54.36.148.227 - - [22/Dec/2021:23:15:15 +0100] "GET /index.php/tandriemschijf-66at10/66at10362 HTTP/1.1" 200 13937 "-" "Mozilla/5.0 (compatible; AhrefsBot/7.0; +http://ahrefs.com/robot/)"
51.15.132.144 - - [22/Dec/2021:23:15:20 +0100] "GET /index.php/askquestion/form?category_id=51&product_id=17315&type=1&tmpl=component HTTP/1.1" 200 2428 "-" "Mozilla/5.0 (Windows NT 10.0; Win64; x64) AppleWebKit/537.36 (KHTML, like Gecko) Chrome/93.0.4577.0 Safari/537.36"
51.15.132.144 - - [22/Dec/2021:23:15:20 +0100] "GET /media/com_jchoptimize/cache/js/a008ebf44abca33dc51696683b75b55a.js HTTP/1.1" 200 58821 "https://lager-techniek.eu/index.php/askquestion/form?category_id=51&product_id=17315&type=1&tmpl=component" "Mozilla/5.0 (Windows NT 10.0; Win64; x64) AppleWebKit/537.36 (KHTML, like Gecko) Chrome/93.0.4577.0 Safari/537.36"
217.123.82.92 - - [22/Dec/2021:23:15:23 +0100] "GET /index.php/component/ajax/?format=json HTTP/1.1" 200 758 "https://www.lager-techniek.eu/index.php/duplex-rollenketting/vbchain-rk24b2" "Mozilla/5.0 (Windows NT 10.0; Win64; x64) AppleWebKit/537.36 (KHTML, like Gecko) Chrome/96.0.4664.110 Safari/537.36"
77.60.98.226 - - [22/Dec/2021:23:15:27 +0100] "GET /index.php/component/ajax/?format=json HTTP/1.1" 200 758 "https://www.lager-techniek.eu/index.php/b-range/contitech-17x1215" "Mozilla/5.0 (Windows NT 6.1; Win64; x64) AppleWebKit/537.36 (KHTML, like Gecko) Chrome/94.0.4606.71 Safari/537.36"
178.118.52.254 - - [22/Dec/2021:23:15:32 +0100] "GET /index.php/component/ajax/?format=json HTTP/1.1" 200 758 "https://www.lager-techniek.eu/index.php/tandriemen-3m/gates-2823m6gt3" "Mozilla/5.0 (Windows NT 10.0; Win64; x64) AppleWebKit/537.36 (KHTML, like Gecko) Chrome/96.0.4664.110 Safari/537.36"
54.36.148.227 - - [22/Dec/2021:23:15:32 +0100] "GET /index.php/tandriemschijf-66at10/66at10402 HTTP/1.1" 200 13933 "-" "Mozilla/5.0 (compatible; AhrefsBot/7.0; +http://ahrefs.com/robot/)"
66.249.66.77 - - [22/Dec/2021:23:15:48 +0100] "GET /index.php/producenten/33000-range/skf-33019 HTTP/1.1" 200 14577 "-" "Mozilla/5.0 (compatible; Googlebot/2.1; +http://www.google.com/bot.html)"
54.36.148.227 - - [22/Dec/2021:23:15:50 +0100] "GET /index.php/tandriemschijf-66at10/66at10440 HTTP/1.1" 200 13926 "-" "Mozilla/5.0 (compatible; AhrefsBot/7.0; +http://ahrefs.com/robot/)"
66.249.66.200 - - [22/Dec/2021:23:16:03 +0100] "GET /index.php/zkln-range/ina-zkln10342zxl HTTP/1.1" 200 13813 "-" "Mozilla/5.0 (compatible; Googlebot/2.1; +http://www.google.com/bot.html)"
54.36.148.227 - - [22/Dec/2021:23:16:09 +0100] "GET /index.php/tandriemschijf-66at10/66at10600 HTTP/1.1" 200 13924 "-" "Mozilla/5.0 (compatible; AhrefsBot/7.0; +http://ahrefs.com/robot/)"
193.104.159.11 - - [22/Dec/2021:23:16:11 +0100] "GET /index.php/component/ajax/?format=json HTTP/1.1" 200 758 "https://www.lager-techniek.eu/index.php/2200-range/fag-22032rstvh" "Mozilla/5.0 (Windows NT 10.0; Win64; x64) AppleWebKit/537.36 (KHTML, like Gecko) Chrome/96.0.4664.110 Safari/537.36 Edg/96.0.1054.62"
66.249.66.77 - - [22/Dec/2021:23:16:16 +0100] "GET /index.php/tandriemen-5m/gates-3505m25 HTTP/1.1" 200 14576 "-" "Mozilla/5.0 (compatible; Googlebot/2.1; +http://www.google.com/bot.html)"
54.36.148.227 - - [22/Dec/2021:23:16:23 +0100] "GET /index.php/tandriemschijf-66at10/66at10322 HTTP/1.1" 200 13929 "-" "Mozilla/5.0 (compatible; AhrefsBot/7.0; +http://ahrefs.com/robot/)"
207.46.13.122 - - [22/Dec/2021:23:16:22 +0100] "GET /index.php/component/users/?view=login&Itemid=111 HTTP/1.1" 200 12360 "-" "Mozilla/5.0 (compatible; bingbot/2.0; +http://www.bing.com/bingbot.htm)"
91.183.150.180 - - [22/Dec/2021:23:16:35 +0100] "GET /index.php/component/ajax/?format=json HTTP/1.1" 200 758 "https://www.lager-techniek.eu/index.php/overig/skf-tmft36" "Mozilla/5.0 (Windows NT 6.3; Win64; x64) AppleWebKit/537.36 (KHTML, like Gecko) Chrome/96.0.4664.110 Safari/537.36"
54.36.148.227 - - [22/Dec/2021:23:16:41 +0100] "GET /index.php/tandriemschijf-66at10/66at10480 HTTP/1.1" 200 13927 "-" "Mozilla/5.0 (compatible; AhrefsBot/7.0; +http://ahrefs.com/robot/)"
185.178.235.166 - - [22/Dec/2021:23:17:00 +0100] "GET /index.php/component/ajax/?format=json HTTP/1.1" 200 758 "https://www.lager-techniek.eu/index.php/kettingspanwiel/ina-ksr16l010101408" "Mozilla/5.0 (Windows NT 10.0; Win64; x64) AppleWebKit/537.36 (KHTML, like Gecko) Chrome/96.0.4664.45 Safari/537.36"
54.36.148.227 - - [22/Dec/2021:23:17:01 +0100] "GET /index.php/cart/add?category_id=33&product_id=27237 HTTP/1.1" 303 645 "-" "Mozilla/5.0 (compatible; AhrefsBot/7.0; +http://ahrefs.com/robot/)"
66.249.66.77 - - [22/Dec/2021:23:17:02 +0100] "GET /index.php/6000-range/ntn-6009 HTTP/1.1" 200 14515 "-" "Mozilla/5.0 (compatible; Googlebot/2.1; +http://www.google.com/bot.html)"
54.36.148.227 - - [22/Dec/2021:23:17:17 +0100] "GET /index.php/cart/add?category_id=33&product_id=27249 HTTP/1.1" 303 645 "-" "Mozilla/5.0 (compatible; AhrefsBot/7.0; +http://ahrefs.com/robot/)"
77.226.249.91 - - [22/Dec/2021:23:17:28 +0100] "GET /index.php/component/ajax/?format=json HTTP/1.1" 200 758 "https://www.lager-techniek.eu/index.php/a-range/contitech-13x3650" "Mozilla/5.0 (Windows NT 10.0; Win64; x64) AppleWebKit/537.36 (KHTML, like Gecko) Chrome/96.0.4664.55 Safari/537.36 Edg/96.0.1054.43"
54.36.148.227 - - [22/Dec/2021:23:17:32 +0100] "GET /index.php/cart/add?category_id=33&product_id=27254 HTTP/1.1" 303 645 "-" "Mozilla/5.0 (compatible; AhrefsBot/7.0; +http://ahrefs.com/robot/)"
66.249.66.76 - - [22/Dec/2021:23:17:34 +0100] "GET /index.php/6300-range/fag-6311rsr HTTP/1.1" 200 14385 "-" "Mozilla/5.0 (compatible; Googlebot/2.1; +http://www.google.com/bot.html)"
13.66.139.0 - - [22/Dec/2021:23:17:36 +0100] "GET /index.php/cart/add?category_id=69&product_id=23675 HTTP/1.1" 303 645 "-" "Mozilla/5.0 (compatible; bingbot/2.0; +http://www.bing.com/bingbot.htm)"
13.66.139.0 - - [22/Dec/2021:23:17:38 +0100] "GET /index.php/cart/view HTTP/1.1" 200 12869 "-" "Mozilla/5.0 (compatible; bingbot/2.0; +http://www.bing.com/bingbot.htm)"
66.249.66.4 - - [22/Dec/2021:23:17:49 +0100] "GET /media/com_jchoptimize/cache/js/3458f4e5130b79ace5b335cf6f5591eb.js HTTP/1.1" 200 101226 "https://www.lager-techniek.eu/index.php/zkln-range/ina-zkln10342zxl" "Mozilla/5.0 AppleWebKit/537.36 (KHTML, like Gecko; compatible; Googlebot/2.1; +http://www.google.com/bot.html) Chrome/96.0.4664.93 Safari/537.36"
54.36.148.227 - - [22/Dec/2021:23:17:51 +0100] "GET /index.php/cart/add?category_id=33&product_id=27256 HTTP/1.1" 303 645 "-" "Mozilla/5.0 (compatible; AhrefsBot/7.0; +http://ahrefs.com/robot/)"
90.145.217.226 - - [22/Dec/2021:23:17:53 +0100] "GET /index.php/component/ajax/?format=json HTTP/1.1" 200 758 "https://www.lager-techniek.eu/index.php/met-flens/permaglide-paf25215-p11" "Mozilla/5.0 (Windows NT 10.0; Win64; x64) AppleWebKit/537.36 (KHTML, like Gecko) Chrome/96.0.4664.45 Safari/537.36"
54.36.148.227 - - [22/Dec/2021:23:18:08 +0100] "GET /index.php/cart/add?category_id=20&product_id=25964 HTTP/1.1" 303 645 "-" "Mozilla/5.0 (compatible; AhrefsBot/7.0; +http://ahrefs.com/robot/)"
54.36.148.227 - - [22/Dec/2021:23:18:22 +0100] "GET /index.php/cart/add?category_id=33&product_id=27251 HTTP/1.1" 303 645 "-" "Mozilla/5.0 (compatible; AhrefsBot/7.0; +http://ahrefs.com/robot/)"
66.249.66.198 - - [22/Dec/2021:23:18:33 +0100] "GET /media/com_jchoptimize/cache/js/3458f4e5130b79ace5b335cf6f5591eb.js HTTP/1.1" 200 101226 "https://www.lager-techniek.eu/index.php/zkln-range/ina-zkln10342zxl" "Mozilla/5.0 AppleWebKit/537.36 (KHTML, like Gecko; compatible; Googlebot/2.1; +http://www.google.com/bot.html) Chrome/96.0.4664.93 Safari/537.36"
66.249.66.195 - - [22/Dec/2021:23:18:35 +0100] "GET /index.php/natr-range/ntn-natr12xct HTTP/1.1" 200 14108 "-" "Mozilla/5.0 (Linux; Android 6.0.1; Nexus 5X Build/MMB29P) AppleWebKit/537.36 (KHTML, like Gecko) Chrome/96.0.4664.110 Mobile Safari/537.36 (compatible; Googlebot/2.1; +http://www.google.com/bot.html)"
54.36.148.227 - - [22/Dec/2021:23:18:39 +0100] "GET /index.php/nu-200-range/nsk-nu219et HTTP/1.1" 200 14552 "-" "Mozilla/5.0 (compatible; AhrefsBot/7.0; +http://ahrefs.com/robot/)"
54.36.148.227 - - [22/Dec/2021:23:18:57 +0100] "GET /index.php/cart/add?category_id=210&product_id=18483 HTTP/1.1" 303 645 "-" "Mozilla/5.0 (compatible; AhrefsBot/7.0; +http://ahrefs.com/robot/)"
89.146.3.50 - - [22/Dec/2021:23:18:58 +0100] "GET /index.php/component/ajax/?format=json HTTP/1.1" 200 758 "https://www.lager-techniek.eu/index.php/spa-range/optibelt-spa1600" "Mozilla/5.0 (Windows NT 10.0; Win64; x64) AppleWebKit/537.36 (KHTML, like Gecko) Chrome/96.0.4664.110 Safari/537.36 Edg/96.0.1054.62"
54.36.148.227 - - [22/Dec/2021:23:19:12 +0100] "GET /index.php/cart/add?category_id=210&product_id=18499 HTTP/1.1" 303 645 "-" "Mozilla/5.0 (compatible; AhrefsBot/7.0; +http://ahrefs.com/robot/)"
54.36.148.227 - - [22/Dec/2021:23:19:27 +0100] "GET /index.php/cart/add?category_id=210&product_id=18731 HTTP/1.1" 303 645 "-" "Mozilla/5.0 (compatible; AhrefsBot/7.0; +http://ahrefs.com/robot/)"
178.118.52.254 - - [22/Dec/2021:23:19:32 +0100] "GET /index.php/component/ajax/?format=json HTTP/1.1" 200 758 "https://www.lager-techniek.eu/index.php/tandriemen-3m/gates-2883m15" "Mozilla/5.0 (Windows NT 10.0; Win64; x64) AppleWebKit/537.36 (KHTML, like Gecko) Chrome/96.0.4664.110 Safari/537.36"
2a02:a46a:4513:1:8d6f:371c:a7a9:e6c6 - - [22/Dec/2021:23:19:34 +0100] "GET /index.php/component/ajax/?format=json HTTP/1.1" 200 758 "https://www.lager-techniek.eu/index.php/b-range/gates-17x1725" "Mozilla/5.0 (Windows NT 10.0; Win64; x64) AppleWebKit/537.36 (KHTML, like Gecko) Chrome/96.0.4664.110 Safari/537.36"
54.36.148.227 - - [22/Dec/2021:23:19:45 +0100] "GET /index.php/cart/add?category_id=210&product_id=18495 HTTP/1.1" 303 645 "-" "Mozilla/5.0 (compatible; AhrefsBot/7.0; +http://ahrefs.com/robot/)"
54.36.148.227 - - [22/Dec/2021:23:20:03 +0100] "GET /index.php/cart/add?category_id=210&product_id=18497 HTTP/1.1" 303 645 "-" "Mozilla/5.0 (compatible; AhrefsBot/7.0; +http://ahrefs.com/robot/)"
66.249.66.4 - - [22/Dec/2021:23:20:04 +0100] "GET /media/com_jchoptimize/cache/js/3458f4e5130b79ace5b335cf6f5591eb.js HTTP/1.1" 200 101226 "https://www.lager-techniek.eu/index.php/zkln-range/ina-zkln10342zxl" "Mozilla/5.0 AppleWebKit/537.36 (KHTML, like Gecko; compatible; Googlebot/2.1; +http://www.google.com/bot.html) Chrome/96.0.4664.93 Safari/537.36"
66.249.66.6 - - [22/Dec/2021:23:20:04 +0100] "GET /index.php/g-range/ina-g45x55x4c HTTP/1.1" 200 13618 "-" "Mozilla/5.0 (compatible; Googlebot/2.1; +http://www.google.com/bot.html)"
77.88.5.39 - - [22/Dec/2021:23:20:05 +0100] "GET /index.php/32200-range/skf-32205bj2q HTTP/1.1" 200 14722 "-" "Mozilla/5.0 (compatible; YandexBot/3.0; +http://yandex.com/bots)"
66.249.66.195 - - [22/Dec/2021:23:20:12 +0100] "GET /index.php/kb-lbcr-range/ewellix-lbcr40dls HTTP/1.1" 200 14414 "-" "Mozilla/5.0 (Linux; Android 6.0.1; Nexus 5X Build/MMB29P) AppleWebKit/537.36 (KHTML, like Gecko) Chrome/96.0.4664.110 Mobile Safari/537.36 (compatible; Googlebot/2.1; +http://www.google.com/bot.html)"
54.36.148.227 - - [22/Dec/2021:23:20:14 +0100] "GET /index.php/cart/add?category_id=210&product_id=18500 HTTP/1.1" 303 645 "-" "Mozilla/5.0 (compatible; AhrefsBot/7.0; +http://ahrefs.com/robot/)"
217.123.82.92 - - [22/Dec/2021:23:20:24 +0100] "GET /index.php/component/ajax/?format=json HTTP/1.1" 200 758 "https://www.lager-techniek.eu/index.php/duplex-rollenketting/vbchain-rk24b2" "Mozilla/5.0 (Windows NT 10.0; Win64; x64) AppleWebKit/537.36 (KHTML, like Gecko) Chrome/96.0.4664.110 Safari/537.36"
40.77.167.31 - - [22/Dec/2021:23:20:27 +0100] "GET /index.php/dubbelrijig-range/skf-4204atn9 HTTP/1.1" 200 13857 "-" "Mozilla/5.0 (compatible; bingbot/2.0; +http://www.bing.com/bingbot.htm)"
77.60.98.226 - - [22/Dec/2021:23:20:27 +0100] "GET /index.php/component/ajax/?format=json HTTP/1.1" 200 758 "https://www.lager-techniek.eu/index.php/b-range/contitech-17x1215" "Mozilla/5.0 (Windows NT 6.1; Win64; x64) AppleWebKit/537.36 (KHTML, like Gecko) Chrome/94.0.4606.71 Safari/537.36"
66.249.66.4 - - [22/Dec/2021:23:20:29 +0100] "GET /index.php/lr5-30-range/ina-lr52062z HTTP/1.1" 200 14175 "-" "Mozilla/5.0 (compatible; Googlebot/2.1; +http://www.google.com/bot.html)"
54.36.148.227 - - [22/Dec/2021:23:20:31 +0100] "GET /index.php/cart/add?category_id=8&product_id=23732 HTTP/1.1" 303 645 "-" "Mozilla/5.0 (compatible; AhrefsBot/7.0; +http://ahrefs.com/robot/)"
178.118.52.254 - - [22/Dec/2021:23:20:32 +0100] "GET /index.php/component/ajax/?format=json HTTP/1.1" 200 758 "https://www.lager-techniek.eu/index.php/tandriemen-3m/gates-2823m6gt3" "Mozilla/5.0 (Windows NT 10.0; Win64; x64) AppleWebKit/537.36 (KHTML, like Gecko) Chrome/96.0.4664.110 Safari/537.36"
54.36.148.227 - - [22/Dec/2021:23:20:44 +0100] "GET /index.php/cart/add?category_id=431&product_id=16608 HTTP/1.1" 303 645 "-" "Mozilla/5.0 (compatible; AhrefsBot/7.0; +http://ahrefs.com/robot/)"
185.33.138.2 - - [22/Dec/2021:23:20:48 +0100] "GET / HTTP/1.1" 301 663 "-" "Mozilla/5.0 (Macintosh; Intel Mac OS X 10_15_6) AppleWebKit/605.1.15 (KHTML, like Gecko) Version/13.1.2 Safari/605.1.15,gzip(gfe)"
185.33.138.2 - - [22/Dec/2021:23:20:49 +0100] "GET / HTTP/1.1" 200 26477 "-" "Mozilla/5.0 (Macintosh; Intel Mac OS X 10_15_6) AppleWebKit/605.1.15 (KHTML, like Gecko) Version/13.1.2 Safari/605.1.15,gzip(gfe)"
54.36.148.227 - - [22/Dec/2021:23:21:00 +0100] "GET /index.php/cart/add?category_id=431&product_id=16624 HTTP/1.1" 303 645 "-" "Mozilla/5.0 (compatible; AhrefsBot/7.0; +http://ahrefs.com/robot/)"
193.104.159.11 - - [22/Dec/2021:23:21:11 +0100] "GET /index.php/component/ajax/?format=json HTTP/1.1" 200 758 "https://www.lager-techniek.eu/index.php/2200-range/fag-22032rstvh" "Mozilla/5.0 (Windows NT 10.0; Win64; x64) AppleWebKit/537.36 (KHTML, like Gecko) Chrome/96.0.4664.110 Safari/537.36 Edg/96.0.1054.62"
54.36.148.227 - - [22/Dec/2021:23:21:12 +0100] "GET /index.php/cart/add?category_id=431&product_id=16631 HTTP/1.1" 303 645 "-" "Mozilla/5.0 (compatible; AhrefsBot/7.0; +http://ahrefs.com/robot/)"
66.249.66.4 - - [22/Dec/2021:23:21:16 +0100] "GET /index.php/tandriemen-t10/megadyne-t10150016 HTTP/1.1" 200 14150 "-" "Mozilla/5.0 (compatible; Googlebot/2.1; +http://www.google.com/bot.html)"
66.249.66.198 - - [22/Dec/2021:23:21:22 +0100] "GET /index.php/tandriemen-3m/gates-1863m9 HTTP/1.1" 200 15142 "-" "Mozilla/5.0 (Linux; Android 6.0.1; Nexus 5X Build/MMB29P) AppleWebKit/537.36 (KHTML, like Gecko) Chrome/96.0.4664.110 Mobile Safari/537.36 (compatible; Googlebot/2.1; +http://www.google.com/bot.html)"
54.36.148.227 - - [22/Dec/2021:23:21:25 +0100] "GET /index.php/cart/add?category_id=20&product_id=25950 HTTP/1.1" 303 645 "-" "Mozilla/5.0 (compatible; AhrefsBot/7.0; +http://ahrefs.com/robot/)"
66.249.66.4 - - [22/Dec/2021:23:21:29 +0100] "GET /index.php/pj-range/gates-pj1130-10 HTTP/1.1" 200 14432 "-" "Mozilla/5.0 (compatible; Googlebot/2.1; +http://www.google.com/bot.html)"
91.183.150.180 - - [22/Dec/2021:23:21:35 +0100] "GET /index.php/component/ajax/?format=json HTTP/1.1" 200 758 "https://www.lager-techniek.eu/index.php/overig/skf-tmft36" "Mozilla/5.0 (Windows NT 6.3; Win64; x64) AppleWebKit/537.36 (KHTML, like Gecko) Chrome/96.0.4664.110 Safari/537.36"
165.225.200.109 - - [22/Dec/2021:23:21:40 +0100] "GET /components/com_jshopping/files/img_products/img_FYJTF.jpg HTTP/1.1" 200 9172 "https://www.google.at/" "Mozilla/5.0 (Windows NT 10.0; Win64; x64) AppleWebKit/537.36 (KHTML, like Gecko) Chrome/96.0.4664.110 Safari/537.36 Edg/96.0.1054.62"
66.249.66.4 - - [22/Dec/2021:23:21:41 +0100] "GET /index.php/6200-range/ntn-6210lu HTTP/1.1" 200 14503 "-" "Mozilla/5.0 (Linux; Android 6.0.1; Nexus 5X Build/MMB29P) AppleWebKit/537.36 (KHTML, like Gecko) Chrome/96.0.4664.110 Mobile Safari/537.36 (compatible; Googlebot/2.1; +http://www.google.com/bot.html)"
54.36.148.227 - - [22/Dec/2021:23:21:41 +0100] "GET /index.php/32900-range/fag-32915 HTTP/1.1" 200 14338 "-" "Mozilla/5.0 (compatible; AhrefsBot/7.0; +http://ahrefs.com/robot/)"
66.249.66.4 - - [22/Dec/2021:23:21:41 +0100] "GET /index.php/nk-range/ina-nk7525xl HTTP/1.1" 200 14076 "-" "Mozilla/5.0 (compatible; Googlebot/2.1; +http://www.google.com/bot.html)"
54.36.148.227 - - [22/Dec/2021:23:21:55 +0100] "GET /index.php/32900-range/ntn-32919xu HTTP/1.1" 200 14408 "-" "Mozilla/5.0 (compatible; AhrefsBot/7.0; +http://ahrefs.com/robot/)"
185.178.235.166 - - [22/Dec/2021:23:22:00 +0100] "GET /index.php/component/ajax/?format=json HTTP/1.1" 200 758 "https://www.lager-techniek.eu/index.php/kettingspanwiel/ina-ksr16l010101408" "Mozilla/5.0 (Windows NT 10.0; Win64; x64) AppleWebKit/537.36 (KHTML, like Gecko) Chrome/96.0.4664.45 Safari/537.36"
66.249.66.6 - - [22/Dec/2021:23:22:05 +0100] "GET /index.php/6200-range/ntn-6219c3 HTTP/1.1" 200 14488 "-" "Mozilla/5.0 (Linux; Android 6.0.1; Nexus 5X Build/MMB29P) AppleWebKit/537.36 (KHTML, like Gecko) Chrome/96.0.4664.110 Mobile Safari/537.36 (compatible; Googlebot/2.1; +http://www.google.com/bot.html)"
54.36.148.227 - - [22/Dec/2021:23:22:11 +0100] "GET /index.php/32900-range/fag-32921 HTTP/1.1" 200 14342 "-" "Mozilla/5.0 (compatible; AhrefsBot/7.0; +http://ahrefs.com/robot/)"
66.249.66.159 - - [22/Dec/2021:23:22:14 +0100] "GET /index.php/h2300-range/fag-h2314 HTTP/1.1" 200 14281 "-" "Mozilla/5.0 (Linux; Android 6.0.1; Nexus 5X Build/MMB29P) AppleWebKit/537.36 (KHTML, like Gecko) Chrome/96.0.4664.110 Mobile Safari/537.36 (compatible; Googlebot/2.1; +http://www.google.com/bot.html)"
66.249.66.195 - - [22/Dec/2021:23:22:19 +0100] "GET /index.php/33000-range/timken-33030 HTTP/1.1" 200 14651 "-" "Mozilla/5.0 (compatible; Googlebot/2.1; +http://www.google.com/bot.html)"
54.36.148.227 - - [22/Dec/2021:23:22:24 +0100] "GET /index.php/32900-range/ntn-32922xa HTTP/1.1" 200 14402 "-" "Mozilla/5.0 (compatible; AhrefsBot/7.0; +http://ahrefs.com/robot/)"
77.226.249.91 - - [22/Dec/2021:23:22:28 +0100] "GET /index.php/component/ajax/?format=json HTTP/1.1" 200 758 "https://www.lager-techniek.eu/index.php/a-range/contitech-13x3650" "Mozilla/5.0 (Windows NT 10.0; Win64; x64) AppleWebKit/537.36 (KHTML, like Gecko) Chrome/96.0.4664.55 Safari/537.36 Edg/96.0.1054.43"
66.249.66.158 - - [22/Dec/2021:23:22:29 +0100] "GET /index.php/zkln-range/ina-zkln10342zxl HTTP/1.1" 200 13815 "-" "Mozilla/5.0 (Linux; Android 6.0.1; Nexus 5X Build/MMB29P) AppleWebKit/537.36 (KHTML, like Gecko) Chrome/96.0.4664.93 Mobile Safari/537.36 (compatible; Googlebot/2.1; +http://www.google.com/bot.html)"
54.36.148.227 - - [22/Dec/2021:23:22:39 +0100] "GET /index.php/32000-range/ntn-32016xu HTTP/1.1" 200 14791 "-" "Mozilla/5.0 (compatible; AhrefsBot/7.0; +http://ahrefs.com/robot/)"
90.145.217.226 - - [22/Dec/2021:23:22:53 +0100] "GET /index.php/component/ajax/?format=json HTTP/1.1" 200 758 "https://www.lager-techniek.eu/index.php/met-flens/permaglide-paf25215-p11" "Mozilla/5.0 (Windows NT 10.0; Win64; x64) AppleWebKit/537.36 (KHTML, like Gecko) Chrome/96.0.4664.45 Safari/537.36"
54.36.148.227 - - [22/Dec/2021:23:22:55 +0100] "GET /index.php/32000-range/ntn-32013xu HTTP/1.1" 200 14780 "-" "Mozilla/5.0 (compatible; AhrefsBot/7.0; +http://ahrefs.com/robot/)"
2a02:a443:c556:1:8595:156a:59fd:fd99 - - [22/Dec/2021:23:22:55 +0100] "GET /index.php/moduul-2/m2z72 HTTP/1.1" 200 13521 "https://www.google.com/" "Mozilla/5.0 (Windows NT 10.0; Win64; x64) AppleWebKit/537.36 (KHTML, like Gecko) Chrome/96.0.4664.110 Safari/537.36"
2a02:a443:c556:1:8595:156a:59fd:fd99 - - [22/Dec/2021:23:22:55 +0100] "GET /media/com_jchoptimize/cache/css/e3aaa5baf7724231080a3c38514acb60.css HTTP/1.1" 200 32260 "https://www.lager-techniek.eu/index.php/moduul-2/m2z72" "Mozilla/5.0 (Windows NT 10.0; Win64; x64) AppleWebKit/537.36 (KHTML, like Gecko) Chrome/96.0.4664.110 Safari/537.36"
2a02:a443:c556:1:8595:156a:59fd:fd99 - - [22/Dec/2021:23:22:56 +0100] "GET /images/banner12-lager-techniek.eu.jpg HTTP/1.1" 200 17827 "https://www.lager-techniek.eu/index.php/moduul-2/m2z72" "Mozilla/5.0 (Windows NT 10.0; Win64; x64) AppleWebKit/537.36 (KHTML, like Gecko) Chrome/96.0.4664.110 Safari/537.36"
2a02:a443:c556:1:8595:156a:59fd:fd99 - - [22/Dec/2021:23:22:56 +0100] "GET /modules/mod_gtranslate/tmpl/lang/16/en.png HTTP/1.1" 200 1063 "https://www.lager-techniek.eu/index.php/moduul-2/m2z72" "Mozilla/5.0 (Windows NT 10.0; Win64; x64) AppleWebKit/537.36 (KHTML, like Gecko) Chrome/96.0.4664.110 Safari/537.36"
2a02:a443:c556:1:8595:156a:59fd:fd99 - - [22/Dec/2021:23:22:56 +0100] "GET /media/com_jchoptimize/cache/js/06f37f52e42f8f6a99fa2b3e8e79d821.js HTTP/1.1" 200 20663 "https://www.lager-techniek.eu/index.php/moduul-2/m2z72" "Mozilla/5.0 (Windows NT 10.0; Win64; x64) AppleWebKit/537.36 (KHTML, like Gecko) Chrome/96.0.4664.110 Safari/537.36"
2a02:a443:c556:1:8595:156a:59fd:fd99 - - [22/Dec/2021:23:22:56 +0100] "GET /modules/mod_gtranslate/tmpl/lang/16/fr.png HTTP/1.1" 200 802 "https://www.lager-techniek.eu/index.php/moduul-2/m2z72" "Mozilla/5.0 (Windows NT 10.0; Win64; x64) AppleWebKit/537.36 (KHTML, like Gecko) Chrome/96.0.4664.110 Safari/537.36"
2a02:a443:c556:1:8595:156a:59fd:fd99 - - [22/Dec/2021:23:22:56 +0100] "GET /modules/mod_gtranslate/tmpl/lang/16/de.png HTTP/1.1" 200 747 "https://www.lager-techniek.eu/index.php/moduul-2/m2z72" "Mozilla/5.0 (Windows NT 10.0; Win64; x64) AppleWebKit/537.36 (KHTML, like Gecko) Chrome/96.0.4664.110 Safari/537.36"
2a02:a443:c556:1:8595:156a:59fd:fd99 - - [22/Dec/2021:23:22:56 +0100] "GET /modules/mod_gtranslate/tmpl/lang/16/it.png HTTP/1.1" 200 796 "https://www.lager-techniek.eu/index.php/moduul-2/m2z72" "Mozilla/5.0 (Windows NT 10.0; Win64; x64) AppleWebKit/537.36 (KHTML, like Gecko) Chrome/96.0.4664.110 Safari/537.36"
2a02:a443:c556:1:8595:156a:59fd:fd99 - - [22/Dec/2021:23:22:56 +0100] "GET /modules/mod_gtranslate/tmpl/lang/16/pt.png HTTP/1.1" 200 947 "https://www.lager-techniek.eu/index.php/moduul-2/m2z72" "Mozilla/5.0 (Windows NT 10.0; Win64; x64) AppleWebKit/537.36 (KHTML, like Gecko) Chrome/96.0.4664.110 Safari/537.36"
2a02:a443:c556:1:8595:156a:59fd:fd99 - - [22/Dec/2021:23:22:56 +0100] "GET /modules/mod_gtranslate/tmpl/lang/16/es.png HTTP/1.1" 200 849 "https://www.lager-techniek.eu/index.php/moduul-2/m2z72" "Mozilla/5.0 (Windows NT 10.0; Win64; x64) AppleWebKit/537.36 (KHTML, like Gecko) Chrome/96.0.4664.110 Safari/537.36"
2a02:a443:c556:1:8595:156a:59fd:fd99 - - [22/Dec/2021:23:22:56 +0100] "GET /modules/mod_gtranslate/tmpl/lang/16/ru.png HTTP/1.1" 200 706 "https://www.lager-techniek.eu/index.php/moduul-2/m2z72" "Mozilla/5.0 (Windows NT 10.0; Win64; x64) AppleWebKit/537.36 (KHTML, like Gecko) Chrome/96.0.4664.110 Safari/537.36"
2a02:a443:c556:1:8595:156a:59fd:fd99 - - [22/Dec/2021:23:22:56 +0100] "GET /media/system/images/arrow.png HTTP/1.1" 200 462 "https://www.lager-techniek.eu/index.php/moduul-2/m2z72" "Mozilla/5.0 (Windows NT 10.0; Win64; x64) AppleWebKit/537.36 (KHTML, like Gecko) Chrome/96.0.4664.110 Safari/537.36"
2a02:a443:c556:1:8595:156a:59fd:fd99 - - [22/Dec/2021:23:22:56 +0100] "GET /media/com_jchoptimize/cache/js/6ac76dde42c0f4206f57b2a85ea929b3.js HTTP/1.1" 200 101228 "https://www.lager-techniek.eu/index.php/moduul-2/m2z72" "Mozilla/5.0 (Windows NT 10.0; Win64; x64) AppleWebKit/537.36 (KHTML, like Gecko) Chrome/96.0.4664.110 Safari/537.36"
2a02:a443:c556:1:8595:156a:59fd:fd99 - - [22/Dec/2021:23:22:56 +0100] "GET /components/com_jshopping/images/print.png HTTP/1.1" 200 735 "https://www.lager-techniek.eu/index.php/moduul-2/m2z72" "Mozilla/5.0 (Windows NT 10.0; Win64; x64) AppleWebKit/537.36 (KHTML, like Gecko) Chrome/96.0.4664.110 Safari/537.36"
2a02:a443:c556:1:8595:156a:59fd:fd99 - - [22/Dec/2021:23:22:56 +0100] "GET /components/com_jshopping/files/img_products/img_TWZN.jpg HTTP/1.1" 200 5736 "https://www.lager-techniek.eu/index.php/moduul-2/m2z72" "Mozilla/5.0 (Windows NT 10.0; Win64; x64) AppleWebKit/537.36 (KHTML, like Gecko) Chrome/96.0.4664.110 Safari/537.36"
2a02:a443:c556:1:8595:156a:59fd:fd99 - - [22/Dec/2021:23:22:56 +0100] "GET /components/com_jshopping/images/search.png HTTP/1.1" 200 847 "https://www.lager-techniek.eu/index.php/moduul-2/m2z72" "Mozilla/5.0 (Windows NT 10.0; Win64; x64) AppleWebKit/537.36 (KHTML, like Gecko) Chrome/96.0.4664.110 Safari/537.36"
2a02:a443:c556:1:8595:156a:59fd:fd99 - - [22/Dec/2021:23:22:56 +0100] "GET /images/Lengteberekening.jpg HTTP/1.1" 200 10994 "https://www.lager-techniek.eu/index.php/moduul-2/m2z72" "Mozilla/5.0 (Windows NT 10.0; Win64; x64) AppleWebKit/537.36 (KHTML, like Gecko) Chrome/96.0.4664.110 Safari/537.36"
2a02:a443:c556:1:8595:156a:59fd:fd99 - - [22/Dec/2021:23:22:56 +0100] "GET /images/DPD.jpg HTTP/1.1" 200 7428 "https://www.lager-techniek.eu/index.php/moduul-2/m2z72" "Mozilla/5.0 (Windows NT 10.0; Win64; x64) AppleWebKit/537.36 (KHTML, like Gecko) Chrome/96.0.4664.110 Safari/537.36"
2a02:a443:c556:1:8595:156a:59fd:fd99 - - [22/Dec/2021:23:22:56 +0100] "GET /images/Postnl.jpg HTTP/1.1" 200 10478 "https://www.lager-techniek.eu/index.php/moduul-2/m2z72" "Mozilla/5.0 (Windows NT 10.0; Win64; x64) AppleWebKit/537.36 (KHTML, like Gecko) Chrome/96.0.4664.110 Safari/537.36"
2a02:a443:c556:1:8595:156a:59fd:fd99 - - [22/Dec/2021:23:22:56 +0100] "GET /images/UPS.jpg HTTP/1.1" 200 6889 "https://www.lager-techniek.eu/index.php/moduul-2/m2z72" "Mozilla/5.0 (Windows NT 10.0; Win64; x64) AppleWebKit/537.36 (KHTML, like Gecko) Chrome/96.0.4664.110 Safari/537.36"
2a02:a443:c556:1:8595:156a:59fd:fd99 - - [22/Dec/2021:23:22:56 +0100] "GET /images/index.jpg HTTP/1.1" 200 5654 "https://www.lager-techniek.eu/index.php/moduul-2/m2z72" "Mozilla/5.0 (Windows NT 10.0; Win64; x64) AppleWebKit/537.36 (KHTML, like Gecko) Chrome/96.0.4664.110 Safari/537.36"
2a02:a443:c556:1:8595:156a:59fd:fd99 - - [22/Dec/2021:23:22:56 +0100] "GET /images/images.jpg HTTP/1.1" 200 5841 "https://www.lager-techniek.eu/index.php/moduul-2/m2z72" "Mozilla/5.0 (Windows NT 10.0; Win64; x64) AppleWebKit/537.36 (KHTML, like Gecko) Chrome/96.0.4664.110 Safari/537.36"
2a02:a443:c556:1:8595:156a:59fd:fd99 - - [22/Dec/2021:23:22:56 +0100] "GET /images/achteraf.jpg HTTP/1.1" 200 2428 "https://www.lager-techniek.eu/index.php/moduul-2/m2z72" "Mozilla/5.0 (Windows NT 10.0; Win64; x64) AppleWebKit/537.36 (KHTML, like Gecko) Chrome/96.0.4664.110 Safari/537.36"
2a02:a443:c556:1:8595:156a:59fd:fd99 - - [22/Dec/2021:23:22:56 +0100] "GET /images/bank.jpg HTTP/1.1" 200 2955 "https://www.lager-techniek.eu/index.php/moduul-2/m2z72" "Mozilla/5.0 (Windows NT 10.0; Win64; x64) AppleWebKit/537.36 (KHTML, like Gecko) Chrome/96.0.4664.110 Safari/537.36"
2a02:a443:c556:1:8595:156a:59fd:fd99 - - [22/Dec/2021:23:22:56 +0100] "GET /images/paypal.jpg HTTP/1.1" 200 2557 "https://www.lager-techniek.eu/index.php/moduul-2/m2z72" "Mozilla/5.0 (Windows NT 10.0; Win64; x64) AppleWebKit/537.36 (KHTML, like Gecko) Chrome/96.0.4664.110 Safari/537.36"
2a02:a443:c556:1:8595:156a:59fd:fd99 - - [22/Dec/2021:23:22:56 +0100] "GET /images/MollieIdeal.png HTTP/1.1" 200 15837 "https://www.lager-techniek.eu/index.php/moduul-2/m2z72" "Mozilla/5.0 (Windows NT 10.0; Win64; x64) AppleWebKit/537.36 (KHTML, like Gecko) Chrome/96.0.4664.110 Safari/537.36"
2a02:a443:c556:1:8595:156a:59fd:fd99 - - [22/Dec/2021:23:22:56 +0100] "GET /images/Mollienancontact.jpg HTTP/1.1" 200 9278 "https://www.lager-techniek.eu/index.php/moduul-2/m2z72" "Mozilla/5.0 (Windows NT 10.0; Win64; x64) AppleWebKit/537.36 (KHTML, like Gecko) Chrome/96.0.4664.110 Safari/537.36"
2a02:a443:c556:1:8595:156a:59fd:fd99 - - [22/Dec/2021:23:22:56 +0100] "GET /media/com_jchoptimize/cache/js/af1111cf1dcd0f1d7258d5fa2fddab4c.js HTTP/1.1" 200 1504 "https://www.lager-techniek.eu/index.php/moduul-2/m2z72" "Mozilla/5.0 (Windows NT 10.0; Win64; x64) AppleWebKit/537.36 (KHTML, like Gecko) Chrome/96.0.4664.110 Safari/537.36"
2a02:a443:c556:1:8595:156a:59fd:fd99 - - [22/Dec/2021:23:22:56 +0100] "GET /components/com_jshopping/images/star.gif HTTP/1.1" 200 1171 "https://www.lager-techniek.eu/media/com_jchoptimize/cache/css/e3aaa5baf7724231080a3c38514acb60.css" "Mozilla/5.0 (Windows NT 10.0; Win64; x64) AppleWebKit/537.36 (KHTML, like Gecko) Chrome/96.0.4664.110 Safari/537.36"
2a02:a443:c556:1:8595:156a:59fd:fd99 - - [22/Dec/2021:23:22:56 +0100] "GET /media/jui/fonts/IcoMoon.woff HTTP/1.1" 200 25867 "https://www.lager-techniek.eu/media/com_jchoptimize/cache/css/e3aaa5baf7724231080a3c38514acb60.css" "Mozilla/5.0 (Windows NT 10.0; Win64; x64) AppleWebKit/537.36 (KHTML, like Gecko) Chrome/96.0.4664.110 Safari/537.36"
2a02:a443:c556:1:8595:156a:59fd:fd99 - - [22/Dec/2021:23:22:58 +0100] "GET /templates/protostar/favicon.ico HTTP/1.1" 200 1465 "https://www.lager-techniek.eu/index.php/moduul-2/m2z72" "Mozilla/5.0 (Windows NT 10.0; Win64; x64) AppleWebKit/537.36 (KHTML, like Gecko) Chrome/96.0.4664.110 Safari/537.36"
54.36.148.227 - - [22/Dec/2021:23:23:08 +0100] "GET /index.php/61800-range/ntn-6801llu HTTP/1.1" 200 14755 "-" "Mozilla/5.0 (compatible; AhrefsBot/7.0; +http://ahrefs.com/robot/)"
196.242.21.153 - - [22/Dec/2021:23:23:13 +0100] "GET / HTTP/1.1" 301 659 "http://lager-techniek.eu" "Mozilla/5.0 (X11; Linux i686 (x86_64)) AppleWebKit/537.36 (KHTML, like Gecko) Chrome/67.0.3394.0 Safari/537.36"
196.242.21.153 - - [22/Dec/2021:23:23:13 +0100] "GET / HTTP/1.1" 200 8052 "http://lager-techniek.eu" "Mozilla/5.0 (X11; Linux i686 (x86_64)) AppleWebKit/537.36 (KHTML, like Gecko) Chrome/67.0.3394.0 Safari/537.36"
54.36.148.227 - - [22/Dec/2021:23:23:21 +0100] "GET /index.php/nu-200-range/fag-nu203exltvp2 HTTP/1.1" 200 14406 "-" "Mozilla/5.0 (compatible; AhrefsBot/7.0; +http://ahrefs.com/robot/)"
54.36.148.227 - - [22/Dec/2021:23:23:35 +0100] "GET /index.php/32000-range/ntn-32019xu HTTP/1.1" 200 14810 "-" "Mozilla/5.0 (compatible; AhrefsBot/7.0; +http://ahrefs.com/robot/)"
54.36.148.227 - - [22/Dec/2021:23:23:50 +0100] "GET /index.php/32000-range/ntn-32021xu HTTP/1.1" 200 14810 "-" "Mozilla/5.0 (compatible; AhrefsBot/7.0; +http://ahrefs.com/robot/)"
66.249.66.159 - - [22/Dec/2021:23:23:51 +0100] "GET /index.php/6000-range/skf-6017nr HTTP/1.1" 200 14182 "-" "Mozilla/5.0 (compatible; Googlebot/2.1; +http://www.google.com/bot.html)"
89.146.3.50 - - [22/Dec/2021:23:23:58 +0100] "GET /index.php/component/ajax/?format=json HTTP/1.1" 200 758 "https://www.lager-techniek.eu/index.php/spa-range/optibelt-spa1600" "Mozilla/5.0 (Windows NT 10.0; Win64; x64) AppleWebKit/537.36 (KHTML, like Gecko) Chrome/96.0.4664.110 Safari/537.36 Edg/96.0.1054.62"
54.36.148.69 - - [22/Dec/2021:23:24:01 +0100] "GET /robots.txt HTTP/1.1" 200 891 "-" "Mozilla/5.0 (compatible; AhrefsBot/7.0; +http://ahrefs.com/robot/)"
54.36.148.227 - - [22/Dec/2021:23:24:02 +0100] "GET /index.php/32000-range/son-32028 HTTP/1.1" 200 14841 "-" "Mozilla/5.0 (compatible; AhrefsBot/7.0; +http://ahrefs.com/robot/)"
54.36.148.227 - - [22/Dec/2021:23:24:14 +0100] "GET /index.php/32000-range/son-32030 HTTP/1.1" 200 14832 "-" "Mozilla/5.0 (compatible; AhrefsBot/7.0; +http://ahrefs.com/robot/)"
54.36.148.227 - - [22/Dec/2021:23:24:28 +0100] "GET /index.php/61800-range/skf-618012rs1ivp HTTP/1.1" 200 14829 "-" "Mozilla/5.0 (compatible; AhrefsBot/7.0; +http://ahrefs.com/robot/)"
178.118.52.254 - - [22/Dec/2021:23:24:32 +0100] "GET /index.php/component/ajax/?format=json HTTP/1.1" 200 758 "https://www.lager-techniek.eu/index.php/tandriemen-3m/gates-2883m15" "Mozilla/5.0 (Windows NT 10.0; Win64; x64) AppleWebKit/537.36 (KHTML, like Gecko) Chrome/96.0.4664.110 Safari/537.36"
2a02:a46a:4513:1:8d6f:371c:a7a9:e6c6 - - [22/Dec/2021:23:24:34 +0100] "GET /index.php/component/ajax/?format=json HTTP/1.1" 200 758 "https://www.lager-techniek.eu/index.php/b-range/gates-17x1725" "Mozilla/5.0 (Windows NT 10.0; Win64; x64) AppleWebKit/537.36 (KHTML, like Gecko) Chrome/96.0.4664.110 Safari/537.36"
54.36.148.227 - - [22/Dec/2021:23:24:41 +0100] "GET /index.php/nu-1000-range/fag-nu1014xlm1c3 HTTP/1.1" 200 14448 "-" "Mozilla/5.0 (compatible; AhrefsBot/7.0; +http://ahrefs.com/robot/)"
54.36.148.227 - - [22/Dec/2021:23:24:56 +0100] "GET /index.php/fixeerringen/timken-sr100x4 HTTP/1.1" 200 14075 "-" "Mozilla/5.0 (compatible; AhrefsBot/7.0; +http://ahrefs.com/robot/)"
54.36.148.227 - - [22/Dec/2021:23:25:12 +0100] "GET /index.php/32000-range/son-32011 HTTP/1.1" 200 14932 "-" "Mozilla/5.0 (compatible; AhrefsBot/7.0; +http://ahrefs.com/robot/)"
217.123.82.92 - - [22/Dec/2021:23:25:23 +0100] "GET /index.php/component/ajax/?format=json HTTP/1.1" 200 758 "https://www.lager-techniek.eu/index.php/duplex-rollenketting/vbchain-rk24b2" "Mozilla/5.0 (Windows NT 10.0; Win64; x64) AppleWebKit/537.36 (KHTML, like Gecko) Chrome/96.0.4664.110 Safari/537.36"
77.60.98.226 - - [22/Dec/2021:23:25:27 +0100] "GET /index.php/component/ajax/?format=json HTTP/1.1" 200 758 "https://www.lager-techniek.eu/index.php/b-range/contitech-17x1215" "Mozilla/5.0 (Windows NT 6.1; Win64; x64) AppleWebKit/537.36 (KHTML, like Gecko) Chrome/94.0.4606.71 Safari/537.36"
54.36.148.227 - - [22/Dec/2021:23:25:29 +0100] "GET /index.php/30300-range/fag-30303a HTTP/1.1" 200 14714 "-" "Mozilla/5.0 (compatible; AhrefsBot/7.0; +http://ahrefs.com/robot/)"
178.118.52.254 - - [22/Dec/2021:23:25:32 +0100] "GET /index.php/component/ajax/?format=json HTTP/1.1" 200 758 "https://www.lager-techniek.eu/index.php/tandriemen-3m/gates-2823m6gt3" "Mozilla/5.0 (Windows NT 10.0; Win64; x64) AppleWebKit/537.36 (KHTML, like Gecko) Chrome/96.0.4664.110 Safari/537.36"
66.249.66.77 - - [22/Dec/2021:23:25:42 +0100] "GET /index.php/tandriemen-5m/gates-5105m9gt3 HTTP/1.1" 200 14842 "-" "Mozilla/5.0 (Linux; Android 6.0.1; Nexus 5X Build/MMB29P) AppleWebKit/537.36 (KHTML, like Gecko) Chrome/96.0.4664.110 Mobile Safari/537.36 (compatible; Googlebot/2.1; +http://www.google.com/bot.html)"
54.36.148.227 - - [22/Dec/2021:23:25:42 +0100] "GET /index.php/72-range/skf-7218bep HTTP/1.1" 200 14354 "-" "Mozilla/5.0 (compatible; AhrefsBot/7.0; +http://ahrefs.com/robot/)"
66.249.66.198 - - [22/Dec/2021:23:25:42 +0100] "GET /index.php/moduul-2/m2z72 HTTP/1.1" 200 13521 "-" "Mozilla/5.0 (compatible; Googlebot/2.1; +http://www.google.com/bot.html)"
54.36.148.227 - - [22/Dec/2021:23:25:54 +0100] "GET /index.php/73-range/fag-7308bxltvp HTTP/1.1" 200 14622 "-" "Mozilla/5.0 (compatible; AhrefsBot/7.0; +http://ahrefs.com/robot/)"
54.36.148.227 - - [22/Dec/2021:23:26:09 +0100] "GET /index.php/moduul-1?start=24 HTTP/1.1" 200 9942 "-" "Mozilla/5.0 (compatible; AhrefsBot/7.0; +http://ahrefs.com/robot/)"
193.104.159.11 - - [22/Dec/2021:23:26:11 +0100] "GET /index.php/component/ajax/?format=json HTTP/1.1" 200 758 "https://www.lager-techniek.eu/index.php/2200-range/fag-22032rstvh" "Mozilla/5.0 (Windows NT 10.0; Win64; x64) AppleWebKit/537.36 (KHTML, like Gecko) Chrome/96.0.4664.110 Safari/537.36 Edg/96.0.1054.62"
54.36.148.227 - - [22/Dec/2021:23:26:26 +0100] "GET /index.php/22200-range/timken-22217emw33c3 HTTP/1.1" 200 14492 "-" "Mozilla/5.0 (compatible; AhrefsBot/7.0; +http://ahrefs.com/robot/)"
77.88.5.39 - - [22/Dec/2021:23:26:31 +0100] "GET /index.php/tandriemschijf-l100-taperlock/22l100tl HTTP/1.1" 200 13892 "-" "Mozilla/5.0 (compatible; YandexBot/3.0; +http://yandex.com/bots)"
66.249.66.198 - - [22/Dec/2021:23:26:32 +0100] "GET /index.php/tandriemen-5m/contitech-5505m25 HTTP/1.1" 200 14341 "-" "Mozilla/5.0 (Linux; Android 6.0.1; Nexus 5X Build/MMB29P) AppleWebKit/537.36 (KHTML, like Gecko) Chrome/96.0.4664.110 Mobile Safari/537.36 (compatible; Googlebot/2.1; +http://www.google.com/bot.html)"
91.183.150.180 - - [22/Dec/2021:23:26:35 +0100] "GET /index.php/component/ajax/?format=json HTTP/1.1" 200 758 "https://www.lager-techniek.eu/index.php/overig/skf-tmft36" "Mozilla/5.0 (Windows NT 6.3; Win64; x64) AppleWebKit/537.36 (KHTML, like Gecko) Chrome/96.0.4664.110 Safari/537.36"
54.36.148.227 - - [22/Dec/2021:23:26:40 +0100] "GET /index.php/31300-range?start=72 HTTP/1.1" 200 11033 "-" "Mozilla/5.0 (compatible; AhrefsBot/7.0; +http://ahrefs.com/robot/)"
66.249.66.76 - - [22/Dec/2021:23:26:55 +0100] "GET /index.php/72-range/fag-7212bxltvpp5uo HTTP/1.1" 200 13997 "-" "Mozilla/5.0 (Linux; Android 6.0.1; Nexus 5X Build/MMB29P) AppleWebKit/537.36 (KHTML, like Gecko) Chrome/96.0.4664.110 Mobile Safari/537.36 (compatible; Googlebot/2.1; +http://www.google.com/bot.html)"
54.36.148.227 - - [22/Dec/2021:23:26:58 +0100] "GET /index.php/moduul-1?start=48 HTTP/1.1" 200 9839 "-" "Mozilla/5.0 (compatible; AhrefsBot/7.0; +http://ahrefs.com/robot/)"
185.178.235.166 - - [22/Dec/2021:23:27:00 +0100] "GET /index.php/component/ajax/?format=json HTTP/1.1" 200 758 "https://www.lager-techniek.eu/index.php/kettingspanwiel/ina-ksr16l010101408" "Mozilla/5.0 (Windows NT 10.0; Win64; x64) AppleWebKit/537.36 (KHTML, like Gecko) Chrome/96.0.4664.45 Safari/537.36"
54.36.148.227 - - [22/Dec/2021:23:27:10 +0100] "GET /index.php/32000-range/timken-32016x HTTP/1.1" 200 14827 "-" "Mozilla/5.0 (compatible; AhrefsBot/7.0; +http://ahrefs.com/robot/)"
54.36.148.227 - - [22/Dec/2021:23:27:25 +0100] "GET /index.php/askquestion/form?category_id=59&product_id=4030&type=1&tmpl=component HTTP/1.1" 200 2415 "-" "Mozilla/5.0 (compatible; AhrefsBot/7.0; +http://ahrefs.com/robot/)"
77.226.249.91 - - [22/Dec/2021:23:27:28 +0100] "GET /index.php/component/ajax/?format=json HTTP/1.1" 200 758 "https://www.lager-techniek.eu/index.php/a-range/contitech-13x3650" "Mozilla/5.0 (Windows NT 10.0; Win64; x64) AppleWebKit/537.36 (KHTML, like Gecko) Chrome/96.0.4664.55 Safari/537.36 Edg/96.0.1054.43"
66.249.66.159 - - [22/Dec/2021:23:27:28 +0100] "GET /index.php/hk-range/ntn-hk1312 HTTP/1.1" 200 14288 "-" "Mozilla/5.0 (compatible; Googlebot/2.1; +http://www.google.com/bot.html)"
54.36.148.227 - - [22/Dec/2021:23:27:39 +0100] "GET /index.php/32000-range/fag-32016xxl HTTP/1.1" 200 14783 "-" "Mozilla/5.0 (compatible; AhrefsBot/7.0; +http://ahrefs.com/robot/)"
207.46.13.1 - - [22/Dec/2021:23:27:42 +0100] "GET /index.php/askquestion/form?category_id=154&product_id=96365&type=1&tmpl=component HTTP/1.1" 200 2407 "-" "Mozilla/5.0 (compatible; bingbot/2.0; +http://www.bing.com/bingbot.htm)"
54.36.148.227 - - [22/Dec/2021:23:27:51 +0100] "GET /index.php/borgring/fag-mb5 HTTP/1.1" 200 14209 "-" "Mozilla/5.0 (compatible; AhrefsBot/7.0; +http://ahrefs.com/robot/)"
90.145.217.226 - - [22/Dec/2021:23:27:53 +0100] "GET /index.php/component/ajax/?format=json HTTP/1.1" 200 758 "https://www.lager-techniek.eu/index.php/met-flens/permaglide-paf25215-p11" "Mozilla/5.0 (Windows NT 10.0; Win64; x64) AppleWebKit/537.36 (KHTML, like Gecko) Chrome/96.0.4664.45 Safari/537.36"
54.36.148.227 - - [22/Dec/2021:23:28:08 +0100] "GET /index.php/6000-range/skf-6030c3 HTTP/1.1" 200 14314 "-" "Mozilla/5.0 (compatible; AhrefsBot/7.0; +http://ahrefs.com/robot/)"
40.77.167.31 - - [22/Dec/2021:23:28:09 +0100] "GET /index.php/duplex-rollenketting/elite-rk16b2 HTTP/1.1" 200 15363 "-" "Mozilla/5.0 (compatible; bingbot/2.0; +http://www.bing.com/bingbot.htm)"
54.36.148.227 - - [22/Dec/2021:23:28:24 +0100] "GET /index.php/32000-range/timken-32011x HTTP/1.1" 200 14973 "-" "Mozilla/5.0 (compatible; AhrefsBot/7.0; +http://ahrefs.com/robot/)"
66.249.66.4 - - [22/Dec/2021:23:28:26 +0100] "GET /index.php/inleg-spieen/din6885a-10x8x85c45c HTTP/1.1" 200 13886 "-" "Mozilla/5.0 (compatible; Googlebot/2.1; +http://www.google.com/bot.html)"
66.249.66.159 - - [22/Dec/2021:23:28:37 +0100] "GET /index.php/ay-range/ina-ay12xlnppb HTTP/1.1" 200 13845 "-" "Mozilla/5.0 (Linux; Android 6.0.1; Nexus 5X Build/MMB29P) AppleWebKit/537.36 (KHTML, like Gecko) Chrome/96.0.4664.93 Mobile Safari/537.36 (compatible; Googlebot/2.1; +http://www.google.com/bot.html)"
54.36.148.227 - - [22/Dec/2021:23:28:39 +0100] "GET /index.php/6000-range/nsk-6030c3 HTTP/1.1" 200 14331 "-" "Mozilla/5.0 (compatible; AhrefsBot/7.0; +http://ahrefs.com/robot/)"
54.36.148.227 - - [22/Dec/2021:23:28:54 +0100] "GET /index.php/32000-range/skf-32011xq HTTP/1.1" 200 14975 "-" "Mozilla/5.0 (compatible; AhrefsBot/7.0; +http://ahrefs.com/robot/)"
66.249.66.158 - - [22/Dec/2021:23:28:55 +0100] "GET /index.php/hk-range/son-hk1812 HTTP/1.1" 200 14125 "-" "Mozilla/5.0 (compatible; Googlebot/2.1; +http://www.google.com/bot.html)"
89.146.3.50 - - [22/Dec/2021:23:28:58 +0100] "GET /index.php/component/ajax/?format=json HTTP/1.1" 200 758 "https://www.lager-techniek.eu/index.php/spa-range/optibelt-spa1600" "Mozilla/5.0 (Windows NT 10.0; Win64; x64) AppleWebKit/537.36 (KHTML, like Gecko) Chrome/96.0.4664.110 Safari/537.36 Edg/96.0.1054.62"
66.249.66.4 - - [22/Dec/2021:23:28:58 +0100] "GET /index.php/nu-300-range/skf-nu319ecp HTTP/1.1" 200 13982 "-" "Mozilla/5.0 (compatible; Googlebot/2.1; +http://www.google.com/bot.html)"
66.249.66.4 - - [22/Dec/2021:23:28:59 +0100] "GET /media/com_jchoptimize/cache/js/78967a0f3f176d07e6331ebb3cc95a7c.js HTTP/1.1" 200 74688 "https://www.lager-techniek.eu/index.php/hk-range/son-hk1812" "Mozilla/5.0 AppleWebKit/537.36 (KHTML, like Gecko; compatible; Googlebot/2.1; +http://www.google.com/bot.html) Chrome/96.0.4664.93 Safari/537.36"
54.36.148.227 - - [22/Dec/2021:23:29:08 +0100] "GET /index.php/32000-range/fag-32011xxl HTTP/1.1" 200 14955 "-" "Mozilla/5.0 (compatible; AhrefsBot/7.0; +http://ahrefs.com/robot/)"
66.249.66.128 - - [22/Dec/2021:23:29:19 +0100] "GET /index.php/32200-range/skf-32232 HTTP/1.1" 200 14654 "-" "Mozilla/5.0 (compatible; Googlebot/2.1; +http://www.google.com/bot.html)"
54.36.148.227 - - [22/Dec/2021:23:29:21 +0100] "GET /index.php/32000-range/timken-32013x HTTP/1.1" 200 14844 "-" "Mozilla/5.0 (compatible; AhrefsBot/7.0; +http://ahrefs.com/robot/)"
178.118.52.254 - - [22/Dec/2021:23:29:32 +0100] "GET /index.php/component/ajax/?format=json HTTP/1.1" 200 758 "https://www.lager-techniek.eu/index.php/tandriemen-3m/gates-2883m15" "Mozilla/5.0 (Windows NT 10.0; Win64; x64) AppleWebKit/537.36 (KHTML, like Gecko) Chrome/96.0.4664.110 Safari/537.36"
2a02:a46a:4513:1:8d6f:371c:a7a9:e6c6 - - [22/Dec/2021:23:29:34 +0100] "GET /index.php/component/ajax/?format=json HTTP/1.1" 200 758 "https://www.lager-techniek.eu/index.php/b-range/gates-17x1725" "Mozilla/5.0 (Windows NT 10.0; Win64; x64) AppleWebKit/537.36 (KHTML, like Gecko) Chrome/96.0.4664.110 Safari/537.36"
54.36.148.227 - - [22/Dec/2021:23:29:37 +0100] "GET /index.php/32000-range/timken-32019x HTTP/1.1" 200 14859 "-" "Mozilla/5.0 (compatible; AhrefsBot/7.0; +http://ahrefs.com/robot/)"
54.36.148.227 - - [22/Dec/2021:23:29:51 +0100] "GET /index.php/32000-range/timken-32021x HTTP/1.1" 200 14836 "-" "Mozilla/5.0 (compatible; AhrefsBot/7.0; +http://ahrefs.com/robot/)"
66.249.66.77 - - [22/Dec/2021:23:29:56 +0100] "GET /media/com_jchoptimize/cache/js/f4cdbec6b830e8c63f5634912e30e559.js HTTP/1.1" 200 101191 "https://www.lager-techniek.eu/index.php/ay-range/ina-ay12xlnppb" "Mozilla/5.0 (Linux; Android 6.0.1; Nexus 5X Build/MMB29P) AppleWebKit/537.36 (KHTML, like Gecko) Chrome/96.0.4664.93 Mobile Safari/537.36 (compatible; Googlebot/2.1; +http://www.google.com/bot.html)"
77.167.55.55 - - [22/Dec/2021:23:29:56 +0100] "GET /index.php/a-range/gates-13x1880 HTTP/1.1" 200 15524 "-" "Mozilla/5.0 (Windows NT 10.0; Win64; x64) AppleWebKit/537.36 (KHTML, like Gecko) Chrome/96.0.4664.110 Safari/537.36"
77.167.55.55 - - [22/Dec/2021:23:29:57 +0100] "GET /media/com_jchoptimize/cache/js/06f37f52e42f8f6a99fa2b3e8e79d821.js HTTP/1.1" 200 20629 "https://www.lager-techniek.eu/index.php/a-range/gates-13x1880" "Mozilla/5.0 (Windows NT 10.0; Win64; x64) AppleWebKit/537.36 (KHTML, like Gecko) Chrome/96.0.4664.110 Safari/537.36"
77.167.55.55 - - [22/Dec/2021:23:29:57 +0100] "GET /media/com_jchoptimize/cache/css/e3aaa5baf7724231080a3c38514acb60.css HTTP/1.1" 200 32225 "https://www.lager-techniek.eu/index.php/a-range/gates-13x1880" "Mozilla/5.0 (Windows NT 10.0; Win64; x64) AppleWebKit/537.36 (KHTML, like Gecko) Chrome/96.0.4664.110 Safari/537.36"
77.167.55.55 - - [22/Dec/2021:23:29:57 +0100] "GET /images/banner12-lager-techniek.eu.jpg HTTP/1.1" 200 17827 "https://www.lager-techniek.eu/index.php/a-range/gates-13x1880" "Mozilla/5.0 (Windows NT 10.0; Win64; x64) AppleWebKit/537.36 (KHTML, like Gecko) Chrome/96.0.4664.110 Safari/537.36"
77.167.55.55 - - [22/Dec/2021:23:29:57 +0100] "GET /modules/mod_gtranslate/tmpl/lang/16/en.png HTTP/1.1" 200 1063 "https://www.lager-techniek.eu/index.php/a-range/gates-13x1880" "Mozilla/5.0 (Windows NT 10.0; Win64; x64) AppleWebKit/537.36 (KHTML, like Gecko) Chrome/96.0.4664.110 Safari/537.36"
77.167.55.55 - - [22/Dec/2021:23:29:57 +0100] "GET /modules/mod_gtranslate/tmpl/lang/16/fr.png HTTP/1.1" 200 802 "https://www.lager-techniek.eu/index.php/a-range/gates-13x1880" "Mozilla/5.0 (Windows NT 10.0; Win64; x64) AppleWebKit/537.36 (KHTML, like Gecko) Chrome/96.0.4664.110 Safari/537.36"
