54.36.148.227 - - [22/Dec/2021:21:03:26 +0100] "GET /index.php/32-range/fag-3217 HTTP/1.1" 200 14124 "-" "Mozilla/5.0 (compatible; AhrefsBot/7.0; +http://ahrefs.com/robot/)"
66.249.66.76 - - [22/Dec/2021:21:03:28 +0100] "GET /index.php/22300-range/fag-22317e1axlkmc3 HTTP/1.1" 200 14113 "-" "Mozilla/5.0 (compatible; Googlebot/2.1; +http://www.google.com/bot.html)"
66.249.66.195 - - [22/Dec/2021:21:03:41 +0100] "GET /index.php/6000-range/skf-60062rs1wt HTTP/1.1" 200 13914 "-" "Mozilla/5.0 (Linux; Android 6.0.1; Nexus 5X Build/MMB29P) AppleWebKit/537.36 (KHTML, like Gecko) Chrome/96.0.4664.110 Mobile Safari/537.36 (compatible; Googlebot/2.1; +http://www.google.com/bot.html)"
54.36.148.227 - - [22/Dec/2021:21:03:42 +0100] "GET /index.php/askquestion/form?category_id=1030&product_id=39433&type=1&tmpl=component HTTP/1.1" 200 2417 "-" "Mozilla/5.0 (compatible; AhrefsBot/7.0; +http://ahrefs.com/robot/)"
66.249.66.158 - - [22/Dec/2021:21:03:52 +0100] "GET /media/com_jchoptimize/cache/js/ae27a39b0591710748880622aeb7fc3e.js HTTP/1.1" 200 101191 "https://www.lager-techniek.eu/index.php/22300-range/fag-22317e1axlkmc3" "Mozilla/5.0 AppleWebKit/537.36 (KHTML, like Gecko; compatible; Googlebot/2.1; +http://www.google.com/bot.html) Chrome/96.0.4664.93 Safari/537.36"
54.36.148.227 - - [22/Dec/2021:21:03:54 +0100] "GET /index.php/nup-2200-range?start=0 HTTP/1.1" 200 10707 "-" "Mozilla/5.0 (compatible; AhrefsBot/7.0; +http://ahrefs.com/robot/)"
89.146.3.50 - - [22/Dec/2021:21:03:58 +0100] "GET /index.php/component/ajax/?format=json HTTP/1.1" 200 758 "https://www.lager-techniek.eu/index.php/spa-range/optibelt-spa1600" "Mozilla/5.0 (Windows NT 10.0; Win64; x64) AppleWebKit/537.36 (KHTML, like Gecko) Chrome/96.0.4664.110 Safari/537.36 Edg/96.0.1054.62"
54.36.148.227 - - [22/Dec/2021:21:04:05 +0100] "GET /index.php/tandriemen-3m/gates-1923m9 HTTP/1.1" 200 15276 "-" "Mozilla/5.0 (compatible; AhrefsBot/7.0; +http://ahrefs.com/robot/)"
2a02:a44c:f26c:1:6cbb:b172:62af:b00d - - [22/Dec/2021:21:04:12 +0100] "GET /index.php/component/ajax/?format=json HTTP/1.1" 200 758 "https://www.lager-techniek.eu/index.php/6000-range/fag-6006" "Mozilla/5.0 (Windows NT 10.0; Win64; x64; rv:95.0) Gecko/20100101 Firefox/95.0"
66.249.66.4 - - [22/Dec/2021:21:04:11 +0100] "GET /index.php/huizen/skf-se-508-607 HTTP/1.1" 200 14349 "-" "Mozilla/5.0 (compatible; Googlebot/2.1; +http://www.google.com/bot.html)"
141.224.226.210 - - [22/Dec/2021:21:04:12 +0100] "GET /index.php/kogels/kogellager-kogel-10mmss HTTP/1.1" 200 13535 "https://www.google.com/" "Mozilla/5.0 (Linux; Android 10; SM-J610FN) AppleWebKit/537.36 (KHTML, like Gecko) Chrome/96.0.4664.104 Mobile Safari/537.36"
141.224.226.210 - - [22/Dec/2021:21:04:13 +0100] "GET /media/com_jchoptimize/cache/css/e3aaa5baf7724231080a3c38514acb60.css HTTP/1.1" 200 32260 "https://www.lager-techniek.eu/index.php/kogels/kogellager-kogel-10mmss" "Mozilla/5.0 (Linux; Android 10; SM-J610FN) AppleWebKit/537.36 (KHTML, like Gecko) Chrome/96.0.4664.104 Mobile Safari/537.36"
141.224.226.210 - - [22/Dec/2021:21:04:13 +0100] "GET /media/com_jchoptimize/cache/js/7ccb14dfb8639488d70e2fab6c1d3f7d.js HTTP/1.1" 200 101228 "https://www.lager-techniek.eu/index.php/kogels/kogellager-kogel-10mmss" "Mozilla/5.0 (Linux; Android 10; SM-J610FN) AppleWebKit/537.36 (KHTML, like Gecko) Chrome/96.0.4664.104 Mobile Safari/537.36"
141.224.226.210 - - [22/Dec/2021:21:04:13 +0100] "GET /images/banner12-lager-techniek.eu.jpg HTTP/1.1" 200 17827 "https://www.lager-techniek.eu/index.php/kogels/kogellager-kogel-10mmss" "Mozilla/5.0 (Linux; Android 10; SM-J610FN) AppleWebKit/537.36 (KHTML, like Gecko) Chrome/96.0.4664.104 Mobile Safari/537.36"
141.224.226.210 - - [22/Dec/2021:21:04:13 +0100] "GET /modules/mod_gtranslate/tmpl/lang/16/en.png HTTP/1.1" 200 1063 "https://www.lager-techniek.eu/index.php/kogels/kogellager-kogel-10mmss" "Mozilla/5.0 (Linux; Android 10; SM-J610FN) AppleWebKit/537.36 (KHTML, like Gecko) Chrome/96.0.4664.104 Mobile Safari/537.36"
141.224.226.210 - - [22/Dec/2021:21:04:13 +0100] "GET /media/com_jchoptimize/cache/js/06f37f52e42f8f6a99fa2b3e8e79d821.js HTTP/1.1" 200 20663 "https://www.lager-techniek.eu/index.php/kogels/kogellager-kogel-10mmss" "Mozilla/5.0 (Linux; Android 10; SM-J610FN) AppleWebKit/537.36 (KHTML, like Gecko) Chrome/96.0.4664.104 Mobile Safari/537.36"
141.224.226.210 - - [22/Dec/2021:21:04:13 +0100] "GET /modules/mod_gtranslate/tmpl/lang/16/fr.png HTTP/1.1" 200 802 "https://www.lager-techniek.eu/index.php/kogels/kogellager-kogel-10mmss" "Mozilla/5.0 (Linux; Android 10; SM-J610FN) AppleWebKit/537.36 (KHTML, like Gecko) Chrome/96.0.4664.104 Mobile Safari/537.36"
141.224.226.210 - - [22/Dec/2021:21:04:13 +0100] "GET /modules/mod_gtranslate/tmpl/lang/16/it.png HTTP/1.1" 200 796 "https://www.lager-techniek.eu/index.php/kogels/kogellager-kogel-10mmss" "Mozilla/5.0 (Linux; Android 10; SM-J610FN) AppleWebKit/537.36 (KHTML, like Gecko) Chrome/96.0.4664.104 Mobile Safari/537.36"
141.224.226.210 - - [22/Dec/2021:21:04:13 +0100] "GET /modules/mod_gtranslate/tmpl/lang/16/de.png HTTP/1.1" 200 747 "https://www.lager-techniek.eu/index.php/kogels/kogellager-kogel-10mmss" "Mozilla/5.0 (Linux; Android 10; SM-J610FN) AppleWebKit/537.36 (KHTML, like Gecko) Chrome/96.0.4664.104 Mobile Safari/537.36"
141.224.226.210 - - [22/Dec/2021:21:04:13 +0100] "GET /modules/mod_gtranslate/tmpl/lang/16/pt.png HTTP/1.1" 200 947 "https://www.lager-techniek.eu/index.php/kogels/kogellager-kogel-10mmss" "Mozilla/5.0 (Linux; Android 10; SM-J610FN) AppleWebKit/537.36 (KHTML, like Gecko) Chrome/96.0.4664.104 Mobile Safari/537.36"
141.224.226.210 - - [22/Dec/2021:21:04:13 +0100] "GET /modules/mod_gtranslate/tmpl/lang/16/ru.png HTTP/1.1" 200 706 "https://www.lager-techniek.eu/index.php/kogels/kogellager-kogel-10mmss" "Mozilla/5.0 (Linux; Android 10; SM-J610FN) AppleWebKit/537.36 (KHTML, like Gecko) Chrome/96.0.4664.104 Mobile Safari/537.36"
141.224.226.210 - - [22/Dec/2021:21:04:13 +0100] "GET /modules/mod_gtranslate/tmpl/lang/16/es.png HTTP/1.1" 200 849 "https://www.lager-techniek.eu/index.php/kogels/kogellager-kogel-10mmss" "Mozilla/5.0 (Linux; Android 10; SM-J610FN) AppleWebKit/537.36 (KHTML, like Gecko) Chrome/96.0.4664.104 Mobile Safari/537.36"
141.224.226.210 - - [22/Dec/2021:21:04:13 +0100] "GET /media/system/images/arrow.png HTTP/1.1" 200 462 "https://www.lager-techniek.eu/index.php/kogels/kogellager-kogel-10mmss" "Mozilla/5.0 (Linux; Android 10; SM-J610FN) AppleWebKit/537.36 (KHTML, like Gecko) Chrome/96.0.4664.104 Mobile Safari/537.36"
141.224.226.210 - - [22/Dec/2021:21:04:13 +0100] "GET /components/com_jshopping/images/print.png HTTP/1.1" 200 735 "https://www.lager-techniek.eu/index.php/kogels/kogellager-kogel-10mmss" "Mozilla/5.0 (Linux; Android 10; SM-J610FN) AppleWebKit/537.36 (KHTML, like Gecko) Chrome/96.0.4664.104 Mobile Safari/537.36"
141.224.226.210 - - [22/Dec/2021:21:04:13 +0100] "GET /components/com_jshopping/files/img_products/img_img_img_shockcraft-bb-3-16-20_1.jpg HTTP/1.1" 200 5716 "https://www.lager-techniek.eu/index.php/kogels/kogellager-kogel-10mmss" "Mozilla/5.0 (Linux; Android 10; SM-J610FN) AppleWebKit/537.36 (KHTML, like Gecko) Chrome/96.0.4664.104 Mobile Safari/537.36"
141.224.226.210 - - [22/Dec/2021:21:04:13 +0100] "GET /components/com_jshopping/images/search.png HTTP/1.1" 200 847 "https://www.lager-techniek.eu/index.php/kogels/kogellager-kogel-10mmss" "Mozilla/5.0 (Linux; Android 10; SM-J610FN) AppleWebKit/537.36 (KHTML, like Gecko) Chrome/96.0.4664.104 Mobile Safari/537.36"
141.224.226.210 - - [22/Dec/2021:21:04:13 +0100] "GET /images/achteraf.jpg HTTP/1.1" 200 2428 "https://www.lager-techniek.eu/index.php/kogels/kogellager-kogel-10mmss" "Mozilla/5.0 (Linux; Android 10; SM-J610FN) AppleWebKit/537.36 (KHTML, like Gecko) Chrome/96.0.4664.104 Mobile Safari/537.36"
141.224.226.210 - - [22/Dec/2021:21:04:13 +0100] "GET /images/Lengteberekening.jpg HTTP/1.1" 200 10994 "https://www.lager-techniek.eu/index.php/kogels/kogellager-kogel-10mmss" "Mozilla/5.0 (Linux; Android 10; SM-J610FN) AppleWebKit/537.36 (KHTML, like Gecko) Chrome/96.0.4664.104 Mobile Safari/537.36"
141.224.226.210 - - [22/Dec/2021:21:04:13 +0100] "GET /images/UPS.jpg HTTP/1.1" 200 6889 "https://www.lager-techniek.eu/index.php/kogels/kogellager-kogel-10mmss" "Mozilla/5.0 (Linux; Android 10; SM-J610FN) AppleWebKit/537.36 (KHTML, like Gecko) Chrome/96.0.4664.104 Mobile Safari/537.36"
141.224.226.210 - - [22/Dec/2021:21:04:13 +0100] "GET /images/DPD.jpg HTTP/1.1" 200 7428 "https://www.lager-techniek.eu/index.php/kogels/kogellager-kogel-10mmss" "Mozilla/5.0 (Linux; Android 10; SM-J610FN) AppleWebKit/537.36 (KHTML, like Gecko) Chrome/96.0.4664.104 Mobile Safari/537.36"
141.224.226.210 - - [22/Dec/2021:21:04:13 +0100] "GET /images/images.jpg HTTP/1.1" 200 5841 "https://www.lager-techniek.eu/index.php/kogels/kogellager-kogel-10mmss" "Mozilla/5.0 (Linux; Android 10; SM-J610FN) AppleWebKit/537.36 (KHTML, like Gecko) Chrome/96.0.4664.104 Mobile Safari/537.36"
141.224.226.210 - - [22/Dec/2021:21:04:13 +0100] "GET /images/index.jpg HTTP/1.1" 200 5654 "https://www.lager-techniek.eu/index.php/kogels/kogellager-kogel-10mmss" "Mozilla/5.0 (Linux; Android 10; SM-J610FN) AppleWebKit/537.36 (KHTML, like Gecko) Chrome/96.0.4664.104 Mobile Safari/537.36"
141.224.226.210 - - [22/Dec/2021:21:04:13 +0100] "GET /images/Postnl.jpg HTTP/1.1" 200 10478 "https://www.lager-techniek.eu/index.php/kogels/kogellager-kogel-10mmss" "Mozilla/5.0 (Linux; Android 10; SM-J610FN) AppleWebKit/537.36 (KHTML, like Gecko) Chrome/96.0.4664.104 Mobile Safari/537.36"
141.224.226.210 - - [22/Dec/2021:21:04:13 +0100] "GET /images/bank.jpg HTTP/1.1" 200 2955 "https://www.lager-techniek.eu/index.php/kogels/kogellager-kogel-10mmss" "Mozilla/5.0 (Linux; Android 10; SM-J610FN) AppleWebKit/537.36 (KHTML, like Gecko) Chrome/96.0.4664.104 Mobile Safari/537.36"
141.224.226.210 - - [22/Dec/2021:21:04:13 +0100] "GET /images/paypal.jpg HTTP/1.1" 200 2557 "https://www.lager-techniek.eu/index.php/kogels/kogellager-kogel-10mmss" "Mozilla/5.0 (Linux; Android 10; SM-J610FN) AppleWebKit/537.36 (KHTML, like Gecko) Chrome/96.0.4664.104 Mobile Safari/537.36"
141.224.226.210 - - [22/Dec/2021:21:04:13 +0100] "GET /images/MollieIdeal.png HTTP/1.1" 200 15837 "https://www.lager-techniek.eu/index.php/kogels/kogellager-kogel-10mmss" "Mozilla/5.0 (Linux; Android 10; SM-J610FN) AppleWebKit/537.36 (KHTML, like Gecko) Chrome/96.0.4664.104 Mobile Safari/537.36"
141.224.226.210 - - [22/Dec/2021:21:04:13 +0100] "GET /media/com_jchoptimize/cache/js/af1111cf1dcd0f1d7258d5fa2fddab4c.js HTTP/1.1" 200 1504 "https://www.lager-techniek.eu/index.php/kogels/kogellager-kogel-10mmss" "Mozilla/5.0 (Linux; Android 10; SM-J610FN) AppleWebKit/537.36 (KHTML, like Gecko) Chrome/96.0.4664.104 Mobile Safari/537.36"
141.224.226.210 - - [22/Dec/2021:21:04:13 +0100] "GET /images/Mollienancontact.jpg HTTP/1.1" 200 9278 "https://www.lager-techniek.eu/index.php/kogels/kogellager-kogel-10mmss" "Mozilla/5.0 (Linux; Android 10; SM-J610FN) AppleWebKit/537.36 (KHTML, like Gecko) Chrome/96.0.4664.104 Mobile Safari/537.36"
141.224.226.210 - - [22/Dec/2021:21:04:14 +0100] "GET /components/com_jshopping/images/star.gif HTTP/1.1" 200 1171 "https://www.lager-techniek.eu/media/com_jchoptimize/cache/css/e3aaa5baf7724231080a3c38514acb60.css" "Mozilla/5.0 (Linux; Android 10; SM-J610FN) AppleWebKit/537.36 (KHTML, like Gecko) Chrome/96.0.4664.104 Mobile Safari/537.36"
141.224.226.210 - - [22/Dec/2021:21:04:14 +0100] "GET /media/jui/fonts/IcoMoon.woff HTTP/1.1" 200 25867 "https://www.lager-techniek.eu/media/com_jchoptimize/cache/css/e3aaa5baf7724231080a3c38514acb60.css" "Mozilla/5.0 (Linux; Android 10; SM-J610FN) AppleWebKit/537.36 (KHTML, like Gecko) Chrome/96.0.4664.104 Mobile Safari/537.36"
163.172.171.198 - - [22/Dec/2021:21:04:14 +0100] "GET /index.php/askquestion/form?category_id=14&product_id=913&type=1&tmpl=component HTTP/1.1" 200 2405 "-" "Mozilla/5.0 (Windows NT 10.0; Win64; x64) AppleWebKit/537.36 (KHTML, like Gecko) Chrome/93.0.4577.0 Safari/537.36"
163.172.171.198 - - [22/Dec/2021:21:04:14 +0100] "GET /media/com_jchoptimize/cache/js/af0e71348462a45e2e35f215cfde7925.js HTTP/1.1" 200 58819 "https://lager-techniek.eu/index.php/askquestion/form?category_id=14&product_id=913&type=1&tmpl=component" "Mozilla/5.0 (Windows NT 10.0; Win64; x64) AppleWebKit/537.36 (KHTML, like Gecko) Chrome/93.0.4577.0 Safari/537.36"
54.36.148.227 - - [22/Dec/2021:21:04:17 +0100] "GET /index.php/askquestion/form?category_id=1030&product_id=39407&type=1&tmpl=component HTTP/1.1" 200 2416 "-" "Mozilla/5.0 (compatible; AhrefsBot/7.0; +http://ahrefs.com/robot/)"
2a02:a44c:f26c:1:6cbb:b172:62af:b00d - - [22/Dec/2021:21:04:17 +0100] "GET /index.php/component/ajax/?format=json HTTP/1.1" 200 758 "https://www.lager-techniek.eu/index.php/k-range-naaldkrans/ina-k20x28x20c" "Mozilla/5.0 (Windows NT 10.0; Win64; x64; rv:95.0) Gecko/20100101 Firefox/95.0"
141.224.226.210 - - [22/Dec/2021:21:04:19 +0100] "GET /templates/protostar/favicon.ico HTTP/1.1" 200 1432 "https://www.lager-techniek.eu/index.php/kogels/kogellager-kogel-10mmss" "Mozilla/5.0 (Linux; Android 10; SM-J610FN) AppleWebKit/537.36 (KHTML, like Gecko) Chrome/96.0.4664.104 Mobile Safari/537.36"
51.158.124.9 - - [22/Dec/2021:21:04:20 +0100] "GET /index.php/askquestion/form?category_id=45&product_id=2046&type=1&tmpl=component HTTP/1.1" 200 2423 "-" "Mozilla/5.0 (Windows NT 10.0; Win64; x64) AppleWebKit/537.36 (KHTML, like Gecko) Chrome/93.0.4577.0 Safari/537.36"
51.158.124.9 - - [22/Dec/2021:21:04:21 +0100] "GET /media/com_jchoptimize/cache/js/e894c3d315b722dfe9bc998cb1c5897c.js HTTP/1.1" 200 58822 "https://lager-techniek.eu/index.php/askquestion/form?category_id=45&product_id=2046&type=1&tmpl=component" "Mozilla/5.0 (Windows NT 10.0; Win64; x64) AppleWebKit/537.36 (KHTML, like Gecko) Chrome/93.0.4577.0 Safari/537.36"
54.36.148.227 - - [22/Dec/2021:21:04:30 +0100] "GET /index.php/askquestion/form?category_id=1038&product_id=42148&type=1&tmpl=component HTTP/1.1" 200 2410 "-" "Mozilla/5.0 (compatible; AhrefsBot/7.0; +http://ahrefs.com/robot/)"
178.118.52.254 - - [22/Dec/2021:21:04:32 +0100] "GET /index.php/component/ajax/?format=json HTTP/1.1" 200 758 "https://www.lager-techniek.eu/index.php/tandriemen-3m/gates-2883m15" "Mozilla/5.0 (Windows NT 10.0; Win64; x64) AppleWebKit/537.36 (KHTML, like Gecko) Chrome/96.0.4664.110 Safari/537.36"
54.36.148.227 - - [22/Dec/2021:21:04:45 +0100] "GET /index.php/askquestion/form?category_id=907&product_id=31362&type=1&tmpl=component HTTP/1.1" 200 2415 "-" "Mozilla/5.0 (compatible; AhrefsBot/7.0; +http://ahrefs.com/robot/)"
207.46.13.175 - - [22/Dec/2021:21:04:46 +0100] "GET /index.php/g-range/ina-g35x42x4c HTTP/1.1" 200 13612 "-" "Mozilla/5.0 (compatible; bingbot/2.0; +http://www.bing.com/bingbot.htm)"
163.172.144.73 - - [22/Dec/2021:21:04:51 +0100] "GET /index.php/askquestion/form?category_id=51&product_id=17318&type=1&tmpl=component HTTP/1.1" 200 2420 "-" "Mozilla/5.0 (Windows NT 10.0; Win64; x64) AppleWebKit/537.36 (KHTML, like Gecko) Chrome/93.0.4577.0 Safari/537.36"
163.172.144.73 - - [22/Dec/2021:21:04:51 +0100] "GET /media/com_jchoptimize/cache/js/d415af6a45a2c93cc2ab405b5887ca4f.js HTTP/1.1" 200 58820 "https://lager-techniek.eu/index.php/askquestion/form?category_id=51&product_id=17318&type=1&tmpl=component" "Mozilla/5.0 (Windows NT 10.0; Win64; x64) AppleWebKit/537.36 (KHTML, like Gecko) Chrome/93.0.4577.0 Safari/537.36"
54.36.148.227 - - [22/Dec/2021:21:04:59 +0100] "GET /index.php/askquestion/form?category_id=461&product_id=36689&type=1&tmpl=component HTTP/1.1" 200 2418 "-" "Mozilla/5.0 (compatible; AhrefsBot/7.0; +http://ahrefs.com/robot/)"
54.36.148.227 - - [22/Dec/2021:21:05:12 +0100] "GET /index.php/cart/add?category_id=32&product_id=12977 HTTP/1.1" 303 645 "-" "Mozilla/5.0 (compatible; AhrefsBot/7.0; +http://ahrefs.com/robot/)"
77.60.98.226 - - [22/Dec/2021:21:05:27 +0100] "GET /index.php/component/ajax/?format=json HTTP/1.1" 200 758 "https://www.lager-techniek.eu/index.php/b-range/contitech-17x1215" "Mozilla/5.0 (Windows NT 6.1; Win64; x64) AppleWebKit/537.36 (KHTML, like Gecko) Chrome/94.0.4606.71 Safari/537.36"
54.36.148.227 - - [22/Dec/2021:21:05:28 +0100] "GET /index.php/askquestion/form?category_id=37&product_id=9964&type=1&tmpl=component HTTP/1.1" 200 2425 "-" "Mozilla/5.0 (compatible; AhrefsBot/7.0; +http://ahrefs.com/robot/)"
178.118.52.254 - - [22/Dec/2021:21:05:32 +0100] "GET /index.php/component/ajax/?format=json HTTP/1.1" 200 758 "https://www.lager-techniek.eu/index.php/tandriemen-3m/gates-2823m6gt3" "Mozilla/5.0 (Windows NT 10.0; Win64; x64) AppleWebKit/537.36 (KHTML, like Gecko) Chrome/96.0.4664.110 Safari/537.36"
2a02:a469:d63a:1:3d1e:29f9:89c3:3836 - - [22/Dec/2021:21:05:32 +0100] "GET /index.php/component/ajax/?format=json HTTP/1.1" 200 758 "https://www.lager-techniek.eu/index.php/tandriemen-l/megadyne-150l075" "Mozilla/5.0 (Windows NT 10.0; Win64; x64; rv:95.0) Gecko/20100101 Firefox/95.0"
54.36.148.227 - - [22/Dec/2021:21:05:42 +0100] "GET /index.php/askquestion/form?category_id=1101&product_id=51564&type=1&tmpl=component HTTP/1.1" 200 2415 "-" "Mozilla/5.0 (compatible; AhrefsBot/7.0; +http://ahrefs.com/robot/)"
66.249.66.159 - - [22/Dec/2021:21:05:47 +0100] "GET /index.php/kogels/kogellager-kogel-10mmss HTTP/1.1" 200 13535 "-" "Mozilla/5.0 (Linux; Android 6.0.1; Nexus 5X Build/MMB29P) AppleWebKit/537.36 (KHTML, like Gecko) Chrome/96.0.4664.110 Mobile Safari/537.36 (compatible; Googlebot/2.1; +http://www.google.com/bot.html)"
54.36.148.227 - - [22/Dec/2021:21:05:53 +0100] "GET /index.php/72-range/nsk-7200ctrdump3 HTTP/1.1" 200 13902 "-" "Mozilla/5.0 (compatible; AhrefsBot/7.0; +http://ahrefs.com/robot/)"
54.36.148.227 - - [22/Dec/2021:21:06:07 +0100] "GET /index.php/rcjt-fytb-wf-range/ina-rcjt35xln HTTP/1.1" 200 14415 "-" "Mozilla/5.0 (compatible; AhrefsBot/7.0; +http://ahrefs.com/robot/)"
193.104.159.11 - - [22/Dec/2021:21:06:11 +0100] "GET /index.php/component/ajax/?format=json HTTP/1.1" 200 758 "https://www.lager-techniek.eu/index.php/2200-range/fag-22032rstvh" "Mozilla/5.0 (Windows NT 10.0; Win64; x64) AppleWebKit/537.36 (KHTML, like Gecko) Chrome/96.0.4664.110 Safari/537.36 Edg/96.0.1054.62"
66.249.66.78 - - [22/Dec/2021:21:06:15 +0100] "GET /index.php/kogels/kogellager-kogel-1mm HTTP/1.1" 200 13492 "-" "Mozilla/5.0 (Linux; Android 6.0.1; Nexus 5X Build/MMB29P) AppleWebKit/537.36 (KHTML, like Gecko) Chrome/96.0.4664.93 Mobile Safari/537.36 (compatible; Googlebot/2.1; +http://www.google.com/bot.html)"
54.36.148.227 - - [22/Dec/2021:21:06:18 +0100] "GET /index.php/askquestion/form?category_id=431&product_id=16762&type=1&tmpl=component HTTP/1.1" 200 2415 "-" "Mozilla/5.0 (compatible; AhrefsBot/7.0; +http://ahrefs.com/robot/)"
66.249.92.198 - - [22/Dec/2021:21:06:20 +0100] "GET /index.php/tandriemschijf-5m15/165m15 HTTP/1.1" 200 13824 "-" "AdsBot-Google (+http://www.google.com/adsbot.html)"
51.158.103.115 - - [22/Dec/2021:21:06:22 +0100] "GET /index.php/askquestion/form?category_id=174&product_id=22405&type=1&tmpl=component HTTP/1.1" 200 2425 "-" "Mozilla/5.0 (Windows NT 10.0; Win64; x64) AppleWebKit/537.36 (KHTML, like Gecko) Chrome/93.0.4577.0 Safari/537.36"
51.158.103.115 - - [22/Dec/2021:21:06:23 +0100] "GET /media/com_jchoptimize/cache/js/be2aca00d091f4bace6b989901833206.js HTTP/1.1" 200 58821 "https://lager-techniek.eu/index.php/askquestion/form?category_id=174&product_id=22405&type=1&tmpl=component" "Mozilla/5.0 (Windows NT 10.0; Win64; x64) AppleWebKit/537.36 (KHTML, like Gecko) Chrome/93.0.4577.0 Safari/537.36"
54.36.148.227 - - [22/Dec/2021:21:06:31 +0100] "GET /index.php/askquestion/form?category_id=1101&product_id=51571&type=1&tmpl=component HTTP/1.1" 200 2413 "-" "Mozilla/5.0 (compatible; AhrefsBot/7.0; +http://ahrefs.com/robot/)"
141.224.226.210 - - [22/Dec/2021:21:06:33 +0100] "GET /index.php/kogels/kogellager-kogel-10mm HTTP/1.1" 200 13394 "https://www.google.com/" "Mozilla/5.0 (Linux; Android 10; SM-J610FN) AppleWebKit/537.36 (KHTML, like Gecko) Chrome/96.0.4664.104 Mobile Safari/537.36"
141.224.226.210 - - [22/Dec/2021:21:06:34 +0100] "GET /media/com_jchoptimize/cache/js/4824547f666d4af5a1cd8588e02413db.js HTTP/1.1" 200 74723 "https://www.lager-techniek.eu/index.php/kogels/kogellager-kogel-10mm" "Mozilla/5.0 (Linux; Android 10; SM-J610FN) AppleWebKit/537.36 (KHTML, like Gecko) Chrome/96.0.4664.104 Mobile Safari/537.36"
66.249.66.158 - - [22/Dec/2021:21:06:34 +0100] "GET /index.php/tandriemen-t5/megadyne-t580020 HTTP/1.1" 200 14154 "-" "Mozilla/5.0 (Linux; Android 6.0.1; Nexus 5X Build/MMB29P) AppleWebKit/537.36 (KHTML, like Gecko) Chrome/96.0.4664.110 Mobile Safari/537.36 (compatible; Googlebot/2.1; +http://www.google.com/bot.html)"
91.183.150.180 - - [22/Dec/2021:21:06:35 +0100] "GET /index.php/component/ajax/?format=json HTTP/1.1" 200 758 "https://www.lager-techniek.eu/index.php/overig/skf-tmft36" "Mozilla/5.0 (Windows NT 6.3; Win64; x64) AppleWebKit/537.36 (KHTML, like Gecko) Chrome/96.0.4664.110 Safari/537.36"
66.249.66.4 - - [22/Dec/2021:21:06:42 +0100] "GET /index.php/61900-range/son-619052rs HTTP/1.1" 200 14376 "-" "Mozilla/5.0 (Linux; Android 6.0.1; Nexus 5X Build/MMB29P) AppleWebKit/537.36 (KHTML, like Gecko) Chrome/96.0.4664.93 Mobile Safari/537.36 (compatible; Googlebot/2.1; +http://www.google.com/bot.html)"
54.36.148.227 - - [22/Dec/2021:21:06:44 +0100] "GET /index.php/rcjt-fytb-wf-range/skf-fytb35wf HTTP/1.1" 200 14410 "-" "Mozilla/5.0 (compatible; AhrefsBot/7.0; +http://ahrefs.com/robot/)"
66.249.66.195 - - [22/Dec/2021:21:06:47 +0100] "GET /index.php/std-8m/contitech-920s8m20 HTTP/1.1" 200 13856 "-" "Mozilla/5.0 (Linux; Android 6.0.1; Nexus 5X Build/MMB29P) AppleWebKit/537.36 (KHTML, like Gecko) Chrome/96.0.4664.110 Mobile Safari/537.36 (compatible; Googlebot/2.1; +http://www.google.com/bot.html)"
66.249.66.76 - - [22/Dec/2021:21:06:55 +0100] "GET /media/com_jchoptimize/cache/js/175e0b2b60d6ad506e8856f9ca88bf0c.js HTTP/1.1" 200 101226 "https://www.lager-techniek.eu/index.php/kogels/kogellager-kogel-1mm" "Mozilla/5.0 (Linux; Android 6.0.1; Nexus 5X Build/MMB29P) AppleWebKit/537.36 (KHTML, like Gecko) Chrome/96.0.4664.93 Mobile Safari/537.36 (compatible; Googlebot/2.1; +http://www.google.com/bot.html)"
54.36.148.227 - - [22/Dec/2021:21:06:55 +0100] "GET /index.php/askquestion/form?category_id=1101&product_id=51575&type=1&tmpl=component HTTP/1.1" 200 2411 "-" "Mozilla/5.0 (compatible; AhrefsBot/7.0; +http://ahrefs.com/robot/)"
185.178.235.166 - - [22/Dec/2021:21:07:00 +0100] "GET /index.php/component/ajax/?format=json HTTP/1.1" 200 758 "https://www.lager-techniek.eu/index.php/kettingspanwiel/ina-ksr16l010101408" "Mozilla/5.0 (Windows NT 10.0; Win64; x64) AppleWebKit/537.36 (KHTML, like Gecko) Chrome/96.0.4664.45 Safari/537.36"
66.249.66.76 - - [22/Dec/2021:21:07:00 +0100] "GET /T150.pdf HTTP/1.1" 304 339 "-" "Mozilla/5.0 (Linux; Android 6.0.1; Nexus 5X Build/MMB29P) AppleWebKit/537.36 (KHTML, like Gecko) Chrome/96.0.4664.93 Mobile Safari/537.36 (compatible; Googlebot/2.1; +http://www.google.com/bot.html)"
54.36.148.227 - - [22/Dec/2021:21:07:11 +0100] "GET /index.php/zonder-flens?start=192 HTTP/1.1" 200 10379 "-" "Mozilla/5.0 (compatible; AhrefsBot/7.0; +http://ahrefs.com/robot/)"
141.224.226.210 - - [22/Dec/2021:21:07:14 +0100] "GET /index.php/product/ajax_attrib_select_and_price/35658?ajax=1&change_attr=0&qty=8 HTTP/1.1" 200 824 "https://www.lager-techniek.eu/index.php/kogels/kogellager-kogel-10mm" "Mozilla/5.0 (Linux; Android 10; SM-J610FN) AppleWebKit/537.36 (KHTML, like Gecko) Chrome/96.0.4664.104 Mobile Safari/537.36"
141.224.226.210 - - [22/Dec/2021:21:07:16 +0100] "POST /index.php/cart/add HTTP/1.1" 303 540 "https://www.lager-techniek.eu/index.php/kogels/kogellager-kogel-10mm" "Mozilla/5.0 (Linux; Android 10; SM-J610FN) AppleWebKit/537.36 (KHTML, like Gecko) Chrome/96.0.4664.104 Mobile Safari/537.36"
141.224.226.210 - - [22/Dec/2021:21:07:16 +0100] "GET /index.php/cart/view HTTP/1.1" 200 12853 "https://www.lager-techniek.eu/index.php/kogels/kogellager-kogel-10mm" "Mozilla/5.0 (Linux; Android 10; SM-J610FN) AppleWebKit/537.36 (KHTML, like Gecko) Chrome/96.0.4664.104 Mobile Safari/537.36"
141.224.226.210 - - [22/Dec/2021:21:07:18 +0100] "GET /media/com_jchoptimize/cache/css/7e32f7da8bb96e149325f5bbe076314a.css HTTP/1.1" 200 31632 "https://www.lager-techniek.eu/index.php/cart/view" "Mozilla/5.0 (Linux; Android 10; SM-J610FN) AppleWebKit/537.36 (KHTML, like Gecko) Chrome/96.0.4664.104 Mobile Safari/537.36"
141.224.226.210 - - [22/Dec/2021:21:07:18 +0100] "GET /components/com_jshopping/files/img_products/thumb_img_img_img_shockcraft-bb-3-16-20_1.jpg HTTP/1.1" 200 3161 "https://www.lager-techniek.eu/index.php/cart/view" "Mozilla/5.0 (Linux; Android 10; SM-J610FN) AppleWebKit/537.36 (KHTML, like Gecko) Chrome/96.0.4664.104 Mobile Safari/537.36"
141.224.226.210 - - [22/Dec/2021:21:07:18 +0100] "GET /components/com_jshopping/images/reload.png HTTP/1.1" 200 4105 "https://www.lager-techniek.eu/index.php/cart/view" "Mozilla/5.0 (Linux; Android 10; SM-J610FN) AppleWebKit/537.36 (KHTML, like Gecko) Chrome/96.0.4664.104 Mobile Safari/537.36"
141.224.226.210 - - [22/Dec/2021:21:07:18 +0100] "GET /components/com_jshopping/images/remove.png HTTP/1.1" 200 944 "https://www.lager-techniek.eu/index.php/cart/view" "Mozilla/5.0 (Linux; Android 10; SM-J610FN) AppleWebKit/537.36 (KHTML, like Gecko) Chrome/96.0.4664.104 Mobile Safari/537.36"
141.224.226.210 - - [22/Dec/2021:21:07:18 +0100] "GET /images/Ijsland_2022.jpg HTTP/1.1" 200 18210 "https://www.lager-techniek.eu/index.php/cart/view" "Mozilla/5.0 (Linux; Android 10; SM-J610FN) AppleWebKit/537.36 (KHTML, like Gecko) Chrome/96.0.4664.104 Mobile Safari/537.36"
141.224.226.210 - - [22/Dec/2021:21:07:18 +0100] "GET /media/com_jchoptimize/cache/js/ebcc444c9cd234281a979ed04d4bce33.js HTTP/1.1" 200 67731 "https://www.lager-techniek.eu/index.php/cart/view" "Mozilla/5.0 (Linux; Android 10; SM-J610FN) AppleWebKit/537.36 (KHTML, like Gecko) Chrome/96.0.4664.104 Mobile Safari/537.36"
51.158.111.170 - - [22/Dec/2021:21:07:18 +0100] "GET /index.php/askquestion/form?category_id=188&product_id=13778&type=1&tmpl=component HTTP/1.1" 200 2417 "-" "Mozilla/5.0 (Windows NT 10.0; Win64; x64) AppleWebKit/537.36 (KHTML, like Gecko) Chrome/93.0.4577.0 Safari/537.36"
141.224.226.210 - - [22/Dec/2021:21:07:19 +0100] "GET /components/com_jshopping/images/arrow_left.gif HTTP/1.1" 200 410 "https://www.lager-techniek.eu/media/com_jchoptimize/cache/css/7e32f7da8bb96e149325f5bbe076314a.css" "Mozilla/5.0 (Linux; Android 10; SM-J610FN) AppleWebKit/537.36 (KHTML, like Gecko) Chrome/96.0.4664.104 Mobile Safari/537.36"
141.224.226.210 - - [22/Dec/2021:21:07:19 +0100] "GET /components/com_jshopping/images/arrow_right.gif HTTP/1.1" 200 409 "https://www.lager-techniek.eu/media/com_jchoptimize/cache/css/7e32f7da8bb96e149325f5bbe076314a.css" "Mozilla/5.0 (Linux; Android 10; SM-J610FN) AppleWebKit/537.36 (KHTML, like Gecko) Chrome/96.0.4664.104 Mobile Safari/537.36"
51.158.111.170 - - [22/Dec/2021:21:07:19 +0100] "GET /media/com_jchoptimize/cache/js/25789f03d3775469af8dfce61cc8cfdf.js HTTP/1.1" 200 58820 "https://lager-techniek.eu/index.php/askquestion/form?category_id=188&product_id=13778&type=1&tmpl=component" "Mozilla/5.0 (Windows NT 10.0; Win64; x64) AppleWebKit/537.36 (KHTML, like Gecko) Chrome/93.0.4577.0 Safari/537.36"
54.36.148.227 - - [22/Dec/2021:21:07:22 +0100] "GET /index.php/askquestion/form?category_id=831&product_id=32870&type=1&tmpl=component HTTP/1.1" 200 2408 "-" "Mozilla/5.0 (compatible; AhrefsBot/7.0; +http://ahrefs.com/robot/)"
66.249.66.77 - - [22/Dec/2021:21:07:23 +0100] "GET /index.php/29400-range/timken-29440ej HTTP/1.1" 200 14465 "-" "Mozilla/5.0 (compatible; Googlebot/2.1; +http://www.google.com/bot.html)"
77.226.249.91 - - [22/Dec/2021:21:07:28 +0100] "GET /index.php/component/ajax/?format=json HTTP/1.1" 200 758 "https://www.lager-techniek.eu/index.php/a-range/contitech-13x3650" "Mozilla/5.0 (Windows NT 10.0; Win64; x64) AppleWebKit/537.36 (KHTML, like Gecko) Chrome/96.0.4664.55 Safari/537.36 Edg/96.0.1054.43"
66.249.66.76 - - [22/Dec/2021:21:07:28 +0100] "GET /loctite221.pdf HTTP/1.1" 304 340 "-" "Mozilla/5.0 (Linux; Android 6.0.1; Nexus 5X Build/MMB29P) AppleWebKit/537.36 (KHTML, like Gecko) Chrome/96.0.4664.93 Mobile Safari/537.36 (compatible; Googlebot/2.1; +http://www.google.com/bot.html)"
54.36.148.227 - - [22/Dec/2021:21:07:36 +0100] "GET /index.php/6200-range/skf-6205zc3 HTTP/1.1" 200 14453 "-" "Mozilla/5.0 (compatible; AhrefsBot/7.0; +http://ahrefs.com/robot/)"
82.75.56.74 - - [22/Dec/2021:21:07:41 +0100] "GET /index.php/component/ajax/?format=json HTTP/1.1" 200 758 "https://www.lager-techniek.eu/index.php/6000-range/fag-60032rsr" "Mozilla/5.0 (Windows NT 10.0; Win64; x64; rv:95.0) Gecko/20100101 Firefox/95.0"
141.224.226.210 - - [22/Dec/2021:21:07:44 +0100] "POST /index.php/cart/refresh HTTP/1.1" 303 540 "https://www.lager-techniek.eu/index.php/cart/view" "Mozilla/5.0 (Linux; Android 10; SM-J610FN) AppleWebKit/537.36 (KHTML, like Gecko) Chrome/96.0.4664.104 Mobile Safari/537.36"
141.224.226.210 - - [22/Dec/2021:21:07:45 +0100] "GET /index.php/cart/view HTTP/1.1" 200 12855 "https://www.lager-techniek.eu/index.php/cart/view" "Mozilla/5.0 (Linux; Android 10; SM-J610FN) AppleWebKit/537.36 (KHTML, like Gecko) Chrome/96.0.4664.104 Mobile Safari/537.36"
54.36.148.227 - - [22/Dec/2021:21:07:49 +0100] "GET /index.php/askquestion/form?category_id=456&product_id=29542&type=1&tmpl=component HTTP/1.1" 200 2413 "-" "Mozilla/5.0 (compatible; AhrefsBot/7.0; +http://ahrefs.com/robot/)"
90.145.217.226 - - [22/Dec/2021:21:07:53 +0100] "GET /index.php/component/ajax/?format=json HTTP/1.1" 200 758 "https://www.lager-techniek.eu/index.php/met-flens/permaglide-paf25215-p11" "Mozilla/5.0 (Windows NT 10.0; Win64; x64) AppleWebKit/537.36 (KHTML, like Gecko) Chrome/96.0.4664.45 Safari/537.36"
66.249.66.158 - - [22/Dec/2021:21:07:56 +0100] "GET /index.php/h300-range/skf-h313e HTTP/1.1" 200 13822 "-" "Mozilla/5.0 (compatible; Googlebot/2.1; +http://www.google.com/bot.html)"
66.249.66.195 - - [22/Dec/2021:21:07:59 +0100] "GET /index.php/6200-range/fag-6200cc3 HTTP/1.1" 200 14412 "-" "Mozilla/5.0 (compatible; Googlebot/2.1; +http://www.google.com/bot.html)"
141.224.226.210 - - [22/Dec/2021:21:07:59 +0100] "GET /index.php/kogels/kogellager-kogel-10mm HTTP/1.1" 200 13404 "https://www.lager-techniek.eu/index.php/cart/view" "Mozilla/5.0 (Linux; Android 10; SM-J610FN) AppleWebKit/537.36 (KHTML, like Gecko) Chrome/96.0.4664.104 Mobile Safari/537.36"
66.249.66.158 - - [22/Dec/2021:21:08:00 +0100] "GET /media/com_jchoptimize/cache/js/45176c8eb34e8da034bc93796dfa2197.js HTTP/1.1" 200 101226 "https://www.lager-techniek.eu/index.php/29400-range/timken-29440ej" "Mozilla/5.0 AppleWebKit/537.36 (KHTML, like Gecko; compatible; Googlebot/2.1; +http://www.google.com/bot.html) Chrome/96.0.4664.93 Safari/537.36"
54.36.148.227 - - [22/Dec/2021:21:08:03 +0100] "GET /index.php/askquestion/form?category_id=38&product_id=19076&type=1&tmpl=component HTTP/1.1" 200 2418 "-" "Mozilla/5.0 (compatible; AhrefsBot/7.0; +http://ahrefs.com/robot/)"
54.36.148.227 - - [22/Dec/2021:21:08:16 +0100] "GET /index.php/askquestion/form?category_id=1101&product_id=51594&type=1&tmpl=component HTTP/1.1" 200 2416 "-" "Mozilla/5.0 (compatible; AhrefsBot/7.0; +http://ahrefs.com/robot/)"
141.224.226.210 - - [22/Dec/2021:21:08:18 +0100] "GET /index.php/lager-techniek HTTP/1.1" 200 7534 "https://www.lager-techniek.eu/index.php/kogels/kogellager-kogel-10mm" "Mozilla/5.0 (Linux; Android 10; SM-J610FN) AppleWebKit/537.36 (KHTML, like Gecko) Chrome/96.0.4664.104 Mobile Safari/537.36"
141.224.226.210 - - [22/Dec/2021:21:08:18 +0100] "GET /media/com_jchoptimize/cache/css/d6f7603932c6c44453841ae5841e3339.css HTTP/1.1" 200 31674 "https://www.lager-techniek.eu/index.php/lager-techniek" "Mozilla/5.0 (Linux; Android 10; SM-J610FN) AppleWebKit/537.36 (KHTML, like Gecko) Chrome/96.0.4664.104 Mobile Safari/537.36"
141.224.226.210 - - [22/Dec/2021:21:08:18 +0100] "GET /components/com_jshopping/files/img_categories/www.lager-techniek.eu_Axiaal_Cilinderrollager1.jpg HTTP/1.1" 200 5341 "https://www.lager-techniek.eu/index.php/lager-techniek" "Mozilla/5.0 (Linux; Android 10; SM-J610FN) AppleWebKit/537.36 (KHTML, like Gecko) Chrome/96.0.4664.104 Mobile Safari/537.36"
141.224.226.210 - - [22/Dec/2021:21:08:18 +0100] "GET /components/com_jshopping/files/img_categories/www.lager-techniek.eu_Cilinderrollager.jpg HTTP/1.1" 200 5439 "https://www.lager-techniek.eu/index.php/lager-techniek" "Mozilla/5.0 (Linux; Android 10; SM-J610FN) AppleWebKit/537.36 (KHTML, like Gecko) Chrome/96.0.4664.104 Mobile Safari/537.36"
141.224.226.210 - - [22/Dec/2021:21:08:18 +0100] "GET /components/com_jshopping/files/img_categories/www.lager-techniek.eu_-_Kegellagers.jpg HTTP/1.1" 200 5240 "https://www.lager-techniek.eu/index.php/lager-techniek" "Mozilla/5.0 (Linux; Android 10; SM-J610FN) AppleWebKit/537.36 (KHTML, like Gecko) Chrome/96.0.4664.104 Mobile Safari/537.36"
141.224.226.210 - - [22/Dec/2021:21:08:18 +0100] "GET /components/com_jshopping/files/img_categories/www.lager-techniek.eu_-_Glijlagers.jpg HTTP/1.1" 200 4590 "https://www.lager-techniek.eu/index.php/lager-techniek" "Mozilla/5.0 (Linux; Android 10; SM-J610FN) AppleWebKit/537.36 (KHTML, like Gecko) Chrome/96.0.4664.104 Mobile Safari/537.36"
141.224.226.210 - - [22/Dec/2021:21:08:18 +0100] "GET /components/com_jshopping/files/img_categories/www.lager-techniek.eu_Hoek_Contact_Kogellagers.jpg HTTP/1.1" 200 3872 "https://www.lager-techniek.eu/index.php/lager-techniek" "Mozilla/5.0 (Linux; Android 10; SM-J610FN) AppleWebKit/537.36 (KHTML, like Gecko) Chrome/96.0.4664.104 Mobile Safari/537.36"
141.224.226.210 - - [22/Dec/2021:21:08:18 +0100] "GET /components/com_jshopping/files/img_categories/www.lager-techniek.eu_metal_housing.jpg HTTP/1.1" 200 5039 "https://www.lager-techniek.eu/index.php/lager-techniek" "Mozilla/5.0 (Linux; Android 10; SM-J610FN) AppleWebKit/537.36 (KHTML, like Gecko) Chrome/96.0.4664.104 Mobile Safari/537.36"
141.224.226.210 - - [22/Dec/2021:21:08:18 +0100] "GET /components/com_jshopping/files/img_categories/www.lager-techniek.eu_-_Lager_huizen.jpg HTTP/1.1" 200 5062 "https://www.lager-techniek.eu/index.php/lager-techniek" "Mozilla/5.0 (Linux; Android 10; SM-J610FN) AppleWebKit/537.36 (KHTML, like Gecko) Chrome/96.0.4664.104 Mobile Safari/537.36"
141.224.226.210 - - [22/Dec/2021:21:08:18 +0100] "GET /components/com_jshopping/files/img_categories/lineargeleiding.jpg HTTP/1.1" 200 3961 "https://www.lager-techniek.eu/index.php/lager-techniek" "Mozilla/5.0 (Linux; Android 10; SM-J610FN) AppleWebKit/537.36 (KHTML, like Gecko) Chrome/96.0.4664.104 Mobile Safari/537.36"
141.224.226.210 - - [22/Dec/2021:21:08:18 +0100] "GET /components/com_jshopping/files/img_categories/kogels.jpg HTTP/1.1" 200 3783 "https://www.lager-techniek.eu/index.php/lager-techniek" "Mozilla/5.0 (Linux; Android 10; SM-J610FN) AppleWebKit/537.36 (KHTML, like Gecko) Chrome/96.0.4664.104 Mobile Safari/537.36"
141.224.226.210 - - [22/Dec/2021:21:08:18 +0100] "GET /components/com_jshopping/files/img_categories/www.lager-techniek.eu_Groefkogellagers.jpg HTTP/1.1" 200 6158 "https://www.lager-techniek.eu/index.php/lager-techniek" "Mozilla/5.0 (Linux; Android 10; SM-J610FN) AppleWebKit/537.36 (KHTML, like Gecko) Chrome/96.0.4664.104 Mobile Safari/537.36"
141.224.226.210 - - [22/Dec/2021:21:08:18 +0100] "GET /components/com_jshopping/files/img_categories/www.lager-techniek.eu_stangkoppen.jpg HTTP/1.1" 200 4562 "https://www.lager-techniek.eu/index.php/lager-techniek" "Mozilla/5.0 (Linux; Android 10; SM-J610FN) AppleWebKit/537.36 (KHTML, like Gecko) Chrome/96.0.4664.104 Mobile Safari/537.36"
141.224.226.210 - - [22/Dec/2021:21:08:18 +0100] "GET /components/com_jshopping/files/img_categories/www.lager-techniek.eu_loop-_en_steunrollen.jpg HTTP/1.1" 200 4846 "https://www.lager-techniek.eu/index.php/lager-techniek" "Mozilla/5.0 (Linux; Android 10; SM-J610FN) AppleWebKit/537.36 (KHTML, like Gecko) Chrome/96.0.4664.104 Mobile Safari/537.36"
141.224.226.210 - - [22/Dec/2021:21:08:18 +0100] "GET /components/com_jshopping/files/img_categories/www.lager-techniek.eu_-_Spindel_lager.jpg HTTP/1.1" 200 3695 "https://www.lager-techniek.eu/index.php/lager-techniek" "Mozilla/5.0 (Linux; Android 10; SM-J610FN) AppleWebKit/537.36 (KHTML, like Gecko) Chrome/96.0.4664.104 Mobile Safari/537.36"
141.224.226.210 - - [22/Dec/2021:21:08:18 +0100] "GET /components/com_jshopping/files/img_categories/www.lager-techniek.eu_-_Taatslager.jpg HTTP/1.1" 200 4179 "https://www.lager-techniek.eu/index.php/lager-techniek" "Mozilla/5.0 (Linux; Android 10; SM-J610FN) AppleWebKit/537.36 (KHTML, like Gecko) Chrome/96.0.4664.104 Mobile Safari/537.36"
141.224.226.210 - - [22/Dec/2021:21:08:18 +0100] "GET /components/com_jshopping/files/img_categories/www.lager-techniek.eu_Toebehoren.jpg HTTP/1.1" 200 3640 "https://www.lager-techniek.eu/index.php/lager-techniek" "Mozilla/5.0 (Linux; Android 10; SM-J610FN) AppleWebKit/537.36 (KHTML, like Gecko) Chrome/96.0.4664.104 Mobile Safari/537.36"
141.224.226.210 - - [22/Dec/2021:21:08:18 +0100] "GET /components/com_jshopping/files/img_categories/www.lager-techniek.eu_Tontaatslager.jpg HTTP/1.1" 200 4507 "https://www.lager-techniek.eu/index.php/lager-techniek" "Mozilla/5.0 (Linux; Android 10; SM-J610FN) AppleWebKit/537.36 (KHTML, like Gecko) Chrome/96.0.4664.104 Mobile Safari/537.36"
141.224.226.210 - - [22/Dec/2021:21:08:18 +0100] "GET /components/com_jshopping/files/img_categories/www.lager-techniek.eu_Naaldlagers.jpg HTTP/1.1" 200 6320 "https://www.lager-techniek.eu/index.php/lager-techniek" "Mozilla/5.0 (Linux; Android 10; SM-J610FN) AppleWebKit/537.36 (KHTML, like Gecko) Chrome/96.0.4664.104 Mobile Safari/537.36"
141.224.226.210 - - [22/Dec/2021:21:08:18 +0100] "GET /components/com_jshopping/files/img_categories/www.lager-techniek.eu_-_y-lagers.jpg HTTP/1.1" 200 4181 "https://www.lager-techniek.eu/index.php/lager-techniek" "Mozilla/5.0 (Linux; Android 10; SM-J610FN) AppleWebKit/537.36 (KHTML, like Gecko) Chrome/96.0.4664.104 Mobile Safari/537.36"
141.224.226.210 - - [22/Dec/2021:21:08:18 +0100] "GET /components/com_jshopping/files/img_categories/SpeediSleeve1.jpg HTTP/1.1" 200 4313 "https://www.lager-techniek.eu/index.php/lager-techniek" "Mozilla/5.0 (Linux; Android 10; SM-J610FN) AppleWebKit/537.36 (KHTML, like Gecko) Chrome/96.0.4664.104 Mobile Safari/537.36"
141.224.226.210 - - [22/Dec/2021:21:08:18 +0100] "GET /components/com_jshopping/files/img_categories/www.lager-techniek.eu_Stroomgeisoleerde_lagers.jpg HTTP/1.1" 200 5890 "https://www.lager-techniek.eu/index.php/lager-techniek" "Mozilla/5.0 (Linux; Android 10; SM-J610FN) AppleWebKit/537.36 (KHTML, like Gecko) Chrome/96.0.4664.104 Mobile Safari/537.36"
141.224.226.210 - - [22/Dec/2021:21:08:18 +0100] "GET /components/com_jshopping/files/img_categories/www.lager-techniek.eu_-_Magneto_bearing.jpg HTTP/1.1" 200 5279 "https://www.lager-techniek.eu/index.php/lager-techniek" "Mozilla/5.0 (Linux; Android 10; SM-J610FN) AppleWebKit/537.36 (KHTML, like Gecko) Chrome/96.0.4664.104 Mobile Safari/537.36"
141.224.226.210 - - [22/Dec/2021:21:08:18 +0100] "GET /components/com_jshopping/files/img_categories/Seegerringen.jpg HTTP/1.1" 200 4202 "https://www.lager-techniek.eu/index.php/lager-techniek" "Mozilla/5.0 (Linux; Android 10; SM-J610FN) AppleWebKit/537.36 (KHTML, like Gecko) Chrome/96.0.4664.104 Mobile Safari/537.36"
141.224.226.210 - - [22/Dec/2021:21:08:18 +0100] "GET /components/com_jshopping/files/img_categories/www.lager-techniek.eu_Pendel_kogellager.jpg HTTP/1.1" 200 5262 "https://www.lager-techniek.eu/index.php/lager-techniek" "Mozilla/5.0 (Linux; Android 10; SM-J610FN) AppleWebKit/537.36 (KHTML, like Gecko) Chrome/96.0.4664.104 Mobile Safari/537.36"
141.224.226.210 - - [22/Dec/2021:21:08:18 +0100] "GET /components/com_jshopping/files/img_categories/www.lager-techniek.eu_Tonlagers.jpg HTTP/1.1" 200 6296 "https://www.lager-techniek.eu/index.php/lager-techniek" "Mozilla/5.0 (Linux; Android 10; SM-J610FN) AppleWebKit/537.36 (KHTML, like Gecko) Chrome/96.0.4664.104 Mobile Safari/537.36"
141.224.226.210 - - [22/Dec/2021:21:08:18 +0100] "GET /media/com_jchoptimize/cache/js/cb422a6f19ab3b4eec0aa05fbca63a27.js HTTP/1.1" 200 67757 "https://www.lager-techniek.eu/index.php/lager-techniek" "Mozilla/5.0 (Linux; Android 10; SM-J610FN) AppleWebKit/537.36 (KHTML, like Gecko) Chrome/96.0.4664.104 Mobile Safari/537.36"
66.249.66.4 - - [22/Dec/2021:21:08:20 +0100] "GET /index.php/kogels/kogellager-kogel-10mm HTTP/1.1" 200 13498 "-" "Mozilla/5.0 (Linux; Android 6.0.1; Nexus 5X Build/MMB29P) AppleWebKit/537.36 (KHTML, like Gecko) Chrome/96.0.4664.110 Mobile Safari/537.36 (compatible; Googlebot/2.1; +http://www.google.com/bot.html)"
141.224.226.210 - - [22/Dec/2021:21:08:23 +0100] "GET /index.php/kogels HTTP/1.1" 200 9572 "https://www.lager-techniek.eu/index.php/lager-techniek" "Mozilla/5.0 (Linux; Android 10; SM-J610FN) AppleWebKit/537.36 (KHTML, like Gecko) Chrome/96.0.4664.104 Mobile Safari/537.36"
141.224.226.210 - - [22/Dec/2021:21:08:24 +0100] "GET /components/com_jshopping/images/arrow_up.gif HTTP/1.1" 200 839 "https://www.lager-techniek.eu/index.php/kogels" "Mozilla/5.0 (Linux; Android 10; SM-J610FN) AppleWebKit/537.36 (KHTML, like Gecko) Chrome/96.0.4664.104 Mobile Safari/537.36"
77.88.5.39 - - [22/Dec/2021:21:08:24 +0100] "GET /robots.txt HTTP/1.1" 200 1575 "-" "Mozilla/5.0 (compatible; YandexBot/3.0; +http://yandex.com/bots)"
77.88.5.39 - - [22/Dec/2021:21:08:28 +0100] "GET /index.php/zonder-flens/permaglide-pap1825-p10 HTTP/1.1" 200 13668 "-" "Mozilla/5.0 (compatible; YandexBot/3.0; +http://yandex.com/bots)"
54.36.148.227 - - [22/Dec/2021:21:08:30 +0100] "GET /index.php/2200-range/nsk-2220kc3 HTTP/1.1" 200 13736 "-" "Mozilla/5.0 (compatible; AhrefsBot/7.0; +http://ahrefs.com/robot/)"
141.224.226.210 - - [22/Dec/2021:21:08:44 +0100] "GET /index.php/kogels/kogellager-kogel-10-319mm HTTP/1.1" 200 13417 "https://www.lager-techniek.eu/index.php/kogels" "Mozilla/5.0 (Linux; Android 10; SM-J610FN) AppleWebKit/537.36 (KHTML, like Gecko) Chrome/96.0.4664.104 Mobile Safari/537.36"
141.224.226.210 - - [22/Dec/2021:21:08:45 +0100] "GET /media/com_jchoptimize/cache/js/73031bcc52f94e433add8816edc377cf.js HTTP/1.1" 200 101226 "https://www.lager-techniek.eu/index.php/kogels/kogellager-kogel-10-319mm" "Mozilla/5.0 (Linux; Android 10; SM-J610FN) AppleWebKit/537.36 (KHTML, like Gecko) Chrome/96.0.4664.104 Mobile Safari/537.36"
54.36.148.227 - - [22/Dec/2021:21:08:47 +0100] "GET /index.php/nj-200-range/skf-nj212ecj HTTP/1.1" 200 14349 "-" "Mozilla/5.0 (compatible; AhrefsBot/7.0; +http://ahrefs.com/robot/)"
141.224.226.210 - - [22/Dec/2021:21:08:58 +0100] "GET /index.php/product/ajax_attrib_select_and_price/35660?ajax=1&change_attr=0&qty=2 HTTP/1.1" 200 829 "https://www.lager-techniek.eu/index.php/kogels/kogellager-kogel-10-319mm" "Mozilla/5.0 (Linux; Android 10; SM-J610FN) AppleWebKit/537.36 (KHTML, like Gecko) Chrome/96.0.4664.104 Mobile Safari/537.36"
89.146.3.50 - - [22/Dec/2021:21:08:58 +0100] "GET /index.php/component/ajax/?format=json HTTP/1.1" 200 758 "https://www.lager-techniek.eu/index.php/spa-range/optibelt-spa1600" "Mozilla/5.0 (Windows NT 10.0; Win64; x64) AppleWebKit/537.36 (KHTML, like Gecko) Chrome/96.0.4664.110 Safari/537.36 Edg/96.0.1054.62"
141.224.226.210 - - [22/Dec/2021:21:09:00 +0100] "POST /index.php/cart/add HTTP/1.1" 303 540 "https://www.lager-techniek.eu/index.php/kogels/kogellager-kogel-10-319mm" "Mozilla/5.0 (Linux; Android 10; SM-J610FN) AppleWebKit/537.36 (KHTML, like Gecko) Chrome/96.0.4664.104 Mobile Safari/537.36"
54.36.148.227 - - [22/Dec/2021:21:09:01 +0100] "GET /index.php/askquestion/form?category_id=1040&product_id=43640&type=1&tmpl=component HTTP/1.1" 200 2414 "-" "Mozilla/5.0 (compatible; AhrefsBot/7.0; +http://ahrefs.com/robot/)"
141.224.226.210 - - [22/Dec/2021:21:09:00 +0100] "GET /index.php/cart/view HTTP/1.1" 200 12919 "https://www.lager-techniek.eu/index.php/kogels/kogellager-kogel-10-319mm" "Mozilla/5.0 (Linux; Android 10; SM-J610FN) AppleWebKit/537.36 (KHTML, like Gecko) Chrome/96.0.4664.104 Mobile Safari/537.36"
141.224.226.210 - - [22/Dec/2021:21:09:11 +0100] "GET /index.php/cart/delete?number_id=0 HTTP/1.1" 303 540 "https://www.lager-techniek.eu/index.php/cart/view" "Mozilla/5.0 (Linux; Android 10; SM-J610FN) AppleWebKit/537.36 (KHTML, like Gecko) Chrome/96.0.4664.104 Mobile Safari/537.36"
2a02:a44c:f26c:1:6cbb:b172:62af:b00d - - [22/Dec/2021:21:09:12 +0100] "GET /index.php/component/ajax/?format=json HTTP/1.1" 200 758 "https://www.lager-techniek.eu/index.php/6000-range/fag-6006" "Mozilla/5.0 (Windows NT 10.0; Win64; x64; rv:95.0) Gecko/20100101 Firefox/95.0"
54.36.148.227 - - [22/Dec/2021:21:09:12 +0100] "GET /index.php/askquestion/form?category_id=174&product_id=16001&type=1&tmpl=component HTTP/1.1" 200 2412 "-" "Mozilla/5.0 (compatible; AhrefsBot/7.0; +http://ahrefs.com/robot/)"
141.224.226.210 - - [22/Dec/2021:21:09:11 +0100] "GET /index.php/cart/view HTTP/1.1" 200 12862 "https://www.lager-techniek.eu/index.php/cart/view" "Mozilla/5.0 (Linux; Android 10; SM-J610FN) AppleWebKit/537.36 (KHTML, like Gecko) Chrome/96.0.4664.104 Mobile Safari/537.36"
51.158.74.100 - - [22/Dec/2021:21:09:14 +0100] "GET /index.php/askquestion/form?category_id=373&product_id=24505&type=1&tmpl=component HTTP/1.1" 200 2435 "-" "Mozilla/5.0 (Windows NT 10.0; Win64; x64) AppleWebKit/537.36 (KHTML, like Gecko) Chrome/93.0.4577.0 Safari/537.36"
51.158.74.100 - - [22/Dec/2021:21:09:15 +0100] "GET /media/com_jchoptimize/cache/js/32aeff0927f8febd28e771e251bf6e68.js HTTP/1.1" 200 58821 "https://lager-techniek.eu/index.php/askquestion/form?category_id=373&product_id=24505&type=1&tmpl=component" "Mozilla/5.0 (Windows NT 10.0; Win64; x64) AppleWebKit/537.36 (KHTML, like Gecko) Chrome/93.0.4577.0 Safari/537.36"
2a02:a44c:f26c:1:6cbb:b172:62af:b00d - - [22/Dec/2021:21:09:18 +0100] "GET /index.php/component/ajax/?format=json HTTP/1.1" 200 758 "https://www.lager-techniek.eu/index.php/k-range-naaldkrans/ina-k20x28x20c" "Mozilla/5.0 (Windows NT 10.0; Win64; x64; rv:95.0) Gecko/20100101 Firefox/95.0"
141.224.226.210 - - [22/Dec/2021:21:09:19 +0100] "GET /index.php/kogels/kogellager-kogel-10-319mm HTTP/1.1" 200 13417 "https://www.lager-techniek.eu/index.php/cart/view" "Mozilla/5.0 (Linux; Android 10; SM-J610FN) AppleWebKit/537.36 (KHTML, like Gecko) Chrome/96.0.4664.104 Mobile Safari/537.36"
54.36.148.227 - - [22/Dec/2021:21:09:27 +0100] "GET /index.php/askquestion/form?category_id=1101&product_id=51599&type=1&tmpl=component HTTP/1.1" 200 2415 "-" "Mozilla/5.0 (compatible; AhrefsBot/7.0; +http://ahrefs.com/robot/)"
141.224.226.210 - - [22/Dec/2021:21:09:31 +0100] "GET /index.php/lager-techniek HTTP/1.1" 200 7534 "https://www.lager-techniek.eu/index.php/kogels/kogellager-kogel-10-319mm" "Mozilla/5.0 (Linux; Android 10; SM-J610FN) AppleWebKit/537.36 (KHTML, like Gecko) Chrome/96.0.4664.104 Mobile Safari/537.36"
178.118.52.254 - - [22/Dec/2021:21:09:32 +0100] "GET /index.php/component/ajax/?format=json HTTP/1.1" 200 758 "https://www.lager-techniek.eu/index.php/tandriemen-3m/gates-2883m15" "Mozilla/5.0 (Windows NT 10.0; Win64; x64) AppleWebKit/537.36 (KHTML, like Gecko) Chrome/96.0.4664.110 Safari/537.36"
141.224.226.210 - - [22/Dec/2021:21:09:34 +0100] "GET /index.php/kogels HTTP/1.1" 200 9572 "https://www.lager-techniek.eu/index.php/lager-techniek" "Mozilla/5.0 (Linux; Android 10; SM-J610FN) AppleWebKit/537.36 (KHTML, like Gecko) Chrome/96.0.4664.104 Mobile Safari/537.36"
54.36.148.227 - - [22/Dec/2021:21:09:44 +0100] "GET /index.php/askquestion/form?category_id=457&product_id=51714&type=1&tmpl=component HTTP/1.1" 200 2412 "-" "Mozilla/5.0 (compatible; AhrefsBot/7.0; +http://ahrefs.com/robot/)"
141.224.226.210 - - [22/Dec/2021:21:09:47 +0100] "GET /index.php/kogels/kogellager-kogel-11mm HTTP/1.1" 200 13403 "https://www.lager-techniek.eu/index.php/kogels" "Mozilla/5.0 (Linux; Android 10; SM-J610FN) AppleWebKit/537.36 (KHTML, like Gecko) Chrome/96.0.4664.104 Mobile Safari/537.36"
141.224.226.210 - - [22/Dec/2021:21:09:47 +0100] "GET /media/com_jchoptimize/cache/js/14eba76463feb9cc93af18142ba8b0c4.js HTTP/1.1" 200 101228 "https://www.lager-techniek.eu/index.php/kogels/kogellager-kogel-11mm" "Mozilla/5.0 (Linux; Android 10; SM-J610FN) AppleWebKit/537.36 (KHTML, like Gecko) Chrome/96.0.4664.104 Mobile Safari/537.36"
141.224.226.210 - - [22/Dec/2021:21:09:52 +0100] "GET /index.php/product/ajax_attrib_select_and_price/35661?ajax=1&change_attr=0&qty=2 HTTP/1.1" 200 824 "https://www.lager-techniek.eu/index.php/kogels/kogellager-kogel-11mm" "Mozilla/5.0 (Linux; Android 10; SM-J610FN) AppleWebKit/537.36 (KHTML, like Gecko) Chrome/96.0.4664.104 Mobile Safari/537.36"
141.224.226.210 - - [22/Dec/2021:21:09:52 +0100] "POST /index.php/cart/add HTTP/1.1" 303 540 "https://www.lager-techniek.eu/index.php/kogels/kogellager-kogel-11mm" "Mozilla/5.0 (Linux; Android 10; SM-J610FN) AppleWebKit/537.36 (KHTML, like Gecko) Chrome/96.0.4664.104 Mobile Safari/537.36"
141.224.226.210 - - [22/Dec/2021:21:09:53 +0100] "GET /index.php/cart/view HTTP/1.1" 200 12915 "https://www.lager-techniek.eu/index.php/kogels/kogellager-kogel-11mm" "Mozilla/5.0 (Linux; Android 10; SM-J610FN) AppleWebKit/537.36 (KHTML, like Gecko) Chrome/96.0.4664.104 Mobile Safari/537.36"
54.36.148.227 - - [22/Dec/2021:21:09:58 +0100] "GET /index.php/xpb-range/gates-xpb1400qp4 HTTP/1.1" 200 14997 "-" "Mozilla/5.0 (compatible; AhrefsBot/7.0; +http://ahrefs.com/robot/)"
66.249.66.195 - - [22/Dec/2021:21:10:04 +0100] "GET /index.php/producenten/spa-range/optibelt-spa3082 HTTP/1.1" 200 14781 "-" "Mozilla/5.0 (Linux; Android 6.0.1; Nexus 5X Build/MMB29P) AppleWebKit/537.36 (KHTML, like Gecko) Chrome/96.0.4664.93 Mobile Safari/537.36 (compatible; Googlebot/2.1; +http://www.google.com/bot.html)"
54.36.148.227 - - [22/Dec/2021:21:10:13 +0100] "GET /index.php/k-range-naaldkrans?start=0 HTTP/1.1" 200 10775 "-" "Mozilla/5.0 (compatible; AhrefsBot/7.0; +http://ahrefs.com/robot/)"
