54.36.148.227 - - [22/Dec/2021:23:46:15 +0100] "GET /index.php/tandriemschijf-h100/48h100gy HTTP/1.1" 200 13891 "-" "Mozilla/5.0 (compatible; AhrefsBot/7.0; +http://ahrefs.com/robot/)"
54.36.148.227 - - [22/Dec/2021:23:46:27 +0100] "GET /index.php/inch-range/zen-r18-2rs HTTP/1.1" 200 13727 "-" "Mozilla/5.0 (compatible; AhrefsBot/7.0; +http://ahrefs.com/robot/)"
54.36.148.227 - - [22/Dec/2021:23:46:40 +0100] "GET /index.php/kettingwiel-28b-2/28b2z17 HTTP/1.1" 200 13948 "-" "Mozilla/5.0 (compatible; AhrefsBot/7.0; +http://ahrefs.com/robot/)"
207.46.13.175 - - [22/Dec/2021:23:46:40 +0100] "GET /index.php/cart/add?category_id=228&product_id=97611 HTTP/1.1" 303 645 "-" "Mozilla/5.0 (compatible; bingbot/2.0; +http://www.bing.com/bingbot.htm)"
51.15.133.96 - - [22/Dec/2021:23:46:48 +0100] "GET /index.php/askquestion/form?category_id=441&product_id=28226&type=1&tmpl=component HTTP/1.1" 200 2429 "-" "Mozilla/5.0 (Windows NT 10.0; Win64; x64) AppleWebKit/537.36 (KHTML, like Gecko) Chrome/93.0.4577.0 Safari/537.36"
51.15.133.96 - - [22/Dec/2021:23:46:48 +0100] "GET /media/com_jchoptimize/cache/js/4e760f7d959f4e709b22a8699f417da4.js HTTP/1.1" 200 58823 "https://lager-techniek.eu/index.php/askquestion/form?category_id=441&product_id=28226&type=1&tmpl=component" "Mozilla/5.0 (Windows NT 10.0; Win64; x64) AppleWebKit/537.36 (KHTML, like Gecko) Chrome/93.0.4577.0 Safari/537.36"
207.46.13.175 - - [22/Dec/2021:23:46:50 +0100] "GET /index.php/cart/view HTTP/1.1" 200 12859 "-" "Mozilla/5.0 (compatible; bingbot/2.0; +http://www.bing.com/bingbot.htm)"
54.36.148.227 - - [22/Dec/2021:23:46:52 +0100] "GET /index.php/vierpuntslager/skf-qj217mac2l HTTP/1.1" 200 13899 "-" "Mozilla/5.0 (compatible; AhrefsBot/7.0; +http://ahrefs.com/robot/)"
185.178.235.166 - - [22/Dec/2021:23:47:00 +0100] "GET /index.php/component/ajax/?format=json HTTP/1.1" 200 758 "https://www.lager-techniek.eu/index.php/kettingspanwiel/ina-ksr16l010101408" "Mozilla/5.0 (Windows NT 10.0; Win64; x64) AppleWebKit/537.36 (KHTML, like Gecko) Chrome/96.0.4664.45 Safari/537.36"
40.77.167.31 - - [22/Dec/2021:23:47:01 +0100] "GET /index.php/spb-range?start=144 HTTP/1.1" 200 10390 "-" "Mozilla/5.0 (compatible; bingbot/2.0; +http://www.bing.com/bingbot.htm)"
54.36.148.227 - - [22/Dec/2021:23:47:06 +0100] "GET /index.php/tandriemschijf-h100/49h100gy HTTP/1.1" 200 13916 "-" "Mozilla/5.0 (compatible; AhrefsBot/7.0; +http://ahrefs.com/robot/)"
54.36.148.227 - - [22/Dec/2021:23:47:17 +0100] "GET /index.php/72-range/skf-7210acdgap4a HTTP/1.1" 200 13955 "-" "Mozilla/5.0 (compatible; AhrefsBot/7.0; +http://ahrefs.com/robot/)"
207.46.13.175 - - [22/Dec/2021:23:47:18 +0100] "GET /index.php/6300-range/fag-6306-2z-c3 HTTP/1.1" 301 698 "-" "Mozilla/5.0 (compatible; bingbot/2.0; +http://www.bing.com/bingbot.htm)"
77.226.249.91 - - [22/Dec/2021:23:47:28 +0100] "GET /index.php/component/ajax/?format=json HTTP/1.1" 200 758 "https://www.lager-techniek.eu/index.php/a-range/contitech-13x3650" "Mozilla/5.0 (Windows NT 10.0; Win64; x64) AppleWebKit/537.36 (KHTML, like Gecko) Chrome/96.0.4664.55 Safari/537.36 Edg/96.0.1054.43"
54.36.148.227 - - [22/Dec/2021:23:47:31 +0100] "GET /index.php/vierpuntslager/skf-qj217n2mac3 HTTP/1.1" 200 13919 "-" "Mozilla/5.0 (compatible; AhrefsBot/7.0; +http://ahrefs.com/robot/)"
54.36.148.227 - - [22/Dec/2021:23:47:43 +0100] "GET /index.php/kettingwiel-20b-2/20b2z28 HTTP/1.1" 200 13957 "-" "Mozilla/5.0 (compatible; AhrefsBot/7.0; +http://ahrefs.com/robot/)"
66.249.66.4 - - [22/Dec/2021:23:47:52 +0100] "GET /index.php/23000-range/skf-23026cckc3w33 HTTP/1.1" 200 14099 "-" "Mozilla/5.0 (Linux; Android 6.0.1; Nexus 5X Build/MMB29P) AppleWebKit/537.36 (KHTML, like Gecko) Chrome/96.0.4664.110 Mobile Safari/537.36 (compatible; Googlebot/2.1; +http://www.google.com/bot.html)"
90.145.217.226 - - [22/Dec/2021:23:47:53 +0100] "GET /index.php/component/ajax/?format=json HTTP/1.1" 200 758 "https://www.lager-techniek.eu/index.php/met-flens/permaglide-paf25215-p11" "Mozilla/5.0 (Windows NT 10.0; Win64; x64) AppleWebKit/537.36 (KHTML, like Gecko) Chrome/96.0.4664.45 Safari/537.36"
40.77.167.31 - - [22/Dec/2021:23:48:00 +0100] "GET /index.php/16000-range/timken-16016 HTTP/1.1" 404 5349 "-" "Mozilla/5.0 (compatible; bingbot/2.0; +http://www.bing.com/bingbot.htm)"
54.36.148.227 - - [22/Dec/2021:23:48:02 +0100] "GET /index.php/tandriemschijf-h100/50h100gy HTTP/1.1" 200 13913 "-" "Mozilla/5.0 (compatible; AhrefsBot/7.0; +http://ahrefs.com/robot/)"
66.249.66.200 - - [22/Dec/2021:23:48:03 +0100] "GET /index.php/paw-range/permaglide-paw10-p14 HTTP/1.1" 200 13719 "-" "Mozilla/5.0 (Linux; Android 6.0.1; Nexus 5X Build/MMB29P) AppleWebKit/537.36 (KHTML, like Gecko) Chrome/96.0.4664.93 Mobile Safari/537.36 (compatible; Googlebot/2.1; +http://www.google.com/bot.html)"
77.88.5.39 - - [22/Dec/2021:23:48:04 +0100] "GET /index.php/gar-range/elges-gar15do HTTP/1.1" 200 13753 "-" "Mozilla/5.0 (compatible; YandexBot/3.0; +http://yandex.com/bots)"
54.36.148.227 - - [22/Dec/2021:23:48:15 +0100] "GET /index.php/e-kll-range/ina-e35xlkll HTTP/1.1" 200 13717 "-" "Mozilla/5.0 (compatible; AhrefsBot/7.0; +http://ahrefs.com/robot/)"
54.36.148.227 - - [22/Dec/2021:23:48:43 +0100] "GET /index.php/tandriemen-t5/megadyne-t5107510 HTTP/1.1" 200 14135 "-" "Mozilla/5.0 (compatible; AhrefsBot/7.0; +http://ahrefs.com/robot/)"
66.249.66.6 - - [22/Dec/2021:23:48:43 +0100] "GET /index.php/tandriemschijf-14m85/9014m85 HTTP/1.1" 200 13887 "-" "Mozilla/5.0 (Linux; Android 6.0.1; Nexus 5X Build/MMB29P) AppleWebKit/537.36 (KHTML, like Gecko) Chrome/96.0.4664.110 Mobile Safari/537.36 (compatible; Googlebot/2.1; +http://www.google.com/bot.html)"
66.249.66.77 - - [22/Dec/2021:23:48:44 +0100] "GET /index.php/rnao-range/ina-rnao30x42x32 HTTP/1.1" 200 13645 "-" "Mozilla/5.0 (Linux; Android 6.0.1; Nexus 5X Build/MMB29P) AppleWebKit/537.36 (KHTML, like Gecko) Chrome/96.0.4664.110 Mobile Safari/537.36 (compatible; Googlebot/2.1; +http://www.google.com/bot.html)"
54.36.148.227 - - [22/Dec/2021:23:48:46 +0100] "GET /index.php/tandriemen-t5/megadyne-t5107520 HTTP/1.1" 200 14132 "-" "Mozilla/5.0 (compatible; AhrefsBot/7.0; +http://ahrefs.com/robot/)"
89.146.3.50 - - [22/Dec/2021:23:48:58 +0100] "GET /index.php/component/ajax/?format=json HTTP/1.1" 200 758 "https://www.lager-techniek.eu/index.php/spa-range/optibelt-spa1600" "Mozilla/5.0 (Windows NT 10.0; Win64; x64) AppleWebKit/537.36 (KHTML, like Gecko) Chrome/96.0.4664.110 Safari/537.36 Edg/96.0.1054.62"
54.36.148.227 - - [22/Dec/2021:23:49:00 +0100] "GET /index.php/tandriemen-3m/gates-1053m15gt3 HTTP/1.1" 200 14740 "-" "Mozilla/5.0 (compatible; AhrefsBot/7.0; +http://ahrefs.com/robot/)"
13.66.139.0 - - [22/Dec/2021:23:49:03 +0100] "GET /index.php/producenten/spa-range/optibelt-spa1832 HTTP/1.1" 200 15026 "-" "Mozilla/5.0 (compatible; bingbot/2.0; +http://www.bing.com/bingbot.htm)"
54.36.148.227 - - [22/Dec/2021:23:49:21 +0100] "GET /index.php/a-range/gates-13x2540 HTTP/1.1" 200 15491 "-" "Mozilla/5.0 (compatible; AhrefsBot/7.0; +http://ahrefs.com/robot/)"
178.118.52.254 - - [22/Dec/2021:23:49:32 +0100] "GET /index.php/component/ajax/?format=json HTTP/1.1" 200 758 "https://www.lager-techniek.eu/index.php/tandriemen-3m/gates-2883m15" "Mozilla/5.0 (Windows NT 10.0; Win64; x64) AppleWebKit/537.36 (KHTML, like Gecko) Chrome/96.0.4664.110 Safari/537.36"
54.36.148.227 - - [22/Dec/2021:23:49:32 +0100] "GET /index.php/vierpuntslager/skf-qj218n2ma HTTP/1.1" 200 13910 "-" "Mozilla/5.0 (compatible; AhrefsBot/7.0; +http://ahrefs.com/robot/)"
2a02:a46a:4513:1:8d6f:371c:a7a9:e6c6 - - [22/Dec/2021:23:49:34 +0100] "GET /index.php/component/ajax/?format=json HTTP/1.1" 200 758 "https://www.lager-techniek.eu/index.php/b-range/gates-17x1725" "Mozilla/5.0 (Windows NT 10.0; Win64; x64) AppleWebKit/537.36 (KHTML, like Gecko) Chrome/96.0.4664.110 Safari/537.36"
54.36.148.227 - - [22/Dec/2021:23:49:46 +0100] "GET /index.php/kettingwiel-20b-2/20b2z29 HTTP/1.1" 200 13972 "-" "Mozilla/5.0 (compatible; AhrefsBot/7.0; +http://ahrefs.com/robot/)"
54.36.148.227 - - [22/Dec/2021:23:50:02 +0100] "GET /index.php/tandriemen-3m/gates-1053m6gt3 HTTP/1.1" 200 14737 "-" "Mozilla/5.0 (compatible; AhrefsBot/7.0; +http://ahrefs.com/robot/)"
40.77.167.31 - - [22/Dec/2021:23:50:02 +0100] "GET /index.php/33-range/fag-3307bdxltvhc3 HTTP/1.1" 200 14288 "-" "Mozilla/5.0 (compatible; bingbot/2.0; +http://www.bing.com/bingbot.htm)"
66.249.66.31 - - [22/Dec/2021:23:50:06 +0100] "GET /index.php/22200-range/skf-22228-cckc3w33 HTTP/1.1" 200 14684 "-" "Mozilla/5.0 (Linux; Android 6.0.1; Nexus 5X Build/MMB29P) AppleWebKit/537.36 (KHTML, like Gecko) Chrome/96.0.4664.93 Mobile Safari/537.36 (compatible; Googlebot/2.1; +http://www.google.com/bot.html)"
51.158.123.167 - - [22/Dec/2021:23:50:07 +0100] "GET /index.php/askquestion/form?category_id=174&product_id=15797&type=1&tmpl=component HTTP/1.1" 200 2452 "-" "Mozilla/5.0 (Windows NT 10.0; Win64; x64) AppleWebKit/537.36 (KHTML, like Gecko) Chrome/93.0.4577.0 Safari/537.36"
51.158.123.167 - - [22/Dec/2021:23:50:07 +0100] "GET /media/com_jchoptimize/cache/js/ec0550b4361a7fe7ff82ddb83d3809dd.js HTTP/1.1" 200 58823 "https://lager-techniek.eu/index.php/askquestion/form?category_id=174&product_id=15797&type=1&tmpl=component" "Mozilla/5.0 (Windows NT 10.0; Win64; x64) AppleWebKit/537.36 (KHTML, like Gecko) Chrome/93.0.4577.0 Safari/537.36"
54.36.148.227 - - [22/Dec/2021:23:50:16 +0100] "GET /index.php/tandriemen-3m/gates-1053m9gt3 HTTP/1.1" 200 14739 "-" "Mozilla/5.0 (compatible; AhrefsBot/7.0; +http://ahrefs.com/robot/)"
217.123.82.92 - - [22/Dec/2021:23:50:23 +0100] "GET /index.php/component/ajax/?format=json HTTP/1.1" 200 758 "https://www.lager-techniek.eu/index.php/duplex-rollenketting/vbchain-rk24b2" "Mozilla/5.0 (Windows NT 10.0; Win64; x64) AppleWebKit/537.36 (KHTML, like Gecko) Chrome/96.0.4664.110 Safari/537.36"
77.60.98.226 - - [22/Dec/2021:23:50:27 +0100] "GET /index.php/component/ajax/?format=json HTTP/1.1" 200 758 "https://www.lager-techniek.eu/index.php/b-range/contitech-17x1215" "Mozilla/5.0 (Windows NT 6.1; Win64; x64) AppleWebKit/537.36 (KHTML, like Gecko) Chrome/94.0.4606.71 Safari/537.36"
178.118.52.254 - - [22/Dec/2021:23:50:32 +0100] "GET /index.php/component/ajax/?format=json HTTP/1.1" 200 758 "https://www.lager-techniek.eu/index.php/tandriemen-3m/gates-2823m6gt3" "Mozilla/5.0 (Windows NT 10.0; Win64; x64) AppleWebKit/537.36 (KHTML, like Gecko) Chrome/96.0.4664.110 Safari/537.36"
54.36.148.227 - - [22/Dec/2021:23:50:35 +0100] "GET /index.php/nup-300-range/nsk-nup316etc3 HTTP/1.1" 200 13880 "-" "Mozilla/5.0 (compatible; AhrefsBot/7.0; +http://ahrefs.com/robot/)"
51.15.230.233 - - [22/Dec/2021:23:50:39 +0100] "GET /index.php/askquestion/form?category_id=373&product_id=24525&type=1&tmpl=component HTTP/1.1" 200 2425 "-" "Mozilla/5.0 (Windows NT 10.0; Win64; x64) AppleWebKit/537.36 (KHTML, like Gecko) Chrome/93.0.4577.0 Safari/537.36"
51.15.230.233 - - [22/Dec/2021:23:50:40 +0100] "GET /media/com_jchoptimize/cache/js/e73b39f43bd4dcc06a4af9ddf892ea62.js HTTP/1.1" 200 58821 "https://lager-techniek.eu/index.php/askquestion/form?category_id=373&product_id=24525&type=1&tmpl=component" "Mozilla/5.0 (Windows NT 10.0; Win64; x64) AppleWebKit/537.36 (KHTML, like Gecko) Chrome/93.0.4577.0 Safari/537.36"
54.36.148.227 - - [22/Dec/2021:23:50:48 +0100] "GET /index.php/a-range/gates-13x2650 HTTP/1.1" 200 15493 "-" "Mozilla/5.0 (compatible; AhrefsBot/7.0; +http://ahrefs.com/robot/)"
54.36.148.227 - - [22/Dec/2021:23:51:00 +0100] "GET /index.php/6300-range/nsk-6304ddunr HTTP/1.1" 200 14243 "-" "Mozilla/5.0 (compatible; AhrefsBot/7.0; +http://ahrefs.com/robot/)"
193.104.159.11 - - [22/Dec/2021:23:51:11 +0100] "GET /index.php/component/ajax/?format=json HTTP/1.1" 200 758 "https://www.lager-techniek.eu/index.php/2200-range/fag-22032rstvh" "Mozilla/5.0 (Windows NT 10.0; Win64; x64) AppleWebKit/537.36 (KHTML, like Gecko) Chrome/96.0.4664.110 Safari/537.36 Edg/96.0.1054.62"
54.36.148.227 - - [22/Dec/2021:23:51:16 +0100] "GET /index.php/draadborg-middel-en-vlakkenafdichting/loctite-221-10ml HTTP/1.1" 200 14831 "-" "Mozilla/5.0 (compatible; AhrefsBot/7.0; +http://ahrefs.com/robot/)"
54.36.148.227 - - [22/Dec/2021:23:51:28 +0100] "GET /index.php/tandriemen-t5/megadyne-t5110032 HTTP/1.1" 200 14129 "-" "Mozilla/5.0 (compatible; AhrefsBot/7.0; +http://ahrefs.com/robot/)"
66.249.66.158 - - [22/Dec/2021:23:51:29 +0100] "GET /index.php/ir-range/ina-ir25x30x205xl HTTP/1.1" 200 13713 "-" "Mozilla/5.0 (compatible; Googlebot/2.1; +http://www.google.com/bot.html)"
54.36.148.227 - - [22/Dec/2021:23:51:43 +0100] "GET /index.php/askquestion/form?category_id=457&product_id=51662&type=1&tmpl=component HTTP/1.1" 200 2435 "-" "Mozilla/5.0 (compatible; AhrefsBot/7.0; +http://ahrefs.com/robot/)"
54.36.148.227 - - [22/Dec/2021:23:51:55 +0100] "GET /index.php/askquestion/form?category_id=423&product_id=17271&type=1&tmpl=component HTTP/1.1" 200 2411 "-" "Mozilla/5.0 (compatible; AhrefsBot/7.0; +http://ahrefs.com/robot/)"
185.178.235.166 - - [22/Dec/2021:23:52:00 +0100] "GET /index.php/component/ajax/?format=json HTTP/1.1" 200 758 "https://www.lager-techniek.eu/index.php/kettingspanwiel/ina-ksr16l010101408" "Mozilla/5.0 (Windows NT 10.0; Win64; x64) AppleWebKit/537.36 (KHTML, like Gecko) Chrome/96.0.4664.45 Safari/537.36"
54.36.148.227 - - [22/Dec/2021:23:52:06 +0100] "GET /index.php/askquestion/form?category_id=455&product_id=29388&type=1&tmpl=component HTTP/1.1" 200 2413 "-" "Mozilla/5.0 (compatible; AhrefsBot/7.0; +http://ahrefs.com/robot/)"
54.36.148.227 - - [22/Dec/2021:23:52:20 +0100] "GET /index.php/askquestion/form?category_id=921&product_id=47561&type=1&tmpl=component HTTP/1.1" 200 2453 "-" "Mozilla/5.0 (compatible; AhrefsBot/7.0; +http://ahrefs.com/robot/)"
77.226.249.91 - - [22/Dec/2021:23:52:28 +0100] "GET /index.php/component/ajax/?format=json HTTP/1.1" 200 758 "https://www.lager-techniek.eu/index.php/a-range/contitech-13x3650" "Mozilla/5.0 (Windows NT 10.0; Win64; x64) AppleWebKit/537.36 (KHTML, like Gecko) Chrome/96.0.4664.55 Safari/537.36 Edg/96.0.1054.43"
66.249.66.198 - - [22/Dec/2021:23:52:30 +0100] "GET /index.php/tandriemen-8m/contitech-2888m30cxp HTTP/1.1" 200 14025 "-" "Mozilla/5.0 (Linux; Android 6.0.1; Nexus 5X Build/MMB29P) AppleWebKit/537.36 (KHTML, like Gecko) Chrome/96.0.4664.110 Mobile Safari/537.36 (compatible; Googlebot/2.1; +http://www.google.com/bot.html)"
54.36.148.227 - - [22/Dec/2021:23:52:35 +0100] "GET /index.php/askquestion/form?category_id=423&product_id=17285&type=1&tmpl=component HTTP/1.1" 200 2413 "-" "Mozilla/5.0 (compatible; AhrefsBot/7.0; +http://ahrefs.com/robot/)"
77.88.5.39 - - [22/Dec/2021:23:52:40 +0100] "GET /index.php/tandriemen-5m?start=216 HTTP/1.1" 200 10758 "-" "Mozilla/5.0 (compatible; YandexBot/3.0; +http://yandex.com/bots)"
66.249.66.77 - - [22/Dec/2021:23:52:43 +0100] "GET /index.php/6300-range/skf-63092zc3gjn HTTP/1.1" 200 13875 "-" "Mozilla/5.0 (compatible; Googlebot/2.1; +http://www.google.com/bot.html)"
66.249.66.76 - - [22/Dec/2021:23:52:47 +0100] "GET /index.php/tandriemen-8m/gates-24008m30gt4 HTTP/1.1" 200 14491 "-" "Mozilla/5.0 (Linux; Android 6.0.1; Nexus 5X Build/MMB29P) AppleWebKit/537.36 (KHTML, like Gecko) Chrome/96.0.4664.110 Mobile Safari/537.36 (compatible; Googlebot/2.1; +http://www.google.com/bot.html)"
54.36.148.227 - - [22/Dec/2021:23:52:50 +0100] "GET /index.php/miniatuur-range/skf-6189 HTTP/1.1" 200 13775 "-" "Mozilla/5.0 (compatible; AhrefsBot/7.0; +http://ahrefs.com/robot/)"
90.145.217.226 - - [22/Dec/2021:23:52:53 +0100] "GET /index.php/component/ajax/?format=json HTTP/1.1" 200 758 "https://www.lager-techniek.eu/index.php/met-flens/permaglide-paf25215-p11" "Mozilla/5.0 (Windows NT 10.0; Win64; x64) AppleWebKit/537.36 (KHTML, like Gecko) Chrome/96.0.4664.45 Safari/537.36"
66.249.66.195 - - [22/Dec/2021:23:53:00 +0100] "GET /media/com_jchoptimize/cache/js/30c808bda191a0ed140e21312d6ab220.js HTTP/1.1" 200 101226 "https://www.lager-techniek.eu/index.php/6300-range/skf-63092zc3gjn" "Mozilla/5.0 AppleWebKit/537.36 (KHTML, like Gecko; compatible; Googlebot/2.1; +http://www.google.com/bot.html) Chrome/96.0.4664.93 Safari/537.36"
54.36.148.227 - - [22/Dec/2021:23:53:06 +0100] "GET /index.php/zonder-flens/permaglide-pap7540-p10 HTTP/1.1" 200 13669 "-" "Mozilla/5.0 (compatible; AhrefsBot/7.0; +http://ahrefs.com/robot/)"
66.249.66.158 - - [22/Dec/2021:23:53:16 +0100] "GET /index.php/22300-range/skf-22320ekc3 HTTP/1.1" 200 13868 "-" "Mozilla/5.0 (Linux; Android 6.0.1; Nexus 5X Build/MMB29P) AppleWebKit/537.36 (KHTML, like Gecko) Chrome/96.0.4664.110 Mobile Safari/537.36 (compatible; Googlebot/2.1; +http://www.google.com/bot.html)"
54.36.148.227 - - [22/Dec/2021:23:53:20 +0100] "GET /index.php/kettingwiel-06b-3/06b3z20 HTTP/1.1" 200 13932 "-" "Mozilla/5.0 (compatible; AhrefsBot/7.0; +http://ahrefs.com/robot/)"
66.249.66.158 - - [22/Dec/2021:23:53:21 +0100] "GET /index.php/bk-range/ntn-bk0709 HTTP/1.1" 200 14101 "-" "Mozilla/5.0 (Linux; Android 6.0.1; Nexus 5X Build/MMB29P) AppleWebKit/537.36 (KHTML, like Gecko) Chrome/96.0.4664.110 Mobile Safari/537.36 (compatible; Googlebot/2.1; +http://www.google.com/bot.html)"
66.249.66.4 - - [22/Dec/2021:23:53:35 +0100] "GET /index.php/ir-range/ina-ir20x25x16is1xl HTTP/1.1" 200 13723 "-" "Mozilla/5.0 (Linux; Android 6.0.1; Nexus 5X Build/MMB29P) AppleWebKit/537.36 (KHTML, like Gecko) Chrome/96.0.4664.110 Mobile Safari/537.36 (compatible; Googlebot/2.1; +http://www.google.com/bot.html)"
54.36.148.227 - - [22/Dec/2021:23:53:36 +0100] "GET /index.php/askquestion/form?category_id=457&product_id=51694&type=1&tmpl=component HTTP/1.1" 200 2410 "-" "Mozilla/5.0 (compatible; AhrefsBot/7.0; +http://ahrefs.com/robot/)"
66.249.66.158 - - [22/Dec/2021:23:53:38 +0100] "GET /index.php/32200-range/skf-32219 HTTP/1.1" 200 14607 "-" "Mozilla/5.0 (compatible; Googlebot/2.1; +http://www.google.com/bot.html)"
54.36.148.227 - - [22/Dec/2021:23:53:49 +0100] "GET /index.php/72-range/fag-7215bxlmpp6ua HTTP/1.1" 200 13962 "-" "Mozilla/5.0 (compatible; AhrefsBot/7.0; +http://ahrefs.com/robot/)"
89.146.3.50 - - [22/Dec/2021:23:53:58 +0100] "GET /index.php/component/ajax/?format=json HTTP/1.1" 200 758 "https://www.lager-techniek.eu/index.php/spa-range/optibelt-spa1600" "Mozilla/5.0 (Windows NT 10.0; Win64; x64) AppleWebKit/537.36 (KHTML, like Gecko) Chrome/96.0.4664.110 Safari/537.36 Edg/96.0.1054.62"
54.36.148.227 - - [22/Dec/2021:23:54:04 +0100] "GET /index.php/cart/add?category_id=13&product_id=10723 HTTP/1.1" 303 645 "-" "Mozilla/5.0 (compatible; AhrefsBot/7.0; +http://ahrefs.com/robot/)"
17.121.115.80 - - [22/Dec/2021:23:54:06 +0100] "GET /robots.txt HTTP/1.1" 200 891 "-" "Mozilla/5.0 (Macintosh; Intel Mac OS X 10_15_5) AppleWebKit/605.1.15 (KHTML, like Gecko) Version/13.1.1 Safari/605.1.15 (Applebot/0.1; +http://www.apple.com/go/applebot)"
17.121.115.80 - - [22/Dec/2021:23:54:06 +0100] "GET /index.php/kegellager-inch/timken-0506205175 HTTP/1.1" 200 13861 "-" "Mozilla/5.0 (Macintosh; Intel Mac OS X 10_15_5) AppleWebKit/605.1.15 (KHTML, like Gecko) Version/13.1.1 Safari/605.1.15 (Applebot/0.1; +http://www.apple.com/go/applebot)"
66.249.66.195 - - [22/Dec/2021:23:54:11 +0100] "GET /index.php/23200-range/skf-23220-ccc4w33 HTTP/1.1" 200 14035 "-" "Mozilla/5.0 (compatible; Googlebot/2.1; +http://www.google.com/bot.html)"
40.77.167.59 - - [22/Dec/2021:23:54:14 +0100] "GET /index.php/a-range/gates-13x1500?tmpl=component&print=1 HTTP/1.1" 200 5462 "-" "Mozilla/5.0 (compatible; bingbot/2.0; +http://www.bing.com/bingbot.htm)"
207.46.13.122 - - [22/Dec/2021:23:54:15 +0100] "GET /index.php/borgring/fag-mb5 HTTP/1.1" 200 14218 "-" "Mozilla/5.0 (compatible; bingbot/2.0; +http://www.bing.com/bingbot.htm)"
207.46.13.1 - - [22/Dec/2021:23:54:15 +0100] "GET /index.php/61800-range/skf-61864ma HTTP/1.1" 200 14244 "-" "Mozilla/5.0 (compatible; bingbot/2.0; +http://www.bing.com/bingbot.htm)"
54.36.148.227 - - [22/Dec/2021:23:54:16 +0100] "GET /index.php/cart/add?category_id=13&product_id=1827 HTTP/1.1" 303 645 "-" "Mozilla/5.0 (compatible; AhrefsBot/7.0; +http://ahrefs.com/robot/)"
207.46.13.175 - - [22/Dec/2021:23:54:20 +0100] "GET /index.php/borgring/fag-mb9 HTTP/1.1" 200 14221 "-" "Mozilla/5.0 (compatible; bingbot/2.0; +http://www.bing.com/bingbot.htm)"
207.46.13.1 - - [22/Dec/2021:23:54:18 +0100] "GET /index.php/zoeken/result?start=45864 HTTP/1.1" 200 14550 "-" "Mozilla/5.0 (compatible; bingbot/2.0; +http://www.bing.com/bingbot.htm)"
40.77.167.31 - - [22/Dec/2021:23:54:22 +0100] "GET /index.php/na-range?start=48 HTTP/1.1" 200 10414 "-" "Mozilla/5.0 (compatible; bingbot/2.0; +http://www.bing.com/bingbot.htm)"
207.46.13.1 - - [22/Dec/2021:23:54:22 +0100] "GET /index.php/products/?start=37344 HTTP/1.1" 200 15365 "-" "Mozilla/5.0 (compatible; bingbot/2.0; +http://www.bing.com/bingbot.htm)"
40.77.167.31 - - [22/Dec/2021:23:54:25 +0100] "GET /index.php/zoeken/result?start=44976 HTTP/1.1" 200 14627 "-" "Mozilla/5.0 (compatible; bingbot/2.0; +http://www.bing.com/bingbot.htm)"
54.36.148.227 - - [22/Dec/2021:23:54:30 +0100] "GET /index.php/askquestion/form?category_id=373&product_id=14742&type=1&tmpl=component HTTP/1.1" 200 2415 "-" "Mozilla/5.0 (compatible; AhrefsBot/7.0; +http://ahrefs.com/robot/)"
178.118.52.254 - - [22/Dec/2021:23:54:32 +0100] "GET /index.php/component/ajax/?format=json HTTP/1.1" 200 758 "https://www.lager-techniek.eu/index.php/tandriemen-3m/gates-2883m15" "Mozilla/5.0 (Windows NT 10.0; Win64; x64) AppleWebKit/537.36 (KHTML, like Gecko) Chrome/96.0.4664.110 Safari/537.36"
2a02:a46a:4513:1:8d6f:371c:a7a9:e6c6 - - [22/Dec/2021:23:54:34 +0100] "GET /index.php/component/ajax/?format=json HTTP/1.1" 200 758 "https://www.lager-techniek.eu/index.php/b-range/gates-17x1725" "Mozilla/5.0 (Windows NT 10.0; Win64; x64) AppleWebKit/537.36 (KHTML, like Gecko) Chrome/96.0.4664.110 Safari/537.36"
66.249.66.6 - - [22/Dec/2021:23:54:43 +0100] "GET /index.php/tandriemen-5m/contitech-2255m9cxp HTTP/1.1" 200 14449 "-" "Mozilla/5.0 (Linux; Android 6.0.1; Nexus 5X Build/MMB29P) AppleWebKit/537.36 (KHTML, like Gecko) Chrome/96.0.4664.110 Mobile Safari/537.36 (compatible; Googlebot/2.1; +http://www.google.com/bot.html)"
54.36.148.227 - - [22/Dec/2021:23:54:45 +0100] "GET /index.php/zonder-flens/permaglide-pap7550-p10 HTTP/1.1" 200 13670 "-" "Mozilla/5.0 (compatible; AhrefsBot/7.0; +http://ahrefs.com/robot/)"
66.249.66.158 - - [22/Dec/2021:23:54:49 +0100] "GET /index.php/dhtd-5m/gates-tp4255m9 HTTP/1.1" 200 14351 "-" "Mozilla/5.0 (Linux; Android 6.0.1; Nexus 5X Build/MMB29P) AppleWebKit/537.36 (KHTML, like Gecko) Chrome/96.0.4664.110 Mobile Safari/537.36 (compatible; Googlebot/2.1; +http://www.google.com/bot.html)"
77.88.5.39 - - [22/Dec/2021:23:54:54 +0100] "GET /index.php/nkib-range/ina-nkib5904xl HTTP/1.1" 200 13715 "-" "Mozilla/5.0 (compatible; YandexBot/3.0; +http://yandex.com/bots)"
66.249.66.158 - - [22/Dec/2021:23:54:57 +0100] "GET /index.php/22200-range/skf-22236-2cs5vt143 HTTP/1.1" 200 14214 "-" "Mozilla/5.0 (compatible; Googlebot/2.1; +http://www.google.com/bot.html)"
54.36.148.227 - - [22/Dec/2021:23:54:59 +0100] "GET /index.php/askquestion/form?category_id=423&product_id=17290&type=1&tmpl=component HTTP/1.1" 200 2409 "-" "Mozilla/5.0 (compatible; AhrefsBot/7.0; +http://ahrefs.com/robot/)"
54.36.148.227 - - [22/Dec/2021:23:55:13 +0100] "GET /index.php/askquestion/form?category_id=446&product_id=28638&type=1&tmpl=component HTTP/1.1" 200 2410 "-" "Mozilla/5.0 (compatible; AhrefsBot/7.0; +http://ahrefs.com/robot/)"
54.36.148.227 - - [22/Dec/2021:23:55:26 +0100] "GET /index.php/72-range/fag-7215bxltvpp5 HTTP/1.1" 200 13920 "-" "Mozilla/5.0 (compatible; AhrefsBot/7.0; +http://ahrefs.com/robot/)"
77.60.98.226 - - [22/Dec/2021:23:55:27 +0100] "GET /index.php/component/ajax/?format=json HTTP/1.1" 200 758 "https://www.lager-techniek.eu/index.php/b-range/contitech-17x1215" "Mozilla/5.0 (Windows NT 6.1; Win64; x64) AppleWebKit/537.36 (KHTML, like Gecko) Chrome/94.0.4606.71 Safari/537.36"
178.118.52.254 - - [22/Dec/2021:23:55:32 +0100] "GET /index.php/component/ajax/?format=json HTTP/1.1" 200 758 "https://www.lager-techniek.eu/index.php/tandriemen-3m/gates-2823m6gt3" "Mozilla/5.0 (Windows NT 10.0; Win64; x64) AppleWebKit/537.36 (KHTML, like Gecko) Chrome/96.0.4664.110 Safari/537.36"
54.36.148.227 - - [22/Dec/2021:23:55:40 +0100] "GET /index.php/kettingwiel-06b-3/06b3z22 HTTP/1.1" 200 13934 "-" "Mozilla/5.0 (compatible; AhrefsBot/7.0; +http://ahrefs.com/robot/)"
40.77.167.31 - - [22/Dec/2021:23:55:43 +0100] "GET /index.php/6000-range/timken-60062rs HTTP/1.1" 404 5349 "-" "Mozilla/5.0 (compatible; bingbot/2.0; +http://www.bing.com/bingbot.htm)"
54.36.148.227 - - [22/Dec/2021:23:55:51 +0100] "GET /index.php/askquestion/form?category_id=210&product_id=18525&type=1&tmpl=component HTTP/1.1" 200 2423 "-" "Mozilla/5.0 (compatible; AhrefsBot/7.0; +http://ahrefs.com/robot/)"
51.158.123.107 - - [22/Dec/2021:23:55:52 +0100] "GET /index.php/askquestion/form?category_id=159&product_id=52026&type=1&tmpl=component HTTP/1.1" 200 2425 "-" "Mozilla/5.0 (Windows NT 10.0; Win64; x64) AppleWebKit/537.36 (KHTML, like Gecko) Chrome/93.0.4577.0 Safari/537.36"
51.158.123.107 - - [22/Dec/2021:23:55:52 +0100] "GET /media/com_jchoptimize/cache/js/1ce91cd8c7eb7749e9adcdceccd1aca6.js HTTP/1.1" 200 58823 "https://lager-techniek.eu/index.php/askquestion/form?category_id=159&product_id=52026&type=1&tmpl=component" "Mozilla/5.0 (Windows NT 10.0; Win64; x64) AppleWebKit/537.36 (KHTML, like Gecko) Chrome/93.0.4577.0 Safari/537.36"
54.36.148.227 - - [22/Dec/2021:23:56:01 +0100] "GET /index.php/askquestion/form?category_id=913&product_id=30222&type=1&tmpl=component HTTP/1.1" 200 2413 "-" "Mozilla/5.0 (compatible; AhrefsBot/7.0; +http://ahrefs.com/robot/)"
66.249.66.159 - - [22/Dec/2021:23:56:05 +0100] "GET /index.php/tandriemschijf-14m55-taperlock/16814m55tl HTTP/1.1" 200 13923 "-" "Mozilla/5.0 (compatible; Googlebot/2.1; +http://www.google.com/bot.html)"
193.104.159.11 - - [22/Dec/2021:23:56:11 +0100] "GET /index.php/component/ajax/?format=json HTTP/1.1" 200 758 "https://www.lager-techniek.eu/index.php/2200-range/fag-22032rstvh" "Mozilla/5.0 (Windows NT 10.0; Win64; x64) AppleWebKit/537.36 (KHTML, like Gecko) Chrome/96.0.4664.110 Safari/537.36 Edg/96.0.1054.62"
54.36.148.227 - - [22/Dec/2021:23:56:15 +0100] "GET /index.php/kettingwiel-12b-2/12b2z13 HTTP/1.1" 200 13932 "-" "Mozilla/5.0 (compatible; AhrefsBot/7.0; +http://ahrefs.com/robot/)"
54.36.148.227 - - [22/Dec/2021:23:56:27 +0100] "GET /index.php/72-range/fag-7215bxlmp HTTP/1.1" 200 13905 "-" "Mozilla/5.0 (compatible; AhrefsBot/7.0; +http://ahrefs.com/robot/)"
54.36.148.227 - - [22/Dec/2021:23:56:40 +0100] "GET /index.php/askquestion/form?category_id=1094&product_id=51059&type=1&tmpl=component HTTP/1.1" 200 2408 "-" "Mozilla/5.0 (compatible; AhrefsBot/7.0; +http://ahrefs.com/robot/)"
66.249.66.195 - - [22/Dec/2021:23:56:46 +0100] "GET /index.php/2200-range/skf-2203e2rs1tn9 HTTP/1.1" 200 14154 "-" "Mozilla/5.0 (Linux; Android 6.0.1; Nexus 5X Build/MMB29P) AppleWebKit/537.36 (KHTML, like Gecko) Chrome/96.0.4664.93 Mobile Safari/537.36 (compatible; Googlebot/2.1; +http://www.google.com/bot.html)"
66.249.66.76 - - [22/Dec/2021:23:56:51 +0100] "GET /media/com_jchoptimize/cache/js/4ce656d3ebd8cab2b5ee60a2cba37eb4.js HTTP/1.1" 200 101225 "https://www.lager-techniek.eu/index.php/2200-range/skf-2203e2rs1tn9" "Mozilla/5.0 (Linux; Android 6.0.1; Nexus 5X Build/MMB29P) AppleWebKit/537.36 (KHTML, like Gecko) Chrome/96.0.4664.93 Mobile Safari/537.36 (compatible; Googlebot/2.1; +http://www.google.com/bot.html)"
54.36.148.227 - - [22/Dec/2021:23:56:53 +0100] "GET /index.php/e-kll-range/ina-e50xlkll HTTP/1.1" 200 13718 "-" "Mozilla/5.0 (compatible; AhrefsBot/7.0; +http://ahrefs.com/robot/)"
185.178.235.166 - - [22/Dec/2021:23:57:00 +0100] "GET /index.php/component/ajax/?format=json HTTP/1.1" 200 758 "https://www.lager-techniek.eu/index.php/kettingspanwiel/ina-ksr16l010101408" "Mozilla/5.0 (Windows NT 10.0; Win64; x64) AppleWebKit/537.36 (KHTML, like Gecko) Chrome/96.0.4664.45 Safari/537.36"
66.249.66.128 - - [22/Dec/2021:23:57:01 +0100] "GET /index.php/pj-range/gates-pj711-8 HTTP/1.1" 200 14013 "-" "Mozilla/5.0 (compatible; Googlebot/2.1; +http://www.google.com/bot.html)"
54.36.148.227 - - [22/Dec/2021:23:57:08 +0100] "GET /index.php/askquestion/form?category_id=913&product_id=30243&type=1&tmpl=component HTTP/1.1" 200 2417 "-" "Mozilla/5.0 (compatible; AhrefsBot/7.0; +http://ahrefs.com/robot/)"
66.249.66.4 - - [22/Dec/2021:23:57:13 +0100] "GET /index.php/tandriemen-t5/megadyne-t515050 HTTP/1.1" 200 14151 "-" "Mozilla/5.0 (compatible; Googlebot/2.1; +http://www.google.com/bot.html)"
66.249.66.158 - - [22/Dec/2021:23:57:20 +0100] "GET /index.php/kh-range/ina-kh30pp HTTP/1.1" 200 14357 "-" "Mozilla/5.0 (compatible; Googlebot/2.1; +http://www.google.com/bot.html)"
54.36.148.227 - - [22/Dec/2021:23:57:20 +0100] "GET /index.php/kegellager-inch/timken-681672 HTTP/1.1" 200 13841 "-" "Mozilla/5.0 (compatible; AhrefsBot/7.0; +http://ahrefs.com/robot/)"
66.249.66.76 - - [22/Dec/2021:23:57:22 +0100] "GET /index.php/pj-range/gates-pj1930-7 HTTP/1.1" 200 14004 "-" "Mozilla/5.0 (compatible; Googlebot/2.1; +http://www.google.com/bot.html)"
77.226.249.91 - - [22/Dec/2021:23:57:28 +0100] "GET /index.php/component/ajax/?format=json HTTP/1.1" 200 758 "https://www.lager-techniek.eu/index.php/a-range/contitech-13x3650" "Mozilla/5.0 (Windows NT 10.0; Win64; x64) AppleWebKit/537.36 (KHTML, like Gecko) Chrome/96.0.4664.55 Safari/537.36 Edg/96.0.1054.43"
66.249.66.76 - - [22/Dec/2021:23:57:27 +0100] "GET /index.php/spa-range/contitech-spa2232 HTTP/1.1" 200 14651 "-" "Mozilla/5.0 (Linux; Android 6.0.1; Nexus 5X Build/MMB29P) AppleWebKit/537.36 (KHTML, like Gecko) Chrome/96.0.4664.110 Mobile Safari/537.36 (compatible; Googlebot/2.1; +http://www.google.com/bot.html)"
54.36.148.227 - - [22/Dec/2021:23:57:32 +0100] "GET /index.php/askquestion/form?category_id=38&product_id=24405&type=1&tmpl=component HTTP/1.1" 200 2423 "-" "Mozilla/5.0 (compatible; AhrefsBot/7.0; +http://ahrefs.com/robot/)"
66.249.66.76 - - [22/Dec/2021:23:57:35 +0100] "GET /index.php/tandriemen-3m/gates-1233m15 HTTP/1.1" 200 14561 "-" "Mozilla/5.0 (Linux; Android 6.0.1; Nexus 5X Build/MMB29P) AppleWebKit/537.36 (KHTML, like Gecko) Chrome/96.0.4664.110 Mobile Safari/537.36 (compatible; Googlebot/2.1; +http://www.google.com/bot.html)"
66.249.66.195 - - [22/Dec/2021:23:57:45 +0100] "GET /index.php/h2300-range/ntn-h2318 HTTP/1.1" 200 14333 "-" "Mozilla/5.0 (compatible; Googlebot/2.1; +http://www.google.com/bot.html)"
54.36.148.227 - - [22/Dec/2021:23:57:46 +0100] "GET /index.php/31300-range/skf-31316j1qcl7a HTTP/1.1" 200 14868 "-" "Mozilla/5.0 (compatible; AhrefsBot/7.0; +http://ahrefs.com/robot/)"
90.145.217.226 - - [22/Dec/2021:23:57:53 +0100] "GET /index.php/component/ajax/?format=json HTTP/1.1" 200 758 "https://www.lager-techniek.eu/index.php/met-flens/permaglide-paf25215-p11" "Mozilla/5.0 (Windows NT 10.0; Win64; x64) AppleWebKit/537.36 (KHTML, like Gecko) Chrome/96.0.4664.45 Safari/537.36"
54.36.148.227 - - [22/Dec/2021:23:57:57 +0100] "GET /index.php/72-range/fag-7215bxlmpp5uo HTTP/1.1" 200 13968 "-" "Mozilla/5.0 (compatible; AhrefsBot/7.0; +http://ahrefs.com/robot/)"
54.36.148.227 - - [22/Dec/2021:23:58:09 +0100] "GET /index.php/a-range/gates-13x1550 HTTP/1.1" 200 15495 "-" "Mozilla/5.0 (compatible; AhrefsBot/7.0; +http://ahrefs.com/robot/)"
66.249.66.76 - - [22/Dec/2021:23:58:12 +0100] "GET /index.php/tandriemen-14m/gates-210014m55 HTTP/1.1" 200 14834 "-" "Mozilla/5.0 (compatible; Googlebot/2.1; +http://www.google.com/bot.html)"
54.36.148.227 - - [22/Dec/2021:23:58:21 +0100] "GET /index.php/z-range/gates-10x2500 HTTP/1.1" 200 15475 "-" "Mozilla/5.0 (compatible; AhrefsBot/7.0; +http://ahrefs.com/robot/)"
66.249.66.158 - - [22/Dec/2021:23:58:32 +0100] "GET /index.php/pj-range/gates-pj610-8 HTTP/1.1" 200 14016 "-" "Mozilla/5.0 (compatible; Googlebot/2.1; +http://www.google.com/bot.html)"
54.36.148.227 - - [22/Dec/2021:23:58:36 +0100] "GET /index.php/cart/add?category_id=13&product_id=1829 HTTP/1.1" 303 645 "-" "Mozilla/5.0 (compatible; AhrefsBot/7.0; +http://ahrefs.com/robot/)"
82.75.56.74 - - [22/Dec/2021:23:58:43 +0100] "GET /administrator/index.php?option=com_jshopping&controller=orders HTTP/1.1" 200 3386 "https://www.lager-techniek.eu/administrator/index.php?option=com_plugins&view=plugins" "Mozilla/5.0 (Windows NT 10.0; Win64; x64; rv:95.0) Gecko/20100101 Firefox/95.0"
82.75.56.74 - - [22/Dec/2021:23:58:43 +0100] "GET /administrator/templates/isis/images/joomla.png HTTP/1.1" 200 15339 "https://www.lager-techniek.eu/administrator/index.php?option=com_jshopping&controller=orders" "Mozilla/5.0 (Windows NT 10.0; Win64; x64; rv:95.0) Gecko/20100101 Firefox/95.0"
82.75.56.74 - - [22/Dec/2021:23:58:43 +0100] "GET /administrator/templates/isis/favicon.ico HTTP/1.1" 200 1902 "https://www.lager-techniek.eu/administrator/index.php?option=com_jshopping&controller=orders" "Mozilla/5.0 (Windows NT 10.0; Win64; x64; rv:95.0) Gecko/20100101 Firefox/95.0"
82.75.56.74 - - [22/Dec/2021:23:58:44 +0100] "POST /administrator/index.php HTTP/1.1" 303 717 "https://www.lager-techniek.eu/administrator/index.php?option=com_jshopping&controller=orders" "Mozilla/5.0 (Windows NT 10.0; Win64; x64; rv:95.0) Gecko/20100101 Firefox/95.0"
82.75.56.74 - - [22/Dec/2021:23:58:44 +0100] "GET /administrator/index.php?option=com_jshopping&controller=orders HTTP/1.1" 200 14049 "https://www.lager-techniek.eu/administrator/index.php?option=com_jshopping&controller=orders" "Mozilla/5.0 (Windows NT 10.0; Win64; x64; rv:95.0) Gecko/20100101 Firefox/95.0"
82.75.56.74 - - [22/Dec/2021:23:58:44 +0100] "GET /administrator/components/com_jshopping/images/order_gutschrift/gutschrift.png HTTP/1.1" 200 4560 "https://www.lager-techniek.eu/administrator/index.php?option=com_jshopping&controller=orders" "Mozilla/5.0 (Windows NT 10.0; Win64; x64; rv:95.0) Gecko/20100101 Firefox/95.0"
82.75.56.74 - - [22/Dec/2021:23:58:44 +0100] "GET /administrator/components/com_jshopping/images/jshop_options_s.png HTTP/1.1" 200 4030 "https://www.lager-techniek.eu/administrator/index.php?option=com_jshopping&controller=orders" "Mozilla/5.0 (Windows NT 10.0; Win64; x64; rv:95.0) Gecko/20100101 Firefox/95.0"
82.75.56.74 - - [22/Dec/2021:23:58:44 +0100] "GET /administrator/templates/isis/favicon.ico HTTP/1.1" 200 1902 "https://www.lager-techniek.eu/administrator/index.php?option=com_jshopping&controller=orders" "Mozilla/5.0 (Windows NT 10.0; Win64; x64; rv:95.0) Gecko/20100101 Firefox/95.0"
40.77.167.31 - - [22/Dec/2021:23:58:44 +0100] "GET /index.php/producenten/simplex-rollenketting-rvs/vbchain-rk08b1rvs HTTP/1.1" 200 14350 "-" "Mozilla/5.0 (compatible; bingbot/2.0; +http://www.bing.com/bingbot.htm)"
82.75.56.74 - - [22/Dec/2021:23:58:47 +0100] "GET /administrator/index.php?option=com_jshopping&controller=orders&task=show&order_id=14353 HTTP/1.1" 200 8440 "https://www.lager-techniek.eu/administrator/index.php?option=com_jshopping&controller=orders" "Mozilla/5.0 (Windows NT 10.0; Win64; x64; rv:95.0) Gecko/20100101 Firefox/95.0"
82.75.56.74 - - [22/Dec/2021:23:58:48 +0100] "GET /administrator/index.php?option=com_jshopping&controller=orders&task=show&order_id=14353 HTTP/1.1" 200 8440 "https://www.lager-techniek.eu/administrator/index.php?option=com_jshopping&controller=orders" "Mozilla/5.0 (Windows NT 10.0; Win64; x64; rv:95.0) Gecko/20100101 Firefox/95.0"
82.75.56.74 - - [22/Dec/2021:23:58:48 +0100] "GET /plugins/jshoppingproducts/attributecheckbox/script.js HTTP/1.1" 200 683 "https://www.lager-techniek.eu/administrator/index.php?option=com_jshopping&controller=orders&task=show&order_id=14353" "Mozilla/5.0 (Windows NT 10.0; Win64; x64; rv:95.0) Gecko/20100101 Firefox/95.0"
54.36.148.227 - - [22/Dec/2021:23:58:50 +0100] "GET /index.php/askquestion/form?category_id=913&product_id=48093&type=1&tmpl=component HTTP/1.1" 200 2426 "-" "Mozilla/5.0 (compatible; AhrefsBot/7.0; +http://ahrefs.com/robot/)"
89.146.3.50 - - [22/Dec/2021:23:58:58 +0100] "GET /index.php/component/ajax/?format=json HTTP/1.1" 200 758 "https://www.lager-techniek.eu/index.php/spa-range/optibelt-spa1600" "Mozilla/5.0 (Windows NT 10.0; Win64; x64) AppleWebKit/537.36 (KHTML, like Gecko) Chrome/96.0.4664.110 Safari/537.36 Edg/96.0.1054.62"
54.36.148.227 - - [22/Dec/2021:23:59:03 +0100] "GET /index.php/askquestion/form?category_id=913&product_id=48095&type=1&tmpl=component HTTP/1.1" 200 2426 "-" "Mozilla/5.0 (compatible; AhrefsBot/7.0; +http://ahrefs.com/robot/)"
82.75.56.74 - - [22/Dec/2021:23:59:12 +0100] "POST /administrator/index.php?option=com_jshopping&controller=orders HTTP/1.1" 303 637 "https://www.lager-techniek.eu/administrator/index.php?option=com_jshopping&controller=orders&task=show&order_id=14353" "Mozilla/5.0 (Windows NT 10.0; Win64; x64; rv:95.0) Gecko/20100101 Firefox/95.0"
82.75.56.74 - - [22/Dec/2021:23:59:12 +0100] "GET /administrator/index.php?option=com_jshopping&controller=orders&task=show&order_id=14353 HTTP/1.1" 200 8663 "https://www.lager-techniek.eu/administrator/index.php?option=com_jshopping&controller=orders&task=show&order_id=14353" "Mozilla/5.0 (Windows NT 10.0; Win64; x64; rv:95.0) Gecko/20100101 Firefox/95.0"
82.75.56.74 - - [22/Dec/2021:23:59:16 +0100] "POST /administrator/index.php?option=com_jshopping&controller=orders HTTP/1.1" 303 637 "https://www.lager-techniek.eu/administrator/index.php?option=com_jshopping&controller=orders&task=show&order_id=14353" "Mozilla/5.0 (Windows NT 10.0; Win64; x64; rv:95.0) Gecko/20100101 Firefox/95.0"
54.36.148.227 - - [22/Dec/2021:23:59:16 +0100] "GET /index.php/askquestion/form?category_id=921&product_id=30683&type=1&tmpl=component HTTP/1.1" 200 2424 "-" "Mozilla/5.0 (compatible; AhrefsBot/7.0; +http://ahrefs.com/robot/)"
82.75.56.74 - - [22/Dec/2021:23:59:16 +0100] "GET /administrator/index.php?option=com_jshopping&controller=orders&task=show&order_id=14353 HTTP/1.1" 200 8698 "https://www.lager-techniek.eu/administrator/index.php?option=com_jshopping&controller=orders&task=show&order_id=14353" "Mozilla/5.0 (Windows NT 10.0; Win64; x64; rv:95.0) Gecko/20100101 Firefox/95.0"
2a02:a443:c556:1:8595:156a:59fd:fd99 - - [22/Dec/2021:23:59:18 +0100] "GET /index.php/moduul-1-5/m15z20 HTTP/1.1" 200 13554 "https://www.google.com/" "Mozilla/5.0 (Windows NT 10.0; Win64; x64) AppleWebKit/537.36 (KHTML, like Gecko) Chrome/96.0.4664.110 Safari/537.36"
2a02:a443:c556:1:8595:156a:59fd:fd99 - - [22/Dec/2021:23:59:19 +0100] "GET /media/com_jchoptimize/cache/js/44626998a4bf63eb519f6a03edf22eaa.js HTTP/1.1" 200 101228 "https://www.lager-techniek.eu/index.php/moduul-1-5/m15z20" "Mozilla/5.0 (Windows NT 10.0; Win64; x64) AppleWebKit/537.36 (KHTML, like Gecko) Chrome/96.0.4664.110 Safari/537.36"
2a02:a443:c556:1:8595:156a:59fd:fd99 - - [22/Dec/2021:23:59:19 +0100] "GET /components/com_jshopping/files/img_products/img_TWMN.jpg HTTP/1.1" 200 5731 "https://www.lager-techniek.eu/index.php/moduul-1-5/m15z20" "Mozilla/5.0 (Windows NT 10.0; Win64; x64) AppleWebKit/537.36 (KHTML, like Gecko) Chrome/96.0.4664.110 Safari/537.36"
82.75.56.74 - - [22/Dec/2021:23:59:19 +0100] "GET /administrator/index.php?option=com_jshopping&controller=orders HTTP/1.1" 200 14064 "https://www.lager-techniek.eu/administrator/index.php?option=com_jshopping&controller=orders&task=show&order_id=14353" "Mozilla/5.0 (Windows NT 10.0; Win64; x64; rv:95.0) Gecko/20100101 Firefox/95.0"
13.66.139.0 - - [22/Dec/2021:23:59:19 +0100] "GET /index.php/72-range/skf-7218becbp HTTP/1.1" 200 14449 "-" "Mozilla/5.0 (compatible; bingbot/2.0; +http://www.bing.com/bingbot.htm)"
66.249.66.6 - - [22/Dec/2021:23:59:19 +0100] "GET /index.php/inch-range/zen-rls82z HTTP/1.1" 200 14138 "-" "Mozilla/5.0 (compatible; Googlebot/2.1; +http://www.google.com/bot.html)"
82.75.56.74 - - [22/Dec/2021:23:59:21 +0100] "GET /administrator/index.php?option=com_jshopping&controller=orders&task=show&order_id=14354 HTTP/1.1" 200 8394 "https://www.lager-techniek.eu/administrator/index.php?option=com_jshopping&controller=orders" "Mozilla/5.0 (Windows NT 10.0; Win64; x64; rv:95.0) Gecko/20100101 Firefox/95.0"
54.36.148.227 - - [22/Dec/2021:23:59:27 +0100] "GET /index.php/askquestion/form?category_id=218&product_id=14630&type=1&tmpl=component HTTP/1.1" 200 2428 "-" "Mozilla/5.0 (compatible; AhrefsBot/7.0; +http://ahrefs.com/robot/)"
178.118.52.254 - - [22/Dec/2021:23:59:32 +0100] "GET /index.php/component/ajax/?format=json HTTP/1.1" 200 758 "https://www.lager-techniek.eu/index.php/tandriemen-3m/gates-2883m15" "Mozilla/5.0 (Windows NT 10.0; Win64; x64) AppleWebKit/537.36 (KHTML, like Gecko) Chrome/96.0.4664.110 Safari/537.36"
2a02:a46a:4513:1:8d6f:371c:a7a9:e6c6 - - [22/Dec/2021:23:59:34 +0100] "GET /index.php/component/ajax/?format=json HTTP/1.1" 200 758 "https://www.lager-techniek.eu/index.php/b-range/gates-17x1725" "Mozilla/5.0 (Windows NT 10.0; Win64; x64) AppleWebKit/537.36 (KHTML, like Gecko) Chrome/96.0.4664.110 Safari/537.36"
82.75.56.74 - - [22/Dec/2021:23:59:44 +0100] "POST /administrator/index.php?option=com_jshopping&controller=orders HTTP/1.1" 303 637 "https://www.lager-techniek.eu/administrator/index.php?option=com_jshopping&controller=orders&task=show&order_id=14354" "Mozilla/5.0 (Windows NT 10.0; Win64; x64; rv:95.0) Gecko/20100101 Firefox/95.0"
82.75.56.74 - - [22/Dec/2021:23:59:44 +0100] "GET /administrator/index.php?option=com_jshopping&controller=orders&task=show&order_id=14354 HTTP/1.1" 200 8624 "https://www.lager-techniek.eu/administrator/index.php?option=com_jshopping&controller=orders&task=show&order_id=14354" "Mozilla/5.0 (Windows NT 10.0; Win64; x64; rv:95.0) Gecko/20100101 Firefox/95.0"
82.75.56.74 - - [22/Dec/2021:23:59:44 +0100] "GET /media/jui/js/jquery-noconflict.js?8331cdaeca26f531c78efb96dd1dad94 HTTP/1.1" 200 423 "https://www.lager-techniek.eu/administrator/index.php?option=com_jshopping&controller=orders&task=show&order_id=14354" "Mozilla/5.0 (Windows NT 10.0; Win64; x64; rv:95.0) Gecko/20100101 Firefox/95.0"
82.75.56.74 - - [22/Dec/2021:23:59:44 +0100] "GET /plugins/jshoppingproducts/attributecheckbox/script.js HTTP/1.1" 200 683 "https://www.lager-techniek.eu/administrator/index.php?option=com_jshopping&controller=orders&task=show&order_id=14354" "Mozilla/5.0 (Windows NT 10.0; Win64; x64; rv:95.0) Gecko/20100101 Firefox/95.0"
82.75.56.74 - - [22/Dec/2021:23:59:44 +0100] "GET /administrator/templates/isis/favicon.ico HTTP/1.1" 200 1902 "https://www.lager-techniek.eu/administrator/index.php?option=com_jshopping&controller=orders&task=show&order_id=14354" "Mozilla/5.0 (Windows NT 10.0; Win64; x64; rv:95.0) Gecko/20100101 Firefox/95.0"
82.75.56.74 - - [22/Dec/2021:23:59:50 +0100] "GET /administrator/index.php?option=com_jshopping&controller=orders HTTP/1.1" 200 14077 "https://www.lager-techniek.eu/administrator/index.php?option=com_jshopping&controller=orders&task=show&order_id=14354" "Mozilla/5.0 (Windows NT 10.0; Win64; x64; rv:95.0) Gecko/20100101 Firefox/95.0"
82.75.56.74 - - [22/Dec/2021:23:59:50 +0100] "GET /administrator/components/com_jshopping/images/order_gutschrift/gutschrift.png HTTP/1.1" 200 4560 "https://www.lager-techniek.eu/administrator/index.php?option=com_jshopping&controller=orders" "Mozilla/5.0 (Windows NT 10.0; Win64; x64; rv:95.0) Gecko/20100101 Firefox/95.0"
82.75.56.74 - - [22/Dec/2021:23:59:50 +0100] "GET /administrator/components/com_jshopping/images/jshop_print.png HTTP/1.1" 200 0 "https://www.lager-techniek.eu/administrator/index.php?option=com_jshopping&controller=orders" "Mozilla/5.0 (Windows NT 10.0; Win64; x64; rv:95.0) Gecko/20100101 Firefox/95.0"
82.75.56.74 - - [22/Dec/2021:23:59:50 +0100] "GET /administrator/components/com_jshopping/images/jshop_delivery/delivery.png HTTP/1.1" 200 0 "https://www.lager-techniek.eu/administrator/index.php?option=com_jshopping&controller=orders" "Mozilla/5.0 (Windows NT 10.0; Win64; x64; rv:95.0) Gecko/20100101 Firefox/95.0"
82.75.56.74 - - [22/Dec/2021:23:59:50 +0100] "GET /administrator/components/com_jshopping/images/jshop_options_s.png HTTP/1.1" 200 4030 "https://www.lager-techniek.eu/administrator/index.php?option=com_jshopping&controller=orders" "Mozilla/5.0 (Windows NT 10.0; Win64; x64; rv:95.0) Gecko/20100101 Firefox/95.0"
82.75.56.74 - - [22/Dec/2021:23:59:53 +0100] "POST /administrator/index.php?option=com_jshopping&controller=orders HTTP/1.1" 200 13882 "https://www.lager-techniek.eu/administrator/index.php?option=com_jshopping&controller=orders" "Mozilla/5.0 (Windows NT 10.0; Win64; x64; rv:95.0) Gecko/20100101 Firefox/95.0"
54.36.148.227 - - [22/Dec/2021:23:59:55 +0100] "GET /index.php/cart/add?category_id=13&product_id=1828 HTTP/1.1" 303 645 "-" "Mozilla/5.0 (compatible; AhrefsBot/7.0; +http://ahrefs.com/robot/)"
54.36.148.227 - - [22/Dec/2021:23:59:56 +0100] "GET /index.php/cart/add?category_id=13&product_id=10689 HTTP/1.1" 303 645 "-" "Mozilla/5.0 (compatible; AhrefsBot/7.0; +http://ahrefs.com/robot/)"