51.15.214.107 - - [22/Dec/2021:22:24:26 +0100] "GET /media/com_jchoptimize/cache/js/114f755375b912ee91bcc80cd141ab63.js HTTP/1.1" 200 66519 "https://lager-techniek.eu/index.php/rollenketting/iwis-ct102-kettingbreker?tmpl=component&print=1" "Mozilla/5.0 (Windows NT 10.0; Win64; x64) AppleWebKit/537.36 (KHTML, like Gecko) Chrome/93.0.4577.0 Safari/537.36"
51.15.214.107 - - [22/Dec/2021:22:24:26 +0100] "GET /media/com_jchoptimize/cache/js/01c2bb7e5b2f41c77be699ef921df934.js HTTP/1.1" 200 20649 "https://lager-techniek.eu/index.php/rollenketting/iwis-ct102-kettingbreker?tmpl=component&print=1" "Mozilla/5.0 (Windows NT 10.0; Win64; x64) AppleWebKit/537.36 (KHTML, like Gecko) Chrome/93.0.4577.0 Safari/537.36"
54.36.148.227 - - [22/Dec/2021:22:24:26 +0100] "GET /index.php/cart/add?category_id=45&product_id=22788 HTTP/1.1" 303 645 "-" "Mozilla/5.0 (compatible; AhrefsBot/7.0; +http://ahrefs.com/robot/)"
178.118.52.254 - - [22/Dec/2021:22:24:32 +0100] "GET /index.php/component/ajax/?format=json HTTP/1.1" 200 758 "https://www.lager-techniek.eu/index.php/tandriemen-3m/gates-2883m15" "Mozilla/5.0 (Windows NT 10.0; Win64; x64) AppleWebKit/537.36 (KHTML, like Gecko) Chrome/96.0.4664.110 Safari/537.36"
54.36.148.227 - - [22/Dec/2021:22:24:39 +0100] "GET /index.php/6000-range/ntn-6011zznr HTTP/1.1" 200 14255 "-" "Mozilla/5.0 (compatible; AhrefsBot/7.0; +http://ahrefs.com/robot/)"
2a02:a441:875f:1:7de0:18ed:ddb5:da4b - - [22/Dec/2021:22:24:43 +0100] "POST /index.php/checkout/step2save HTTP/1.1" 303 574 "https://www.lager-techniek.eu/index.php/checkout/step2?check_login=1" "Mozilla/5.0 (Windows NT 10.0) AppleWebKit/537.36 (KHTML, like Gecko) Chrome/96.0.4664.110 Safari/537.36"
66.249.66.4 - - [22/Dec/2021:22:24:43 +0100] "GET /index.php/producenten/61800-range/skf-618052rs1ivp HTTP/1.1" 200 14678 "-" "Mozilla/5.0 (compatible; Googlebot/2.1; +http://www.google.com/bot.html)"
2a02:a441:875f:1:7de0:18ed:ddb5:da4b - - [22/Dec/2021:22:24:43 +0100] "GET /index.php/checkout/step3 HTTP/1.1" 200 12436 "https://www.lager-techniek.eu/index.php/checkout/step2?check_login=1" "Mozilla/5.0 (Windows NT 10.0) AppleWebKit/537.36 (KHTML, like Gecko) Chrome/96.0.4664.110 Safari/537.36"
2a02:a441:875f:1:7de0:18ed:ddb5:da4b - - [22/Dec/2021:22:24:45 +0100] "GET /media/com_jchoptimize/cache/js/06cd59368305f5373c4f5a20b150644a.js HTTP/1.1" 200 94331 "https://www.lager-techniek.eu/index.php/checkout/step3" "Mozilla/5.0 (Windows NT 10.0) AppleWebKit/537.36 (KHTML, like Gecko) Chrome/96.0.4664.110 Safari/537.36"
183.136.225.56 - - [22/Dec/2021:22:24:49 +0100] "GET / HTTP/1.1" 200 26477 "-" "Mozilla/5.0 (Macintosh; Intel Mac OS X 10.11; rv:47.0) Gecko/20100101 Firefox/47.0"
54.36.148.227 - - [22/Dec/2021:22:24:53 +0100] "GET /index.php/cart/add?category_id=45&product_id=23545 HTTP/1.1" 303 645 "-" "Mozilla/5.0 (compatible; AhrefsBot/7.0; +http://ahrefs.com/robot/)"
54.36.148.227 - - [22/Dec/2021:22:25:07 +0100] "GET /index.php/askquestion/form?category_id=895&product_id=31973&type=1&tmpl=component HTTP/1.1" 200 2418 "-" "Mozilla/5.0 (compatible; AhrefsBot/7.0; +http://ahrefs.com/robot/)"
2a02:a441:875f:1:7de0:18ed:ddb5:da4b - - [22/Dec/2021:22:25:07 +0100] "POST /index.php/checkout/step3save HTTP/1.1" 303 574 "https://www.lager-techniek.eu/index.php/checkout/step3" "Mozilla/5.0 (Windows NT 10.0) AppleWebKit/537.36 (KHTML, like Gecko) Chrome/96.0.4664.110 Safari/537.36"
2a02:a441:875f:1:7de0:18ed:ddb5:da4b - - [22/Dec/2021:22:25:07 +0100] "GET /index.php/checkout/step4 HTTP/1.1" 200 12144 "https://www.lager-techniek.eu/index.php/checkout/step3" "Mozilla/5.0 (Windows NT 10.0) AppleWebKit/537.36 (KHTML, like Gecko) Chrome/96.0.4664.110 Safari/537.36"
2a02:a213:2181:580:b929:d8ce:13b1:76df - - [22/Dec/2021:22:25:17 +0100] "GET / HTTP/1.1" 200 0 "-" "Mozilla/5.0 (iPhone; CPU iPhone OS 15_1 like Mac OS X) AppleWebKit/605.1.15 (KHTML, like Gecko) Version/15.1 Mobile/15E148 Safari/604.1"
54.36.148.227 - - [22/Dec/2021:22:25:23 +0100] "GET /index.php/cart/add?category_id=45&product_id=23546 HTTP/1.1" 303 645 "-" "Mozilla/5.0 (compatible; AhrefsBot/7.0; +http://ahrefs.com/robot/)"
66.249.66.200 - - [22/Dec/2021:22:25:23 +0100] "GET /index.php/borgmoer/skfkm8 HTTP/1.1" 200 14366 "-" "Mozilla/5.0 (compatible; Googlebot/2.1; +http://www.google.com/bot.html)"
217.123.82.92 - - [22/Dec/2021:22:25:23 +0100] "GET /index.php/component/ajax/?format=json HTTP/1.1" 200 758 "https://www.lager-techniek.eu/index.php/duplex-rollenketting/vbchain-rk24b2" "Mozilla/5.0 (Windows NT 10.0; Win64; x64) AppleWebKit/537.36 (KHTML, like Gecko) Chrome/96.0.4664.110 Safari/537.36"
77.60.98.226 - - [22/Dec/2021:22:25:27 +0100] "GET /index.php/component/ajax/?format=json HTTP/1.1" 200 758 "https://www.lager-techniek.eu/index.php/b-range/contitech-17x1215" "Mozilla/5.0 (Windows NT 6.1; Win64; x64) AppleWebKit/537.36 (KHTML, like Gecko) Chrome/94.0.4606.71 Safari/537.36"
66.249.66.195 - - [22/Dec/2021:22:25:27 +0100] "GET /index.php/spa-6-groeven-taperlock/315spa6tl HTTP/1.1" 200 14063 "-" "Mozilla/5.0 (compatible; Googlebot/2.1; +http://www.google.com/bot.html)"
178.118.52.254 - - [22/Dec/2021:22:25:32 +0100] "GET /index.php/component/ajax/?format=json HTTP/1.1" 200 758 "https://www.lager-techniek.eu/index.php/tandriemen-3m/gates-2823m6gt3" "Mozilla/5.0 (Windows NT 10.0; Win64; x64) AppleWebKit/537.36 (KHTML, like Gecko) Chrome/96.0.4664.110 Safari/537.36"
2a02:a441:875f:1:7de0:18ed:ddb5:da4b - - [22/Dec/2021:22:25:37 +0100] "POST /index.php/checkout/step4save HTTP/1.1" 303 574 "https://www.lager-techniek.eu/index.php/checkout/step4" "Mozilla/5.0 (Windows NT 10.0) AppleWebKit/537.36 (KHTML, like Gecko) Chrome/96.0.4664.110 Safari/537.36"
2a02:a441:875f:1:7de0:18ed:ddb5:da4b - - [22/Dec/2021:22:25:37 +0100] "GET /index.php/checkout/step5 HTTP/1.1" 200 13107 "https://www.lager-techniek.eu/index.php/checkout/step4" "Mozilla/5.0 (Windows NT 10.0) AppleWebKit/537.36 (KHTML, like Gecko) Chrome/96.0.4664.110 Safari/537.36"
54.36.148.227 - - [22/Dec/2021:22:25:39 +0100] "GET /index.php/cart/add?category_id=45&product_id=23552 HTTP/1.1" 303 645 "-" "Mozilla/5.0 (compatible; AhrefsBot/7.0; +http://ahrefs.com/robot/)"
54.36.148.227 - - [22/Dec/2021:22:25:52 +0100] "GET /index.php/cart/add?category_id=45&product_id=23553 HTTP/1.1" 303 645 "-" "Mozilla/5.0 (compatible; AhrefsBot/7.0; +http://ahrefs.com/robot/)"
54.36.148.227 - - [22/Dec/2021:22:26:06 +0100] "GET /index.php/32000-range/ntn-4t32011x HTTP/1.1" 200 14914 "-" "Mozilla/5.0 (compatible; AhrefsBot/7.0; +http://ahrefs.com/robot/)"
66.249.66.78 - - [22/Dec/2021:22:26:08 +0100] "GET /index.php/51100-range/ntn-51104 HTTP/1.1" 200 14547 "-" "Mozilla/5.0 (compatible; Googlebot/2.1; +http://www.google.com/bot.html)"
2a02:a441:875f:1:7de0:18ed:ddb5:da4b - - [22/Dec/2021:22:26:10 +0100] "POST /index.php/checkout/step5save HTTP/1.1" 303 834 "https://www.lager-techniek.eu/index.php/checkout/step5" "Mozilla/5.0 (Windows NT 10.0) AppleWebKit/537.36 (KHTML, like Gecko) Chrome/96.0.4664.110 Safari/537.36"
193.104.159.11 - - [22/Dec/2021:22:26:11 +0100] "GET /index.php/component/ajax/?format=json HTTP/1.1" 200 758 "https://www.lager-techniek.eu/index.php/2200-range/fag-22032rstvh" "Mozilla/5.0 (Windows NT 10.0; Win64; x64) AppleWebKit/537.36 (KHTML, like Gecko) Chrome/96.0.4664.110 Safari/537.36 Edg/96.0.1054.62"
40.77.167.31 - - [22/Dec/2021:22:26:12 +0100] "GET /index.php/33000-range/fag-33012 HTTP/1.1" 301 694 "-" "Mozilla/5.0 (compatible; bingbot/2.0; +http://www.bing.com/bingbot.htm)"
2a02:a441:875f:1:7de0:18ed:ddb5:da4b - - [22/Dec/2021:22:26:11 +0100] "GET /index.php/checkout/step6 HTTP/1.1" 302 11730 "https://www.lager-techniek.eu/index.php/checkout/step5" "Mozilla/5.0 (Windows NT 10.0) AppleWebKit/537.36 (KHTML, like Gecko) Chrome/96.0.4664.110 Safari/537.36"
54.36.148.227 - - [22/Dec/2021:22:26:26 +0100] "GET /index.php/cart/add?category_id=45&product_id=27614 HTTP/1.1" 303 645 "-" "Mozilla/5.0 (compatible; AhrefsBot/7.0; +http://ahrefs.com/robot/)"
91.183.150.180 - - [22/Dec/2021:22:26:35 +0100] "GET /index.php/component/ajax/?format=json HTTP/1.1" 200 758 "https://www.lager-techniek.eu/index.php/overig/skf-tmft36" "Mozilla/5.0 (Windows NT 6.3; Win64; x64) AppleWebKit/537.36 (KHTML, like Gecko) Chrome/96.0.4664.110 Safari/537.36"
54.36.148.227 - - [22/Dec/2021:22:26:39 +0100] "GET /index.php/cart/add?category_id=10&product_id=5461 HTTP/1.1" 303 645 "-" "Mozilla/5.0 (compatible; AhrefsBot/7.0; +http://ahrefs.com/robot/)"
54.36.148.227 - - [22/Dec/2021:22:26:51 +0100] "GET /index.php/cart/add?category_id=45&product_id=27598 HTTP/1.1" 303 645 "-" "Mozilla/5.0 (compatible; AhrefsBot/7.0; +http://ahrefs.com/robot/)"
185.178.235.166 - - [22/Dec/2021:22:27:00 +0100] "GET /index.php/component/ajax/?format=json HTTP/1.1" 200 758 "https://www.lager-techniek.eu/index.php/kettingspanwiel/ina-ksr16l010101408" "Mozilla/5.0 (Windows NT 10.0; Win64; x64) AppleWebKit/537.36 (KHTML, like Gecko) Chrome/96.0.4664.45 Safari/537.36"
54.36.148.227 - - [22/Dec/2021:22:27:05 +0100] "GET /index.php/askquestion/form?category_id=10&product_id=6408&type=1&tmpl=component HTTP/1.1" 200 2409 "-" "Mozilla/5.0 (compatible; AhrefsBot/7.0; +http://ahrefs.com/robot/)"
87.233.217.244 - - [22/Dec/2021:22:27:07 +0100] "POST /index.php?option=com_jshopping&controller=checkout&task=step7&act=notify&js_paymentclass=pm_mollie_api&no_lang=1 HTTP/1.1" 200 417 "-" "Mollie HTTP client/1.0"
2a02:a441:875f:1:7de0:18ed:ddb5:da4b - - [22/Dec/2021:22:27:08 +0100] "GET /index.php?option=com_jshopping&controller=checkout&task=step7&act=return&js_paymentclass=pm_mollie_api&order_id=14356 HTTP/1.1" 303 575 "https://betalen.rabobank.nl/" "Mozilla/5.0 (Windows NT 10.0) AppleWebKit/537.36 (KHTML, like Gecko) Chrome/96.0.4664.110 Safari/537.36"
2a02:a441:875f:1:7de0:18ed:ddb5:da4b - - [22/Dec/2021:22:27:08 +0100] "GET /index.php/checkout/finish HTTP/1.1" 200 11788 "https://betalen.rabobank.nl/" "Mozilla/5.0 (Windows NT 10.0) AppleWebKit/537.36 (KHTML, like Gecko) Chrome/96.0.4664.110 Safari/537.36"
2a02:a441:875f:1:7de0:18ed:ddb5:da4b - - [22/Dec/2021:22:27:09 +0100] "GET /media/com_jchoptimize/cache/css/06111d3a7838d9265f106a16358b0c42.css HTTP/1.1" 200 31633 "https://www.lager-techniek.eu/index.php/checkout/finish" "Mozilla/5.0 (Windows NT 10.0) AppleWebKit/537.36 (KHTML, like Gecko) Chrome/96.0.4664.110 Safari/537.36"
2a02:a441:875f:1:7de0:18ed:ddb5:da4b - - [22/Dec/2021:22:27:09 +0100] "GET /media/com_jchoptimize/cache/js/a7ed533205dec32f575ab1f925d86038.js HTTP/1.1" 200 94425 "https://www.lager-techniek.eu/index.php/checkout/finish" "Mozilla/5.0 (Windows NT 10.0) AppleWebKit/537.36 (KHTML, like Gecko) Chrome/96.0.4664.110 Safari/537.36"
51.15.234.86 - - [22/Dec/2021:22:27:14 +0100] "GET /index.php/askquestion/form?category_id=194&product_id=17780&type=1&tmpl=component HTTP/1.1" 200 2412 "-" "Mozilla/5.0 (Windows NT 10.0; Win64; x64) AppleWebKit/537.36 (KHTML, like Gecko) Chrome/93.0.4577.0 Safari/537.36"
51.15.234.86 - - [22/Dec/2021:22:27:14 +0100] "GET /media/com_jchoptimize/cache/js/d88cb6f566a389c1d750801f2fed7499.js HTTP/1.1" 200 58823 "https://lager-techniek.eu/index.php/askquestion/form?category_id=194&product_id=17780&type=1&tmpl=component" "Mozilla/5.0 (Windows NT 10.0; Win64; x64) AppleWebKit/537.36 (KHTML, like Gecko) Chrome/93.0.4577.0 Safari/537.36"
66.249.66.195 - - [22/Dec/2021:22:27:15 +0100] "GET /index.php/6300-range/fag-6319mc3 HTTP/1.1" 200 14388 "-" "Mozilla/5.0 (compatible; Googlebot/2.1; +http://www.google.com/bot.html)"
54.36.148.227 - - [22/Dec/2021:22:27:23 +0100] "GET /index.php/6200-range/fag-6215 HTTP/1.1" 200 14358 "-" "Mozilla/5.0 (compatible; AhrefsBot/7.0; +http://ahrefs.com/robot/)"
77.226.249.91 - - [22/Dec/2021:22:27:28 +0100] "GET /index.php/component/ajax/?format=json HTTP/1.1" 200 758 "https://www.lager-techniek.eu/index.php/a-range/contitech-13x3650" "Mozilla/5.0 (Windows NT 10.0; Win64; x64) AppleWebKit/537.36 (KHTML, like Gecko) Chrome/96.0.4664.55 Safari/537.36 Edg/96.0.1054.43"
2a02:a441:875f:1:7de0:18ed:ddb5:da4b - - [22/Dec/2021:22:27:28 +0100] "GET / HTTP/1.1" 200 0 "https://www.lager-techniek.eu/index.php/checkout/finish" "Mozilla/5.0 (Windows NT 10.0) AppleWebKit/537.36 (KHTML, like Gecko) Chrome/96.0.4664.110 Safari/537.36"
2a02:a441:875f:1:7de0:18ed:ddb5:da4b - - [22/Dec/2021:22:27:29 +0100] "GET / HTTP/1.1" 200 7704 "https://www.lager-techniek.eu/index.php/checkout/finish" "Mozilla/5.0 (Windows NT 10.0) AppleWebKit/537.36 (KHTML, like Gecko) Chrome/96.0.4664.110 Safari/537.36"
2a02:a441:875f:1:7de0:18ed:ddb5:da4b - - [22/Dec/2021:22:27:30 +0100] "GET /components/com_jshopping/files/img_categories/www.lager-techniek.eu_-_Koppelings_techniek.jpg HTTP/1.1" 200 6477 "https://www.lager-techniek.eu/" "Mozilla/5.0 (Windows NT 10.0) AppleWebKit/537.36 (KHTML, like Gecko) Chrome/96.0.4664.110 Safari/537.36"
2a02:a441:875f:1:7de0:18ed:ddb5:da4b - - [22/Dec/2021:22:27:30 +0100] "GET /components/com_jshopping/files/img_categories/Dichtungen_02.jpg HTTP/1.1" 200 5077 "https://www.lager-techniek.eu/" "Mozilla/5.0 (Windows NT 10.0) AppleWebKit/537.36 (KHTML, like Gecko) Chrome/96.0.4664.110 Safari/537.36"
2a02:a441:875f:1:7de0:18ed:ddb5:da4b - - [22/Dec/2021:22:27:30 +0100] "GET /components/com_jshopping/files/img_categories/Ketting-techniek.jpg HTTP/1.1" 200 5829 "https://www.lager-techniek.eu/" "Mozilla/5.0 (Windows NT 10.0) AppleWebKit/537.36 (KHTML, like Gecko) Chrome/96.0.4664.110 Safari/537.36"
2a02:a441:875f:1:7de0:18ed:ddb5:da4b - - [22/Dec/2021:22:27:30 +0100] "GET /components/com_jshopping/files/img_categories/spieen.jpg HTTP/1.1" 200 4988 "https://www.lager-techniek.eu/" "Mozilla/5.0 (Windows NT 10.0) AppleWebKit/537.36 (KHTML, like Gecko) Chrome/96.0.4664.110 Safari/537.36"
2a02:a441:875f:1:7de0:18ed:ddb5:da4b - - [22/Dec/2021:22:27:30 +0100] "GET /components/com_jshopping/files/img_categories/Taperlock.jpg HTTP/1.1" 200 3813 "https://www.lager-techniek.eu/" "Mozilla/5.0 (Windows NT 10.0) AppleWebKit/537.36 (KHTML, like Gecko) Chrome/96.0.4664.110 Safari/537.36"
2a02:a441:875f:1:7de0:18ed:ddb5:da4b - - [22/Dec/2021:22:27:30 +0100] "GET /components/com_jshopping/files/img_categories/www.lager-techniek.eu_Overig.jpg HTTP/1.1" 200 5690 "https://www.lager-techniek.eu/" "Mozilla/5.0 (Windows NT 10.0) AppleWebKit/537.36 (KHTML, like Gecko) Chrome/96.0.4664.110 Safari/537.36"
2a02:a441:875f:1:7de0:18ed:ddb5:da4b - - [22/Dec/2021:22:27:30 +0100] "GET /components/com_jshopping/files/img_categories/Loctite.jpg HTTP/1.1" 200 6625 "https://www.lager-techniek.eu/" "Mozilla/5.0 (Windows NT 10.0) AppleWebKit/537.36 (KHTML, like Gecko) Chrome/96.0.4664.110 Safari/537.36"
2a02:a441:875f:1:7de0:18ed:ddb5:da4b - - [22/Dec/2021:22:27:30 +0100] "GET /components/com_jshopping/files/img_categories/www.lager-techniek.eu-lager-techniek.jpg HTTP/1.1" 200 7506 "https://www.lager-techniek.eu/" "Mozilla/5.0 (Windows NT 10.0) AppleWebKit/537.36 (KHTML, like Gecko) Chrome/96.0.4664.110 Safari/537.36"
2a02:a441:875f:1:7de0:18ed:ddb5:da4b - - [22/Dec/2021:22:27:30 +0100] "GET /components/com_jshopping/files/img_categories/riem_techniek.jpg HTTP/1.1" 200 7574 "https://www.lager-techniek.eu/" "Mozilla/5.0 (Windows NT 10.0) AppleWebKit/537.36 (KHTML, like Gecko) Chrome/96.0.4664.110 Safari/537.36"
2a02:a441:875f:1:7de0:18ed:ddb5:da4b - - [22/Dec/2021:22:27:30 +0100] "GET /components/com_jshopping/files/img_categories/Tandwiel-Techniek.jpg HTTP/1.1" 200 5373 "https://www.lager-techniek.eu/" "Mozilla/5.0 (Windows NT 10.0) AppleWebKit/537.36 (KHTML, like Gecko) Chrome/96.0.4664.110 Safari/537.36"
66.249.66.198 - - [22/Dec/2021:22:27:33 +0100] "GET /index.php/6300-range/skf-6307 HTTP/1.1" 200 14466 "-" "Mozilla/5.0 (Linux; Android 6.0.1; Nexus 5X Build/MMB29P) AppleWebKit/537.36 (KHTML, like Gecko) Chrome/96.0.4664.93 Mobile Safari/537.36 (compatible; Googlebot/2.1; +http://www.google.com/bot.html)"
66.249.66.158 - - [22/Dec/2021:22:27:36 +0100] "GET /media/com_jchoptimize/cache/js/a7d5e30a627e9ed991f4b3e163151c34.js HTTP/1.1" 200 74721 "https://www.lager-techniek.eu/index.php/6300-range/skf-6307" "Mozilla/5.0 (Linux; Android 6.0.1; Nexus 5X Build/MMB29P) AppleWebKit/537.36 (KHTML, like Gecko) Chrome/96.0.4664.93 Mobile Safari/537.36 (compatible; Googlebot/2.1; +http://www.google.com/bot.html)"
54.36.148.227 - - [22/Dec/2021:22:27:37 +0100] "GET /index.php/askquestion/form?category_id=968&product_id=49291&type=1&tmpl=component HTTP/1.1" 200 2440 "-" "Mozilla/5.0 (compatible; AhrefsBot/7.0; +http://ahrefs.com/robot/)"
66.249.66.4 - - [22/Dec/2021:22:27:46 +0100] "GET /index.php/16000-range/fag-16026 HTTP/1.1" 200 14386 "-" "Mozilla/5.0 (Linux; Android 6.0.1; Nexus 5X Build/MMB29P) AppleWebKit/537.36 (KHTML, like Gecko) Chrome/96.0.4664.110 Mobile Safari/537.36 (compatible; Googlebot/2.1; +http://www.google.com/bot.html)"
54.36.148.227 - - [22/Dec/2021:22:27:49 +0100] "GET /index.php/askquestion/form?category_id=9&product_id=14883&type=1&tmpl=component HTTP/1.1" 200 2402 "-" "Mozilla/5.0 (compatible; AhrefsBot/7.0; +http://ahrefs.com/robot/)"
51.15.248.225 - - [22/Dec/2021:22:27:51 +0100] "GET /index.php/askquestion/form?category_id=389&product_id=11692&type=1&tmpl=component HTTP/1.1" 200 2435 "-" "Mozilla/5.0 (Windows NT 10.0; Win64; x64) AppleWebKit/537.36 (KHTML, like Gecko) Chrome/93.0.4577.0 Safari/537.36"
51.15.248.225 - - [22/Dec/2021:22:27:51 +0100] "GET /media/com_jchoptimize/cache/js/d19a9c9b957fb338d396f7f362c2ac6f.js HTTP/1.1" 200 58823 "https://lager-techniek.eu/index.php/askquestion/form?category_id=389&product_id=11692&type=1&tmpl=component" "Mozilla/5.0 (Windows NT 10.0; Win64; x64) AppleWebKit/537.36 (KHTML, like Gecko) Chrome/93.0.4577.0 Safari/537.36"
82.75.56.74 - - [22/Dec/2021:22:27:52 +0100] "GET /index.php/component/ajax/?format=json HTTP/1.1" 200 758 "https://www.lager-techniek.eu/index.php/6000-range/fag-60032rsr" "Mozilla/5.0 (Windows NT 10.0; Win64; x64; rv:95.0) Gecko/20100101 Firefox/95.0"
90.145.217.226 - - [22/Dec/2021:22:27:53 +0100] "GET /index.php/component/ajax/?format=json HTTP/1.1" 200 758 "https://www.lager-techniek.eu/index.php/met-flens/permaglide-paf25215-p11" "Mozilla/5.0 (Windows NT 10.0; Win64; x64) AppleWebKit/537.36 (KHTML, like Gecko) Chrome/96.0.4664.45 Safari/537.36"
207.46.13.175 - - [22/Dec/2021:22:27:56 +0100] "GET /index.php/33100-range/fag-33122 HTTP/1.1" 200 14344 "-" "Mozilla/5.0 (compatible; bingbot/2.0; +http://www.bing.com/bingbot.htm)"
51.15.248.31 - - [22/Dec/2021:22:27:58 +0100] "GET /index.php/overig/timken-ta4122vc3?tmpl=component&print=1 HTTP/1.1" 200 3619 "-" "Mozilla/5.0 (Windows NT 10.0; Win64; x64) AppleWebKit/537.36 (KHTML, like Gecko) Chrome/93.0.4577.0 Safari/537.36"
51.15.248.31 - - [22/Dec/2021:22:27:58 +0100] "GET /media/com_jchoptimize/cache/js/01c2bb7e5b2f41c77be699ef921df934.js HTTP/1.1" 200 20649 "https://lager-techniek.eu/index.php/overig/timken-ta4122vc3?tmpl=component&print=1" "Mozilla/5.0 (Windows NT 10.0; Win64; x64) AppleWebKit/537.36 (KHTML, like Gecko) Chrome/93.0.4577.0 Safari/537.36"
51.15.248.31 - - [22/Dec/2021:22:27:58 +0100] "GET /media/com_jchoptimize/cache/js/096c2fc9065267eefd6e0a7618cfd275.js HTTP/1.1" 200 66519 "https://lager-techniek.eu/index.php/overig/timken-ta4122vc3?tmpl=component&print=1" "Mozilla/5.0 (Windows NT 10.0; Win64; x64) AppleWebKit/537.36 (KHTML, like Gecko) Chrome/93.0.4577.0 Safari/537.36"
66.249.66.195 - - [22/Dec/2021:22:27:58 +0100] "GET /index.php/32-range/nsk-3218mc3 HTTP/1.1" 200 14191 "-" "Mozilla/5.0 (Linux; Android 6.0.1; Nexus 5X Build/MMB29P) AppleWebKit/537.36 (KHTML, like Gecko) Chrome/96.0.4664.110 Mobile Safari/537.36 (compatible; Googlebot/2.1; +http://www.google.com/bot.html)"
54.36.148.227 - - [22/Dec/2021:22:28:00 +0100] "GET /index.php/askquestion/form?category_id=374&product_id=25072&type=1&tmpl=component HTTP/1.1" 200 2421 "-" "Mozilla/5.0 (compatible; AhrefsBot/7.0; +http://ahrefs.com/robot/)"
2a02:a441:875f:1:7de0:18ed:ddb5:da4b - - [22/Dec/2021:22:28:05 +0100] "GET /index.php/overig HTTP/1.1" 200 11022 "https://www.lager-techniek.eu/" "Mozilla/5.0 (Windows NT 10.0) AppleWebKit/537.36 (KHTML, like Gecko) Chrome/96.0.4664.110 Safari/537.36"
2a02:a441:875f:1:7de0:18ed:ddb5:da4b - - [22/Dec/2021:22:28:06 +0100] "GET /media/com_jchoptimize/cache/css/4fb67446889519982a05b2fcf7bc1335.css HTTP/1.1" 200 31674 "https://www.lager-techniek.eu/index.php/overig" "Mozilla/5.0 (Windows NT 10.0) AppleWebKit/537.36 (KHTML, like Gecko) Chrome/96.0.4664.110 Safari/537.36"
2a02:a441:875f:1:7de0:18ed:ddb5:da4b - - [22/Dec/2021:22:28:06 +0100] "GET /components/com_jshopping/images/arrow_up.gif HTTP/1.1" 200 839 "https://www.lager-techniek.eu/index.php/overig" "Mozilla/5.0 (Windows NT 10.0) AppleWebKit/537.36 (KHTML, like Gecko) Chrome/96.0.4664.110 Safari/537.36"
2a02:a441:875f:1:7de0:18ed:ddb5:da4b - - [22/Dec/2021:22:28:06 +0100] "GET /components/com_jshopping/files/img_products/thumb_img_KWTR.jpg HTTP/1.1" 200 2846 "https://www.lager-techniek.eu/index.php/overig" "Mozilla/5.0 (Windows NT 10.0) AppleWebKit/537.36 (KHTML, like Gecko) Chrome/96.0.4664.110 Safari/537.36"
2a02:a441:875f:1:7de0:18ed:ddb5:da4b - - [22/Dec/2021:22:28:06 +0100] "GET /components/com_jshopping/files/img_products/thumb_img_tl_htd.jpg HTTP/1.1" 200 5946 "https://www.lager-techniek.eu/index.php/overig" "Mozilla/5.0 (Windows NT 10.0) AppleWebKit/537.36 (KHTML, like Gecko) Chrome/96.0.4664.110 Safari/537.36"
2a02:a441:875f:1:7de0:18ed:ddb5:da4b - - [22/Dec/2021:22:28:06 +0100] "GET /components/com_jshopping/files/img_products/thumb_img_dgbb2rs.jpg HTTP/1.1" 200 15141 "https://www.lager-techniek.eu/index.php/overig" "Mozilla/5.0 (Windows NT 10.0) AppleWebKit/537.36 (KHTML, like Gecko) Chrome/96.0.4664.110 Safari/537.36"
2a02:a441:875f:1:7de0:18ed:ddb5:da4b - - [22/Dec/2021:22:28:06 +0100] "GET /components/com_jshopping/files/img_products/thumb_img_img_img_img_www.lager-techniek.eu_Tweerijig_hoekcontact_kogellager_FAG.jpg HTTP/1.1" 200 6904 "https://www.lager-techniek.eu/index.php/overig" "Mozilla/5.0 (Windows NT 10.0) AppleWebKit/537.36 (KHTML, like Gecko) Chrome/96.0.4664.110 Safari/537.36"
2a02:a441:875f:1:7de0:18ed:ddb5:da4b - - [22/Dec/2021:22:28:06 +0100] "GET /components/com_jshopping/files/img_products/thumb_160SPB2.jpg HTTP/1.1" 200 3407 "https://www.lager-techniek.eu/index.php/overig" "Mozilla/5.0 (Windows NT 10.0) AppleWebKit/537.36 (KHTML, like Gecko) Chrome/96.0.4664.110 Safari/537.36"
2a02:a441:875f:1:7de0:18ed:ddb5:da4b - - [22/Dec/2021:22:28:06 +0100] "GET /components/com_jshopping/files/img_products/thumb_www.lager-techniek.eu_-_Bosch_Rexroth.jpg HTTP/1.1" 200 4109 "https://www.lager-techniek.eu/index.php/overig" "Mozilla/5.0 (Windows NT 10.0) AppleWebKit/537.36 (KHTML, like Gecko) Chrome/96.0.4664.110 Safari/537.36"
2a02:a441:875f:1:7de0:18ed:ddb5:da4b - - [22/Dec/2021:22:28:06 +0100] "GET /components/com_jshopping/files/img_products/thumb_www.lager-techniek.eu_-_ZEN_Groefkogellager.jpg HTTP/1.1" 200 2783 "https://www.lager-techniek.eu/index.php/overig" "Mozilla/5.0 (Windows NT 10.0) AppleWebKit/537.36 (KHTML, like Gecko) Chrome/96.0.4664.110 Safari/537.36"
2a02:a441:875f:1:7de0:18ed:ddb5:da4b - - [22/Dec/2021:22:28:06 +0100] "GET /components/com_jshopping/files/img_products/thumb_img_img_www.lager-techniek.eu_-_B2.jpg HTTP/1.1" 200 2401 "https://www.lager-techniek.eu/index.php/overig" "Mozilla/5.0 (Windows NT 10.0) AppleWebKit/537.36 (KHTML, like Gecko) Chrome/96.0.4664.110 Safari/537.36"
2a02:a441:875f:1:7de0:18ed:ddb5:da4b - - [22/Dec/2021:22:28:06 +0100] "GET /components/com_jshopping/files/img_products/thumb_img_img_www.lager-techniek.eu_-_B1.jpg HTTP/1.1" 200 2295 "https://www.lager-techniek.eu/index.php/overig" "Mozilla/5.0 (Windows NT 10.0) AppleWebKit/537.36 (KHTML, like Gecko) Chrome/96.0.4664.110 Safari/537.36"
2a02:a441:875f:1:7de0:18ed:ddb5:da4b - - [22/Dec/2021:22:28:06 +0100] "GET /components/com_jshopping/files/img_products/thumb_img_img_img_www.lager-techniek.eu_Chinese_Groefkogellager.jpg HTTP/1.1" 200 2505 "https://www.lager-techniek.eu/index.php/overig" "Mozilla/5.0 (Windows NT 10.0) AppleWebKit/537.36 (KHTML, like Gecko) Chrome/96.0.4664.110 Safari/537.36"
2a02:a441:875f:1:7de0:18ed:ddb5:da4b - - [22/Dec/2021:22:28:06 +0100] "GET /components/com_jshopping/files/img_products/thumb_SKF_729659C.jpg HTTP/1.1" 200 14641 "https://www.lager-techniek.eu/index.php/overig" "Mozilla/5.0 (Windows NT 10.0) AppleWebKit/537.36 (KHTML, like Gecko) Chrome/96.0.4664.110 Safari/537.36"
2a02:a441:875f:1:7de0:18ed:ddb5:da4b - - [22/Dec/2021:22:28:06 +0100] "GET /components/com_jshopping/files/img_products/thumb_img_img_img_img_img_img_www.lager-techniek.eu_SKF_GroefKogellager.jpg HTTP/1.1" 200 4687 "https://www.lager-techniek.eu/index.php/overig" "Mozilla/5.0 (Windows NT 10.0) AppleWebKit/537.36 (KHTML, like Gecko) Chrome/96.0.4664.110 Safari/537.36"
2a02:a441:875f:1:7de0:18ed:ddb5:da4b - - [22/Dec/2021:22:28:06 +0100] "GET /components/com_jshopping/files/img_products/thumb_www.lager-techniek.eu_Groefkogellager_NTN1.jpg HTTP/1.1" 200 2922 "https://www.lager-techniek.eu/index.php/overig" "Mozilla/5.0 (Windows NT 10.0) AppleWebKit/537.36 (KHTML, like Gecko) Chrome/96.0.4664.110 Safari/537.36"
2a02:a441:875f:1:7de0:18ed:ddb5:da4b - - [22/Dec/2021:22:28:06 +0100] "GET /components/com_jshopping/files/img_products/thumb_img_GEFW.jpg HTTP/1.1" 200 4000 "https://www.lager-techniek.eu/index.php/overig" "Mozilla/5.0 (Windows NT 10.0) AppleWebKit/537.36 (KHTML, like Gecko) Chrome/96.0.4664.110 Safari/537.36"
2a02:a441:875f:1:7de0:18ed:ddb5:da4b - - [22/Dec/2021:22:28:06 +0100] "GET /components/com_jshopping/files/img_products/thumb_XPZ_CR1.jpg HTTP/1.1" 200 3422 "https://www.lager-techniek.eu/index.php/overig" "Mozilla/5.0 (Windows NT 10.0) AppleWebKit/537.36 (KHTML, like Gecko) Chrome/96.0.4664.110 Safari/537.36"
2a02:a441:875f:1:7de0:18ed:ddb5:da4b - - [22/Dec/2021:22:28:06 +0100] "GET /components/com_jshopping/files/img_products/thumb_www.lager-techniek.eu_-_ZEN_Gewrichtslager.jpg HTTP/1.1" 200 2769 "https://www.lager-techniek.eu/index.php/overig" "Mozilla/5.0 (Windows NT 10.0) AppleWebKit/537.36 (KHTML, like Gecko) Chrome/96.0.4664.110 Safari/537.36"
2a02:a441:875f:1:7de0:18ed:ddb5:da4b - - [22/Dec/2021:22:28:06 +0100] "GET /components/com_jshopping/files/img_products/thumb_HN.jpg HTTP/1.1" 200 4280 "https://www.lager-techniek.eu/index.php/overig" "Mozilla/5.0 (Windows NT 10.0) AppleWebKit/537.36 (KHTML, like Gecko) Chrome/96.0.4664.110 Safari/537.36"
2a02:a441:875f:1:7de0:18ed:ddb5:da4b - - [22/Dec/2021:22:28:06 +0100] "GET /media/com_jchoptimize/cache/js/e49e69c166c7d0a40368ea84ce38857c.js HTTP/1.1" 200 94252 "https://www.lager-techniek.eu/index.php/overig" "Mozilla/5.0 (Windows NT 10.0) AppleWebKit/537.36 (KHTML, like Gecko) Chrome/96.0.4664.110 Safari/537.36"
66.249.66.128 - - [22/Dec/2021:22:28:11 +0100] "GET /index.php/tandriemen-xl/megadyne-156xl037 HTTP/1.1" 200 14441 "-" "Mozilla/5.0 (Linux; Android 6.0.1; Nexus 5X Build/MMB29P) AppleWebKit/537.36 (KHTML, like Gecko) Chrome/96.0.4664.110 Mobile Safari/537.36 (compatible; Googlebot/2.1; +http://www.google.com/bot.html)"
54.36.148.227 - - [22/Dec/2021:22:28:13 +0100] "GET /index.php/73-range/fag-7301bxltvpp5ul HTTP/1.1" 200 14328 "-" "Mozilla/5.0 (compatible; AhrefsBot/7.0; +http://ahrefs.com/robot/)"
66.249.66.4 - - [22/Dec/2021:22:28:20 +0100] "GET /index.php/22300-range/skf-22328-cckc4w33 HTTP/1.1" 200 13913 "-" "Mozilla/5.0 (Linux; Android 6.0.1; Nexus 5X Build/MMB29P) AppleWebKit/537.36 (KHTML, like Gecko) Chrome/96.0.4664.110 Mobile Safari/537.36 (compatible; Googlebot/2.1; +http://www.google.com/bot.html)"
54.36.148.227 - - [22/Dec/2021:22:28:31 +0100] "GET /index.php/cart/add?category_id=916&product_id=46851 HTTP/1.1" 303 645 "-" "Mozilla/5.0 (compatible; AhrefsBot/7.0; +http://ahrefs.com/robot/)"
82.75.56.74 - - [22/Dec/2021:22:28:38 +0100] "GET /components/com_jshopping/files/img_products/thumb_img_TRB.jpg HTTP/1.1" 200 4978 "-" "Mozilla/5.0 (Linux; Android 10; VOG-L29 Build/HUAWEIVOG-L29; wv) AppleWebKit/537.36 (KHTML, like Gecko) Version/4.0 Chrome/96.0.4664.104 Mobile Safari/537.36"
66.249.66.158 - - [22/Dec/2021:22:28:43 +0100] "GET /index.php/miniatuur-range/son-6062z HTTP/1.1" 200 14203 "-" "Mozilla/5.0 (compatible; Googlebot/2.1; +http://www.google.com/bot.html)"
54.36.148.227 - - [22/Dec/2021:22:28:47 +0100] "GET /index.php/70-range-precisie-spindel/skf-7018cdp4atbta HTTP/1.1" 200 13869 "-" "Mozilla/5.0 (compatible; AhrefsBot/7.0; +http://ahrefs.com/robot/)"
2a02:a441:875f:1:7de0:18ed:ddb5:da4b - - [22/Dec/2021:22:28:53 +0100] "GET /index.php/overig?start=24 HTTP/1.1" 200 10985 "https://www.lager-techniek.eu/index.php/overig" "Mozilla/5.0 (Windows NT 10.0) AppleWebKit/537.36 (KHTML, like Gecko) Chrome/96.0.4664.110 Safari/537.36"
2a02:a441:875f:1:7de0:18ed:ddb5:da4b - - [22/Dec/2021:22:28:53 +0100] "GET /components/com_jshopping/files/img_products/thumb_Ewellix_LEAS.jpg HTTP/1.1" 200 12862 "https://www.lager-techniek.eu/index.php/overig?start=24" "Mozilla/5.0 (Windows NT 10.0) AppleWebKit/537.36 (KHTML, like Gecko) Chrome/96.0.4664.110 Safari/537.36"
2a02:a441:875f:1:7de0:18ed:ddb5:da4b - - [22/Dec/2021:22:28:53 +0100] "GET /components/com_jshopping/files/img_products/thumb_SNR_CAR_Bearing.jpg HTTP/1.1" 200 5295 "https://www.lager-techniek.eu/index.php/overig?start=24" "Mozilla/5.0 (Windows NT 10.0) AppleWebKit/537.36 (KHTML, like Gecko) Chrome/96.0.4664.110 Safari/537.36"
2a02:a441:875f:1:7de0:18ed:ddb5:da4b - - [22/Dec/2021:22:28:53 +0100] "GET /components/com_jshopping/files/img_products/thumb_img_img_www.lager-techniek.eu_-_SON_F697-ZZ.jpg HTTP/1.1" 200 2818 "https://www.lager-techniek.eu/index.php/overig?start=24" "Mozilla/5.0 (Windows NT 10.0) AppleWebKit/537.36 (KHTML, like Gecko) Chrome/96.0.4664.110 Safari/537.36"
2a02:a441:875f:1:7de0:18ed:ddb5:da4b - - [22/Dec/2021:22:28:53 +0100] "GET /components/com_jshopping/files/img_products/thumb_img_www.lager-techniek.eu_-_INA_LFKL.jpg HTTP/1.1" 200 5956 "https://www.lager-techniek.eu/index.php/overig?start=24" "Mozilla/5.0 (Windows NT 10.0) AppleWebKit/537.36 (KHTML, like Gecko) Chrome/96.0.4664.110 Safari/537.36"
2a02:a441:875f:1:7de0:18ed:ddb5:da4b - - [22/Dec/2021:22:28:53 +0100] "GET /components/com_jshopping/files/img_products/thumb_img_CARB.jpg HTTP/1.1" 200 6281 "https://www.lager-techniek.eu/index.php/overig?start=24" "Mozilla/5.0 (Windows NT 10.0) AppleWebKit/537.36 (KHTML, like Gecko) Chrome/96.0.4664.110 Safari/537.36"
2a02:a441:875f:1:7de0:18ed:ddb5:da4b - - [22/Dec/2021:22:28:53 +0100] "GET /components/com_jshopping/files/img_products/thumb_img_FAGNUM.jpg HTTP/1.1" 200 5336 "https://www.lager-techniek.eu/index.php/overig?start=24" "Mozilla/5.0 (Windows NT 10.0) AppleWebKit/537.36 (KHTML, like Gecko) Chrome/96.0.4664.110 Safari/537.36"
2a02:a441:875f:1:7de0:18ed:ddb5:da4b - - [22/Dec/2021:22:28:53 +0100] "GET /components/com_jshopping/files/img_products/thumb_www.lager-techniek.eu_-_Cilinderrollager_ZVL.jpg HTTP/1.1" 200 3437 "https://www.lager-techniek.eu/index.php/overig?start=24" "Mozilla/5.0 (Windows NT 10.0) AppleWebKit/537.36 (KHTML, like Gecko) Chrome/96.0.4664.110 Safari/537.36"
2a02:a441:875f:1:7de0:18ed:ddb5:da4b - - [22/Dec/2021:22:28:53 +0100] "GET /components/com_jshopping/files/img_products/thumb_PolyChain_GT2.jpg HTTP/1.1" 200 19327 "https://www.lager-techniek.eu/index.php/overig?start=24" "Mozilla/5.0 (Windows NT 10.0) AppleWebKit/537.36 (KHTML, like Gecko) Chrome/96.0.4664.110 Safari/537.36"
2a02:a441:875f:1:7de0:18ed:ddb5:da4b - - [22/Dec/2021:22:28:53 +0100] "GET /components/com_jshopping/files/img_products/thumb_PFL.jpg HTTP/1.1" 200 4333 "https://www.lager-techniek.eu/index.php/overig?start=24" "Mozilla/5.0 (Windows NT 10.0) AppleWebKit/537.36 (KHTML, like Gecko) Chrome/96.0.4664.110 Safari/537.36"
2a02:a441:875f:1:7de0:18ed:ddb5:da4b - - [22/Dec/2021:22:28:53 +0100] "GET /components/com_jshopping/files/img_products/thumb_img_GIKRPW.jpg HTTP/1.1" 200 2902 "https://www.lager-techniek.eu/index.php/overig?start=24" "Mozilla/5.0 (Windows NT 10.0) AppleWebKit/537.36 (KHTML, like Gecko) Chrome/96.0.4664.110 Safari/537.36"
2a02:a441:875f:1:7de0:18ed:ddb5:da4b - - [22/Dec/2021:22:28:53 +0100] "GET /components/com_jshopping/files/img_products/thumb_SUPER16OPN_DD_RZ-300w.JPG HTTP/1.1" 200 2933 "https://www.lager-techniek.eu/index.php/overig?start=24" "Mozilla/5.0 (Windows NT 10.0) AppleWebKit/537.36 (KHTML, like Gecko) Chrome/96.0.4664.110 Safari/537.36"
2a02:a441:875f:1:7de0:18ed:ddb5:da4b - - [22/Dec/2021:22:28:53 +0100] "GET /components/com_jshopping/files/img_products/thumb_img_www.lager-techniek.eu_-_Timken_Adapt.jpg HTTP/1.1" 200 5936 "https://www.lager-techniek.eu/index.php/overig?start=24" "Mozilla/5.0 (Windows NT 10.0) AppleWebKit/537.36 (KHTML, like Gecko) Chrome/96.0.4664.110 Safari/537.36"
2a02:a441:875f:1:7de0:18ed:ddb5:da4b - - [22/Dec/2021:22:28:53 +0100] "GET /components/com_jshopping/files/img_products/thumb_www.lager-techniek.eu_Kegellager_Koyo.jpg HTTP/1.1" 200 3049 "https://www.lager-techniek.eu/index.php/overig?start=24" "Mozilla/5.0 (Windows NT 10.0) AppleWebKit/537.36 (KHTML, like Gecko) Chrome/96.0.4664.110 Safari/537.36"
89.146.3.50 - - [22/Dec/2021:22:28:58 +0100] "GET /index.php/component/ajax/?format=json HTTP/1.1" 200 758 "https://www.lager-techniek.eu/index.php/spa-range/optibelt-spa1600" "Mozilla/5.0 (Windows NT 10.0; Win64; x64) AppleWebKit/537.36 (KHTML, like Gecko) Chrome/96.0.4664.110 Safari/537.36 Edg/96.0.1054.62"
54.36.148.227 - - [22/Dec/2021:22:29:00 +0100] "GET /index.php/cart/add?category_id=945&product_id=47413 HTTP/1.1" 303 645 "-" "Mozilla/5.0 (compatible; AhrefsBot/7.0; +http://ahrefs.com/robot/)"
82.75.56.74 - - [22/Dec/2021:22:29:03 +0100] "GET /components/com_jshopping/files/img_products/thumb_img_TRB.jpg HTTP/1.1" 200 4978 "-" "Mozilla/4.0 (compatible; ms-office; MSOffice 16)"
54.36.148.227 - - [22/Dec/2021:22:29:15 +0100] "GET /index.php/askquestion/form?category_id=210&product_id=18384&type=1&tmpl=component HTTP/1.1" 200 2425 "-" "Mozilla/5.0 (compatible; AhrefsBot/7.0; +http://ahrefs.com/robot/)"
66.249.66.195 - - [22/Dec/2021:22:29:20 +0100] "GET /index.php/inleg-spieen/din6885a-14x9x200c45c HTTP/1.1" 200 13875 "-" "Mozilla/5.0 (compatible; Googlebot/2.1; +http://www.google.com/bot.html)"
82.75.56.74 - - [22/Dec/2021:22:29:21 +0100] "GET /administrator/index.php?option=com_jshopping&controller=orders HTTP/1.1" 200 3385 "https://www.lager-techniek.eu/administrator/index.php?option=com_jshopping&controller=orders&client_id=0" "Mozilla/5.0 (Windows NT 10.0; Win64; x64; rv:95.0) Gecko/20100101 Firefox/95.0"
82.75.56.74 - - [22/Dec/2021:22:29:21 +0100] "GET /media/system/js/keepalive.js?8331cdaeca26f531c78efb96dd1dad94 HTTP/1.1" 200 739 "https://www.lager-techniek.eu/administrator/index.php?option=com_jshopping&controller=orders" "Mozilla/5.0 (Windows NT 10.0; Win64; x64; rv:95.0) Gecko/20100101 Firefox/95.0"
82.75.56.74 - - [22/Dec/2021:22:29:21 +0100] "GET /media/jui/js/jquery-noconflict.js?8331cdaeca26f531c78efb96dd1dad94 HTTP/1.1" 200 423 "https://www.lager-techniek.eu/administrator/index.php?option=com_jshopping&controller=orders" "Mozilla/5.0 (Windows NT 10.0; Win64; x64; rv:95.0) Gecko/20100101 Firefox/95.0"
82.75.56.74 - - [22/Dec/2021:22:29:21 +0100] "GET /administrator/templates/isis/images/joomla.png HTTP/1.1" 200 15339 "https://www.lager-techniek.eu/administrator/index.php?option=com_jshopping&controller=orders" "Mozilla/5.0 (Windows NT 10.0; Win64; x64; rv:95.0) Gecko/20100101 Firefox/95.0"
82.75.56.74 - - [22/Dec/2021:22:29:22 +0100] "GET /administrator/templates/isis/favicon.ico HTTP/1.1" 200 1902 "https://www.lager-techniek.eu/administrator/index.php?option=com_jshopping&controller=orders" "Mozilla/5.0 (Windows NT 10.0; Win64; x64; rv:95.0) Gecko/20100101 Firefox/95.0"
2a02:a441:875f:1:7de0:18ed:ddb5:da4b - - [22/Dec/2021:22:29:22 +0100] "GET /index.php/overig?start=48 HTTP/1.1" 200 10600 "https://www.lager-techniek.eu/index.php/overig?start=24" "Mozilla/5.0 (Windows NT 10.0) AppleWebKit/537.36 (KHTML, like Gecko) Chrome/96.0.4664.110 Safari/537.36"
82.75.56.74 - - [22/Dec/2021:22:29:23 +0100] "POST /administrator/index.php HTTP/1.1" 303 717 "https://www.lager-techniek.eu/administrator/index.php?option=com_jshopping&controller=orders" "Mozilla/5.0 (Windows NT 10.0; Win64; x64; rv:95.0) Gecko/20100101 Firefox/95.0"
2a02:a441:875f:1:7de0:18ed:ddb5:da4b - - [22/Dec/2021:22:29:23 +0100] "GET /components/com_jshopping/files/img_labels/sale.jpg HTTP/1.1" 200 1670 "https://www.lager-techniek.eu/index.php/overig?start=48" "Mozilla/5.0 (Windows NT 10.0) AppleWebKit/537.36 (KHTML, like Gecko) Chrome/96.0.4664.110 Safari/537.36"
2a02:a441:875f:1:7de0:18ed:ddb5:da4b - - [22/Dec/2021:22:29:23 +0100] "GET /components/com_jshopping/files/img_products/thumb_img_img_img_www.lager-techniek.eu_Groefkogellager_NSK.jpg HTTP/1.1" 200 3276 "https://www.lager-techniek.eu/index.php/overig?start=48" "Mozilla/5.0 (Windows NT 10.0) AppleWebKit/537.36 (KHTML, like Gecko) Chrome/96.0.4664.110 Safari/537.36"
2a02:a441:875f:1:7de0:18ed:ddb5:da4b - - [22/Dec/2021:22:29:23 +0100] "GET /components/com_jshopping/files/img_products/thumb_tmmp.jpg HTTP/1.1" 200 2962 "https://www.lager-techniek.eu/index.php/overig?start=48" "Mozilla/5.0 (Windows NT 10.0) AppleWebKit/537.36 (KHTML, like Gecko) Chrome/96.0.4664.110 Safari/537.36"
2a02:a441:875f:1:7de0:18ed:ddb5:da4b - - [22/Dec/2021:22:29:23 +0100] "GET /components/com_jshopping/files/img_products/thumb_SKF_TMBP20.jpg HTTP/1.1" 200 18510 "https://www.lager-techniek.eu/index.php/overig?start=48" "Mozilla/5.0 (Windows NT 10.0) AppleWebKit/537.36 (KHTML, like Gecko) Chrome/96.0.4664.110 Safari/537.36"
2a02:a441:875f:1:7de0:18ed:ddb5:da4b - - [22/Dec/2021:22:29:23 +0100] "GET /components/com_jshopping/files/img_products/thumb_UCFB.jpg HTTP/1.1" 200 3240 "https://www.lager-techniek.eu/index.php/overig?start=48" "Mozilla/5.0 (Windows NT 10.0) AppleWebKit/537.36 (KHTML, like Gecko) Chrome/96.0.4664.110 Safari/537.36"
2a02:a441:875f:1:7de0:18ed:ddb5:da4b - - [22/Dec/2021:22:29:23 +0100] "GET /components/com_jshopping/files/img_products/thumb_TMFT36.jpg HTTP/1.1" 200 5362 "https://www.lager-techniek.eu/index.php/overig?start=48" "Mozilla/5.0 (Windows NT 10.0) AppleWebKit/537.36 (KHTML, like Gecko) Chrome/96.0.4664.110 Safari/537.36"
2a02:a441:875f:1:7de0:18ed:ddb5:da4b - - [22/Dec/2021:22:29:23 +0100] "GET /components/com_jshopping/files/img_products/thumb_SKF_TMMP_3x230.jpg HTTP/1.1" 200 10517 "https://www.lager-techniek.eu/index.php/overig?start=48" "Mozilla/5.0 (Windows NT 10.0) AppleWebKit/537.36 (KHTML, like Gecko) Chrome/96.0.4664.110 Safari/537.36"
2a02:a441:875f:1:7de0:18ed:ddb5:da4b - - [22/Dec/2021:22:29:23 +0100] "GET /components/com_jshopping/files/img_products/thumb_TR0608.jpg HTTP/1.1" 200 3763 "https://www.lager-techniek.eu/index.php/overig?start=48" "Mozilla/5.0 (Windows NT 10.0) AppleWebKit/537.36 (KHTML, like Gecko) Chrome/96.0.4664.110 Safari/537.36"
2a02:a441:875f:1:7de0:18ed:ddb5:da4b - - [22/Dec/2021:22:29:23 +0100] "GET /components/com_jshopping/files/img_products/thumb_img_img_www.lager-techniek.eu_FAG_Staand_Lagerblok9.jpg HTTP/1.1" 200 5947 "https://www.lager-techniek.eu/index.php/overig?start=48" "Mozilla/5.0 (Windows NT 10.0) AppleWebKit/537.36 (KHTML, like Gecko) Chrome/96.0.4664.110 Safari/537.36"
2a02:a441:875f:1:7de0:18ed:ddb5:da4b - - [22/Dec/2021:22:29:23 +0100] "GET /components/com_jshopping/files/img_products/thumb_img_VHIN10_B.jpg HTTP/1.1" 200 4544 "https://www.lager-techniek.eu/index.php/overig?start=48" "Mozilla/5.0 (Windows NT 10.0) AppleWebKit/537.36 (KHTML, like Gecko) Chrome/96.0.4664.110 Safari/537.36"
2a02:a441:875f:1:7de0:18ed:ddb5:da4b - - [22/Dec/2021:22:29:23 +0100] "GET /components/com_jshopping/files/img_products/thumb_img_VHIN33Turbo.jpg HTTP/1.1" 200 4729 "https://www.lager-techniek.eu/index.php/overig?start=48" "Mozilla/5.0 (Windows NT 10.0) AppleWebKit/537.36 (KHTML, like Gecko) Chrome/96.0.4664.110 Safari/537.36"
2a02:a441:875f:1:7de0:18ed:ddb5:da4b - - [22/Dec/2021:22:29:23 +0100] "GET /components/com_jshopping/files/img_products/thumb_img_VHIS75Turbo.jpg HTTP/1.1" 200 4340 "https://www.lager-techniek.eu/index.php/overig?start=48" "Mozilla/5.0 (Windows NT 10.0) AppleWebKit/537.36 (KHTML, like Gecko) Chrome/96.0.4664.110 Safari/537.36"
2a02:a441:875f:1:7de0:18ed:ddb5:da4b - - [22/Dec/2021:22:29:23 +0100] "GET /components/com_jshopping/files/img_products/thumb_VIFT3300.jpg HTTP/1.1" 200 5029 "https://www.lager-techniek.eu/index.php/overig?start=48" "Mozilla/5.0 (Windows NT 10.0) AppleWebKit/537.36 (KHTML, like Gecko) Chrome/96.0.4664.110 Safari/537.36"
2a02:a441:875f:1:7de0:18ed:ddb5:da4b - - [22/Dec/2021:22:29:23 +0100] "GET /components/com_jshopping/files/img_products/thumb_img_img_img_www.lager-techniek.eu_SKF_GroefKogellager.jpg HTTP/1.1" 200 4845 "https://www.lager-techniek.eu/index.php/overig?start=48" "Mozilla/5.0 (Windows NT 10.0) AppleWebKit/537.36 (KHTML, like Gecko) Chrome/96.0.4664.110 Safari/537.36"
2a02:a441:875f:1:7de0:18ed:ddb5:da4b - - [22/Dec/2021:22:29:23 +0100] "GET /components/com_jshopping/files/img_products/thumb_YRTC180-XL.jpg HTTP/1.1" 200 3949 "https://www.lager-techniek.eu/index.php/overig?start=48" "Mozilla/5.0 (Windows NT 10.0) AppleWebKit/537.36 (KHTML, like Gecko) Chrome/96.0.4664.110 Safari/537.36"
2a02:a441:875f:1:7de0:18ed:ddb5:da4b - - [22/Dec/2021:22:29:23 +0100] "GET /components/com_jshopping/files/img_products/thumb_Assen.jpg HTTP/1.1" 200 4185 "https://www.lager-techniek.eu/index.php/overig?start=48" "Mozilla/5.0 (Windows NT 10.0) AppleWebKit/537.36 (KHTML, like Gecko) Chrome/96.0.4664.110 Safari/537.36"
82.75.56.74 - - [22/Dec/2021:22:29:23 +0100] "GET /administrator/index.php?option=com_jshopping&controller=orders HTTP/1.1" 200 14045 "https://www.lager-techniek.eu/administrator/index.php?option=com_jshopping&controller=orders" "Mozilla/5.0 (Windows NT 10.0; Win64; x64; rv:95.0) Gecko/20100101 Firefox/95.0"
82.75.56.74 - - [22/Dec/2021:22:29:23 +0100] "GET /media/system/js/fields/calendar-locales/nl.js HTTP/1.1" 200 771 "https://www.lager-techniek.eu/administrator/index.php?option=com_jshopping&controller=orders" "Mozilla/5.0 (Windows NT 10.0; Win64; x64; rv:95.0) Gecko/20100101 Firefox/95.0"
82.75.56.74 - - [22/Dec/2021:22:29:26 +0100] "GET /components/com_jshopping/files/pdf_orders/FCR-00012143.pdf HTTP/1.1" 200 314143 "https://www.lager-techniek.eu/administrator/index.php?option=com_jshopping&controller=orders" "Mozilla/5.0 (Windows NT 10.0; Win64; x64; rv:95.0) Gecko/20100101 Firefox/95.0"
82.75.56.74 - - [22/Dec/2021:22:29:26 +0100] "GET /favicon.ico HTTP/1.1" 200 881 "https://www.lager-techniek.eu/" "Mozilla/5.0 (Windows NT 10.0; Win64; x64; rv:95.0) Gecko/20100101 Firefox/95.0"
77.88.5.39 - - [22/Dec/2021:22:29:29 +0100] "GET /index.php/h200-range/timken-h208 HTTP/1.1" 200 14447 "-" "Mozilla/5.0 (compatible; YandexBot/3.0; +http://yandex.com/bots)"
54.36.148.227 - - [22/Dec/2021:22:29:31 +0100] "GET /index.php/6200-range/skf-6203c3 HTTP/1.1" 200 14785 "-" "Mozilla/5.0 (compatible; AhrefsBot/7.0; +http://ahrefs.com/robot/)"
178.118.52.254 - - [22/Dec/2021:22:29:32 +0100] "GET /index.php/component/ajax/?format=json HTTP/1.1" 200 758 "https://www.lager-techniek.eu/index.php/tandriemen-3m/gates-2883m15" "Mozilla/5.0 (Windows NT 10.0; Win64; x64) AppleWebKit/537.36 (KHTML, like Gecko) Chrome/96.0.4664.110 Safari/537.36"
82.75.56.74 - - [22/Dec/2021:22:29:38 +0100] "GET /components/com_jshopping/files/pdf_orders/delivery/FCR-00012143.pdf HTTP/1.1" 200 313448 "https://www.lager-techniek.eu/administrator/index.php?option=com_jshopping&controller=orders" "Mozilla/5.0 (Windows NT 10.0; Win64; x64; rv:95.0) Gecko/20100101 Firefox/95.0"
54.36.148.227 - - [22/Dec/2021:22:29:41 +0100] "GET /index.php/askquestion/form?category_id=968&product_id=49293&type=1&tmpl=component HTTP/1.1" 200 2442 "-" "Mozilla/5.0 (compatible; AhrefsBot/7.0; +http://ahrefs.com/robot/)"
82.75.56.74 - - [22/Dec/2021:22:29:49 +0100] "POST /index.php/zoeken/result HTTP/1.1" 200 12908 "https://www.lager-techniek.eu/index.php/6000-range/fag-60032rsr" "Mozilla/5.0 (Windows NT 10.0; Win64; x64; rv:95.0) Gecko/20100101 Firefox/95.0"
82.75.56.74 - - [22/Dec/2021:22:29:52 +0100] "GET /components/com_jshopping/images/arrow_up.gif HTTP/1.1" 200 839 "https://www.lager-techniek.eu/index.php/zoeken/result" "Mozilla/5.0 (Windows NT 10.0; Win64; x64; rv:95.0) Gecko/20100101 Firefox/95.0"
82.75.56.74 - - [22/Dec/2021:22:29:52 +0100] "GET /components/com_jshopping/files/img_products/thumb_img_TRB.jpg HTTP/1.1" 200 4978 "https://www.lager-techniek.eu/index.php/zoeken/result" "Mozilla/5.0 (Windows NT 10.0; Win64; x64; rv:95.0) Gecko/20100101 Firefox/95.0"
82.75.56.74 - - [22/Dec/2021:22:29:52 +0100] "GET /templates/protostar/favicon.ico HTTP/1.1" 200 1465 "https://www.lager-techniek.eu/index.php/zoeken/result" "Mozilla/5.0 (Windows NT 10.0; Win64; x64; rv:95.0) Gecko/20100101 Firefox/95.0"
54.36.148.227 - - [22/Dec/2021:22:29:58 +0100] "GET /index.php/askquestion/form?category_id=210&product_id=18480&type=1&tmpl=component HTTP/1.1" 200 2423 "-" "Mozilla/5.0 (compatible; AhrefsBot/7.0; +http://ahrefs.com/robot/)"
66.249.66.158 - - [22/Dec/2021:22:30:06 +0100] "GET /index.php/nu-1000-range/skf-nu1034-mc3 HTTP/1.1" 200 14645 "-" "Mozilla/5.0 (Linux; Android 6.0.1; Nexus 5X Build/MMB29P) AppleWebKit/537.36 (KHTML, like Gecko) Chrome/96.0.4664.110 Mobile Safari/537.36 (compatible; Googlebot/2.1; +http://www.google.com/bot.html)"
2a02:a441:875f:1:7de0:18ed:ddb5:da4b - - [22/Dec/2021:22:30:10 +0100] "GET /index.php HTTP/1.1" 200 7715 "https://www.lager-techniek.eu/index.php/overig?start=48" "Mozilla/5.0 (Windows NT 10.0) AppleWebKit/537.36 (KHTML, like Gecko) Chrome/96.0.4664.110 Safari/537.36"
82.75.56.74 - - [22/Dec/2021:22:30:13 +0100] "GET /components/com_jshopping/files/img_products/thumb_img_TRB.jpg HTTP/1.1" 304 321 "-" "Mozilla/4.0 (compatible; ms-office; MSOffice 16)"
54.36.148.227 - - [22/Dec/2021:22:30:13 +0100] "GET /index.php/askquestion/form?category_id=22&product_id=36627&type=1&tmpl=component HTTP/1.1" 200 2419 "-" "Mozilla/5.0 (compatible; AhrefsBot/7.0; +http://ahrefs.com/robot/)"
2a02:a441:875f:1:7de0:18ed:ddb5:da4b - - [22/Dec/2021:22:30:19 +0100] "GET /index.php/lijmen-en-smeringen HTTP/1.1" 200 6418 "https://www.lager-techniek.eu/index.php" "Mozilla/5.0 (Windows NT 10.0) AppleWebKit/537.36 (KHTML, like Gecko) Chrome/96.0.4664.110 Safari/537.36"
2a02:a441:875f:1:7de0:18ed:ddb5:da4b - - [22/Dec/2021:22:30:19 +0100] "GET /components/com_jshopping/files/img_categories/Loctite_draadborgmiddel.jpg HTTP/1.1" 200 6845 "https://www.lager-techniek.eu/index.php/lijmen-en-smeringen" "Mozilla/5.0 (Windows NT 10.0) AppleWebKit/537.36 (KHTML, like Gecko) Chrome/96.0.4664.110 Safari/537.36"
2a02:a441:875f:1:7de0:18ed:ddb5:da4b - - [22/Dec/2021:22:30:19 +0100] "GET /components/com_jshopping/files/img_categories/reinigers.jpg HTTP/1.1" 200 6577 "https://www.lager-techniek.eu/index.php/lijmen-en-smeringen" "Mozilla/5.0 (Windows NT 10.0) AppleWebKit/537.36 (KHTML, like Gecko) Chrome/96.0.4664.110 Safari/537.36"
2a02:a441:875f:1:7de0:18ed:ddb5:da4b - - [22/Dec/2021:22:30:19 +0100] "GET /components/com_jshopping/files/img_categories/Loctite_Sneldrooglijm.jpg HTTP/1.1" 200 4514 "https://www.lager-techniek.eu/index.php/lijmen-en-smeringen" "Mozilla/5.0 (Windows NT 10.0) AppleWebKit/537.36 (KHTML, like Gecko) Chrome/96.0.4664.110 Safari/537.36"
2a02:a441:875f:1:7de0:18ed:ddb5:da4b - - [22/Dec/2021:22:30:19 +0100] "GET /components/com_jshopping/files/img_categories/SKFGrease.jpg HTTP/1.1" 200 6467 "https://www.lager-techniek.eu/index.php/lijmen-en-smeringen" "Mozilla/5.0 (Windows NT 10.0) AppleWebKit/537.36 (KHTML, like Gecko) Chrome/96.0.4664.110 Safari/537.36"
217.123.82.92 - - [22/Dec/2021:22:30:23 +0100] "GET /index.php/component/ajax/?format=json HTTP/1.1" 200 758 "https://www.lager-techniek.eu/index.php/duplex-rollenketting/vbchain-rk24b2" "Mozilla/5.0 (Windows NT 10.0; Win64; x64) AppleWebKit/537.36 (KHTML, like Gecko) Chrome/96.0.4664.110 Safari/537.36"
77.60.98.226 - - [22/Dec/2021:22:30:27 +0100] "GET /index.php/component/ajax/?format=json HTTP/1.1" 200 758 "https://www.lager-techniek.eu/index.php/b-range/contitech-17x1215" "Mozilla/5.0 (Windows NT 6.1; Win64; x64) AppleWebKit/537.36 (KHTML, like Gecko) Chrome/94.0.4606.71 Safari/537.36"
54.36.148.227 - - [22/Dec/2021:22:30:29 +0100] "GET /index.php/askquestion/form?category_id=946&product_id=39608&type=1&tmpl=component HTTP/1.1" 200 2416 "-" "Mozilla/5.0 (compatible; AhrefsBot/7.0; +http://ahrefs.com/robot/)"
178.118.52.254 - - [22/Dec/2021:22:30:32 +0100] "GET /index.php/component/ajax/?format=json HTTP/1.1" 200 758 "https://www.lager-techniek.eu/index.php/tandriemen-3m/gates-2823m6gt3" "Mozilla/5.0 (Windows NT 10.0; Win64; x64) AppleWebKit/537.36 (KHTML, like Gecko) Chrome/96.0.4664.110 Safari/537.36"
2a02:a441:875f:1:7de0:18ed:ddb5:da4b - - [22/Dec/2021:22:30:32 +0100] "GET /index.php/lijmen HTTP/1.1" 200 9804 "https://www.lager-techniek.eu/index.php/lijmen-en-smeringen" "Mozilla/5.0 (Windows NT 10.0) AppleWebKit/537.36 (KHTML, like Gecko) Chrome/96.0.4664.110 Safari/537.36"
2a02:a441:875f:1:7de0:18ed:ddb5:da4b - - [22/Dec/2021:22:30:32 +0100] "GET /components/com_jshopping/files/img_products/thumb_Loctite4013grt.jpg HTTP/1.1" 200 1137 "https://www.lager-techniek.eu/index.php/lijmen" "Mozilla/5.0 (Windows NT 10.0) AppleWebKit/537.36 (KHTML, like Gecko) Chrome/96.0.4664.110 Safari/537.36"
2a02:a441:875f:1:7de0:18ed:ddb5:da4b - - [22/Dec/2021:22:30:32 +0100] "GET /components/com_jshopping/files/img_products/thumb_loctite309010gr.jpg HTTP/1.1" 200 1837 "https://www.lager-techniek.eu/index.php/lijmen" "Mozilla/5.0 (Windows NT 10.0) AppleWebKit/537.36 (KHTML, like Gecko) Chrome/96.0.4664.110 Safari/537.36"
