2a02:a441:875f:1:7de0:18ed:ddb5:da4b - - [22/Dec/2021:22:33:43 +0100] "GET /index.php/g-range?start=48 HTTP/1.1" 200 8370 "https://www.lager-techniek.eu/index.php/g-range?start=24" "Mozilla/5.0 (Windows NT 10.0) AppleWebKit/537.36 (KHTML, like Gecko) Chrome/96.0.4664.110 Safari/537.36"
54.36.148.227 - - [22/Dec/2021:22:33:46 +0100] "GET /index.php/askquestion/form?category_id=968&product_id=49295&type=1&tmpl=component HTTP/1.1" 200 2441 "-" "Mozilla/5.0 (compatible; AhrefsBot/7.0; +http://ahrefs.com/robot/)"
2a02:a441:875f:1:7de0:18ed:ddb5:da4b - - [22/Dec/2021:22:33:50 +0100] "GET /index.php HTTP/1.1" 200 7715 "https://www.lager-techniek.eu/index.php/g-range?start=48" "Mozilla/5.0 (Windows NT 10.0) AppleWebKit/537.36 (KHTML, like Gecko) Chrome/96.0.4664.110 Safari/537.36"
83.86.251.152 - - [22/Dec/2021:22:33:52 +0100] "GET /index.php/6000-range/skf-60022rshivp HTTP/1.1" 200 14682 "https://www.google.com/" "Mozilla/5.0 (Windows NT 10.0; Win64; x64; rv:95.0) Gecko/20100101 Firefox/95.0"
83.86.251.152 - - [22/Dec/2021:22:33:53 +0100] "GET /media/com_jchoptimize/cache/css/e3aaa5baf7724231080a3c38514acb60.css HTTP/1.1" 200 32260 "https://www.lager-techniek.eu/index.php/6000-range/skf-60022rshivp" "Mozilla/5.0 (Windows NT 10.0; Win64; x64; rv:95.0) Gecko/20100101 Firefox/95.0"
83.86.251.152 - - [22/Dec/2021:22:33:53 +0100] "GET /modules/mod_gtranslate/tmpl/lang/16/en.png HTTP/1.1" 200 1063 "https://www.lager-techniek.eu/index.php/6000-range/skf-60022rshivp" "Mozilla/5.0 (Windows NT 10.0; Win64; x64; rv:95.0) Gecko/20100101 Firefox/95.0"
83.86.251.152 - - [22/Dec/2021:22:33:53 +0100] "GET /modules/mod_gtranslate/tmpl/lang/16/fr.png HTTP/1.1" 200 802 "https://www.lager-techniek.eu/index.php/6000-range/skf-60022rshivp" "Mozilla/5.0 (Windows NT 10.0; Win64; x64; rv:95.0) Gecko/20100101 Firefox/95.0"
83.86.251.152 - - [22/Dec/2021:22:33:53 +0100] "GET /images/banner12-lager-techniek.eu.jpg HTTP/1.1" 200 17827 "https://www.lager-techniek.eu/index.php/6000-range/skf-60022rshivp" "Mozilla/5.0 (Windows NT 10.0; Win64; x64; rv:95.0) Gecko/20100101 Firefox/95.0"
83.86.251.152 - - [22/Dec/2021:22:33:53 +0100] "GET /modules/mod_gtranslate/tmpl/lang/16/es.png HTTP/1.1" 200 849 "https://www.lager-techniek.eu/index.php/6000-range/skf-60022rshivp" "Mozilla/5.0 (Windows NT 10.0; Win64; x64; rv:95.0) Gecko/20100101 Firefox/95.0"
83.86.251.152 - - [22/Dec/2021:22:33:53 +0100] "GET /modules/mod_gtranslate/tmpl/lang/16/pt.png HTTP/1.1" 200 947 "https://www.lager-techniek.eu/index.php/6000-range/skf-60022rshivp" "Mozilla/5.0 (Windows NT 10.0; Win64; x64; rv:95.0) Gecko/20100101 Firefox/95.0"
83.86.251.152 - - [22/Dec/2021:22:33:53 +0100] "GET /modules/mod_gtranslate/tmpl/lang/16/it.png HTTP/1.1" 200 796 "https://www.lager-techniek.eu/index.php/6000-range/skf-60022rshivp" "Mozilla/5.0 (Windows NT 10.0; Win64; x64; rv:95.0) Gecko/20100101 Firefox/95.0"
83.86.251.152 - - [22/Dec/2021:22:33:53 +0100] "GET /modules/mod_gtranslate/tmpl/lang/16/ru.png HTTP/1.1" 200 706 "https://www.lager-techniek.eu/index.php/6000-range/skf-60022rshivp" "Mozilla/5.0 (Windows NT 10.0; Win64; x64; rv:95.0) Gecko/20100101 Firefox/95.0"
83.86.251.152 - - [22/Dec/2021:22:33:53 +0100] "GET /modules/mod_gtranslate/tmpl/lang/16/de.png HTTP/1.1" 200 747 "https://www.lager-techniek.eu/index.php/6000-range/skf-60022rshivp" "Mozilla/5.0 (Windows NT 10.0; Win64; x64; rv:95.0) Gecko/20100101 Firefox/95.0"
83.86.251.152 - - [22/Dec/2021:22:33:53 +0100] "GET /media/system/images/arrow.png HTTP/1.1" 200 462 "https://www.lager-techniek.eu/index.php/6000-range/skf-60022rshivp" "Mozilla/5.0 (Windows NT 10.0; Win64; x64; rv:95.0) Gecko/20100101 Firefox/95.0"
83.86.251.152 - - [22/Dec/2021:22:33:53 +0100] "GET /components/com_jshopping/images/print.png HTTP/1.1" 200 735 "https://www.lager-techniek.eu/index.php/6000-range/skf-60022rshivp" "Mozilla/5.0 (Windows NT 10.0; Win64; x64; rv:95.0) Gecko/20100101 Firefox/95.0"
83.86.251.152 - - [22/Dec/2021:22:33:53 +0100] "GET /components/com_jshopping/files/img_labels/sale.jpg HTTP/1.1" 200 1670 "https://www.lager-techniek.eu/index.php/6000-range/skf-60022rshivp" "Mozilla/5.0 (Windows NT 10.0; Win64; x64; rv:95.0) Gecko/20100101 Firefox/95.0"
83.86.251.152 - - [22/Dec/2021:22:33:53 +0100] "GET /components/com_jshopping/images/search.png HTTP/1.1" 200 847 "https://www.lager-techniek.eu/index.php/6000-range/skf-60022rshivp" "Mozilla/5.0 (Windows NT 10.0; Win64; x64; rv:95.0) Gecko/20100101 Firefox/95.0"
83.86.251.152 - - [22/Dec/2021:22:33:53 +0100] "GET /components/com_jshopping/files/img_products/img_dgbb2rs.jpg HTTP/1.1" 200 28728 "https://www.lager-techniek.eu/index.php/6000-range/skf-60022rshivp" "Mozilla/5.0 (Windows NT 10.0; Win64; x64; rv:95.0) Gecko/20100101 Firefox/95.0"
83.86.251.152 - - [22/Dec/2021:22:33:53 +0100] "GET /components/com_jshopping/files/img_products/img_www.lager-techniek.eu_SKF_GroefKogellager.jpg HTTP/1.1" 200 10276 "https://www.lager-techniek.eu/index.php/6000-range/skf-60022rshivp" "Mozilla/5.0 (Windows NT 10.0; Win64; x64; rv:95.0) Gecko/20100101 Firefox/95.0"
83.86.251.152 - - [22/Dec/2021:22:33:53 +0100] "GET /components/com_jshopping/files/img_products/thumb_img_dgbb2rs.jpg HTTP/1.1" 200 15141 "https://www.lager-techniek.eu/index.php/6000-range/skf-60022rshivp" "Mozilla/5.0 (Windows NT 10.0; Win64; x64; rv:95.0) Gecko/20100101 Firefox/95.0"
83.86.251.152 - - [22/Dec/2021:22:33:53 +0100] "GET /components/com_jshopping/files/img_products/img_DGBBRSBS1.jpg HTTP/1.1" 200 31352 "https://www.lager-techniek.eu/index.php/6000-range/skf-60022rshivp" "Mozilla/5.0 (Windows NT 10.0; Win64; x64; rv:95.0) Gecko/20100101 Firefox/95.0"
83.86.251.152 - - [22/Dec/2021:22:33:53 +0100] "GET /components/com_jshopping/files/img_products/thumb_img_DGBBRSBS1.jpg HTTP/1.1" 200 10563 "https://www.lager-techniek.eu/index.php/6000-range/skf-60022rshivp" "Mozilla/5.0 (Windows NT 10.0; Win64; x64; rv:95.0) Gecko/20100101 Firefox/95.0"
83.86.251.152 - - [22/Dec/2021:22:33:53 +0100] "GET /components/com_jshopping/files/img_products/thumb_img_www.lager-techniek.eu_SKF_GroefKogellager.jpg HTTP/1.1" 200 5636 "https://www.lager-techniek.eu/index.php/6000-range/skf-60022rshivp" "Mozilla/5.0 (Windows NT 10.0; Win64; x64; rv:95.0) Gecko/20100101 Firefox/95.0"
83.86.251.152 - - [22/Dec/2021:22:33:53 +0100] "GET /images/Postnl.jpg HTTP/1.1" 200 10478 "https://www.lager-techniek.eu/index.php/6000-range/skf-60022rshivp" "Mozilla/5.0 (Windows NT 10.0; Win64; x64; rv:95.0) Gecko/20100101 Firefox/95.0"
83.86.251.152 - - [22/Dec/2021:22:33:53 +0100] "GET /images/DPD.jpg HTTP/1.1" 200 7428 "https://www.lager-techniek.eu/index.php/6000-range/skf-60022rshivp" "Mozilla/5.0 (Windows NT 10.0; Win64; x64; rv:95.0) Gecko/20100101 Firefox/95.0"
83.86.251.152 - - [22/Dec/2021:22:33:53 +0100] "GET /images/Lengteberekening.jpg HTTP/1.1" 200 10994 "https://www.lager-techniek.eu/index.php/6000-range/skf-60022rshivp" "Mozilla/5.0 (Windows NT 10.0; Win64; x64; rv:95.0) Gecko/20100101 Firefox/95.0"
83.86.251.152 - - [22/Dec/2021:22:33:53 +0100] "GET /components/com_jshopping/files/img_products/thumb_img_img_dgbb2rs.jpg HTTP/1.1" 200 5618 "https://www.lager-techniek.eu/index.php/6000-range/skf-60022rshivp" "Mozilla/5.0 (Windows NT 10.0; Win64; x64; rv:95.0) Gecko/20100101 Firefox/95.0"
83.86.251.152 - - [22/Dec/2021:22:33:53 +0100] "GET /images/UPS.jpg HTTP/1.1" 200 6889 "https://www.lager-techniek.eu/index.php/6000-range/skf-60022rshivp" "Mozilla/5.0 (Windows NT 10.0; Win64; x64; rv:95.0) Gecko/20100101 Firefox/95.0"
83.86.251.152 - - [22/Dec/2021:22:33:53 +0100] "GET /images/index.jpg HTTP/1.1" 200 5654 "https://www.lager-techniek.eu/index.php/6000-range/skf-60022rshivp" "Mozilla/5.0 (Windows NT 10.0; Win64; x64; rv:95.0) Gecko/20100101 Firefox/95.0"
83.86.251.152 - - [22/Dec/2021:22:33:53 +0100] "GET /images/bank.jpg HTTP/1.1" 200 2955 "https://www.lager-techniek.eu/index.php/6000-range/skf-60022rshivp" "Mozilla/5.0 (Windows NT 10.0; Win64; x64; rv:95.0) Gecko/20100101 Firefox/95.0"
83.86.251.152 - - [22/Dec/2021:22:33:53 +0100] "GET /images/paypal.jpg HTTP/1.1" 200 2557 "https://www.lager-techniek.eu/index.php/6000-range/skf-60022rshivp" "Mozilla/5.0 (Windows NT 10.0; Win64; x64; rv:95.0) Gecko/20100101 Firefox/95.0"
83.86.251.152 - - [22/Dec/2021:22:33:53 +0100] "GET /images/achteraf.jpg HTTP/1.1" 200 2428 "https://www.lager-techniek.eu/index.php/6000-range/skf-60022rshivp" "Mozilla/5.0 (Windows NT 10.0; Win64; x64; rv:95.0) Gecko/20100101 Firefox/95.0"
83.86.251.152 - - [22/Dec/2021:22:33:53 +0100] "GET /images/images.jpg HTTP/1.1" 200 5841 "https://www.lager-techniek.eu/index.php/6000-range/skf-60022rshivp" "Mozilla/5.0 (Windows NT 10.0; Win64; x64; rv:95.0) Gecko/20100101 Firefox/95.0"
83.86.251.152 - - [22/Dec/2021:22:33:53 +0100] "GET /images/MollieIdeal.png HTTP/1.1" 200 15837 "https://www.lager-techniek.eu/index.php/6000-range/skf-60022rshivp" "Mozilla/5.0 (Windows NT 10.0; Win64; x64; rv:95.0) Gecko/20100101 Firefox/95.0"
83.86.251.152 - - [22/Dec/2021:22:33:53 +0100] "GET /images/Mollienancontact.jpg HTTP/1.1" 200 9278 "https://www.lager-techniek.eu/index.php/6000-range/skf-60022rshivp" "Mozilla/5.0 (Windows NT 10.0; Win64; x64; rv:95.0) Gecko/20100101 Firefox/95.0"
83.86.251.152 - - [22/Dec/2021:22:33:53 +0100] "GET /media/com_jchoptimize/cache/js/af1111cf1dcd0f1d7258d5fa2fddab4c.js HTTP/1.1" 200 1504 "https://www.lager-techniek.eu/index.php/6000-range/skf-60022rshivp" "Mozilla/5.0 (Windows NT 10.0; Win64; x64; rv:95.0) Gecko/20100101 Firefox/95.0"
83.86.251.152 - - [22/Dec/2021:22:33:53 +0100] "GET /media/com_jchoptimize/cache/js/06f37f52e42f8f6a99fa2b3e8e79d821.js HTTP/1.1" 200 20663 "https://www.lager-techniek.eu/index.php/6000-range/skf-60022rshivp" "Mozilla/5.0 (Windows NT 10.0; Win64; x64; rv:95.0) Gecko/20100101 Firefox/95.0"
83.86.251.152 - - [22/Dec/2021:22:33:53 +0100] "GET /media/com_jchoptimize/cache/js/a471634c72522b0b0547d2cc6e949e6f.js HTTP/1.1" 200 101226 "https://www.lager-techniek.eu/index.php/6000-range/skf-60022rshivp" "Mozilla/5.0 (Windows NT 10.0; Win64; x64; rv:95.0) Gecko/20100101 Firefox/95.0"
83.86.251.152 - - [22/Dec/2021:22:33:53 +0100] "GET /components/com_jshopping/images/star.gif HTTP/1.1" 200 1171 "https://www.lager-techniek.eu/media/com_jchoptimize/cache/css/e3aaa5baf7724231080a3c38514acb60.css" "Mozilla/5.0 (Windows NT 10.0; Win64; x64; rv:95.0) Gecko/20100101 Firefox/95.0"
83.86.251.152 - - [22/Dec/2021:22:33:54 +0100] "GET /templates/protostar/favicon.ico HTTP/1.1" 200 1465 "https://www.lager-techniek.eu/index.php/6000-range/skf-60022rshivp" "Mozilla/5.0 (Windows NT 10.0; Win64; x64; rv:95.0) Gecko/20100101 Firefox/95.0"
83.86.251.152 - - [22/Dec/2021:22:33:54 +0100] "GET /media/jui/fonts/IcoMoon.woff HTTP/1.1" 200 25863 "https://www.lager-techniek.eu/media/com_jchoptimize/cache/css/e3aaa5baf7724231080a3c38514acb60.css" "Mozilla/5.0 (Windows NT 10.0; Win64; x64; rv:95.0) Gecko/20100101 Firefox/95.0"
66.249.66.195 - - [22/Dec/2021:22:33:57 +0100] "GET /index.php/a-range/contitech-13x2475 HTTP/1.1" 200 14552 "-" "Mozilla/5.0 (Linux; Android 6.0.1; Nexus 5X Build/MMB29P) AppleWebKit/537.36 (KHTML, like Gecko) Chrome/96.0.4664.110 Mobile Safari/537.36 (compatible; Googlebot/2.1; +http://www.google.com/bot.html)"
89.146.3.50 - - [22/Dec/2021:22:33:58 +0100] "GET /index.php/component/ajax/?format=json HTTP/1.1" 200 758 "https://www.lager-techniek.eu/index.php/spa-range/optibelt-spa1600" "Mozilla/5.0 (Windows NT 10.0; Win64; x64) AppleWebKit/537.36 (KHTML, like Gecko) Chrome/96.0.4664.110 Safari/537.36 Edg/96.0.1054.62"
54.36.148.227 - - [22/Dec/2021:22:33:58 +0100] "GET /index.php/cart/add?category_id=21&product_id=118 HTTP/1.1" 303 645 "-" "Mozilla/5.0 (compatible; AhrefsBot/7.0; +http://ahrefs.com/robot/)"
54.36.148.227 - - [22/Dec/2021:22:34:09 +0100] "GET /index.php/askquestion/form?category_id=840&product_id=50900&type=1&tmpl=component HTTP/1.1" 200 2429 "-" "Mozilla/5.0 (compatible; AhrefsBot/7.0; +http://ahrefs.com/robot/)"
54.36.148.227 - - [22/Dec/2021:22:34:22 +0100] "GET /index.php/cart/add?category_id=448&product_id=28851 HTTP/1.1" 303 645 "-" "Mozilla/5.0 (compatible; AhrefsBot/7.0; +http://ahrefs.com/robot/)"
178.118.52.254 - - [22/Dec/2021:22:34:32 +0100] "GET /index.php/component/ajax/?format=json HTTP/1.1" 200 758 "https://www.lager-techniek.eu/index.php/tandriemen-3m/gates-2883m15" "Mozilla/5.0 (Windows NT 10.0; Win64; x64) AppleWebKit/537.36 (KHTML, like Gecko) Chrome/96.0.4664.110 Safari/537.36"
54.36.148.227 - - [22/Dec/2021:22:34:37 +0100] "GET /index.php/n-200-range/fag-n220exlm1 HTTP/1.1" 200 13879 "-" "Mozilla/5.0 (compatible; AhrefsBot/7.0; +http://ahrefs.com/robot/)"
207.46.13.1 - - [22/Dec/2021:22:34:38 +0100] "GET /index.php/22200-range/fag-22230e1xlkc3 HTTP/1.1" 200 14627 "-" "Mozilla/5.0 (compatible; bingbot/2.0; +http://www.bing.com/bingbot.htm)"
54.36.148.227 - - [22/Dec/2021:22:34:49 +0100] "GET /index.php/20-range/contitech-20x1215 HTTP/1.1" 200 14073 "-" "Mozilla/5.0 (compatible; AhrefsBot/7.0; +http://ahrefs.com/robot/)"
54.36.148.227 - - [22/Dec/2021:22:35:00 +0100] "GET /index.php/cart/add?category_id=16&product_id=13547 HTTP/1.1" 303 645 "-" "Mozilla/5.0 (compatible; AhrefsBot/7.0; +http://ahrefs.com/robot/)"
66.249.66.4 - - [22/Dec/2021:22:35:03 +0100] "GET /index.php/6000-range/skf-60022rshc3gjn HTTP/1.1" 200 13944 "-" "Mozilla/5.0 (compatible; Googlebot/2.1; +http://www.google.com/bot.html)"
66.249.66.4 - - [22/Dec/2021:22:35:04 +0100] "GET /index.php/6000-range/skf-60022rshgjn HTTP/1.1" 200 13881 "-" "Mozilla/5.0 (compatible; Googlebot/2.1; +http://www.google.com/bot.html)"
54.36.148.227 - - [22/Dec/2021:22:35:13 +0100] "GET /index.php/cart/add?category_id=9&product_id=14153 HTTP/1.1" 303 645 "-" "Mozilla/5.0 (compatible; AhrefsBot/7.0; +http://ahrefs.com/robot/)"
217.123.82.92 - - [22/Dec/2021:22:35:24 +0100] "GET /index.php/component/ajax/?format=json HTTP/1.1" 200 758 "https://www.lager-techniek.eu/index.php/duplex-rollenketting/vbchain-rk24b2" "Mozilla/5.0 (Windows NT 10.0; Win64; x64) AppleWebKit/537.36 (KHTML, like Gecko) Chrome/96.0.4664.110 Safari/537.36"
54.36.148.227 - - [22/Dec/2021:22:35:26 +0100] "GET /index.php/tandriemen-8m/gates-10408m30 HTTP/1.1" 200 14855 "-" "Mozilla/5.0 (compatible; AhrefsBot/7.0; +http://ahrefs.com/robot/)"
77.60.98.226 - - [22/Dec/2021:22:35:27 +0100] "GET /index.php/component/ajax/?format=json HTTP/1.1" 200 758 "https://www.lager-techniek.eu/index.php/b-range/contitech-17x1215" "Mozilla/5.0 (Windows NT 6.1; Win64; x64) AppleWebKit/537.36 (KHTML, like Gecko) Chrome/94.0.4606.71 Safari/537.36"
178.118.52.254 - - [22/Dec/2021:22:35:32 +0100] "GET /index.php/component/ajax/?format=json HTTP/1.1" 200 758 "https://www.lager-techniek.eu/index.php/tandriemen-3m/gates-2823m6gt3" "Mozilla/5.0 (Windows NT 10.0; Win64; x64) AppleWebKit/537.36 (KHTML, like Gecko) Chrome/96.0.4664.110 Safari/537.36"
66.249.66.76 - - [22/Dec/2021:22:35:34 +0100] "GET /timken-srb.pdf HTTP/1.1" 200 4916572 "-" "Mozilla/5.0 (Linux; Android 6.0.1; Nexus 5X Build/MMB29P) AppleWebKit/537.36 (KHTML, like Gecko) Chrome/96.0.4664.93 Mobile Safari/537.36 (compatible; Googlebot/2.1; +http://www.google.com/bot.html)"
54.36.148.227 - - [22/Dec/2021:22:35:40 +0100] "GET /index.php/askquestion/form?category_id=24&product_id=13977&type=1&tmpl=component HTTP/1.1" 200 2408 "-" "Mozilla/5.0 (compatible; AhrefsBot/7.0; +http://ahrefs.com/robot/)"
54.36.148.227 - - [22/Dec/2021:22:35:53 +0100] "GET /index.php/kettingwiel-10b-2/10b2z11 HTTP/1.1" 200 13919 "-" "Mozilla/5.0 (compatible; AhrefsBot/7.0; +http://ahrefs.com/robot/)"
193.27.12.10 - - [22/Dec/2021:22:36:06 +0100] "GET /index.php/lagerblokken' HTTP/1.1" 404 5349 "-" "Mozilla/5.0 (Windows NT 10.0; WOW64; rv:52.0) Gecko/20100101 Firefox/52.0"
54.36.148.227 - - [22/Dec/2021:22:36:06 +0100] "GET /index.php/askquestion/form?category_id=174&product_id=21218&type=1&tmpl=component HTTP/1.1" 200 2421 "-" "Mozilla/5.0 (compatible; AhrefsBot/7.0; +http://ahrefs.com/robot/)"
193.104.159.11 - - [22/Dec/2021:22:36:11 +0100] "GET /index.php/component/ajax/?format=json HTTP/1.1" 200 758 "https://www.lager-techniek.eu/index.php/2200-range/fag-22032rstvh" "Mozilla/5.0 (Windows NT 10.0; Win64; x64) AppleWebKit/537.36 (KHTML, like Gecko) Chrome/96.0.4664.110 Safari/537.36 Edg/96.0.1054.62"
54.36.148.227 - - [22/Dec/2021:22:36:19 +0100] "GET /index.php/cart/add?category_id=456&product_id=46525 HTTP/1.1" 303 645 "-" "Mozilla/5.0 (compatible; AhrefsBot/7.0; +http://ahrefs.com/robot/)"
54.36.148.227 - - [22/Dec/2021:22:36:32 +0100] "GET /index.php/askquestion/form?category_id=54&product_id=45081&type=1&tmpl=component HTTP/1.1" 200 2413 "-" "Mozilla/5.0 (compatible; AhrefsBot/7.0; +http://ahrefs.com/robot/)"
91.183.150.180 - - [22/Dec/2021:22:36:35 +0100] "GET /index.php/component/ajax/?format=json HTTP/1.1" 200 758 "https://www.lager-techniek.eu/index.php/overig/skf-tmft36" "Mozilla/5.0 (Windows NT 6.3; Win64; x64) AppleWebKit/537.36 (KHTML, like Gecko) Chrome/96.0.4664.110 Safari/537.36"
212.47.235.234 - - [22/Dec/2021:22:36:43 +0100] "GET /index.php/askquestion/form?category_id=395&product_id=12790&type=1&tmpl=component HTTP/1.1" 200 2421 "-" "Mozilla/5.0 (Windows NT 10.0; Win64; x64) AppleWebKit/537.36 (KHTML, like Gecko) Chrome/93.0.4577.0 Safari/537.36"
212.47.235.234 - - [22/Dec/2021:22:36:43 +0100] "GET /media/com_jchoptimize/cache/js/d0128c36a39a638958906a48b77a1f75.js HTTP/1.1" 200 58822 "https://lager-techniek.eu/index.php/askquestion/form?category_id=395&product_id=12790&type=1&tmpl=component" "Mozilla/5.0 (Windows NT 10.0; Win64; x64) AppleWebKit/537.36 (KHTML, like Gecko) Chrome/93.0.4577.0 Safari/537.36"
54.36.148.227 - - [22/Dec/2021:22:36:44 +0100] "GET /index.php/askquestion/form?category_id=451&product_id=29132&type=1&tmpl=component HTTP/1.1" 200 2401 "-" "Mozilla/5.0 (compatible; AhrefsBot/7.0; +http://ahrefs.com/robot/)"
54.36.148.227 - - [22/Dec/2021:22:36:55 +0100] "GET /index.php/cart/add?category_id=45&product_id=27594 HTTP/1.1" 303 645 "-" "Mozilla/5.0 (compatible; AhrefsBot/7.0; +http://ahrefs.com/robot/)"
185.178.235.166 - - [22/Dec/2021:22:37:00 +0100] "GET /index.php/component/ajax/?format=json HTTP/1.1" 200 758 "https://www.lager-techniek.eu/index.php/kettingspanwiel/ina-ksr16l010101408" "Mozilla/5.0 (Windows NT 10.0; Win64; x64) AppleWebKit/537.36 (KHTML, like Gecko) Chrome/96.0.4664.45 Safari/537.36"
54.36.148.227 - - [22/Dec/2021:22:37:09 +0100] "GET /index.php/cart/add?category_id=23&product_id=42023 HTTP/1.1" 303 645 "-" "Mozilla/5.0 (compatible; AhrefsBot/7.0; +http://ahrefs.com/robot/)"
66.249.66.195 - - [22/Dec/2021:22:37:09 +0100] "GET /index.php/6000-range/skf-60022rshivp HTTP/1.1" 200 14783 "-" "Mozilla/5.0 (compatible; Googlebot/2.1; +http://www.google.com/bot.html)"
54.36.148.227 - - [22/Dec/2021:22:37:20 +0100] "GET /index.php/cart/add?category_id=9&product_id=4202 HTTP/1.1" 303 645 "-" "Mozilla/5.0 (compatible; AhrefsBot/7.0; +http://ahrefs.com/robot/)"
66.249.66.159 - - [22/Dec/2021:22:37:24 +0100] "GET /index.php/rale-range/ina-rale25xlnppb HTTP/1.1" 200 13765 "-" "Mozilla/5.0 (compatible; Googlebot/2.1; +http://www.google.com/bot.html)"
17.121.114.133 - - [22/Dec/2021:22:37:27 +0100] "GET /index.php/tandriemen-xl/megadyne-120xl031 HTTP/1.1" 200 14689 "-" "Mozilla/5.0 (Macintosh; Intel Mac OS X 10_15_5) AppleWebKit/605.1.15 (KHTML, like Gecko) Version/13.1.1 Safari/605.1.15 (Applebot/0.1; +http://www.apple.com/go/applebot)"
77.226.249.91 - - [22/Dec/2021:22:37:28 +0100] "GET /index.php/component/ajax/?format=json HTTP/1.1" 200 758 "https://www.lager-techniek.eu/index.php/a-range/contitech-13x3650" "Mozilla/5.0 (Windows NT 10.0; Win64; x64) AppleWebKit/537.36 (KHTML, like Gecko) Chrome/96.0.4664.55 Safari/537.36 Edg/96.0.1054.43"
54.36.148.227 - - [22/Dec/2021:22:37:34 +0100] "GET /index.php/askquestion/form?category_id=448&product_id=51278&type=1&tmpl=component HTTP/1.1" 200 2422 "-" "Mozilla/5.0 (compatible; AhrefsBot/7.0; +http://ahrefs.com/robot/)"
66.249.66.4 - - [22/Dec/2021:22:37:39 +0100] "GET /index.php/e-krr-range/ina-e35xlkrrb HTTP/1.1" 200 13790 "-" "Mozilla/5.0 (Linux; Android 6.0.1; Nexus 5X Build/MMB29P) AppleWebKit/537.36 (KHTML, like Gecko) Chrome/96.0.4664.110 Mobile Safari/537.36 (compatible; Googlebot/2.1; +http://www.google.com/bot.html)"
54.36.148.227 - - [22/Dec/2021:22:37:50 +0100] "GET /index.php/cart/add?category_id=8&product_id=7814 HTTP/1.1" 303 645 "-" "Mozilla/5.0 (compatible; AhrefsBot/7.0; +http://ahrefs.com/robot/)"
90.145.217.226 - - [22/Dec/2021:22:37:53 +0100] "GET /index.php/component/ajax/?format=json HTTP/1.1" 200 758 "https://www.lager-techniek.eu/index.php/met-flens/permaglide-paf25215-p11" "Mozilla/5.0 (Windows NT 10.0; Win64; x64) AppleWebKit/537.36 (KHTML, like Gecko) Chrome/96.0.4664.45 Safari/537.36"
54.36.148.227 - - [22/Dec/2021:22:38:04 +0100] "GET /index.php/cart/add?category_id=210&product_id=18553 HTTP/1.1" 303 645 "-" "Mozilla/5.0 (compatible; AhrefsBot/7.0; +http://ahrefs.com/robot/)"
66.249.66.6 - - [22/Dec/2021:22:38:16 +0100] "GET /index.php/32300-range/ntn-32315u HTTP/1.1" 200 14669 "-" "Mozilla/5.0 (compatible; Googlebot/2.1; +http://www.google.com/bot.html)"
54.36.148.227 - - [22/Dec/2021:22:38:18 +0100] "GET /index.php/askquestion/form?category_id=455&product_id=29340&type=1&tmpl=component HTTP/1.1" 200 2408 "-" "Mozilla/5.0 (compatible; AhrefsBot/7.0; +http://ahrefs.com/robot/)"
54.36.148.227 - - [22/Dec/2021:22:38:38 +0100] "GET /index.php/cart/add?category_id=210&product_id=18733 HTTP/1.1" 303 645 "-" "Mozilla/5.0 (compatible; AhrefsBot/7.0; +http://ahrefs.com/robot/)"
66.249.66.198 - - [22/Dec/2021:22:38:41 +0100] "GET /index.php/6200-range/skf-62132rs1c3 HTTP/1.1" 200 14493 "-" "Mozilla/5.0 (Linux; Android 6.0.1; Nexus 5X Build/MMB29P) AppleWebKit/537.36 (KHTML, like Gecko) Chrome/96.0.4664.110 Mobile Safari/537.36 (compatible; Googlebot/2.1; +http://www.google.com/bot.html)"
66.249.66.75 - - [22/Dec/2021:22:38:49 +0100] "GET /index.php/rcjty-fytb-tf-range/skf-fytb40tf HTTP/1.1" 200 14505 "-" "Mozilla/5.0 (compatible; Googlebot/2.1; +http://www.google.com/bot.html)"
54.36.148.227 - - [22/Dec/2021:22:38:50 +0100] "GET /index.php/askquestion/form?category_id=1015&product_id=44376&type=1&tmpl=component HTTP/1.1" 200 2419 "-" "Mozilla/5.0 (compatible; AhrefsBot/7.0; +http://ahrefs.com/robot/)"
89.146.3.50 - - [22/Dec/2021:22:38:58 +0100] "GET /index.php/component/ajax/?format=json HTTP/1.1" 200 758 "https://www.lager-techniek.eu/index.php/spa-range/optibelt-spa1600" "Mozilla/5.0 (Windows NT 10.0; Win64; x64) AppleWebKit/537.36 (KHTML, like Gecko) Chrome/96.0.4664.110 Safari/537.36 Edg/96.0.1054.62"
54.36.148.227 - - [22/Dec/2021:22:39:01 +0100] "GET /index.php/spa-range/optibelt-spa3750rp3 HTTP/1.1" 200 14391 "-" "Mozilla/5.0 (compatible; AhrefsBot/7.0; +http://ahrefs.com/robot/)"
66.249.66.195 - - [22/Dec/2021:22:39:07 +0100] "GET /media/com_jchoptimize/cache/js/8b19421be9732e8bc45a4d42eaec29f6.js HTTP/1.1" 200 101225 "https://lager-techniek.eu/index.php/rcjty-fytb-tf-range/skf-fytb40tf" "Mozilla/5.0 AppleWebKit/537.36 (KHTML, like Gecko; compatible; Googlebot/2.1; +http://www.google.com/bot.html) Chrome/96.0.4664.93 Safari/537.36"
54.36.148.227 - - [22/Dec/2021:22:39:14 +0100] "GET /index.php/askquestion/form?category_id=21&product_id=630&type=1&tmpl=component HTTP/1.1" 200 2399 "-" "Mozilla/5.0 (compatible; AhrefsBot/7.0; +http://ahrefs.com/robot/)"
66.249.66.78 - - [22/Dec/2021:22:39:15 +0100] "GET /index.php/kogels/kogellager-kogel-2mm HTTP/1.1" 200 13484 "-" "Mozilla/5.0 (compatible; Googlebot/2.1; +http://www.google.com/bot.html)"
178.118.52.254 - - [22/Dec/2021:22:39:32 +0100] "GET /index.php/component/ajax/?format=json HTTP/1.1" 200 758 "https://www.lager-techniek.eu/index.php/tandriemen-3m/gates-2883m15" "Mozilla/5.0 (Windows NT 10.0; Win64; x64) AppleWebKit/537.36 (KHTML, like Gecko) Chrome/96.0.4664.110 Safari/537.36"
54.36.148.227 - - [22/Dec/2021:22:39:33 +0100] "GET /index.php/xpa-range/contitech-xpa757p HTTP/1.1" 200 14794 "-" "Mozilla/5.0 (compatible; AhrefsBot/7.0; +http://ahrefs.com/robot/)"
54.36.148.227 - - [22/Dec/2021:22:39:47 +0100] "GET /index.php/n-200-range/fag-n220exlm1c3 HTTP/1.1" 200 13880 "-" "Mozilla/5.0 (compatible; AhrefsBot/7.0; +http://ahrefs.com/robot/)"
54.36.148.227 - - [22/Dec/2021:22:40:03 +0100] "GET /index.php/cart/add?category_id=23&product_id=26294 HTTP/1.1" 303 645 "-" "Mozilla/5.0 (compatible; AhrefsBot/7.0; +http://ahrefs.com/robot/)"
5.161.66.112 - - [22/Dec/2021:22:40:03 +0100] "GET /index.php/miniatuur-range/skf-608z HTTP/1.1" 200 14401 "-" "Mozilla/5.0 (Windows NT 10.0; Win64; x64) AppleWebKit/537.36 (KHTML, like Gecko) Chrome/84.0.4147.105 Safari/537.36"
66.249.66.198 - - [22/Dec/2021:22:40:05 +0100] "GET /index.php/z-range/optibelt-10x750 HTTP/1.1" 200 14689 "-" "Mozilla/5.0 (Linux; Android 6.0.1; Nexus 5X Build/MMB29P) AppleWebKit/537.36 (KHTML, like Gecko) Chrome/96.0.4664.110 Mobile Safari/537.36 (compatible; Googlebot/2.1; +http://www.google.com/bot.html)"
66.249.66.76 - - [22/Dec/2021:22:40:13 +0100] "GET /index.php/23100-range/skf-23148-ccw33 HTTP/1.1" 200 14017 "-" "Mozilla/5.0 (Linux; Android 6.0.1; Nexus 5X Build/MMB29P) AppleWebKit/537.36 (KHTML, like Gecko) Chrome/96.0.4664.93 Mobile Safari/537.36 (compatible; Googlebot/2.1; +http://www.google.com/bot.html)"
54.36.148.227 - - [22/Dec/2021:22:40:19 +0100] "GET /index.php/cart/add?category_id=30&product_id=1202 HTTP/1.1" 303 645 "-" "Mozilla/5.0 (compatible; AhrefsBot/7.0; +http://ahrefs.com/robot/)"
217.123.82.92 - - [22/Dec/2021:22:40:23 +0100] "GET /index.php/component/ajax/?format=json HTTP/1.1" 200 758 "https://www.lager-techniek.eu/index.php/duplex-rollenketting/vbchain-rk24b2" "Mozilla/5.0 (Windows NT 10.0; Win64; x64) AppleWebKit/537.36 (KHTML, like Gecko) Chrome/96.0.4664.110 Safari/537.36"
77.60.98.226 - - [22/Dec/2021:22:40:27 +0100] "GET /index.php/component/ajax/?format=json HTTP/1.1" 200 758 "https://www.lager-techniek.eu/index.php/b-range/contitech-17x1215" "Mozilla/5.0 (Windows NT 6.1; Win64; x64) AppleWebKit/537.36 (KHTML, like Gecko) Chrome/94.0.4606.71 Safari/537.36"
66.249.66.76 - - [22/Dec/2021:22:40:28 +0100] "GET /index.php/200-range/skf-216 HTTP/1.1" 200 13796 "-" "Mozilla/5.0 (compatible; Googlebot/2.1; +http://www.google.com/bot.html)"
178.118.52.254 - - [22/Dec/2021:22:40:32 +0100] "GET /index.php/component/ajax/?format=json HTTP/1.1" 200 758 "https://www.lager-techniek.eu/index.php/tandriemen-3m/gates-2823m6gt3" "Mozilla/5.0 (Windows NT 10.0; Win64; x64) AppleWebKit/537.36 (KHTML, like Gecko) Chrome/96.0.4664.110 Safari/537.36"
54.36.148.227 - - [22/Dec/2021:22:40:33 +0100] "GET /index.php/askquestion/form?category_id=968&product_id=49294&type=1&tmpl=component HTTP/1.1" 200 2443 "-" "Mozilla/5.0 (compatible; AhrefsBot/7.0; +http://ahrefs.com/robot/)"
66.249.66.76 - - [22/Dec/2021:22:40:37 +0100] "GET /index.php/spa-4-groeven-taperlock/140spa4tl HTTP/1.1" 200 14055 "-" "Mozilla/5.0 (compatible; Googlebot/2.1; +http://www.google.com/bot.html)"
66.249.66.195 - - [22/Dec/2021:22:40:43 +0100] "GET /media/com_jchoptimize/cache/js/b6284978660e31d763e864777907aa2e.js HTTP/1.1" 200 101226 "https://www.lager-techniek.eu/index.php/23100-range/skf-23148-ccw33" "Mozilla/5.0 (Linux; Android 6.0.1; Nexus 5X Build/MMB29P) AppleWebKit/537.36 (KHTML, like Gecko) Chrome/96.0.4664.93 Mobile Safari/537.36 (compatible; Googlebot/2.1; +http://www.google.com/bot.html)"
54.36.148.227 - - [22/Dec/2021:22:40:44 +0100] "GET /index.php/askquestion/form?category_id=459&product_id=29799&type=1&tmpl=component HTTP/1.1" 200 2413 "-" "Mozilla/5.0 (compatible; AhrefsBot/7.0; +http://ahrefs.com/robot/)"
54.36.148.227 - - [22/Dec/2021:22:40:59 +0100] "GET /index.php/askquestion/form?category_id=233&product_id=22074&type=1&tmpl=component HTTP/1.1" 200 2410 "-" "Mozilla/5.0 (compatible; AhrefsBot/7.0; +http://ahrefs.com/robot/)"
193.104.159.11 - - [22/Dec/2021:22:41:11 +0100] "GET /index.php/component/ajax/?format=json HTTP/1.1" 200 758 "https://www.lager-techniek.eu/index.php/2200-range/fag-22032rstvh" "Mozilla/5.0 (Windows NT 10.0; Win64; x64) AppleWebKit/537.36 (KHTML, like Gecko) Chrome/96.0.4664.110 Safari/537.36 Edg/96.0.1054.62"
54.36.148.227 - - [22/Dec/2021:22:41:12 +0100] "GET /index.php/cart/add?category_id=23&product_id=26525 HTTP/1.1" 303 645 "-" "Mozilla/5.0 (compatible; AhrefsBot/7.0; +http://ahrefs.com/robot/)"
54.36.148.227 - - [22/Dec/2021:22:41:23 +0100] "GET /index.php/askquestion/form?category_id=1031&product_id=39450&type=1&tmpl=component HTTP/1.1" 200 2413 "-" "Mozilla/5.0 (compatible; AhrefsBot/7.0; +http://ahrefs.com/robot/)"
51.158.68.251 - - [22/Dec/2021:22:41:26 +0100] "GET /index.php/askquestion/form?category_id=68&product_id=13715&type=1&tmpl=component HTTP/1.1" 200 2423 "-" "Mozilla/5.0 (Windows NT 10.0; Win64; x64) AppleWebKit/537.36 (KHTML, like Gecko) Chrome/93.0.4577.0 Safari/537.36"
51.158.68.251 - - [22/Dec/2021:22:41:26 +0100] "GET /media/com_jchoptimize/cache/js/1407e945ca42928e6b10720066f42bc0.js HTTP/1.1" 200 58823 "https://lager-techniek.eu/index.php/askquestion/form?category_id=68&product_id=13715&type=1&tmpl=component" "Mozilla/5.0 (Windows NT 10.0; Win64; x64) AppleWebKit/537.36 (KHTML, like Gecko) Chrome/93.0.4577.0 Safari/537.36"
91.183.150.180 - - [22/Dec/2021:22:41:35 +0100] "GET /index.php/component/ajax/?format=json HTTP/1.1" 200 758 "https://www.lager-techniek.eu/index.php/overig/skf-tmft36" "Mozilla/5.0 (Windows NT 6.3; Win64; x64) AppleWebKit/537.36 (KHTML, like Gecko) Chrome/96.0.4664.110 Safari/537.36"
54.36.148.227 - - [22/Dec/2021:22:41:40 +0100] "GET /index.php/askquestion/form?category_id=929&product_id=37663&type=1&tmpl=component HTTP/1.1" 200 2415 "-" "Mozilla/5.0 (compatible; AhrefsBot/7.0; +http://ahrefs.com/robot/)"
54.36.148.227 - - [22/Dec/2021:22:41:56 +0100] "GET /index.php/cart/add?category_id=23&product_id=42028 HTTP/1.1" 303 645 "-" "Mozilla/5.0 (compatible; AhrefsBot/7.0; +http://ahrefs.com/robot/)"
185.178.235.166 - - [22/Dec/2021:22:42:00 +0100] "GET /index.php/component/ajax/?format=json HTTP/1.1" 200 758 "https://www.lager-techniek.eu/index.php/kettingspanwiel/ina-ksr16l010101408" "Mozilla/5.0 (Windows NT 10.0; Win64; x64) AppleWebKit/537.36 (KHTML, like Gecko) Chrome/96.0.4664.45 Safari/537.36"
66.249.66.4 - - [22/Dec/2021:22:42:03 +0100] "GET /index.php/22200-range/skf-22209-ek HTTP/1.1" 200 14596 "-" "Mozilla/5.0 (Linux; Android 6.0.1; Nexus 5X Build/MMB29P) AppleWebKit/537.36 (KHTML, like Gecko) Chrome/96.0.4664.93 Mobile Safari/537.36 (compatible; Googlebot/2.1; +http://www.google.com/bot.html)"
54.36.148.227 - - [22/Dec/2021:22:42:10 +0100] "GET /index.php/askquestion/form?category_id=36&product_id=36925&type=1&tmpl=component HTTP/1.1" 200 2417 "-" "Mozilla/5.0 (compatible; AhrefsBot/7.0; +http://ahrefs.com/robot/)"
54.36.148.227 - - [22/Dec/2021:22:42:25 +0100] "GET /index.php/cart/add?category_id=23&product_id=7410 HTTP/1.1" 303 645 "-" "Mozilla/5.0 (compatible; AhrefsBot/7.0; +http://ahrefs.com/robot/)"
77.226.249.91 - - [22/Dec/2021:22:42:28 +0100] "GET /index.php/component/ajax/?format=json HTTP/1.1" 200 758 "https://www.lager-techniek.eu/index.php/a-range/contitech-13x3650" "Mozilla/5.0 (Windows NT 10.0; Win64; x64) AppleWebKit/537.36 (KHTML, like Gecko) Chrome/96.0.4664.55 Safari/537.36 Edg/96.0.1054.43"
54.36.148.227 - - [22/Dec/2021:22:42:36 +0100] "GET /index.php/askquestion/form?category_id=373&product_id=14759&type=1&tmpl=component HTTP/1.1" 200 2425 "-" "Mozilla/5.0 (compatible; AhrefsBot/7.0; +http://ahrefs.com/robot/)"
54.36.148.227 - - [22/Dec/2021:22:42:51 +0100] "GET /index.php/askquestion/form?category_id=218&product_id=14620&type=1&tmpl=component HTTP/1.1" 200 2426 "-" "Mozilla/5.0 (compatible; AhrefsBot/7.0; +http://ahrefs.com/robot/)"
90.145.217.226 - - [22/Dec/2021:22:42:53 +0100] "GET /index.php/component/ajax/?format=json HTTP/1.1" 200 758 "https://www.lager-techniek.eu/index.php/met-flens/permaglide-paf25215-p11" "Mozilla/5.0 (Windows NT 10.0; Win64; x64) AppleWebKit/537.36 (KHTML, like Gecko) Chrome/96.0.4664.45 Safari/537.36"
66.249.66.76 - - [22/Dec/2021:22:42:58 +0100] "GET /index.php/moduul-2-5/m25z85 HTTP/1.1" 200 13535 "-" "Mozilla/5.0 (compatible; Googlebot/2.1; +http://www.google.com/bot.html)"
54.36.148.227 - - [22/Dec/2021:22:43:04 +0100] "GET /index.php/askquestion/form?category_id=985&product_id=95482&type=1&tmpl=component HTTP/1.1" 200 2409 "-" "Mozilla/5.0 (compatible; AhrefsBot/7.0; +http://ahrefs.com/robot/)"
66.249.66.158 - - [22/Dec/2021:22:43:13 +0100] "GET /index.php/askquestion/form?category_id=431&product_id=17097&type=1&tmpl=component HTTP/1.1" 200 2415 "-" "Mozilla/5.0 (compatible; Googlebot/2.1; +http://www.google.com/bot.html)"
54.36.148.227 - - [22/Dec/2021:22:43:16 +0100] "GET /index.php/cart/add?category_id=30&product_id=1339 HTTP/1.1" 303 645 "-" "Mozilla/5.0 (compatible; AhrefsBot/7.0; +http://ahrefs.com/robot/)"
54.36.148.227 - - [22/Dec/2021:22:43:29 +0100] "GET /index.php/askquestion/form?category_id=94&product_id=5103&type=1&tmpl=component HTTP/1.1" 200 2406 "-" "Mozilla/5.0 (compatible; AhrefsBot/7.0; +http://ahrefs.com/robot/)"
66.249.66.159 - - [22/Dec/2021:22:43:30 +0100] "GET /index.php/32-range/skf-3211a HTTP/1.1" 200 14170 "-" "Mozilla/5.0 (compatible; Googlebot/2.1; +http://www.google.com/bot.html)"
66.249.66.4 - - [22/Dec/2021:22:43:39 +0100] "GET /media/com_jchoptimize/cache/js/0ab1a2fcc73af2cfc3aa98c24f5628a5.js HTTP/1.1" 200 74723 "https://www.lager-techniek.eu/index.php/32-range/skf-3211a" "Mozilla/5.0 AppleWebKit/537.36 (KHTML, like Gecko; compatible; Googlebot/2.1; +http://www.google.com/bot.html) Chrome/96.0.4664.93 Safari/537.36"
54.36.148.227 - - [22/Dec/2021:22:43:41 +0100] "GET /index.php/cart/add?category_id=457&product_id=29699 HTTP/1.1" 303 645 "-" "Mozilla/5.0 (compatible; AhrefsBot/7.0; +http://ahrefs.com/robot/)"
51.15.141.121 - - [22/Dec/2021:22:43:46 +0100] "GET /index.php/askquestion/form?category_id=14&product_id=42774&type=1&tmpl=component HTTP/1.1" 200 2434 "-" "Mozilla/5.0 (Windows NT 10.0; Win64; x64) AppleWebKit/537.36 (KHTML, like Gecko) Chrome/93.0.4577.0 Safari/537.36"
51.15.141.121 - - [22/Dec/2021:22:43:46 +0100] "GET /media/com_jchoptimize/cache/js/9e0b3a35f8a5d5b8cedf7cd8be06d2d7.js HTTP/1.1" 200 58823 "https://lager-techniek.eu/index.php/askquestion/form?category_id=14&product_id=42774&type=1&tmpl=component" "Mozilla/5.0 (Windows NT 10.0; Win64; x64) AppleWebKit/537.36 (KHTML, like Gecko) Chrome/93.0.4577.0 Safari/537.36"
51.158.96.249 - - [22/Dec/2021:22:43:53 +0100] "GET /index.php/askquestion/form?category_id=362&product_id=22563&type=1&tmpl=component HTTP/1.1" 200 2431 "-" "Mozilla/5.0 (Windows NT 10.0; Win64; x64) AppleWebKit/537.36 (KHTML, like Gecko) Chrome/93.0.4577.0 Safari/537.36"
51.158.96.249 - - [22/Dec/2021:22:43:53 +0100] "GET /media/com_jchoptimize/cache/js/cafdebf9c9722ae6084e2bcf62f69789.js HTTP/1.1" 200 58823 "https://lager-techniek.eu/index.php/askquestion/form?category_id=362&product_id=22563&type=1&tmpl=component" "Mozilla/5.0 (Windows NT 10.0; Win64; x64) AppleWebKit/537.36 (KHTML, like Gecko) Chrome/93.0.4577.0 Safari/537.36"
51.158.68.251 - - [22/Dec/2021:22:43:53 +0100] "GET /index.php/askquestion/form?category_id=224&product_id=25149&type=1&tmpl=component HTTP/1.1" 200 2449 "-" "Mozilla/5.0 (Windows NT 10.0; Win64; x64) AppleWebKit/537.36 (KHTML, like Gecko) Chrome/93.0.4577.0 Safari/537.36"
51.158.68.251 - - [22/Dec/2021:22:43:53 +0100] "GET /media/com_jchoptimize/cache/js/dee6c4cf14093b49f0ce1dba238a031f.js HTTP/1.1" 200 58786 "https://lager-techniek.eu/index.php/askquestion/form?category_id=224&product_id=25149&type=1&tmpl=component" "Mozilla/5.0 (Windows NT 10.0; Win64; x64) AppleWebKit/537.36 (KHTML, like Gecko) Chrome/93.0.4577.0 Safari/537.36"
54.36.148.227 - - [22/Dec/2021:22:43:55 +0100] "GET /index.php/cart/add?category_id=30&product_id=1188 HTTP/1.1" 303 645 "-" "Mozilla/5.0 (compatible; AhrefsBot/7.0; +http://ahrefs.com/robot/)"
40.77.167.59 - - [22/Dec/2021:22:43:56 +0100] "GET /index.php/miniatuur-range/timken-627-zz HTTP/1.1" 301 702 "-" "Mozilla/5.0 (compatible; bingbot/2.0; +http://www.bing.com/bingbot.htm)"
89.146.3.50 - - [22/Dec/2021:22:43:58 +0100] "GET /index.php/component/ajax/?format=json HTTP/1.1" 200 758 "https://www.lager-techniek.eu/index.php/spa-range/optibelt-spa1600" "Mozilla/5.0 (Windows NT 10.0; Win64; x64) AppleWebKit/537.36 (KHTML, like Gecko) Chrome/96.0.4664.110 Safari/537.36 Edg/96.0.1054.62"
54.36.148.227 - - [22/Dec/2021:22:44:08 +0100] "GET /index.php/cart/add?category_id=30&product_id=1750 HTTP/1.1" 303 645 "-" "Mozilla/5.0 (compatible; AhrefsBot/7.0; +http://ahrefs.com/robot/)"
2a02:a46a:4513:1:8d6f:371c:a7a9:e6c6 - - [22/Dec/2021:22:44:10 +0100] "GET /index.php/component/ajax/?format=json HTTP/1.1" 200 758 "https://www.lager-techniek.eu/index.php/b-range/gates-17x1725" "Mozilla/5.0 (Windows NT 10.0; Win64; x64) AppleWebKit/537.36 (KHTML, like Gecko) Chrome/96.0.4664.110 Safari/537.36"
54.36.148.227 - - [22/Dec/2021:22:44:26 +0100] "GET /index.php/cart/add?category_id=30&product_id=6755 HTTP/1.1" 303 645 "-" "Mozilla/5.0 (compatible; AhrefsBot/7.0; +http://ahrefs.com/robot/)"
178.118.52.254 - - [22/Dec/2021:22:44:32 +0100] "GET /index.php/component/ajax/?format=json HTTP/1.1" 200 758 "https://www.lager-techniek.eu/index.php/tandriemen-3m/gates-2883m15" "Mozilla/5.0 (Windows NT 10.0; Win64; x64) AppleWebKit/537.36 (KHTML, like Gecko) Chrome/96.0.4664.110 Safari/537.36"
2a02:a46a:4513:1:8d6f:371c:a7a9:e6c6 - - [22/Dec/2021:22:44:34 +0100] "GET /index.php/component/ajax/?format=json HTTP/1.1" 200 758 "https://www.lager-techniek.eu/index.php/b-range/gates-17x1725" "Mozilla/5.0 (Windows NT 10.0; Win64; x64) AppleWebKit/537.36 (KHTML, like Gecko) Chrome/96.0.4664.110 Safari/537.36"
54.36.148.227 - - [22/Dec/2021:22:44:41 +0100] "GET /index.php/cart/add?category_id=30&product_id=7847 HTTP/1.1" 303 645 "-" "Mozilla/5.0 (compatible; AhrefsBot/7.0; +http://ahrefs.com/robot/)"
54.36.148.227 - - [22/Dec/2021:22:44:55 +0100] "GET /index.php/askquestion/form?category_id=52&product_id=7071&type=1&tmpl=component HTTP/1.1" 200 2408 "-" "Mozilla/5.0 (compatible; AhrefsBot/7.0; +http://ahrefs.com/robot/)"
54.36.148.227 - - [22/Dec/2021:22:45:07 +0100] "GET /index.php/askquestion/form?category_id=386&product_id=11535&type=1&tmpl=component HTTP/1.1" 200 2401 "-" "Mozilla/5.0 (compatible; AhrefsBot/7.0; +http://ahrefs.com/robot/)"
54.36.148.227 - - [22/Dec/2021:22:45:20 +0100] "GET /index.php/cart/add?category_id=10&product_id=3433 HTTP/1.1" 303 645 "-" "Mozilla/5.0 (compatible; AhrefsBot/7.0; +http://ahrefs.com/robot/)"
207.46.13.1 - - [22/Dec/2021:22:45:20 +0100] "GET /index.php/23000-range/skf-23040ccc08w33 HTTP/1.1" 200 14078 "-" "Mozilla/5.0 (compatible; bingbot/2.0; +http://www.bing.com/bingbot.htm)"
217.123.82.92 - - [22/Dec/2021:22:45:23 +0100] "GET /index.php/component/ajax/?format=json HTTP/1.1" 200 758 "https://www.lager-techniek.eu/index.php/duplex-rollenketting/vbchain-rk24b2" "Mozilla/5.0 (Windows NT 10.0; Win64; x64) AppleWebKit/537.36 (KHTML, like Gecko) Chrome/96.0.4664.110 Safari/537.36"
77.60.98.226 - - [22/Dec/2021:22:45:27 +0100] "GET /index.php/component/ajax/?format=json HTTP/1.1" 200 758 "https://www.lager-techniek.eu/index.php/b-range/contitech-17x1215" "Mozilla/5.0 (Windows NT 6.1; Win64; x64) AppleWebKit/537.36 (KHTML, like Gecko) Chrome/94.0.4606.71 Safari/537.36"
54.36.148.227 - - [22/Dec/2021:22:45:30 +0100] "GET /index.php/askquestion/form?category_id=1005&product_id=44136&type=1&tmpl=component HTTP/1.1" 200 2428 "-" "Mozilla/5.0 (compatible; AhrefsBot/7.0; +http://ahrefs.com/robot/)"
178.118.52.254 - - [22/Dec/2021:22:45:32 +0100] "GET /index.php/component/ajax/?format=json HTTP/1.1" 200 758 "https://www.lager-techniek.eu/index.php/tandriemen-3m/gates-2823m6gt3" "Mozilla/5.0 (Windows NT 10.0; Win64; x64) AppleWebKit/537.36 (KHTML, like Gecko) Chrome/96.0.4664.110 Safari/537.36"
54.36.148.227 - - [22/Dec/2021:22:45:42 +0100] "GET /index.php/cart/add?category_id=10&product_id=3438 HTTP/1.1" 303 645 "-" "Mozilla/5.0 (compatible; AhrefsBot/7.0; +http://ahrefs.com/robot/)"
54.36.148.227 - - [22/Dec/2021:22:45:54 +0100] "GET /index.php/askquestion/form?category_id=373&product_id=14774&type=1&tmpl=component HTTP/1.1" 200 2422 "-" "Mozilla/5.0 (compatible; AhrefsBot/7.0; +http://ahrefs.com/robot/)"
66.249.66.6 - - [22/Dec/2021:22:45:57 +0100] "GET /index.php/72-range/nsk-7207a5trdudhp3 HTTP/1.1" 200 13931 "-" "Mozilla/5.0 (compatible; Googlebot/2.1; +http://www.google.com/bot.html)"
54.36.148.227 - - [22/Dec/2021:22:46:07 +0100] "GET /index.php/cart/add?category_id=10&product_id=3439 HTTP/1.1" 303 645 "-" "Mozilla/5.0 (compatible; AhrefsBot/7.0; +http://ahrefs.com/robot/)"
193.104.159.11 - - [22/Dec/2021:22:46:11 +0100] "GET /index.php/component/ajax/?format=json HTTP/1.1" 200 758 "https://www.lager-techniek.eu/index.php/2200-range/fag-22032rstvh" "Mozilla/5.0 (Windows NT 10.0; Win64; x64) AppleWebKit/537.36 (KHTML, like Gecko) Chrome/96.0.4664.110 Safari/537.36 Edg/96.0.1054.62"
54.36.148.227 - - [22/Dec/2021:22:46:20 +0100] "GET /index.php/cart/add?category_id=10&product_id=3442 HTTP/1.1" 303 645 "-" "Mozilla/5.0 (compatible; AhrefsBot/7.0; +http://ahrefs.com/robot/)"
66.249.66.77 - - [22/Dec/2021:22:46:30 +0100] "GET /index.php/hf-range/ina-hf3020l564 HTTP/1.1" 200 13750 "-" "Mozilla/5.0 (Linux; Android 6.0.1; Nexus 5X Build/MMB29P) AppleWebKit/537.36 (KHTML, like Gecko) Chrome/96.0.4664.110 Mobile Safari/537.36 (compatible; Googlebot/2.1; +http://www.google.com/bot.html)"
91.183.150.180 - - [22/Dec/2021:22:46:35 +0100] "GET /index.php/component/ajax/?format=json HTTP/1.1" 200 758 "https://www.lager-techniek.eu/index.php/overig/skf-tmft36" "Mozilla/5.0 (Windows NT 6.3; Win64; x64) AppleWebKit/537.36 (KHTML, like Gecko) Chrome/96.0.4664.110 Safari/537.36"
54.36.148.227 - - [22/Dec/2021:22:46:35 +0100] "GET /index.php/cart/add?category_id=1093&product_id=50984 HTTP/1.1" 303 645 "-" "Mozilla/5.0 (compatible; AhrefsBot/7.0; +http://ahrefs.com/robot/)"
5.161.66.113 - - [22/Dec/2021:22:46:46 +0100] "GET /index.php/borgring/skfmb21 HTTP/1.1" 200 14329 "-" "Mozilla/5.0 (Windows NT 10.0; Win64; x64) AppleWebKit/537.36 (KHTML, like Gecko) Chrome/84.0.4147.105 Safari/537.36"
54.36.148.227 - - [22/Dec/2021:22:46:50 +0100] "GET /index.php/32000-range/son-32013 HTTP/1.1" 200 14800 "-" "Mozilla/5.0 (compatible; AhrefsBot/7.0; +http://ahrefs.com/robot/)"
66.249.66.198 - - [22/Dec/2021:22:46:52 +0100] "GET /index.php/20300-range/fag-20316mb HTTP/1.1" 200 13682 "-" "Mozilla/5.0 (Linux; Android 6.0.1; Nexus 5X Build/MMB29P) AppleWebKit/537.36 (KHTML, like Gecko) Chrome/96.0.4664.110 Mobile Safari/537.36 (compatible; Googlebot/2.1; +http://www.google.com/bot.html)"
185.178.235.166 - - [22/Dec/2021:22:47:00 +0100] "GET /index.php/component/ajax/?format=json HTTP/1.1" 200 758 "https://www.lager-techniek.eu/index.php/kettingspanwiel/ina-ksr16l010101408" "Mozilla/5.0 (Windows NT 10.0; Win64; x64) AppleWebKit/537.36 (KHTML, like Gecko) Chrome/96.0.4664.45 Safari/537.36"
54.36.148.227 - - [22/Dec/2021:22:47:01 +0100] "GET /index.php/cart/add?category_id=10&product_id=3448 HTTP/1.1" 303 645 "-" "Mozilla/5.0 (compatible; AhrefsBot/7.0; +http://ahrefs.com/robot/)"
54.36.148.227 - - [22/Dec/2021:22:47:14 +0100] "GET /index.php/16000-range/son-160092rs HTTP/1.1" 200 13912 "-" "Mozilla/5.0 (compatible; AhrefsBot/7.0; +http://ahrefs.com/robot/)"
40.77.167.59 - - [22/Dec/2021:22:47:19 +0100] "GET /index.php/speedi-sleeve/skf-99098 HTTP/1.1" 200 14520 "-" "Mozilla/5.0 (compatible; bingbot/2.0; +http://www.bing.com/bingbot.htm)"
54.36.148.227 - - [22/Dec/2021:22:47:26 +0100] "GET /index.php/cart/add?category_id=23&product_id=42036 HTTP/1.1" 303 645 "-" "Mozilla/5.0 (compatible; AhrefsBot/7.0; +http://ahrefs.com/robot/)"
66.249.66.128 - - [22/Dec/2021:22:47:27 +0100] "GET /index.php/kb-lbcr-range/ewellix-lbcr20d2ls HTTP/1.1" 200 14517 "-" "Mozilla/5.0 (Linux; Android 6.0.1; Nexus 5X Build/MMB29P) AppleWebKit/537.36 (KHTML, like Gecko) Chrome/96.0.4664.93 Mobile Safari/537.36 (compatible; Googlebot/2.1; +http://www.google.com/bot.html)"
77.226.249.91 - - [22/Dec/2021:22:47:28 +0100] "GET /index.php/component/ajax/?format=json HTTP/1.1" 200 758 "https://www.lager-techniek.eu/index.php/a-range/contitech-13x3650" "Mozilla/5.0 (Windows NT 10.0; Win64; x64) AppleWebKit/537.36 (KHTML, like Gecko) Chrome/96.0.4664.55 Safari/537.36 Edg/96.0.1054.43"
40.77.167.59 - - [22/Dec/2021:22:47:28 +0100] "GET /index.php/inleg-spieen/din6885a-8x7x40c45c HTTP/1.1" 200 13738 "-" "Mozilla/5.0 (compatible; bingbot/2.0; +http://www.bing.com/bingbot.htm)"
54.36.148.227 - - [22/Dec/2021:22:47:40 +0100] "GET /index.php/n-200-range/skf-n221ecp HTTP/1.1" 200 13873 "-" "Mozilla/5.0 (compatible; AhrefsBot/7.0; +http://ahrefs.com/robot/)"
83.134.3.184 - - [22/Dec/2021:22:47:49 +0100] "GET /index.php/tandriemschijf-21t5/21t5102 HTTP/1.1" 200 13893 "-" "Mozilla/5.0 (Windows NT 6.1; Win64; x64) AppleWebKit/537.36 (KHTML, like Gecko) Chrome/96.0.4664.110 Safari/537.36"
83.134.3.184 - - [22/Dec/2021:22:47:49 +0100] "GET /media/com_jchoptimize/cache/css/e3aaa5baf7724231080a3c38514acb60.css HTTP/1.1" 200 32260 "https://www.lager-techniek.eu/index.php/tandriemschijf-21t5/21t5102" "Mozilla/5.0 (Windows NT 6.1; Win64; x64) AppleWebKit/537.36 (KHTML, like Gecko) Chrome/96.0.4664.110 Safari/537.36"
83.134.3.184 - - [22/Dec/2021:22:47:49 +0100] "GET /media/com_jchoptimize/cache/js/06f37f52e42f8f6a99fa2b3e8e79d821.js HTTP/1.1" 200 20663 "https://www.lager-techniek.eu/index.php/tandriemschijf-21t5/21t5102" "Mozilla/5.0 (Windows NT 6.1; Win64; x64) AppleWebKit/537.36 (KHTML, like Gecko) Chrome/96.0.4664.110 Safari/537.36"
83.134.3.184 - - [22/Dec/2021:22:47:49 +0100] "GET /images/banner12-lager-techniek.eu.jpg HTTP/1.1" 200 17827 "https://www.lager-techniek.eu/index.php/tandriemschijf-21t5/21t5102" "Mozilla/5.0 (Windows NT 6.1; Win64; x64) AppleWebKit/537.36 (KHTML, like Gecko) Chrome/96.0.4664.110 Safari/537.36"
83.134.3.184 - - [22/Dec/2021:22:47:49 +0100] "GET /modules/mod_gtranslate/tmpl/lang/16/en.png HTTP/1.1" 200 1063 "https://www.lager-techniek.eu/index.php/tandriemschijf-21t5/21t5102" "Mozilla/5.0 (Windows NT 6.1; Win64; x64) AppleWebKit/537.36 (KHTML, like Gecko) Chrome/96.0.4664.110 Safari/537.36"
83.134.3.184 - - [22/Dec/2021:22:47:49 +0100] "GET /modules/mod_gtranslate/tmpl/lang/16/fr.png HTTP/1.1" 200 802 "https://www.lager-techniek.eu/index.php/tandriemschijf-21t5/21t5102" "Mozilla/5.0 (Windows NT 6.1; Win64; x64) AppleWebKit/537.36 (KHTML, like Gecko) Chrome/96.0.4664.110 Safari/537.36"
83.134.3.184 - - [22/Dec/2021:22:47:49 +0100] "GET /modules/mod_gtranslate/tmpl/lang/16/de.png HTTP/1.1" 200 747 "https://www.lager-techniek.eu/index.php/tandriemschijf-21t5/21t5102" "Mozilla/5.0 (Windows NT 6.1; Win64; x64) AppleWebKit/537.36 (KHTML, like Gecko) Chrome/96.0.4664.110 Safari/537.36"
83.134.3.184 - - [22/Dec/2021:22:47:49 +0100] "GET /modules/mod_gtranslate/tmpl/lang/16/it.png HTTP/1.1" 200 796 "https://www.lager-techniek.eu/index.php/tandriemschijf-21t5/21t5102" "Mozilla/5.0 (Windows NT 6.1; Win64; x64) AppleWebKit/537.36 (KHTML, like Gecko) Chrome/96.0.4664.110 Safari/537.36"
83.134.3.184 - - [22/Dec/2021:22:47:49 +0100] "GET /media/com_jchoptimize/cache/js/18169ee1cf71af19dc70f5a92dd9072b.js HTTP/1.1" 200 74723 "https://www.lager-techniek.eu/index.php/tandriemschijf-21t5/21t5102" "Mozilla/5.0 (Windows NT 6.1; Win64; x64) AppleWebKit/537.36 (KHTML, like Gecko) Chrome/96.0.4664.110 Safari/537.36"
83.134.3.184 - - [22/Dec/2021:22:47:49 +0100] "GET /modules/mod_gtranslate/tmpl/lang/16/pt.png HTTP/1.1" 200 947 "https://www.lager-techniek.eu/index.php/tandriemschijf-21t5/21t5102" "Mozilla/5.0 (Windows NT 6.1; Win64; x64) AppleWebKit/537.36 (KHTML, like Gecko) Chrome/96.0.4664.110 Safari/537.36"
83.134.3.184 - - [22/Dec/2021:22:47:49 +0100] "GET /modules/mod_gtranslate/tmpl/lang/16/ru.png HTTP/1.1" 200 706 "https://www.lager-techniek.eu/index.php/tandriemschijf-21t5/21t5102" "Mozilla/5.0 (Windows NT 6.1; Win64; x64) AppleWebKit/537.36 (KHTML, like Gecko) Chrome/96.0.4664.110 Safari/537.36"
83.134.3.184 - - [22/Dec/2021:22:47:49 +0100] "GET /media/system/images/arrow.png HTTP/1.1" 200 462 "https://www.lager-techniek.eu/index.php/tandriemschijf-21t5/21t5102" "Mozilla/5.0 (Windows NT 6.1; Win64; x64) AppleWebKit/537.36 (KHTML, like Gecko) Chrome/96.0.4664.110 Safari/537.36"
83.134.3.184 - - [22/Dec/2021:22:47:49 +0100] "GET /components/com_jshopping/images/print.png HTTP/1.1" 200 735 "https://www.lager-techniek.eu/index.php/tandriemschijf-21t5/21t5102" "Mozilla/5.0 (Windows NT 6.1; Win64; x64) AppleWebKit/537.36 (KHTML, like Gecko) Chrome/96.0.4664.110 Safari/537.36"
83.134.3.184 - - [22/Dec/2021:22:47:49 +0100] "GET /modules/mod_gtranslate/tmpl/lang/16/es.png HTTP/1.1" 200 849 "https://www.lager-techniek.eu/index.php/tandriemschijf-21t5/21t5102" "Mozilla/5.0 (Windows NT 6.1; Win64; x64) AppleWebKit/537.36 (KHTML, like Gecko) Chrome/96.0.4664.110 Safari/537.36"
83.134.3.184 - - [22/Dec/2021:22:47:49 +0100] "GET /components/com_jshopping/files/img_products/img_ALU_Timing_belt_pulley.jpg HTTP/1.1" 200 11471 "https://www.lager-techniek.eu/index.php/tandriemschijf-21t5/21t5102" "Mozilla/5.0 (Windows NT 6.1; Win64; x64) AppleWebKit/537.36 (KHTML, like Gecko) Chrome/96.0.4664.110 Safari/537.36"
83.134.3.184 - - [22/Dec/2021:22:47:49 +0100] "GET /components/com_jshopping/images/search.png HTTP/1.1" 200 847 "https://www.lager-techniek.eu/index.php/tandriemschijf-21t5/21t5102" "Mozilla/5.0 (Windows NT 6.1; Win64; x64) AppleWebKit/537.36 (KHTML, like Gecko) Chrome/96.0.4664.110 Safari/537.36"
83.134.3.184 - - [22/Dec/2021:22:47:49 +0100] "GET /components/com_jshopping/files/img_products/img_6F3.jpg HTTP/1.1" 200 5337 "https://www.lager-techniek.eu/index.php/tandriemschijf-21t5/21t5102" "Mozilla/5.0 (Windows NT 6.1; Win64; x64) AppleWebKit/537.36 (KHTML, like Gecko) Chrome/96.0.4664.110 Safari/537.36"
