77.167.19.160 - - [22/Dec/2021:20:15:42 +0100] "GET /index.php/zoeken/result?start=108 HTTP/1.1" 200 14316 "https://www.lager-techniek.eu/index.php/zoeken/result" "Mozilla/5.0 (Macintosh; Intel Mac OS X 10_15_6) AppleWebKit/605.1.15 (KHTML, like Gecko) Version/15.1 Safari/605.1.15"
217.121.57.98 - - [22/Dec/2021:20:15:56 +0100] "GET /components/com_jshopping/files/img_products/img_NUKRE.jpg HTTP/1.1" 200 6445 "https://www.google.nl/" "Mozilla/5.0 (iPhone; CPU iPhone OS 15_1_1 like Mac OS X) AppleWebKit/605.1.15 (KHTML, like Gecko) Version/15.1 Mobile/15E148 Safari/604.1"
54.36.148.227 - - [22/Dec/2021:20:15:56 +0100] "GET /index.php/askquestion/form?category_id=72&product_id=3578&type=1&tmpl=component HTTP/1.1" 200 2423 "-" "Mozilla/5.0 (compatible; AhrefsBot/7.0; +http://ahrefs.com/robot/)"
51.15.231.220 - - [22/Dec/2021:20:16:00 +0100] "GET /index.php/askquestion/form?category_id=188&product_id=13784&type=1&tmpl=component HTTP/1.1" 200 2423 "-" "Mozilla/5.0 (Windows NT 10.0; Win64; x64) AppleWebKit/537.36 (KHTML, like Gecko) Chrome/93.0.4577.0 Safari/537.36"
51.15.231.220 - - [22/Dec/2021:20:16:01 +0100] "GET /media/com_jchoptimize/cache/js/a410a5987d2abcf1c926d2132275a09a.js HTTP/1.1" 200 58823 "https://lager-techniek.eu/index.php/askquestion/form?category_id=188&product_id=13784&type=1&tmpl=component" "Mozilla/5.0 (Windows NT 10.0; Win64; x64) AppleWebKit/537.36 (KHTML, like Gecko) Chrome/93.0.4577.0 Safari/537.36"
54.36.148.227 - - [22/Dec/2021:20:16:09 +0100] "GET /index.php/askquestion/form?category_id=28&product_id=5265&type=1&tmpl=component HTTP/1.1" 200 2408 "-" "Mozilla/5.0 (compatible; AhrefsBot/7.0; +http://ahrefs.com/robot/)"
193.104.159.11 - - [22/Dec/2021:20:16:11 +0100] "GET /index.php/component/ajax/?format=json HTTP/1.1" 200 758 "https://www.lager-techniek.eu/index.php/2200-range/fag-22032rstvh" "Mozilla/5.0 (Windows NT 10.0; Win64; x64) AppleWebKit/537.36 (KHTML, like Gecko) Chrome/96.0.4664.110 Safari/537.36 Edg/96.0.1054.62"
66.249.66.158 - - [22/Dec/2021:20:16:16 +0100] "GET /index.php/k-range-naaldkrans/ina-k16x22x20a HTTP/1.1" 200 14079 "-" "Mozilla/5.0 (Linux; Android 6.0.1; Nexus 5X Build/MMB29P) AppleWebKit/537.36 (KHTML, like Gecko) Chrome/96.0.4664.110 Mobile Safari/537.36 (compatible; Googlebot/2.1; +http://www.google.com/bot.html)"
54.36.148.227 - - [22/Dec/2021:20:16:23 +0100] "GET /index.php/askquestion/form?category_id=968&product_id=49438&type=1&tmpl=component HTTP/1.1" 200 2434 "-" "Mozilla/5.0 (compatible; AhrefsBot/7.0; +http://ahrefs.com/robot/)"
54.36.148.227 - - [22/Dec/2021:20:16:35 +0100] "GET /index.php/cart/add?category_id=45&product_id=23554 HTTP/1.1" 303 645 "-" "Mozilla/5.0 (compatible; AhrefsBot/7.0; +http://ahrefs.com/robot/)"
91.183.150.180 - - [22/Dec/2021:20:16:35 +0100] "GET /index.php/component/ajax/?format=json HTTP/1.1" 200 758 "https://www.lager-techniek.eu/index.php/overig/skf-tmft36" "Mozilla/5.0 (Windows NT 6.3; Win64; x64) AppleWebKit/537.36 (KHTML, like Gecko) Chrome/96.0.4664.110 Safari/537.36"
54.36.148.227 - - [22/Dec/2021:20:16:45 +0100] "GET /index.php/askquestion/form?category_id=8&product_id=7629&type=1&tmpl=component HTTP/1.1" 200 2409 "-" "Mozilla/5.0 (compatible; AhrefsBot/7.0; +http://ahrefs.com/robot/)"
66.249.66.6 - - [22/Dec/2021:20:16:46 +0100] "GET /index.php/ge-krr-yel-range/ina-ge30xlkrrbfa1255 HTTP/1.1" 200 13935 "-" "Mozilla/5.0 (compatible; Googlebot/2.1; +http://www.google.com/bot.html)"
185.178.235.166 - - [22/Dec/2021:20:17:00 +0100] "GET /index.php/component/ajax/?format=json HTTP/1.1" 200 758 "https://www.lager-techniek.eu/index.php/kettingspanwiel/ina-ksr16l010101408" "Mozilla/5.0 (Windows NT 10.0; Win64; x64) AppleWebKit/537.36 (KHTML, like Gecko) Chrome/96.0.4664.45 Safari/537.36"
54.36.148.227 - - [22/Dec/2021:20:17:00 +0100] "GET /index.php/32200-range?start=24 HTTP/1.1" 200 10913 "-" "Mozilla/5.0 (compatible; AhrefsBot/7.0; +http://ahrefs.com/robot/)"
66.249.66.195 - - [22/Dec/2021:20:17:02 +0100] "GET /index.php/6400-range/skf-6410nr HTTP/1.1" 200 13737 "-" "Mozilla/5.0 (Linux; Android 6.0.1; Nexus 5X Build/MMB29P) AppleWebKit/537.36 (KHTML, like Gecko) Chrome/96.0.4664.110 Mobile Safari/537.36 (compatible; Googlebot/2.1; +http://www.google.com/bot.html)"
54.36.148.227 - - [22/Dec/2021:20:17:11 +0100] "GET /index.php/askquestion/form?category_id=174&product_id=21215&type=1&tmpl=component HTTP/1.1" 200 2441 "-" "Mozilla/5.0 (compatible; AhrefsBot/7.0; +http://ahrefs.com/robot/)"
66.249.66.158 - - [22/Dec/2021:20:17:22 +0100] "GET /index.php/producenten/draadborg-middel-en-vlakkenafdichting/loctite-592640ml HTTP/1.1" 200 14916 "-" "Mozilla/5.0 (compatible; Googlebot/2.1; +http://www.google.com/bot.html)"
54.36.148.227 - - [22/Dec/2021:20:17:25 +0100] "GET /index.php/xpb-range/optibelt-xpb1400xep HTTP/1.1" 200 14981 "-" "Mozilla/5.0 (compatible; AhrefsBot/7.0; +http://ahrefs.com/robot/)"
77.226.249.91 - - [22/Dec/2021:20:17:28 +0100] "GET /index.php/component/ajax/?format=json HTTP/1.1" 200 758 "https://www.lager-techniek.eu/index.php/a-range/contitech-13x3650" "Mozilla/5.0 (Windows NT 10.0; Win64; x64) AppleWebKit/537.36 (KHTML, like Gecko) Chrome/96.0.4664.55 Safari/537.36 Edg/96.0.1054.43"
82.75.56.74 - - [22/Dec/2021:20:17:35 +0100] "GET /index.php/component/ajax/?format=json HTTP/1.1" 200 758 "https://www.lager-techniek.eu/index.php/6000-range/fag-60032rsr" "Mozilla/5.0 (Windows NT 10.0; Win64; x64; rv:95.0) Gecko/20100101 Firefox/95.0"
54.36.148.227 - - [22/Dec/2021:20:17:38 +0100] "GET /index.php/cart/add?category_id=9&product_id=14151 HTTP/1.1" 303 645 "-" "Mozilla/5.0 (compatible; AhrefsBot/7.0; +http://ahrefs.com/robot/)"
40.77.167.31 - - [22/Dec/2021:20:17:42 +0100] "GET /index.php/6200-range/skf-62032zva228 HTTP/1.1" 200 13887 "-" "Mozilla/5.0 (compatible; bingbot/2.0; +http://www.bing.com/bingbot.htm)"
54.36.148.227 - - [22/Dec/2021:20:17:52 +0100] "GET /index.php/cart/add?category_id=23&product_id=26522 HTTP/1.1" 303 645 "-" "Mozilla/5.0 (compatible; AhrefsBot/7.0; +http://ahrefs.com/robot/)"
90.145.217.226 - - [22/Dec/2021:20:17:53 +0100] "GET /index.php/component/ajax/?format=json HTTP/1.1" 200 758 "https://www.lager-techniek.eu/index.php/met-flens/permaglide-paf25215-p11" "Mozilla/5.0 (Windows NT 10.0; Win64; x64) AppleWebKit/537.36 (KHTML, like Gecko) Chrome/96.0.4664.45 Safari/537.36"
66.249.66.6 - - [22/Dec/2021:20:18:03 +0100] "GET /loctite407.pdf HTTP/1.1" 200 166923 "-" "Googlebot/2.1 (+http://www.google.com/bot.html)"
54.36.148.227 - - [22/Dec/2021:20:18:06 +0100] "GET /index.php/askquestion/form?category_id=162&product_id=11460&type=1&tmpl=component HTTP/1.1" 200 2411 "-" "Mozilla/5.0 (compatible; AhrefsBot/7.0; +http://ahrefs.com/robot/)"
66.249.66.198 - - [22/Dec/2021:20:18:13 +0100] "GET /index.php/6300-range/ntn-6305c3 HTTP/1.1" 200 14502 "-" "Mozilla/5.0 (Linux; Android 6.0.1; Nexus 5X Build/MMB29P) AppleWebKit/537.36 (KHTML, like Gecko) Chrome/96.0.4664.110 Mobile Safari/537.36 (compatible; Googlebot/2.1; +http://www.google.com/bot.html)"
54.36.148.227 - - [22/Dec/2021:20:18:19 +0100] "GET /index.php/6000-range/ntn-6008nr HTTP/1.1" 200 14215 "-" "Mozilla/5.0 (compatible; AhrefsBot/7.0; +http://ahrefs.com/robot/)"
54.36.148.227 - - [22/Dec/2021:20:18:33 +0100] "GET /index.php/cart/add?category_id=916&product_id=30377 HTTP/1.1" 303 645 "-" "Mozilla/5.0 (compatible; AhrefsBot/7.0; +http://ahrefs.com/robot/)"
54.36.148.227 - - [22/Dec/2021:20:18:47 +0100] "GET /index.php/cart/add?category_id=916&product_id=30383 HTTP/1.1" 303 645 "-" "Mozilla/5.0 (compatible; AhrefsBot/7.0; +http://ahrefs.com/robot/)"
66.249.66.4 - - [22/Dec/2021:20:18:48 +0100] "GET /index.php/kegellager-inch/timken-27882735x HTTP/1.1" 200 13863 "-" "Mozilla/5.0 (Linux; Android 6.0.1; Nexus 5X Build/MMB29P) AppleWebKit/537.36 (KHTML, like Gecko) Chrome/96.0.4664.93 Mobile Safari/537.36 (compatible; Googlebot/2.1; +http://www.google.com/bot.html)"
89.146.3.50 - - [22/Dec/2021:20:18:58 +0100] "GET /index.php/component/ajax/?format=json HTTP/1.1" 200 758 "https://www.lager-techniek.eu/index.php/spa-range/optibelt-spa1600" "Mozilla/5.0 (Windows NT 10.0; Win64; x64) AppleWebKit/537.36 (KHTML, like Gecko) Chrome/96.0.4664.110 Safari/537.36 Edg/96.0.1054.62"
54.36.148.227 - - [22/Dec/2021:20:19:01 +0100] "GET /index.php/askquestion/form?category_id=946&product_id=39610&type=1&tmpl=component HTTP/1.1" 200 2436 "-" "Mozilla/5.0 (compatible; AhrefsBot/7.0; +http://ahrefs.com/robot/)"
2a02:a469:d63a:1:fc59:b3ec:5aba:20f8 - - [22/Dec/2021:20:19:02 +0100] "GET /index.php/tandriemen-l/megadyne-150l075 HTTP/1.1" 200 14307 "-" "Mozilla/5.0 (Windows NT 10.0; Win64; x64; rv:95.0) Gecko/20100101 Firefox/95.0"
2a02:a469:d63a:1:fc59:b3ec:5aba:20f8 - - [22/Dec/2021:20:19:03 +0100] "GET /media/com_jchoptimize/cache/css/e3aaa5baf7724231080a3c38514acb60.css HTTP/1.1" 200 32260 "https://www.lager-techniek.eu/index.php/tandriemen-l/megadyne-150l075" "Mozilla/5.0 (Windows NT 10.0; Win64; x64; rv:95.0) Gecko/20100101 Firefox/95.0"
2a02:a469:d63a:1:fc59:b3ec:5aba:20f8 - - [22/Dec/2021:20:19:03 +0100] "GET /components/com_jshopping/images/search.png HTTP/1.1" 200 847 "https://www.lager-techniek.eu/index.php/tandriemen-l/megadyne-150l075" "Mozilla/5.0 (Windows NT 10.0; Win64; x64; rv:95.0) Gecko/20100101 Firefox/95.0"
2a02:a469:d63a:1:fc59:b3ec:5aba:20f8 - - [22/Dec/2021:20:19:03 +0100] "GET /modules/mod_gtranslate/tmpl/lang/16/fr.png HTTP/1.1" 200 802 "https://www.lager-techniek.eu/index.php/tandriemen-l/megadyne-150l075" "Mozilla/5.0 (Windows NT 10.0; Win64; x64; rv:95.0) Gecko/20100101 Firefox/95.0"
2a02:a469:d63a:1:fc59:b3ec:5aba:20f8 - - [22/Dec/2021:20:19:03 +0100] "GET /images/Lengteberekening.jpg HTTP/1.1" 200 10994 "https://www.lager-techniek.eu/index.php/tandriemen-l/megadyne-150l075" "Mozilla/5.0 (Windows NT 10.0; Win64; x64; rv:95.0) Gecko/20100101 Firefox/95.0"
2a02:a469:d63a:1:fc59:b3ec:5aba:20f8 - - [22/Dec/2021:20:19:03 +0100] "GET /components/com_jshopping/images/print.png HTTP/1.1" 200 735 "https://www.lager-techniek.eu/index.php/tandriemen-l/megadyne-150l075" "Mozilla/5.0 (Windows NT 10.0; Win64; x64; rv:95.0) Gecko/20100101 Firefox/95.0"
2a02:a469:d63a:1:fc59:b3ec:5aba:20f8 - - [22/Dec/2021:20:19:03 +0100] "GET /modules/mod_gtranslate/tmpl/lang/16/en.png HTTP/1.1" 200 1063 "https://www.lager-techniek.eu/index.php/tandriemen-l/megadyne-150l075" "Mozilla/5.0 (Windows NT 10.0; Win64; x64; rv:95.0) Gecko/20100101 Firefox/95.0"
2a02:a469:d63a:1:fc59:b3ec:5aba:20f8 - - [22/Dec/2021:20:19:03 +0100] "GET /modules/mod_gtranslate/tmpl/lang/16/ru.png HTTP/1.1" 200 706 "https://www.lager-techniek.eu/index.php/tandriemen-l/megadyne-150l075" "Mozilla/5.0 (Windows NT 10.0; Win64; x64; rv:95.0) Gecko/20100101 Firefox/95.0"
2a02:a469:d63a:1:fc59:b3ec:5aba:20f8 - - [22/Dec/2021:20:19:03 +0100] "GET /components/com_jshopping/files/img_products/img_htd_tandriemen.jpg HTTP/1.1" 200 7357 "https://www.lager-techniek.eu/index.php/tandriemen-l/megadyne-150l075" "Mozilla/5.0 (Windows NT 10.0; Win64; x64; rv:95.0) Gecko/20100101 Firefox/95.0"
2a02:a469:d63a:1:fc59:b3ec:5aba:20f8 - - [22/Dec/2021:20:19:03 +0100] "GET /images/Postnl.jpg HTTP/1.1" 200 10478 "https://www.lager-techniek.eu/index.php/tandriemen-l/megadyne-150l075" "Mozilla/5.0 (Windows NT 10.0; Win64; x64; rv:95.0) Gecko/20100101 Firefox/95.0"
2a02:a469:d63a:1:fc59:b3ec:5aba:20f8 - - [22/Dec/2021:20:19:03 +0100] "GET /images/bank.jpg HTTP/1.1" 200 2955 "https://www.lager-techniek.eu/index.php/tandriemen-l/megadyne-150l075" "Mozilla/5.0 (Windows NT 10.0; Win64; x64; rv:95.0) Gecko/20100101 Firefox/95.0"
2a02:a469:d63a:1:fc59:b3ec:5aba:20f8 - - [22/Dec/2021:20:19:03 +0100] "GET /images/paypal.jpg HTTP/1.1" 200 2557 "https://www.lager-techniek.eu/index.php/tandriemen-l/megadyne-150l075" "Mozilla/5.0 (Windows NT 10.0; Win64; x64; rv:95.0) Gecko/20100101 Firefox/95.0"
2a02:a469:d63a:1:fc59:b3ec:5aba:20f8 - - [22/Dec/2021:20:19:03 +0100] "GET /images/achteraf.jpg HTTP/1.1" 200 2428 "https://www.lager-techniek.eu/index.php/tandriemen-l/megadyne-150l075" "Mozilla/5.0 (Windows NT 10.0; Win64; x64; rv:95.0) Gecko/20100101 Firefox/95.0"
2a02:a469:d63a:1:fc59:b3ec:5aba:20f8 - - [22/Dec/2021:20:19:03 +0100] "GET /images/MollieIdeal.png HTTP/1.1" 200 15837 "https://www.lager-techniek.eu/index.php/tandriemen-l/megadyne-150l075" "Mozilla/5.0 (Windows NT 10.0; Win64; x64; rv:95.0) Gecko/20100101 Firefox/95.0"
2a02:a469:d63a:1:fc59:b3ec:5aba:20f8 - - [22/Dec/2021:20:19:03 +0100] "GET /images/Mollienancontact.jpg HTTP/1.1" 200 9278 "https://www.lager-techniek.eu/index.php/tandriemen-l/megadyne-150l075" "Mozilla/5.0 (Windows NT 10.0; Win64; x64; rv:95.0) Gecko/20100101 Firefox/95.0"
2a02:a469:d63a:1:fc59:b3ec:5aba:20f8 - - [22/Dec/2021:20:19:03 +0100] "GET /images/images.jpg HTTP/1.1" 200 5841 "https://www.lager-techniek.eu/index.php/tandriemen-l/megadyne-150l075" "Mozilla/5.0 (Windows NT 10.0; Win64; x64; rv:95.0) Gecko/20100101 Firefox/95.0"
2a02:a469:d63a:1:fc59:b3ec:5aba:20f8 - - [22/Dec/2021:20:19:03 +0100] "GET /images/UPS.jpg HTTP/1.1" 200 6889 "https://www.lager-techniek.eu/index.php/tandriemen-l/megadyne-150l075" "Mozilla/5.0 (Windows NT 10.0; Win64; x64; rv:95.0) Gecko/20100101 Firefox/95.0"
2a02:a469:d63a:1:fc59:b3ec:5aba:20f8 - - [22/Dec/2021:20:19:03 +0100] "GET /images/index.jpg HTTP/1.1" 200 5654 "https://www.lager-techniek.eu/index.php/tandriemen-l/megadyne-150l075" "Mozilla/5.0 (Windows NT 10.0; Win64; x64; rv:95.0) Gecko/20100101 Firefox/95.0"
2a02:a469:d63a:1:fc59:b3ec:5aba:20f8 - - [22/Dec/2021:20:19:03 +0100] "GET /modules/mod_gtranslate/tmpl/lang/16/es.png HTTP/1.1" 200 849 "https://www.lager-techniek.eu/index.php/tandriemen-l/megadyne-150l075" "Mozilla/5.0 (Windows NT 10.0; Win64; x64; rv:95.0) Gecko/20100101 Firefox/95.0"
2a02:a469:d63a:1:fc59:b3ec:5aba:20f8 - - [22/Dec/2021:20:19:03 +0100] "GET /modules/mod_gtranslate/tmpl/lang/16/de.png HTTP/1.1" 200 747 "https://www.lager-techniek.eu/index.php/tandriemen-l/megadyne-150l075" "Mozilla/5.0 (Windows NT 10.0; Win64; x64; rv:95.0) Gecko/20100101 Firefox/95.0"
2a02:a469:d63a:1:fc59:b3ec:5aba:20f8 - - [22/Dec/2021:20:19:03 +0100] "GET /modules/mod_gtranslate/tmpl/lang/16/it.png HTTP/1.1" 200 796 "https://www.lager-techniek.eu/index.php/tandriemen-l/megadyne-150l075" "Mozilla/5.0 (Windows NT 10.0; Win64; x64; rv:95.0) Gecko/20100101 Firefox/95.0"
2a02:a469:d63a:1:fc59:b3ec:5aba:20f8 - - [22/Dec/2021:20:19:03 +0100] "GET /modules/mod_gtranslate/tmpl/lang/16/pt.png HTTP/1.1" 200 947 "https://www.lager-techniek.eu/index.php/tandriemen-l/megadyne-150l075" "Mozilla/5.0 (Windows NT 10.0; Win64; x64; rv:95.0) Gecko/20100101 Firefox/95.0"
2a02:a469:d63a:1:fc59:b3ec:5aba:20f8 - - [22/Dec/2021:20:19:03 +0100] "GET /components/com_jshopping/files/img_products/thumb_img_htd_tandriemen.jpg HTTP/1.1" 200 4177 "https://www.lager-techniek.eu/index.php/tandriemen-l/megadyne-150l075" "Mozilla/5.0 (Windows NT 10.0; Win64; x64; rv:95.0) Gecko/20100101 Firefox/95.0"
2a02:a469:d63a:1:fc59:b3ec:5aba:20f8 - - [22/Dec/2021:20:19:03 +0100] "GET /images/DPD.jpg HTTP/1.1" 200 7428 "https://www.lager-techniek.eu/index.php/tandriemen-l/megadyne-150l075" "Mozilla/5.0 (Windows NT 10.0; Win64; x64; rv:95.0) Gecko/20100101 Firefox/95.0"
2a02:a469:d63a:1:fc59:b3ec:5aba:20f8 - - [22/Dec/2021:20:19:03 +0100] "GET /media/system/images/arrow.png HTTP/1.1" 200 462 "https://www.lager-techniek.eu/index.php/tandriemen-l/megadyne-150l075" "Mozilla/5.0 (Windows NT 10.0; Win64; x64; rv:95.0) Gecko/20100101 Firefox/95.0"
2a02:a469:d63a:1:fc59:b3ec:5aba:20f8 - - [22/Dec/2021:20:19:03 +0100] "GET /images/banner12-lager-techniek.eu.jpg HTTP/1.1" 200 17827 "https://www.lager-techniek.eu/index.php/tandriemen-l/megadyne-150l075" "Mozilla/5.0 (Windows NT 10.0; Win64; x64; rv:95.0) Gecko/20100101 Firefox/95.0"
2a02:a469:d63a:1:fc59:b3ec:5aba:20f8 - - [22/Dec/2021:20:19:03 +0100] "GET /media/com_jchoptimize/cache/js/af1111cf1dcd0f1d7258d5fa2fddab4c.js HTTP/1.1" 200 1504 "https://www.lager-techniek.eu/index.php/tandriemen-l/megadyne-150l075" "Mozilla/5.0 (Windows NT 10.0; Win64; x64; rv:95.0) Gecko/20100101 Firefox/95.0"
2a02:a469:d63a:1:fc59:b3ec:5aba:20f8 - - [22/Dec/2021:20:19:03 +0100] "GET /media/com_jchoptimize/cache/js/06f37f52e42f8f6a99fa2b3e8e79d821.js HTTP/1.1" 200 20629 "https://www.lager-techniek.eu/index.php/tandriemen-l/megadyne-150l075" "Mozilla/5.0 (Windows NT 10.0; Win64; x64; rv:95.0) Gecko/20100101 Firefox/95.0"
2a02:a469:d63a:1:fc59:b3ec:5aba:20f8 - - [22/Dec/2021:20:19:03 +0100] "GET /media/com_jchoptimize/cache/js/8dc82f4b2fd8af49dccb249e6fcf1a8c.js HTTP/1.1" 200 101228 "https://www.lager-techniek.eu/index.php/tandriemen-l/megadyne-150l075" "Mozilla/5.0 (Windows NT 10.0; Win64; x64; rv:95.0) Gecko/20100101 Firefox/95.0"
2a02:a469:d63a:1:fc59:b3ec:5aba:20f8 - - [22/Dec/2021:20:19:03 +0100] "GET /media/jui/fonts/IcoMoon.woff HTTP/1.1" 200 25863 "https://www.lager-techniek.eu/media/com_jchoptimize/cache/css/e3aaa5baf7724231080a3c38514acb60.css" "Mozilla/5.0 (Windows NT 10.0; Win64; x64; rv:95.0) Gecko/20100101 Firefox/95.0"
2a02:a469:d63a:1:fc59:b3ec:5aba:20f8 - - [22/Dec/2021:20:19:03 +0100] "GET /components/com_jshopping/images/star.gif HTTP/1.1" 200 1171 "https://www.lager-techniek.eu/media/com_jchoptimize/cache/css/e3aaa5baf7724231080a3c38514acb60.css" "Mozilla/5.0 (Windows NT 10.0; Win64; x64; rv:95.0) Gecko/20100101 Firefox/95.0"
2a02:a469:d63a:1:fc59:b3ec:5aba:20f8 - - [22/Dec/2021:20:19:03 +0100] "GET /templates/protostar/favicon.ico HTTP/1.1" 200 1432 "https://www.lager-techniek.eu/index.php/tandriemen-l/megadyne-150l075" "Mozilla/5.0 (Windows NT 10.0; Win64; x64; rv:95.0) Gecko/20100101 Firefox/95.0"
66.249.66.128 - - [22/Dec/2021:20:19:05 +0100] "GET /index.php/speedi-sleeve/skf-99625 HTTP/1.1" 200 14506 "-" "Mozilla/5.0 (Linux; Android 6.0.1; Nexus 5X Build/MMB29P) AppleWebKit/537.36 (KHTML, like Gecko) Chrome/96.0.4664.110 Mobile Safari/537.36 (compatible; Googlebot/2.1; +http://www.google.com/bot.html)"
54.36.148.227 - - [22/Dec/2021:20:19:11 +0100] "GET /index.php/a-range/gates-13x1800 HTTP/1.1" 200 15485 "-" "Mozilla/5.0 (compatible; AhrefsBot/7.0; +http://ahrefs.com/robot/)"
2a02:a44c:f26c:1:6cbb:b172:62af:b00d - - [22/Dec/2021:20:19:12 +0100] "GET /index.php/component/ajax/?format=json HTTP/1.1" 200 758 "https://www.lager-techniek.eu/index.php/6000-range/fag-6006" "Mozilla/5.0 (Windows NT 10.0; Win64; x64; rv:95.0) Gecko/20100101 Firefox/95.0"
2a02:a44c:f26c:1:6cbb:b172:62af:b00d - - [22/Dec/2021:20:19:14 +0100] "GET /index.php/component/ajax/?format=json HTTP/1.1" 200 758 "https://www.lager-techniek.eu/index.php/k-range-naaldkrans/ina-k20x28x20c" "Mozilla/5.0 (Windows NT 10.0; Win64; x64; rv:95.0) Gecko/20100101 Firefox/95.0"
54.36.148.227 - - [22/Dec/2021:20:19:24 +0100] "GET /index.php/70-range-precisie-spindel/skf-7018cdp4aqbca HTTP/1.1" 200 13870 "-" "Mozilla/5.0 (compatible; AhrefsBot/7.0; +http://ahrefs.com/robot/)"
66.249.66.159 - - [22/Dec/2021:20:19:24 +0100] "GET /index.php/carb-lagers/skf-c-6910-v HTTP/1.1" 200 13701 "-" "Mozilla/5.0 (compatible; Googlebot/2.1; +http://www.google.com/bot.html)"
66.249.66.198 - - [22/Dec/2021:20:19:25 +0100] "GET /media/com_jchoptimize/cache/js/f1ce90d1a52590794231f69a26d11f4b.js HTTP/1.1" 200 101225 "https://www.lager-techniek.eu/index.php/kettingwiel-08b-2-taperlock/08b2z18tl" "Mozilla/5.0 (Linux; Android 6.0.1; Nexus 5X Build/MMB29P) AppleWebKit/537.36 (KHTML, like Gecko) Chrome/96.0.4664.93 Mobile Safari/537.36 (compatible; Googlebot/2.1; +http://www.google.com/bot.html)"
178.118.52.254 - - [22/Dec/2021:20:19:32 +0100] "GET /index.php/component/ajax/?format=json HTTP/1.1" 200 758 "https://www.lager-techniek.eu/index.php/tandriemen-3m/gates-2883m15" "Mozilla/5.0 (Windows NT 10.0; Win64; x64) AppleWebKit/537.36 (KHTML, like Gecko) Chrome/96.0.4664.110 Safari/537.36"
54.36.148.227 - - [22/Dec/2021:20:19:37 +0100] "GET /index.php/zonder-flens/permaglide-pap3240-p14 HTTP/1.1" 200 13668 "-" "Mozilla/5.0 (compatible; AhrefsBot/7.0; +http://ahrefs.com/robot/)"
66.249.66.4 - - [22/Dec/2021:20:19:52 +0100] "GET /media/com_jchoptimize/cache/js/8ac7892d0a83ab5ae42cedde87287612.js HTTP/1.1" 200 101226 "https://www.lager-techniek.eu/index.php/6300-range/skf-6322c3" "Mozilla/5.0 (Linux; Android 6.0.1; Nexus 5X Build/MMB29P) AppleWebKit/537.36 (KHTML, like Gecko) Chrome/96.0.4664.93 Mobile Safari/537.36 (compatible; Googlebot/2.1; +http://www.google.com/bot.html)"
54.36.148.227 - - [22/Dec/2021:20:19:53 +0100] "GET /index.php/cart/add?category_id=840&product_id=50861 HTTP/1.1" 303 645 "-" "Mozilla/5.0 (compatible; AhrefsBot/7.0; +http://ahrefs.com/robot/)"
66.249.66.4 - - [22/Dec/2021:20:20:01 +0100] "GET /media/com_jchoptimize/cache/js/e9a4ef30b8a7b7be6f7cd03a25430717.js HTTP/1.1" 200 101226 "https://www.lager-techniek.eu/index.php/kegellager-inch/timken-27882735x" "Mozilla/5.0 (Linux; Android 6.0.1; Nexus 5X Build/MMB29P) AppleWebKit/537.36 (KHTML, like Gecko) Chrome/96.0.4664.93 Mobile Safari/537.36 (compatible; Googlebot/2.1; +http://www.google.com/bot.html)"
66.249.66.200 - - [22/Dec/2021:20:20:05 +0100] "GET /index.php/kettingwiel-08b-2-taperlock/08b2z18tl HTTP/1.1" 200 13905 "-" "Mozilla/5.0 (compatible; Googlebot/2.1; +http://www.google.com/bot.html)"
54.36.148.227 - - [22/Dec/2021:20:20:08 +0100] "GET /index.php/6300-range/skf-6317mc3 HTTP/1.1" 200 14186 "-" "Mozilla/5.0 (compatible; AhrefsBot/7.0; +http://ahrefs.com/robot/)"
54.36.148.227 - - [22/Dec/2021:20:20:20 +0100] "GET /index.php/cart/add?category_id=840&product_id=50867 HTTP/1.1" 303 645 "-" "Mozilla/5.0 (compatible; AhrefsBot/7.0; +http://ahrefs.com/robot/)"
77.60.98.226 - - [22/Dec/2021:20:20:28 +0100] "GET /index.php/component/ajax/?format=json HTTP/1.1" 200 758 "https://www.lager-techniek.eu/index.php/b-range/contitech-17x1215" "Mozilla/5.0 (Windows NT 6.1; Win64; x64) AppleWebKit/537.36 (KHTML, like Gecko) Chrome/94.0.4606.71 Safari/537.36"
178.118.52.254 - - [22/Dec/2021:20:20:32 +0100] "GET /index.php/component/ajax/?format=json HTTP/1.1" 200 758 "https://www.lager-techniek.eu/index.php/tandriemen-3m/gates-2823m6gt3" "Mozilla/5.0 (Windows NT 10.0; Win64; x64) AppleWebKit/537.36 (KHTML, like Gecko) Chrome/96.0.4664.110 Safari/537.36"
54.36.148.227 - - [22/Dec/2021:20:20:35 +0100] "GET /index.php/cart/add?category_id=840&product_id=50868 HTTP/1.1" 303 645 "-" "Mozilla/5.0 (compatible; AhrefsBot/7.0; +http://ahrefs.com/robot/)"
66.249.66.4 - - [22/Dec/2021:20:20:40 +0100] "GET /index.php/32-range/skf-3202atn9c3 HTTP/1.1" 200 14221 "-" "Mozilla/5.0 (compatible; Googlebot/2.1; +http://www.google.com/bot.html)"
54.36.148.227 - - [22/Dec/2021:20:20:46 +0100] "GET /index.php/askquestion/form?category_id=210&product_id=18517&type=1&tmpl=component HTTP/1.1" 200 2424 "-" "Mozilla/5.0 (compatible; AhrefsBot/7.0; +http://ahrefs.com/robot/)"
66.249.66.158 - - [22/Dec/2021:20:20:56 +0100] "GET /media/com_jchoptimize/cache/js/f1ce90d1a52590794231f69a26d11f4b.js HTTP/1.1" 200 101225 "https://www.lager-techniek.eu/index.php/kettingwiel-08b-2-taperlock/08b2z18tl" "Mozilla/5.0 AppleWebKit/537.36 (KHTML, like Gecko; compatible; Googlebot/2.1; +http://www.google.com/bot.html) Chrome/96.0.4664.93 Safari/537.36"
54.36.148.227 - - [22/Dec/2021:20:21:00 +0100] "GET /index.php/73-range/skf-7308bep HTTP/1.1" 200 14575 "-" "Mozilla/5.0 (compatible; AhrefsBot/7.0; +http://ahrefs.com/robot/)"
207.46.13.147 - - [22/Dec/2021:20:21:00 +0100] "GET /index.php/producenten/pj-range/optibelt-pj356-6 HTTP/1.1" 200 13978 "-" "Mozilla/5.0 (compatible; bingbot/2.0; +http://www.bing.com/bingbot.htm)"
66.249.66.6 - - [22/Dec/2021:20:21:02 +0100] "GET /index.php/nu-200-range/ntn-nu204et2x HTTP/1.1" 200 14494 "-" "Mozilla/5.0 (Linux; Android 6.0.1; Nexus 5X Build/MMB29P) AppleWebKit/537.36 (KHTML, like Gecko) Chrome/96.0.4664.93 Mobile Safari/537.36 (compatible; Googlebot/2.1; +http://www.google.com/bot.html)"
66.249.66.195 - - [22/Dec/2021:20:21:08 +0100] "GET /index.php/62300-range/skf-623042rs1 HTTP/1.1" 200 14285 "-" "Mozilla/5.0 (Linux; Android 6.0.1; Nexus 5X Build/MMB29P) AppleWebKit/537.36 (KHTML, like Gecko) Chrome/96.0.4664.110 Mobile Safari/537.36 (compatible; Googlebot/2.1; +http://www.google.com/bot.html)"
82.73.86.185 - - [22/Dec/2021:20:21:09 +0100] "GET /index.php/inleg-spieen/din6885a-3x3x8c45c HTTP/1.1" 200 13777 "-" "Mozilla/5.0 (Macintosh; Intel Mac OS X 10_15_7) AppleWebKit/605.1.15 (KHTML, like Gecko) Version/14.1.1 Safari/605.1.15"
82.73.86.185 - - [22/Dec/2021:20:21:10 +0100] "GET /modules/mod_gtranslate/tmpl/lang/16/de.png HTTP/1.1" 200 747 "https://www.lager-techniek.eu/index.php/inleg-spieen/din6885a-3x3x8c45c" "Mozilla/5.0 (Macintosh; Intel Mac OS X 10_15_7) AppleWebKit/605.1.15 (KHTML, like Gecko) Version/14.1.1 Safari/605.1.15"
82.73.86.185 - - [22/Dec/2021:20:21:10 +0100] "GET /media/system/images/arrow.png HTTP/1.1" 200 462 "https://www.lager-techniek.eu/index.php/inleg-spieen/din6885a-3x3x8c45c" "Mozilla/5.0 (Macintosh; Intel Mac OS X 10_15_7) AppleWebKit/605.1.15 (KHTML, like Gecko) Version/14.1.1 Safari/605.1.15"
82.73.86.185 - - [22/Dec/2021:20:21:10 +0100] "GET /components/com_jshopping/files/img_products/img_Spie.jpg HTTP/1.1" 200 5643 "https://www.lager-techniek.eu/index.php/inleg-spieen/din6885a-3x3x8c45c" "Mozilla/5.0 (Macintosh; Intel Mac OS X 10_15_7) AppleWebKit/605.1.15 (KHTML, like Gecko) Version/14.1.1 Safari/605.1.15"
82.73.86.185 - - [22/Dec/2021:20:21:10 +0100] "GET /components/com_jshopping/images/search.png HTTP/1.1" 200 847 "https://www.lager-techniek.eu/index.php/inleg-spieen/din6885a-3x3x8c45c" "Mozilla/5.0 (Macintosh; Intel Mac OS X 10_15_7) AppleWebKit/605.1.15 (KHTML, like Gecko) Version/14.1.1 Safari/605.1.15"
82.73.86.185 - - [22/Dec/2021:20:21:10 +0100] "GET /modules/mod_gtranslate/tmpl/lang/16/pt.png HTTP/1.1" 200 947 "https://www.lager-techniek.eu/index.php/inleg-spieen/din6885a-3x3x8c45c" "Mozilla/5.0 (Macintosh; Intel Mac OS X 10_15_7) AppleWebKit/605.1.15 (KHTML, like Gecko) Version/14.1.1 Safari/605.1.15"
82.73.86.185 - - [22/Dec/2021:20:21:10 +0100] "GET /media/com_jchoptimize/cache/css/e3aaa5baf7724231080a3c38514acb60.css HTTP/1.1" 200 32260 "https://www.lager-techniek.eu/index.php/inleg-spieen/din6885a-3x3x8c45c" "Mozilla/5.0 (Macintosh; Intel Mac OS X 10_15_7) AppleWebKit/605.1.15 (KHTML, like Gecko) Version/14.1.1 Safari/605.1.15"
82.73.86.185 - - [22/Dec/2021:20:21:10 +0100] "GET /components/com_jshopping/files/img_products/thumb_img_Spie.jpg HTTP/1.1" 200 3205 "https://www.lager-techniek.eu/index.php/inleg-spieen/din6885a-3x3x8c45c" "Mozilla/5.0 (Macintosh; Intel Mac OS X 10_15_7) AppleWebKit/605.1.15 (KHTML, like Gecko) Version/14.1.1 Safari/605.1.15"
82.73.86.185 - - [22/Dec/2021:20:21:10 +0100] "GET /components/com_jshopping/images/print.png HTTP/1.1" 200 735 "https://www.lager-techniek.eu/index.php/inleg-spieen/din6885a-3x3x8c45c" "Mozilla/5.0 (Macintosh; Intel Mac OS X 10_15_7) AppleWebKit/605.1.15 (KHTML, like Gecko) Version/14.1.1 Safari/605.1.15"
82.73.86.185 - - [22/Dec/2021:20:21:10 +0100] "GET /images/Lengteberekening.jpg HTTP/1.1" 200 10994 "https://www.lager-techniek.eu/index.php/inleg-spieen/din6885a-3x3x8c45c" "Mozilla/5.0 (Macintosh; Intel Mac OS X 10_15_7) AppleWebKit/605.1.15 (KHTML, like Gecko) Version/14.1.1 Safari/605.1.15"
82.73.86.185 - - [22/Dec/2021:20:21:10 +0100] "GET /images/banner12-lager-techniek.eu.jpg HTTP/1.1" 200 17827 "https://www.lager-techniek.eu/index.php/inleg-spieen/din6885a-3x3x8c45c" "Mozilla/5.0 (Macintosh; Intel Mac OS X 10_15_7) AppleWebKit/605.1.15 (KHTML, like Gecko) Version/14.1.1 Safari/605.1.15"
82.73.86.185 - - [22/Dec/2021:20:21:10 +0100] "GET /modules/mod_gtranslate/tmpl/lang/16/it.png HTTP/1.1" 200 796 "https://www.lager-techniek.eu/index.php/inleg-spieen/din6885a-3x3x8c45c" "Mozilla/5.0 (Macintosh; Intel Mac OS X 10_15_7) AppleWebKit/605.1.15 (KHTML, like Gecko) Version/14.1.1 Safari/605.1.15"
82.73.86.185 - - [22/Dec/2021:20:21:10 +0100] "GET /modules/mod_gtranslate/tmpl/lang/16/fr.png HTTP/1.1" 200 802 "https://www.lager-techniek.eu/index.php/inleg-spieen/din6885a-3x3x8c45c" "Mozilla/5.0 (Macintosh; Intel Mac OS X 10_15_7) AppleWebKit/605.1.15 (KHTML, like Gecko) Version/14.1.1 Safari/605.1.15"
82.73.86.185 - - [22/Dec/2021:20:21:10 +0100] "GET /modules/mod_gtranslate/tmpl/lang/16/ru.png HTTP/1.1" 200 706 "https://www.lager-techniek.eu/index.php/inleg-spieen/din6885a-3x3x8c45c" "Mozilla/5.0 (Macintosh; Intel Mac OS X 10_15_7) AppleWebKit/605.1.15 (KHTML, like Gecko) Version/14.1.1 Safari/605.1.15"
82.73.86.185 - - [22/Dec/2021:20:21:10 +0100] "GET /components/com_jshopping/files/img_products/img_Spieform.jpg HTTP/1.1" 200 27330 "https://www.lager-techniek.eu/index.php/inleg-spieen/din6885a-3x3x8c45c" "Mozilla/5.0 (Macintosh; Intel Mac OS X 10_15_7) AppleWebKit/605.1.15 (KHTML, like Gecko) Version/14.1.1 Safari/605.1.15"
82.73.86.185 - - [22/Dec/2021:20:21:10 +0100] "GET /modules/mod_gtranslate/tmpl/lang/16/es.png HTTP/1.1" 200 849 "https://www.lager-techniek.eu/index.php/inleg-spieen/din6885a-3x3x8c45c" "Mozilla/5.0 (Macintosh; Intel Mac OS X 10_15_7) AppleWebKit/605.1.15 (KHTML, like Gecko) Version/14.1.1 Safari/605.1.15"
82.73.86.185 - - [22/Dec/2021:20:21:10 +0100] "GET /components/com_jshopping/files/img_products/thumb_img_Spieform.jpg HTTP/1.1" 200 19294 "https://www.lager-techniek.eu/index.php/inleg-spieen/din6885a-3x3x8c45c" "Mozilla/5.0 (Macintosh; Intel Mac OS X 10_15_7) AppleWebKit/605.1.15 (KHTML, like Gecko) Version/14.1.1 Safari/605.1.15"
82.73.86.185 - - [22/Dec/2021:20:21:10 +0100] "GET /modules/mod_gtranslate/tmpl/lang/16/en.png HTTP/1.1" 200 1063 "https://www.lager-techniek.eu/index.php/inleg-spieen/din6885a-3x3x8c45c" "Mozilla/5.0 (Macintosh; Intel Mac OS X 10_15_7) AppleWebKit/605.1.15 (KHTML, like Gecko) Version/14.1.1 Safari/605.1.15"
82.73.86.185 - - [22/Dec/2021:20:21:10 +0100] "GET /images/UPS.jpg HTTP/1.1" 200 6889 "https://www.lager-techniek.eu/index.php/inleg-spieen/din6885a-3x3x8c45c" "Mozilla/5.0 (Macintosh; Intel Mac OS X 10_15_7) AppleWebKit/605.1.15 (KHTML, like Gecko) Version/14.1.1 Safari/605.1.15"
82.73.86.185 - - [22/Dec/2021:20:21:10 +0100] "GET /images/index.jpg HTTP/1.1" 200 5654 "https://www.lager-techniek.eu/index.php/inleg-spieen/din6885a-3x3x8c45c" "Mozilla/5.0 (Macintosh; Intel Mac OS X 10_15_7) AppleWebKit/605.1.15 (KHTML, like Gecko) Version/14.1.1 Safari/605.1.15"
82.73.86.185 - - [22/Dec/2021:20:21:10 +0100] "GET /images/images.jpg HTTP/1.1" 200 5841 "https://www.lager-techniek.eu/index.php/inleg-spieen/din6885a-3x3x8c45c" "Mozilla/5.0 (Macintosh; Intel Mac OS X 10_15_7) AppleWebKit/605.1.15 (KHTML, like Gecko) Version/14.1.1 Safari/605.1.15"
82.73.86.185 - - [22/Dec/2021:20:21:10 +0100] "GET /images/DPD.jpg HTTP/1.1" 200 7428 "https://www.lager-techniek.eu/index.php/inleg-spieen/din6885a-3x3x8c45c" "Mozilla/5.0 (Macintosh; Intel Mac OS X 10_15_7) AppleWebKit/605.1.15 (KHTML, like Gecko) Version/14.1.1 Safari/605.1.15"
82.73.86.185 - - [22/Dec/2021:20:21:10 +0100] "GET /images/Postnl.jpg HTTP/1.1" 200 10478 "https://www.lager-techniek.eu/index.php/inleg-spieen/din6885a-3x3x8c45c" "Mozilla/5.0 (Macintosh; Intel Mac OS X 10_15_7) AppleWebKit/605.1.15 (KHTML, like Gecko) Version/14.1.1 Safari/605.1.15"
82.73.86.185 - - [22/Dec/2021:20:21:10 +0100] "GET /media/com_jchoptimize/cache/js/06f37f52e42f8f6a99fa2b3e8e79d821.js HTTP/1.1" 200 20663 "https://www.lager-techniek.eu/index.php/inleg-spieen/din6885a-3x3x8c45c" "Mozilla/5.0 (Macintosh; Intel Mac OS X 10_15_7) AppleWebKit/605.1.15 (KHTML, like Gecko) Version/14.1.1 Safari/605.1.15"
82.73.86.185 - - [22/Dec/2021:20:21:10 +0100] "GET /images/MollieIdeal.png HTTP/1.1" 200 15837 "https://www.lager-techniek.eu/index.php/inleg-spieen/din6885a-3x3x8c45c" "Mozilla/5.0 (Macintosh; Intel Mac OS X 10_15_7) AppleWebKit/605.1.15 (KHTML, like Gecko) Version/14.1.1 Safari/605.1.15"
82.73.86.185 - - [22/Dec/2021:20:21:10 +0100] "GET /images/achteraf.jpg HTTP/1.1" 200 2428 "https://www.lager-techniek.eu/index.php/inleg-spieen/din6885a-3x3x8c45c" "Mozilla/5.0 (Macintosh; Intel Mac OS X 10_15_7) AppleWebKit/605.1.15 (KHTML, like Gecko) Version/14.1.1 Safari/605.1.15"
82.73.86.185 - - [22/Dec/2021:20:21:10 +0100] "GET /images/paypal.jpg HTTP/1.1" 200 2557 "https://www.lager-techniek.eu/index.php/inleg-spieen/din6885a-3x3x8c45c" "Mozilla/5.0 (Macintosh; Intel Mac OS X 10_15_7) AppleWebKit/605.1.15 (KHTML, like Gecko) Version/14.1.1 Safari/605.1.15"
82.73.86.185 - - [22/Dec/2021:20:21:10 +0100] "GET /images/bank.jpg HTTP/1.1" 200 2955 "https://www.lager-techniek.eu/index.php/inleg-spieen/din6885a-3x3x8c45c" "Mozilla/5.0 (Macintosh; Intel Mac OS X 10_15_7) AppleWebKit/605.1.15 (KHTML, like Gecko) Version/14.1.1 Safari/605.1.15"
82.73.86.185 - - [22/Dec/2021:20:21:10 +0100] "GET /images/Mollienancontact.jpg HTTP/1.1" 200 9278 "https://www.lager-techniek.eu/index.php/inleg-spieen/din6885a-3x3x8c45c" "Mozilla/5.0 (Macintosh; Intel Mac OS X 10_15_7) AppleWebKit/605.1.15 (KHTML, like Gecko) Version/14.1.1 Safari/605.1.15"
82.73.86.185 - - [22/Dec/2021:20:21:10 +0100] "GET /media/com_jchoptimize/cache/js/af1111cf1dcd0f1d7258d5fa2fddab4c.js HTTP/1.1" 200 1470 "https://www.lager-techniek.eu/index.php/inleg-spieen/din6885a-3x3x8c45c" "Mozilla/5.0 (Macintosh; Intel Mac OS X 10_15_7) AppleWebKit/605.1.15 (KHTML, like Gecko) Version/14.1.1 Safari/605.1.15"
82.73.86.185 - - [22/Dec/2021:20:21:10 +0100] "GET /media/com_jchoptimize/cache/js/f5b127c021948796392a16d4099c2d2b.js HTTP/1.1" 200 101228 "https://www.lager-techniek.eu/index.php/inleg-spieen/din6885a-3x3x8c45c" "Mozilla/5.0 (Macintosh; Intel Mac OS X 10_15_7) AppleWebKit/605.1.15 (KHTML, like Gecko) Version/14.1.1 Safari/605.1.15"
82.73.86.185 - - [22/Dec/2021:20:21:10 +0100] "GET /components/com_jshopping/images/star.gif HTTP/1.1" 200 1171 "https://www.lager-techniek.eu/index.php/inleg-spieen/din6885a-3x3x8c45c" "Mozilla/5.0 (Macintosh; Intel Mac OS X 10_15_7) AppleWebKit/605.1.15 (KHTML, like Gecko) Version/14.1.1 Safari/605.1.15"
82.73.86.185 - - [22/Dec/2021:20:21:10 +0100] "GET /media/jui/fonts/IcoMoon.woff HTTP/1.1" 200 25867 "https://www.lager-techniek.eu/index.php/inleg-spieen/din6885a-3x3x8c45c" "Mozilla/5.0 (Macintosh; Intel Mac OS X 10_15_7) AppleWebKit/605.1.15 (KHTML, like Gecko) Version/14.1.1 Safari/605.1.15"
82.73.86.185 - - [22/Dec/2021:20:21:11 +0100] "GET /templates/protostar/favicon.ico HTTP/1.1" 200 1465 "https://www.lager-techniek.eu/index.php/inleg-spieen/din6885a-3x3x8c45c" "Mozilla/5.0 (Macintosh; Intel Mac OS X 10_15_7) AppleWebKit/605.1.15 (KHTML, like Gecko) Version/14.1.1 Safari/605.1.15"
193.104.159.11 - - [22/Dec/2021:20:21:11 +0100] "GET /index.php/component/ajax/?format=json HTTP/1.1" 200 758 "https://www.lager-techniek.eu/index.php/2200-range/fag-22032rstvh" "Mozilla/5.0 (Windows NT 10.0; Win64; x64) AppleWebKit/537.36 (KHTML, like Gecko) Chrome/96.0.4664.110 Safari/537.36 Edg/96.0.1054.62"
54.36.148.227 - - [22/Dec/2021:20:21:13 +0100] "GET /index.php/askquestion/form?category_id=38&product_id=24422&type=1&tmpl=component HTTP/1.1" 200 2416 "-" "Mozilla/5.0 (compatible; AhrefsBot/7.0; +http://ahrefs.com/robot/)"
66.249.66.158 - - [22/Dec/2021:20:21:23 +0100] "GET /index.php/o-ring/oring-16x2fkm80 HTTP/1.1" 200 13816 "-" "Mozilla/5.0 (compatible; Googlebot/2.1; +http://www.google.com/bot.html)"
82.73.86.185 - - [22/Dec/2021:20:21:24 +0100] "GET /index.php/product/ajax_attrib_select_and_price/41071?ajax=1&change_attr=0&qty=10 HTTP/1.1" 200 914 "https://www.lager-techniek.eu/index.php/inleg-spieen/din6885a-3x3x8c45c" "Mozilla/5.0 (Macintosh; Intel Mac OS X 10_15_7) AppleWebKit/605.1.15 (KHTML, like Gecko) Version/14.1.1 Safari/605.1.15"
54.36.148.227 - - [22/Dec/2021:20:21:25 +0100] "GET /index.php/72-range/skf-7212cdp4a HTTP/1.1" 200 13878 "-" "Mozilla/5.0 (compatible; AhrefsBot/7.0; +http://ahrefs.com/robot/)"
82.73.86.185 - - [22/Dec/2021:20:21:31 +0100] "POST /index.php/cart/add HTTP/1.1" 303 540 "https://www.lager-techniek.eu/index.php/inleg-spieen/din6885a-3x3x8c45c" "Mozilla/5.0 (Macintosh; Intel Mac OS X 10_15_7) AppleWebKit/605.1.15 (KHTML, like Gecko) Version/14.1.1 Safari/605.1.15"
82.73.86.185 - - [22/Dec/2021:20:21:31 +0100] "GET /index.php/cart/view HTTP/1.1" 200 12877 "https://www.lager-techniek.eu/index.php/inleg-spieen/din6885a-3x3x8c45c" "Mozilla/5.0 (Macintosh; Intel Mac OS X 10_15_7) AppleWebKit/605.1.15 (KHTML, like Gecko) Version/14.1.1 Safari/605.1.15"
82.73.86.185 - - [22/Dec/2021:20:21:33 +0100] "GET /components/com_jshopping/images/reload.png HTTP/1.1" 200 4105 "https://www.lager-techniek.eu/index.php/cart/view" "Mozilla/5.0 (Macintosh; Intel Mac OS X 10_15_7) AppleWebKit/605.1.15 (KHTML, like Gecko) Version/14.1.1 Safari/605.1.15"
82.73.86.185 - - [22/Dec/2021:20:21:33 +0100] "GET /components/com_jshopping/images/remove.png HTTP/1.1" 200 944 "https://www.lager-techniek.eu/index.php/cart/view" "Mozilla/5.0 (Macintosh; Intel Mac OS X 10_15_7) AppleWebKit/605.1.15 (KHTML, like Gecko) Version/14.1.1 Safari/605.1.15"
82.73.86.185 - - [22/Dec/2021:20:21:33 +0100] "GET /images/Ijsland_2022.jpg HTTP/1.1" 200 18210 "https://www.lager-techniek.eu/index.php/cart/view" "Mozilla/5.0 (Macintosh; Intel Mac OS X 10_15_7) AppleWebKit/605.1.15 (KHTML, like Gecko) Version/14.1.1 Safari/605.1.15"
82.73.86.185 - - [22/Dec/2021:20:21:33 +0100] "GET /media/com_jchoptimize/cache/css/7e32f7da8bb96e149325f5bbe076314a.css HTTP/1.1" 200 31597 "https://www.lager-techniek.eu/index.php/cart/view" "Mozilla/5.0 (Macintosh; Intel Mac OS X 10_15_7) AppleWebKit/605.1.15 (KHTML, like Gecko) Version/14.1.1 Safari/605.1.15"
82.73.86.185 - - [22/Dec/2021:20:21:33 +0100] "GET /media/com_jchoptimize/cache/js/ebcc444c9cd234281a979ed04d4bce33.js HTTP/1.1" 200 67696 "https://www.lager-techniek.eu/index.php/cart/view" "Mozilla/5.0 (Macintosh; Intel Mac OS X 10_15_7) AppleWebKit/605.1.15 (KHTML, like Gecko) Version/14.1.1 Safari/605.1.15"
82.73.86.185 - - [22/Dec/2021:20:21:33 +0100] "GET /components/com_jshopping/images/arrow_right.gif HTTP/1.1" 200 409 "https://www.lager-techniek.eu/index.php/cart/view" "Mozilla/5.0 (Macintosh; Intel Mac OS X 10_15_7) AppleWebKit/605.1.15 (KHTML, like Gecko) Version/14.1.1 Safari/605.1.15"
82.73.86.185 - - [22/Dec/2021:20:21:33 +0100] "GET /components/com_jshopping/images/arrow_left.gif HTTP/1.1" 200 410 "https://www.lager-techniek.eu/index.php/cart/view" "Mozilla/5.0 (Macintosh; Intel Mac OS X 10_15_7) AppleWebKit/605.1.15 (KHTML, like Gecko) Version/14.1.1 Safari/605.1.15"
91.183.150.180 - - [22/Dec/2021:20:21:35 +0100] "GET /index.php/component/ajax/?format=json HTTP/1.1" 200 758 "https://www.lager-techniek.eu/index.php/overig/skf-tmft36" "Mozilla/5.0 (Windows NT 6.3; Win64; x64) AppleWebKit/537.36 (KHTML, like Gecko) Chrome/96.0.4664.110 Safari/537.36"
54.36.148.227 - - [22/Dec/2021:20:21:39 +0100] "GET /index.php/askquestion/form?category_id=916&product_id=46930&type=1&tmpl=component HTTP/1.1" 200 2451 "-" "Mozilla/5.0 (compatible; AhrefsBot/7.0; +http://ahrefs.com/robot/)"
54.36.148.227 - - [22/Dec/2021:20:21:53 +0100] "GET /index.php/askquestion/form?category_id=38&product_id=19103&type=1&tmpl=component HTTP/1.1" 200 2424 "-" "Mozilla/5.0 (compatible; AhrefsBot/7.0; +http://ahrefs.com/robot/)"
51.15.209.160 - - [22/Dec/2021:20:21:55 +0100] "GET /index.php/askquestion/form?category_id=407&product_id=16354&type=1&tmpl=component HTTP/1.1" 200 2417 "-" "Mozilla/5.0 (Windows NT 10.0; Win64; x64) AppleWebKit/537.36 (KHTML, like Gecko) Chrome/93.0.4577.0 Safari/537.36"
51.15.209.160 - - [22/Dec/2021:20:21:55 +0100] "GET /media/com_jchoptimize/cache/js/98071cb9b3d100fd6e0388f86223d353.js HTTP/1.1" 200 58823 "https://lager-techniek.eu/index.php/askquestion/form?category_id=407&product_id=16354&type=1&tmpl=component" "Mozilla/5.0 (Windows NT 10.0; Win64; x64) AppleWebKit/537.36 (KHTML, like Gecko) Chrome/93.0.4577.0 Safari/537.36"
185.178.235.166 - - [22/Dec/2021:20:22:00 +0100] "GET /index.php/component/ajax/?format=json HTTP/1.1" 200 758 "https://www.lager-techniek.eu/index.php/kettingspanwiel/ina-ksr16l010101408" "Mozilla/5.0 (Windows NT 10.0; Win64; x64) AppleWebKit/537.36 (KHTML, like Gecko) Chrome/96.0.4664.45 Safari/537.36"
54.36.148.227 - - [22/Dec/2021:20:22:05 +0100] "GET /index.php/dhtd-14m?start=0 HTTP/1.1" 200 10327 "-" "Mozilla/5.0 (compatible; AhrefsBot/7.0; +http://ahrefs.com/robot/)"
54.36.148.227 - - [22/Dec/2021:20:22:18 +0100] "GET /index.php/askquestion/form?category_id=946&product_id=39604&type=1&tmpl=component HTTP/1.1" 200 2421 "-" "Mozilla/5.0 (compatible; AhrefsBot/7.0; +http://ahrefs.com/robot/)"
77.226.249.91 - - [22/Dec/2021:20:22:28 +0100] "GET /index.php/component/ajax/?format=json HTTP/1.1" 200 758 "https://www.lager-techniek.eu/index.php/a-range/contitech-13x3650" "Mozilla/5.0 (Windows NT 10.0; Win64; x64) AppleWebKit/537.36 (KHTML, like Gecko) Chrome/96.0.4664.55 Safari/537.36 Edg/96.0.1054.43"
54.36.148.227 - - [22/Dec/2021:20:22:30 +0100] "GET / HTTP/1.1" 200 8149 "-" "Mozilla/5.0 (compatible; AhrefsBot/7.0; +http://ahrefs.com/robot/)"
82.75.56.74 - - [22/Dec/2021:20:22:36 +0100] "GET /index.php/component/ajax/?format=json HTTP/1.1" 200 758 "https://www.lager-techniek.eu/index.php/6000-range/fag-60032rsr" "Mozilla/5.0 (Windows NT 10.0; Win64; x64; rv:95.0) Gecko/20100101 Firefox/95.0"
66.249.66.158 - - [22/Dec/2021:20:22:43 +0100] "GET /index.php/xpa-range/optibelt-xpa882xep HTTP/1.1" 200 14963 "-" "Mozilla/5.0 (compatible; Googlebot/2.1; +http://www.google.com/bot.html)"
54.36.148.227 - - [22/Dec/2021:20:22:47 +0100] "GET /index.php/askquestion/form?category_id=968&product_id=49386&type=1&tmpl=component HTTP/1.1" 200 2432 "-" "Mozilla/5.0 (compatible; AhrefsBot/7.0; +http://ahrefs.com/robot/)"
90.145.217.226 - - [22/Dec/2021:20:22:53 +0100] "GET /index.php/component/ajax/?format=json HTTP/1.1" 200 758 "https://www.lager-techniek.eu/index.php/met-flens/permaglide-paf25215-p11" "Mozilla/5.0 (Windows NT 10.0; Win64; x64) AppleWebKit/537.36 (KHTML, like Gecko) Chrome/96.0.4664.45 Safari/537.36"
54.36.148.227 - - [22/Dec/2021:20:23:00 +0100] "GET /index.php/askquestion/form?category_id=968&product_id=49488&type=1&tmpl=component HTTP/1.1" 200 2424 "-" "Mozilla/5.0 (compatible; AhrefsBot/7.0; +http://ahrefs.com/robot/)"
66.249.66.200 - - [22/Dec/2021:20:23:09 +0100] "GET /index.php/inleg-spieen/din6885a-3x3x8c45c HTTP/1.1" 200 13756 "-" "Mozilla/5.0 (compatible; Googlebot/2.1; +http://www.google.com/bot.html)"
66.249.66.195 - - [22/Dec/2021:20:23:11 +0100] "GET /index.php/6300-range/fag-6301c3 HTTP/1.1" 200 14393 "-" "Mozilla/5.0 (Linux; Android 6.0.1; Nexus 5X Build/MMB29P) AppleWebKit/537.36 (KHTML, like Gecko) Chrome/96.0.4664.110 Mobile Safari/537.36 (compatible; Googlebot/2.1; +http://www.google.com/bot.html)"
54.36.148.227 - - [22/Dec/2021:20:23:14 +0100] "GET /index.php/askquestion/form?category_id=968&product_id=49490&type=1&tmpl=component HTTP/1.1" 200 2420 "-" "Mozilla/5.0 (compatible; AhrefsBot/7.0; +http://ahrefs.com/robot/)"
66.249.66.198 - - [22/Dec/2021:20:23:16 +0100] "GET /index.php/din-472-seegerring/din472-j115-seegerring HTTP/1.1" 200 13691 "-" "Mozilla/5.0 (Linux; Android 6.0.1; Nexus 5X Build/MMB29P) AppleWebKit/537.36 (KHTML, like Gecko) Chrome/96.0.4664.110 Mobile Safari/537.36 (compatible; Googlebot/2.1; +http://www.google.com/bot.html)"
54.36.148.227 - - [22/Dec/2021:20:23:28 +0100] "GET /index.php/askquestion/form?category_id=968&product_id=49389&type=1&tmpl=component HTTP/1.1" 200 2433 "-" "Mozilla/5.0 (compatible; AhrefsBot/7.0; +http://ahrefs.com/robot/)"
54.36.148.227 - - [22/Dec/2021:20:23:41 +0100] "GET /index.php/askquestion/form?category_id=968&product_id=49486&type=1&tmpl=component HTTP/1.1" 200 2427 "-" "Mozilla/5.0 (compatible; AhrefsBot/7.0; +http://ahrefs.com/robot/)"
66.249.66.4 - - [22/Dec/2021:20:23:45 +0100] "GET /media/com_jchoptimize/cache/js/3a6bf0c6d1f9792efae04cae2b04b037.js HTTP/1.1" 200 101226 "https://www.lager-techniek.eu/index.php/nu-200-range/ntn-nu204et2x" "Mozilla/5.0 (Linux; Android 6.0.1; Nexus 5X Build/MMB29P) AppleWebKit/537.36 (KHTML, like Gecko) Chrome/96.0.4664.93 Mobile Safari/537.36 (compatible; Googlebot/2.1; +http://www.google.com/bot.html)"
66.249.66.76 - - [22/Dec/2021:20:23:55 +0100] "GET /index.php/72-range/nsk-7217bsua20p6 HTTP/1.1" 200 13902 "-" "Mozilla/5.0 (compatible; Googlebot/2.1; +http://www.google.com/bot.html)"
54.36.148.227 - - [22/Dec/2021:20:23:56 +0100] "GET /index.php/askquestion/form?category_id=20&product_id=51573&type=1&tmpl=component HTTP/1.1" 200 2427 "-" "Mozilla/5.0 (compatible; AhrefsBot/7.0; +http://ahrefs.com/robot/)"
89.146.3.50 - - [22/Dec/2021:20:23:58 +0100] "GET /index.php/component/ajax/?format=json HTTP/1.1" 200 758 "https://www.lager-techniek.eu/index.php/spa-range/optibelt-spa1600" "Mozilla/5.0 (Windows NT 10.0; Win64; x64) AppleWebKit/537.36 (KHTML, like Gecko) Chrome/96.0.4664.110 Safari/537.36 Edg/96.0.1054.62"
2a02:a469:d63a:1:fc59:b3ec:5aba:20f8 - - [22/Dec/2021:20:24:04 +0100] "GET /index.php/component/ajax/?format=json HTTP/1.1" 200 758 "https://www.lager-techniek.eu/index.php/tandriemen-l/megadyne-150l075" "Mozilla/5.0 (Windows NT 10.0; Win64; x64; rv:95.0) Gecko/20100101 Firefox/95.0"
66.249.66.6 - - [22/Dec/2021:20:24:06 +0100] "GET /index.php/dubbelrijig-range/nsk-4208btng HTTP/1.1" 200 13838 "-" "Mozilla/5.0 (compatible; Googlebot/2.1; +http://www.google.com/bot.html)"
2a02:a44c:f26c:1:6cbb:b172:62af:b00d - - [22/Dec/2021:20:24:12 +0100] "GET /index.php/component/ajax/?format=json HTTP/1.1" 200 758 "https://www.lager-techniek.eu/index.php/6000-range/fag-6006" "Mozilla/5.0 (Windows NT 10.0; Win64; x64; rv:95.0) Gecko/20100101 Firefox/95.0"
54.36.148.227 - - [22/Dec/2021:20:24:12 +0100] "GET /index.php/askquestion/form?category_id=968&product_id=49480&type=1&tmpl=component HTTP/1.1" 200 2424 "-" "Mozilla/5.0 (compatible; AhrefsBot/7.0; +http://ahrefs.com/robot/)"
66.249.66.76 - - [22/Dec/2021:20:24:12 +0100] "GET /index.php/tandriemen-t10/megadyne-t1048016 HTTP/1.1" 200 14139 "-" "Mozilla/5.0 (compatible; Googlebot/2.1; +http://www.google.com/bot.html)"
2a02:a44c:f26c:1:6cbb:b172:62af:b00d - - [22/Dec/2021:20:24:15 +0100] "GET /index.php/component/ajax/?format=json HTTP/1.1" 200 758 "https://www.lager-techniek.eu/index.php/k-range-naaldkrans/ina-k20x28x20c" "Mozilla/5.0 (Windows NT 10.0; Win64; x64; rv:95.0) Gecko/20100101 Firefox/95.0"
54.36.148.227 - - [22/Dec/2021:20:24:29 +0100] "GET /index.php/askquestion/form?category_id=968&product_id=49481&type=1&tmpl=component HTTP/1.1" 200 2426 "-" "Mozilla/5.0 (compatible; AhrefsBot/7.0; +http://ahrefs.com/robot/)"
178.118.52.254 - - [22/Dec/2021:20:24:32 +0100] "GET /index.php/component/ajax/?format=json HTTP/1.1" 200 758 "https://www.lager-techniek.eu/index.php/tandriemen-3m/gates-2883m15" "Mozilla/5.0 (Windows NT 10.0; Win64; x64) AppleWebKit/537.36 (KHTML, like Gecko) Chrome/96.0.4664.110 Safari/537.36"
54.36.148.227 - - [22/Dec/2021:20:24:42 +0100] "GET /index.php/askquestion/form?category_id=968&product_id=49484&type=1&tmpl=component HTTP/1.1" 200 2428 "-" "Mozilla/5.0 (compatible; AhrefsBot/7.0; +http://ahrefs.com/robot/)"
54.36.148.227 - - [22/Dec/2021:20:24:56 +0100] "GET /index.php/askquestion/form?category_id=20&product_id=51572&type=1&tmpl=component HTTP/1.1" 200 2427 "-" "Mozilla/5.0 (compatible; AhrefsBot/7.0; +http://ahrefs.com/robot/)"
66.249.66.158 - - [22/Dec/2021:20:25:05 +0100] "GET /index.php/tandriemen-5m/contitech-5255m25cxp HTTP/1.1" 200 14493 "-" "Mozilla/5.0 (compatible; Googlebot/2.1; +http://www.google.com/bot.html)"
66.249.66.76 - - [22/Dec/2021:20:25:08 +0100] "GET /index.php/61800-range/skf-61803 HTTP/1.1" 200 14407 "-" "Mozilla/5.0 (compatible; Googlebot/2.1; +http://www.google.com/bot.html)"
54.36.148.227 - - [22/Dec/2021:20:25:09 +0100] "GET /index.php/askquestion/form?category_id=968&product_id=49483&type=1&tmpl=component HTTP/1.1" 200 2427 "-" "Mozilla/5.0 (compatible; AhrefsBot/7.0; +http://ahrefs.com/robot/)"
54.36.148.227 - - [22/Dec/2021:20:25:27 +0100] "GET /index.php/askquestion/form?category_id=20&product_id=51568&type=1&tmpl=component HTTP/1.1" 200 2402 "-" "Mozilla/5.0 (compatible; AhrefsBot/7.0; +http://ahrefs.com/robot/)"
77.60.98.226 - - [22/Dec/2021:20:25:28 +0100] "GET /index.php/component/ajax/?format=json HTTP/1.1" 200 758 "https://www.lager-techniek.eu/index.php/b-range/contitech-17x1215" "Mozilla/5.0 (Windows NT 6.1; Win64; x64) AppleWebKit/537.36 (KHTML, like Gecko) Chrome/94.0.4606.71 Safari/537.36"
40.77.167.31 - - [22/Dec/2021:20:25:31 +0100] "GET /index.php/pj-range/hutchinson-pj584 HTTP/1.1" 404 5349 "-" "Mozilla/5.0 (compatible; bingbot/2.0; +http://www.bing.com/bingbot.htm)"
178.118.52.254 - - [22/Dec/2021:20:25:32 +0100] "GET /index.php/component/ajax/?format=json HTTP/1.1" 200 758 "https://www.lager-techniek.eu/index.php/tandriemen-3m/gates-2823m6gt3" "Mozilla/5.0 (Windows NT 10.0; Win64; x64) AppleWebKit/537.36 (KHTML, like Gecko) Chrome/96.0.4664.110 Safari/537.36"
54.36.148.227 - - [22/Dec/2021:20:25:42 +0100] "GET /index.php/askquestion/form?category_id=20&product_id=51569&type=1&tmpl=component HTTP/1.1" 200 2409 "-" "Mozilla/5.0 (compatible; AhrefsBot/7.0; +http://ahrefs.com/robot/)"
54.36.148.227 - - [22/Dec/2021:20:26:03 +0100] "GET /index.php/6200-range/ntn-6215c3 HTTP/1.1" 200 14473 "-" "Mozilla/5.0 (compatible; AhrefsBot/7.0; +http://ahrefs.com/robot/)"
193.104.159.11 - - [22/Dec/2021:20:26:11 +0100] "GET /index.php/component/ajax/?format=json HTTP/1.1" 200 758 "https://www.lager-techniek.eu/index.php/2200-range/fag-22032rstvh" "Mozilla/5.0 (Windows NT 10.0; Win64; x64) AppleWebKit/537.36 (KHTML, like Gecko) Chrome/96.0.4664.110 Safari/537.36 Edg/96.0.1054.62"
66.249.66.195 - - [22/Dec/2021:20:26:13 +0100] "GET /media/com_jchoptimize/cache/js/a92f70f0c5cb6b4f7ff238f7003e2f0e.js HTTP/1.1" 200 101225 "https://www.lager-techniek.eu/index.php/61800-range/skf-61803" "Mozilla/5.0 AppleWebKit/537.36 (KHTML, like Gecko; compatible; Googlebot/2.1; +http://www.google.com/bot.html) Chrome/96.0.4664.93 Safari/537.36"
