193.104.159.11 - - [22/Dec/2021:21:51:11 +0100] "GET /index.php/component/ajax/?format=json HTTP/1.1" 200 758 "https://www.lager-techniek.eu/index.php/2200-range/fag-22032rstvh" "Mozilla/5.0 (Windows NT 10.0; Win64; x64) AppleWebKit/537.36 (KHTML, like Gecko) Chrome/96.0.4664.110 Safari/537.36 Edg/96.0.1054.62"
54.36.148.227 - - [22/Dec/2021:21:51:20 +0100] "GET /index.php/ahx300-range/fag-ahx312 HTTP/1.1" 200 13623 "-" "Mozilla/5.0 (compatible; AhrefsBot/7.0; +http://ahrefs.com/robot/)"
54.36.148.227 - - [22/Dec/2021:21:51:32 +0100] "GET /index.php/23200-range/skf-23224-ccc3w33 HTTP/1.1" 200 14025 "-" "Mozilla/5.0 (compatible; AhrefsBot/7.0; +http://ahrefs.com/robot/)"
91.183.150.180 - - [22/Dec/2021:21:51:35 +0100] "GET /index.php/component/ajax/?format=json HTTP/1.1" 200 758 "https://www.lager-techniek.eu/index.php/overig/skf-tmft36" "Mozilla/5.0 (Windows NT 6.3; Win64; x64) AppleWebKit/537.36 (KHTML, like Gecko) Chrome/96.0.4664.110 Safari/537.36"
54.36.148.227 - - [22/Dec/2021:21:51:47 +0100] "GET /index.php/askquestion/form?category_id=861&product_id=36048&type=1&tmpl=component HTTP/1.1" 200 2405 "-" "Mozilla/5.0 (compatible; AhrefsBot/7.0; +http://ahrefs.com/robot/)"
2a02:a03f:e99e:ac00:8157:b2b0:c5c5:97ba - - [22/Dec/2021:21:51:49 +0100] "GET /index.php/32200-range/fag-32212a HTTP/1.1" 200 14637 "-" "Mozilla/5.0 (Windows NT 10.0) AppleWebKit/537.36 (KHTML, like Gecko) Chrome/96.0.4664.110 Safari/537.36"
2a02:a03f:e99e:ac00:8157:b2b0:c5c5:97ba - - [22/Dec/2021:21:51:50 +0100] "GET /media/com_jchoptimize/cache/css/e3aaa5baf7724231080a3c38514acb60.css HTTP/1.1" 200 32260 "https://www.lager-techniek.eu/index.php/32200-range/fag-32212a" "Mozilla/5.0 (Windows NT 10.0) AppleWebKit/537.36 (KHTML, like Gecko) Chrome/96.0.4664.110 Safari/537.36"
2a02:a03f:e99e:ac00:8157:b2b0:c5c5:97ba - - [22/Dec/2021:21:51:50 +0100] "GET /images/banner12-lager-techniek.eu.jpg HTTP/1.1" 200 17827 "https://www.lager-techniek.eu/index.php/32200-range/fag-32212a" "Mozilla/5.0 (Windows NT 10.0) AppleWebKit/537.36 (KHTML, like Gecko) Chrome/96.0.4664.110 Safari/537.36"
2a02:a03f:e99e:ac00:8157:b2b0:c5c5:97ba - - [22/Dec/2021:21:51:50 +0100] "GET /media/com_jchoptimize/cache/js/06f37f52e42f8f6a99fa2b3e8e79d821.js HTTP/1.1" 200 20663 "https://www.lager-techniek.eu/index.php/32200-range/fag-32212a" "Mozilla/5.0 (Windows NT 10.0) AppleWebKit/537.36 (KHTML, like Gecko) Chrome/96.0.4664.110 Safari/537.36"
2a02:a03f:e99e:ac00:8157:b2b0:c5c5:97ba - - [22/Dec/2021:21:51:50 +0100] "GET /modules/mod_gtranslate/tmpl/lang/16/en.png HTTP/1.1" 200 1063 "https://www.lager-techniek.eu/index.php/32200-range/fag-32212a" "Mozilla/5.0 (Windows NT 10.0) AppleWebKit/537.36 (KHTML, like Gecko) Chrome/96.0.4664.110 Safari/537.36"
2a02:a03f:e99e:ac00:8157:b2b0:c5c5:97ba - - [22/Dec/2021:21:51:50 +0100] "GET /modules/mod_gtranslate/tmpl/lang/16/fr.png HTTP/1.1" 200 802 "https://www.lager-techniek.eu/index.php/32200-range/fag-32212a" "Mozilla/5.0 (Windows NT 10.0) AppleWebKit/537.36 (KHTML, like Gecko) Chrome/96.0.4664.110 Safari/537.36"
2a02:a03f:e99e:ac00:8157:b2b0:c5c5:97ba - - [22/Dec/2021:21:51:50 +0100] "GET /media/com_jchoptimize/cache/js/7c57ece47ec624f758569b237268613e.js HTTP/1.1" 200 101227 "https://www.lager-techniek.eu/index.php/32200-range/fag-32212a" "Mozilla/5.0 (Windows NT 10.0) AppleWebKit/537.36 (KHTML, like Gecko) Chrome/96.0.4664.110 Safari/537.36"
2a02:a03f:e99e:ac00:8157:b2b0:c5c5:97ba - - [22/Dec/2021:21:51:50 +0100] "GET /modules/mod_gtranslate/tmpl/lang/16/de.png HTTP/1.1" 200 747 "https://www.lager-techniek.eu/index.php/32200-range/fag-32212a" "Mozilla/5.0 (Windows NT 10.0) AppleWebKit/537.36 (KHTML, like Gecko) Chrome/96.0.4664.110 Safari/537.36"
2a02:a03f:e99e:ac00:8157:b2b0:c5c5:97ba - - [22/Dec/2021:21:51:50 +0100] "GET /modules/mod_gtranslate/tmpl/lang/16/pt.png HTTP/1.1" 200 947 "https://www.lager-techniek.eu/index.php/32200-range/fag-32212a" "Mozilla/5.0 (Windows NT 10.0) AppleWebKit/537.36 (KHTML, like Gecko) Chrome/96.0.4664.110 Safari/537.36"
2a02:a03f:e99e:ac00:8157:b2b0:c5c5:97ba - - [22/Dec/2021:21:51:50 +0100] "GET /modules/mod_gtranslate/tmpl/lang/16/it.png HTTP/1.1" 200 796 "https://www.lager-techniek.eu/index.php/32200-range/fag-32212a" "Mozilla/5.0 (Windows NT 10.0) AppleWebKit/537.36 (KHTML, like Gecko) Chrome/96.0.4664.110 Safari/537.36"
2a02:a03f:e99e:ac00:8157:b2b0:c5c5:97ba - - [22/Dec/2021:21:51:50 +0100] "GET /modules/mod_gtranslate/tmpl/lang/16/ru.png HTTP/1.1" 200 706 "https://www.lager-techniek.eu/index.php/32200-range/fag-32212a" "Mozilla/5.0 (Windows NT 10.0) AppleWebKit/537.36 (KHTML, like Gecko) Chrome/96.0.4664.110 Safari/537.36"
2a02:a03f:e99e:ac00:8157:b2b0:c5c5:97ba - - [22/Dec/2021:21:51:50 +0100] "GET /media/system/images/arrow.png HTTP/1.1" 200 462 "https://www.lager-techniek.eu/index.php/32200-range/fag-32212a" "Mozilla/5.0 (Windows NT 10.0) AppleWebKit/537.36 (KHTML, like Gecko) Chrome/96.0.4664.110 Safari/537.36"
2a02:a03f:e99e:ac00:8157:b2b0:c5c5:97ba - - [22/Dec/2021:21:51:50 +0100] "GET /modules/mod_gtranslate/tmpl/lang/16/es.png HTTP/1.1" 200 849 "https://www.lager-techniek.eu/index.php/32200-range/fag-32212a" "Mozilla/5.0 (Windows NT 10.0) AppleWebKit/537.36 (KHTML, like Gecko) Chrome/96.0.4664.110 Safari/537.36"
2a02:a03f:e99e:ac00:8157:b2b0:c5c5:97ba - - [22/Dec/2021:21:51:50 +0100] "GET /components/com_jshopping/images/search.png HTTP/1.1" 200 847 "https://www.lager-techniek.eu/index.php/32200-range/fag-32212a" "Mozilla/5.0 (Windows NT 10.0) AppleWebKit/537.36 (KHTML, like Gecko) Chrome/96.0.4664.110 Safari/537.36"
2a02:a03f:e99e:ac00:8157:b2b0:c5c5:97ba - - [22/Dec/2021:21:51:50 +0100] "GET /components/com_jshopping/images/print.png HTTP/1.1" 200 735 "https://www.lager-techniek.eu/index.php/32200-range/fag-32212a" "Mozilla/5.0 (Windows NT 10.0) AppleWebKit/537.36 (KHTML, like Gecko) Chrome/96.0.4664.110 Safari/537.36"
2a02:a03f:e99e:ac00:8157:b2b0:c5c5:97ba - - [22/Dec/2021:21:51:50 +0100] "GET /components/com_jshopping/files/img_products/img_TRB.jpg HTTP/1.1" 200 9479 "https://www.lager-techniek.eu/index.php/32200-range/fag-32212a" "Mozilla/5.0 (Windows NT 10.0) AppleWebKit/537.36 (KHTML, like Gecko) Chrome/96.0.4664.110 Safari/537.36"
2a02:a03f:e99e:ac00:8157:b2b0:c5c5:97ba - - [22/Dec/2021:21:51:50 +0100] "GET /components/com_jshopping/files/img_products/img_www.lager-techniek.eu_Kegellager_FAG.jpg HTTP/1.1" 200 8961 "https://www.lager-techniek.eu/index.php/32200-range/fag-32212a" "Mozilla/5.0 (Windows NT 10.0) AppleWebKit/537.36 (KHTML, like Gecko) Chrome/96.0.4664.110 Safari/537.36"
2a02:a03f:e99e:ac00:8157:b2b0:c5c5:97ba - - [22/Dec/2021:21:51:50 +0100] "GET /components/com_jshopping/files/img_products/thumb_img_TRB.jpg HTTP/1.1" 200 4978 "https://www.lager-techniek.eu/index.php/32200-range/fag-32212a" "Mozilla/5.0 (Windows NT 10.0) AppleWebKit/537.36 (KHTML, like Gecko) Chrome/96.0.4664.110 Safari/537.36"
2a02:a03f:e99e:ac00:8157:b2b0:c5c5:97ba - - [22/Dec/2021:21:51:50 +0100] "GET /components/com_jshopping/files/img_products/thumb_img_NTNTRB.jpg HTTP/1.1" 200 4604 "https://www.lager-techniek.eu/index.php/32200-range/fag-32212a" "Mozilla/5.0 (Windows NT 10.0) AppleWebKit/537.36 (KHTML, like Gecko) Chrome/96.0.4664.110 Safari/537.36"
2a02:a03f:e99e:ac00:8157:b2b0:c5c5:97ba - - [22/Dec/2021:21:51:50 +0100] "GET /components/com_jshopping/files/img_products/thumb_img_www.lager-techniek.eu_Kegellager_FAG.jpg HTTP/1.1" 200 4684 "https://www.lager-techniek.eu/index.php/32200-range/fag-32212a" "Mozilla/5.0 (Windows NT 10.0) AppleWebKit/537.36 (KHTML, like Gecko) Chrome/96.0.4664.110 Safari/537.36"
2a02:a03f:e99e:ac00:8157:b2b0:c5c5:97ba - - [22/Dec/2021:21:51:51 +0100] "GET /images/index.jpg HTTP/1.1" 200 5654 "https://www.lager-techniek.eu/index.php/32200-range/fag-32212a" "Mozilla/5.0 (Windows NT 10.0) AppleWebKit/537.36 (KHTML, like Gecko) Chrome/96.0.4664.110 Safari/537.36"
2a02:a03f:e99e:ac00:8157:b2b0:c5c5:97ba - - [22/Dec/2021:21:51:51 +0100] "GET /images/Lengteberekening.jpg HTTP/1.1" 200 10994 "https://www.lager-techniek.eu/index.php/32200-range/fag-32212a" "Mozilla/5.0 (Windows NT 10.0) AppleWebKit/537.36 (KHTML, like Gecko) Chrome/96.0.4664.110 Safari/537.36"
2a02:a03f:e99e:ac00:8157:b2b0:c5c5:97ba - - [22/Dec/2021:21:51:51 +0100] "GET /media/com_jchoptimize/cache/js/af1111cf1dcd0f1d7258d5fa2fddab4c.js HTTP/1.1" 200 1504 "https://www.lager-techniek.eu/index.php/32200-range/fag-32212a" "Mozilla/5.0 (Windows NT 10.0) AppleWebKit/537.36 (KHTML, like Gecko) Chrome/96.0.4664.110 Safari/537.36"
2a02:a03f:e99e:ac00:8157:b2b0:c5c5:97ba - - [22/Dec/2021:21:51:51 +0100] "GET /images/paypal.jpg HTTP/1.1" 200 2557 "https://www.lager-techniek.eu/index.php/32200-range/fag-32212a" "Mozilla/5.0 (Windows NT 10.0) AppleWebKit/537.36 (KHTML, like Gecko) Chrome/96.0.4664.110 Safari/537.36"
2a02:a03f:e99e:ac00:8157:b2b0:c5c5:97ba - - [22/Dec/2021:21:51:51 +0100] "GET /images/DPD.jpg HTTP/1.1" 200 7428 "https://www.lager-techniek.eu/index.php/32200-range/fag-32212a" "Mozilla/5.0 (Windows NT 10.0) AppleWebKit/537.36 (KHTML, like Gecko) Chrome/96.0.4664.110 Safari/537.36"
2a02:a03f:e99e:ac00:8157:b2b0:c5c5:97ba - - [22/Dec/2021:21:51:51 +0100] "GET /images/achteraf.jpg HTTP/1.1" 200 2428 "https://www.lager-techniek.eu/index.php/32200-range/fag-32212a" "Mozilla/5.0 (Windows NT 10.0) AppleWebKit/537.36 (KHTML, like Gecko) Chrome/96.0.4664.110 Safari/537.36"
2a02:a03f:e99e:ac00:8157:b2b0:c5c5:97ba - - [22/Dec/2021:21:51:51 +0100] "GET /images/Postnl.jpg HTTP/1.1" 200 10478 "https://www.lager-techniek.eu/index.php/32200-range/fag-32212a" "Mozilla/5.0 (Windows NT 10.0) AppleWebKit/537.36 (KHTML, like Gecko) Chrome/96.0.4664.110 Safari/537.36"
2a02:a03f:e99e:ac00:8157:b2b0:c5c5:97ba - - [22/Dec/2021:21:51:51 +0100] "GET /images/MollieIdeal.png HTTP/1.1" 200 15837 "https://www.lager-techniek.eu/index.php/32200-range/fag-32212a" "Mozilla/5.0 (Windows NT 10.0) AppleWebKit/537.36 (KHTML, like Gecko) Chrome/96.0.4664.110 Safari/537.36"
2a02:a03f:e99e:ac00:8157:b2b0:c5c5:97ba - - [22/Dec/2021:21:51:51 +0100] "GET /images/UPS.jpg HTTP/1.1" 200 6889 "https://www.lager-techniek.eu/index.php/32200-range/fag-32212a" "Mozilla/5.0 (Windows NT 10.0) AppleWebKit/537.36 (KHTML, like Gecko) Chrome/96.0.4664.110 Safari/537.36"
2a02:a03f:e99e:ac00:8157:b2b0:c5c5:97ba - - [22/Dec/2021:21:51:51 +0100] "GET /images/images.jpg HTTP/1.1" 200 5841 "https://www.lager-techniek.eu/index.php/32200-range/fag-32212a" "Mozilla/5.0 (Windows NT 10.0) AppleWebKit/537.36 (KHTML, like Gecko) Chrome/96.0.4664.110 Safari/537.36"
2a02:a03f:e99e:ac00:8157:b2b0:c5c5:97ba - - [22/Dec/2021:21:51:51 +0100] "GET /images/bank.jpg HTTP/1.1" 200 2955 "https://www.lager-techniek.eu/index.php/32200-range/fag-32212a" "Mozilla/5.0 (Windows NT 10.0) AppleWebKit/537.36 (KHTML, like Gecko) Chrome/96.0.4664.110 Safari/537.36"
2a02:a03f:e99e:ac00:8157:b2b0:c5c5:97ba - - [22/Dec/2021:21:51:51 +0100] "GET /images/Mollienancontact.jpg HTTP/1.1" 200 9278 "https://www.lager-techniek.eu/index.php/32200-range/fag-32212a" "Mozilla/5.0 (Windows NT 10.0) AppleWebKit/537.36 (KHTML, like Gecko) Chrome/96.0.4664.110 Safari/537.36"
2a02:a03f:e99e:ac00:8157:b2b0:c5c5:97ba - - [22/Dec/2021:21:51:51 +0100] "GET /components/com_jshopping/images/star.gif HTTP/1.1" 200 1171 "https://www.lager-techniek.eu/media/com_jchoptimize/cache/css/e3aaa5baf7724231080a3c38514acb60.css" "Mozilla/5.0 (Windows NT 10.0) AppleWebKit/537.36 (KHTML, like Gecko) Chrome/96.0.4664.110 Safari/537.36"
2a02:a03f:e99e:ac00:8157:b2b0:c5c5:97ba - - [22/Dec/2021:21:51:52 +0100] "GET /media/jui/fonts/IcoMoon.woff HTTP/1.1" 200 25867 "https://www.lager-techniek.eu/media/com_jchoptimize/cache/css/e3aaa5baf7724231080a3c38514acb60.css" "Mozilla/5.0 (Windows NT 10.0) AppleWebKit/537.36 (KHTML, like Gecko) Chrome/96.0.4664.110 Safari/537.36"
66.249.66.4 - - [22/Dec/2021:21:51:52 +0100] "GET /index.php/xpb-range/contitech-xpb1450p HTTP/1.1" 200 14833 "-" "Mozilla/5.0 (Linux; Android 6.0.1; Nexus 5X Build/MMB29P) AppleWebKit/537.36 (KHTML, like Gecko) Chrome/96.0.4664.110 Mobile Safari/537.36 (compatible; Googlebot/2.1; +http://www.google.com/bot.html)"
66.249.66.76 - - [22/Dec/2021:21:51:56 +0100] "GET /loctitesf2740.pdf HTTP/1.1" 200 134646 "-" "Googlebot/2.1 (+http://www.google.com/bot.html)"
185.178.235.166 - - [22/Dec/2021:21:52:00 +0100] "GET /index.php/component/ajax/?format=json HTTP/1.1" 200 758 "https://www.lager-techniek.eu/index.php/kettingspanwiel/ina-ksr16l010101408" "Mozilla/5.0 (Windows NT 10.0; Win64; x64) AppleWebKit/537.36 (KHTML, like Gecko) Chrome/96.0.4664.45 Safari/537.36"
54.36.148.227 - - [22/Dec/2021:21:52:01 +0100] "GET /index.php/klauw-koppeling/hrc-090f HTTP/1.1" 200 13886 "-" "Mozilla/5.0 (compatible; AhrefsBot/7.0; +http://ahrefs.com/robot/)"
2a02:a03f:e99e:ac00:8157:b2b0:c5c5:97ba - - [22/Dec/2021:21:52:01 +0100] "GET /templates/protostar/favicon.ico HTTP/1.1" 200 1465 "https://www.lager-techniek.eu/index.php/32200-range/fag-32212a" "Mozilla/5.0 (Windows NT 10.0) AppleWebKit/537.36 (KHTML, like Gecko) Chrome/96.0.4664.110 Safari/537.36"
163.172.170.240 - - [22/Dec/2021:21:52:10 +0100] "GET /index.php/askquestion/form?category_id=15&product_id=939&type=1&tmpl=component HTTP/1.1" 200 2416 "-" "Mozilla/5.0 (Windows NT 10.0; Win64; x64) AppleWebKit/537.36 (KHTML, like Gecko) Chrome/93.0.4577.0 Safari/537.36"
163.172.170.240 - - [22/Dec/2021:21:52:10 +0100] "GET /media/com_jchoptimize/cache/js/dca49c2ab775a18e74963ee20bca2ded.js HTTP/1.1" 200 58821 "https://lager-techniek.eu/index.php/askquestion/form?category_id=15&product_id=939&type=1&tmpl=component" "Mozilla/5.0 (Windows NT 10.0; Win64; x64) AppleWebKit/537.36 (KHTML, like Gecko) Chrome/93.0.4577.0 Safari/537.36"
54.36.148.227 - - [22/Dec/2021:21:52:12 +0100] "GET /index.php/zonder-flens/permaglide-pap7540-p20 HTTP/1.1" 200 13710 "-" "Mozilla/5.0 (compatible; AhrefsBot/7.0; +http://ahrefs.com/robot/)"
212.47.245.227 - - [22/Dec/2021:21:52:19 +0100] "GET /index.php/vlakke-riemen/megadyne-t1501060x16?tmpl=component&print=1 HTTP/1.1" 200 3665 "-" "Mozilla/5.0 (Windows NT 10.0; Win64; x64) AppleWebKit/537.36 (KHTML, like Gecko) Chrome/93.0.4577.0 Safari/537.36"
212.47.245.227 - - [22/Dec/2021:21:52:20 +0100] "GET /media/com_jchoptimize/cache/js/01c2bb7e5b2f41c77be699ef921df934.js HTTP/1.1" 200 20649 "https://lager-techniek.eu/index.php/vlakke-riemen/megadyne-t1501060x16?tmpl=component&print=1" "Mozilla/5.0 (Windows NT 10.0; Win64; x64) AppleWebKit/537.36 (KHTML, like Gecko) Chrome/93.0.4577.0 Safari/537.36"
212.47.245.227 - - [22/Dec/2021:21:52:20 +0100] "GET /media/com_jchoptimize/cache/js/1817877bff6f603815204ab1a62cd571.js HTTP/1.1" 200 66508 "https://lager-techniek.eu/index.php/vlakke-riemen/megadyne-t1501060x16?tmpl=component&print=1" "Mozilla/5.0 (Windows NT 10.0; Win64; x64) AppleWebKit/537.36 (KHTML, like Gecko) Chrome/93.0.4577.0 Safari/537.36"
54.36.148.227 - - [22/Dec/2021:21:52:24 +0100] "GET /index.php/23200-range/skf-23224-ccc4w33 HTTP/1.1" 200 14017 "-" "Mozilla/5.0 (compatible; AhrefsBot/7.0; +http://ahrefs.com/robot/)"
66.249.66.4 - - [22/Dec/2021:21:52:27 +0100] "GET /index.php/din-471-seegerring/assortiment-480x-din471-seegerring HTTP/1.1" 200 13844 "-" "Mozilla/5.0 (Linux; Android 6.0.1; Nexus 5X Build/MMB29P) AppleWebKit/537.36 (KHTML, like Gecko) Chrome/96.0.4664.93 Mobile Safari/537.36 (compatible; Googlebot/2.1; +http://www.google.com/bot.html)"
77.226.249.91 - - [22/Dec/2021:21:52:28 +0100] "GET /index.php/component/ajax/?format=json HTTP/1.1" 200 758 "https://www.lager-techniek.eu/index.php/a-range/contitech-13x3650" "Mozilla/5.0 (Windows NT 10.0; Win64; x64) AppleWebKit/537.36 (KHTML, like Gecko) Chrome/96.0.4664.55 Safari/537.36 Edg/96.0.1054.43"
54.36.148.227 - - [22/Dec/2021:21:52:37 +0100] "GET /index.php/23200-range/skf-23224-cckc4w33 HTTP/1.1" 200 14085 "-" "Mozilla/5.0 (compatible; AhrefsBot/7.0; +http://ahrefs.com/robot/)"
82.75.56.74 - - [22/Dec/2021:21:52:48 +0100] "GET /index.php/component/ajax/?format=json HTTP/1.1" 200 758 "https://www.lager-techniek.eu/index.php/6000-range/fag-60032rsr" "Mozilla/5.0 (Windows NT 10.0; Win64; x64; rv:95.0) Gecko/20100101 Firefox/95.0"
217.62.81.185 - - [22/Dec/2021:21:52:48 +0100] "GET /index.php/kettingwiel-08b-1/08b1z15 HTTP/1.1" 200 13917 "-" "Mozilla/5.0 (Macintosh; Intel Mac OS X 10_15_7) AppleWebKit/605.1.15 (KHTML, like Gecko) Version/15.1 Safari/605.1.15"
217.62.81.185 - - [22/Dec/2021:21:52:49 +0100] "GET /images/banner12-lager-techniek.eu.jpg HTTP/1.1" 200 17827 "https://www.lager-techniek.eu/index.php/kettingwiel-08b-1/08b1z15" "Mozilla/5.0 (Macintosh; Intel Mac OS X 10_15_7) AppleWebKit/605.1.15 (KHTML, like Gecko) Version/15.1 Safari/605.1.15"
217.62.81.185 - - [22/Dec/2021:21:52:49 +0100] "GET /media/com_jchoptimize/cache/css/e3aaa5baf7724231080a3c38514acb60.css HTTP/1.1" 200 32260 "https://www.lager-techniek.eu/index.php/kettingwiel-08b-1/08b1z15" "Mozilla/5.0 (Macintosh; Intel Mac OS X 10_15_7) AppleWebKit/605.1.15 (KHTML, like Gecko) Version/15.1 Safari/605.1.15"
217.62.81.185 - - [22/Dec/2021:21:52:49 +0100] "GET /media/com_jchoptimize/cache/js/af1111cf1dcd0f1d7258d5fa2fddab4c.js HTTP/1.1" 200 1504 "https://www.lager-techniek.eu/index.php/kettingwiel-08b-1/08b1z15" "Mozilla/5.0 (Macintosh; Intel Mac OS X 10_15_7) AppleWebKit/605.1.15 (KHTML, like Gecko) Version/15.1 Safari/605.1.15"
217.62.81.185 - - [22/Dec/2021:21:52:49 +0100] "GET /media/com_jchoptimize/cache/js/06f37f52e42f8f6a99fa2b3e8e79d821.js HTTP/1.1" 200 20663 "https://www.lager-techniek.eu/index.php/kettingwiel-08b-1/08b1z15" "Mozilla/5.0 (Macintosh; Intel Mac OS X 10_15_7) AppleWebKit/605.1.15 (KHTML, like Gecko) Version/15.1 Safari/605.1.15"
217.62.81.185 - - [22/Dec/2021:21:52:49 +0100] "GET /media/com_jchoptimize/cache/js/accc16ef616519d111c9a9cfe76768b8.js HTTP/1.1" 200 101228 "https://www.lager-techniek.eu/index.php/kettingwiel-08b-1/08b1z15" "Mozilla/5.0 (Macintosh; Intel Mac OS X 10_15_7) AppleWebKit/605.1.15 (KHTML, like Gecko) Version/15.1 Safari/605.1.15"
217.62.81.185 - - [22/Dec/2021:21:52:49 +0100] "GET /modules/mod_gtranslate/tmpl/lang/16/en.png HTTP/1.1" 200 1063 "https://www.lager-techniek.eu/index.php/kettingwiel-08b-1/08b1z15" "Mozilla/5.0 (Macintosh; Intel Mac OS X 10_15_7) AppleWebKit/605.1.15 (KHTML, like Gecko) Version/15.1 Safari/605.1.15"
217.62.81.185 - - [22/Dec/2021:21:52:49 +0100] "GET /modules/mod_gtranslate/tmpl/lang/16/fr.png HTTP/1.1" 200 802 "https://www.lager-techniek.eu/index.php/kettingwiel-08b-1/08b1z15" "Mozilla/5.0 (Macintosh; Intel Mac OS X 10_15_7) AppleWebKit/605.1.15 (KHTML, like Gecko) Version/15.1 Safari/605.1.15"
217.62.81.185 - - [22/Dec/2021:21:52:49 +0100] "GET /modules/mod_gtranslate/tmpl/lang/16/de.png HTTP/1.1" 200 747 "https://www.lager-techniek.eu/index.php/kettingwiel-08b-1/08b1z15" "Mozilla/5.0 (Macintosh; Intel Mac OS X 10_15_7) AppleWebKit/605.1.15 (KHTML, like Gecko) Version/15.1 Safari/605.1.15"
217.62.81.185 - - [22/Dec/2021:21:52:49 +0100] "GET /modules/mod_gtranslate/tmpl/lang/16/it.png HTTP/1.1" 200 796 "https://www.lager-techniek.eu/index.php/kettingwiel-08b-1/08b1z15" "Mozilla/5.0 (Macintosh; Intel Mac OS X 10_15_7) AppleWebKit/605.1.15 (KHTML, like Gecko) Version/15.1 Safari/605.1.15"
217.62.81.185 - - [22/Dec/2021:21:52:49 +0100] "GET /modules/mod_gtranslate/tmpl/lang/16/pt.png HTTP/1.1" 200 947 "https://www.lager-techniek.eu/index.php/kettingwiel-08b-1/08b1z15" "Mozilla/5.0 (Macintosh; Intel Mac OS X 10_15_7) AppleWebKit/605.1.15 (KHTML, like Gecko) Version/15.1 Safari/605.1.15"
217.62.81.185 - - [22/Dec/2021:21:52:49 +0100] "GET /modules/mod_gtranslate/tmpl/lang/16/ru.png HTTP/1.1" 200 706 "https://www.lager-techniek.eu/index.php/kettingwiel-08b-1/08b1z15" "Mozilla/5.0 (Macintosh; Intel Mac OS X 10_15_7) AppleWebKit/605.1.15 (KHTML, like Gecko) Version/15.1 Safari/605.1.15"
217.62.81.185 - - [22/Dec/2021:21:52:49 +0100] "GET /modules/mod_gtranslate/tmpl/lang/16/es.png HTTP/1.1" 200 849 "https://www.lager-techniek.eu/index.php/kettingwiel-08b-1/08b1z15" "Mozilla/5.0 (Macintosh; Intel Mac OS X 10_15_7) AppleWebKit/605.1.15 (KHTML, like Gecko) Version/15.1 Safari/605.1.15"
217.62.81.185 - - [22/Dec/2021:21:52:49 +0100] "GET /components/com_jshopping/images/print.png HTTP/1.1" 200 735 "https://www.lager-techniek.eu/index.php/kettingwiel-08b-1/08b1z15" "Mozilla/5.0 (Macintosh; Intel Mac OS X 10_15_7) AppleWebKit/605.1.15 (KHTML, like Gecko) Version/15.1 Safari/605.1.15"
217.62.81.185 - - [22/Dec/2021:21:52:49 +0100] "GET /media/system/images/arrow.png HTTP/1.1" 200 462 "https://www.lager-techniek.eu/index.php/kettingwiel-08b-1/08b1z15" "Mozilla/5.0 (Macintosh; Intel Mac OS X 10_15_7) AppleWebKit/605.1.15 (KHTML, like Gecko) Version/15.1 Safari/605.1.15"
217.62.81.185 - - [22/Dec/2021:21:52:49 +0100] "GET /components/com_jshopping/images/star.gif HTTP/1.1" 200 1171 "https://www.lager-techniek.eu/index.php/kettingwiel-08b-1/08b1z15" "Mozilla/5.0 (Macintosh; Intel Mac OS X 10_15_7) AppleWebKit/605.1.15 (KHTML, like Gecko) Version/15.1 Safari/605.1.15"
217.62.81.185 - - [22/Dec/2021:21:52:49 +0100] "GET /components/com_jshopping/files/img_products/thumb_Sprocket_technical.jpg HTTP/1.1" 200 3587 "https://www.lager-techniek.eu/index.php/kettingwiel-08b-1/08b1z15" "Mozilla/5.0 (Macintosh; Intel Mac OS X 10_15_7) AppleWebKit/605.1.15 (KHTML, like Gecko) Version/15.1 Safari/605.1.15"
217.62.81.185 - - [22/Dec/2021:21:52:49 +0100] "GET /components/com_jshopping/files/img_products/thumb_SImplex_Kettingwielen.jpg HTTP/1.1" 200 3375 "https://www.lager-techniek.eu/index.php/kettingwiel-08b-1/08b1z15" "Mozilla/5.0 (Macintosh; Intel Mac OS X 10_15_7) AppleWebKit/605.1.15 (KHTML, like Gecko) Version/15.1 Safari/605.1.15"
217.62.81.185 - - [22/Dec/2021:21:52:49 +0100] "GET /components/com_jshopping/files/img_products/SImplex_Kettingwielen.jpg HTTP/1.1" 200 3498 "https://www.lager-techniek.eu/index.php/kettingwiel-08b-1/08b1z15" "Mozilla/5.0 (Macintosh; Intel Mac OS X 10_15_7) AppleWebKit/605.1.15 (KHTML, like Gecko) Version/15.1 Safari/605.1.15"
217.62.81.185 - - [22/Dec/2021:21:52:49 +0100] "GET /components/com_jshopping/images/search.png HTTP/1.1" 200 847 "https://www.lager-techniek.eu/index.php/kettingwiel-08b-1/08b1z15" "Mozilla/5.0 (Macintosh; Intel Mac OS X 10_15_7) AppleWebKit/605.1.15 (KHTML, like Gecko) Version/15.1 Safari/605.1.15"
217.62.81.185 - - [22/Dec/2021:21:52:49 +0100] "GET /components/com_jshopping/files/img_products/Sprocket_technical.jpg HTTP/1.1" 200 31382 "https://www.lager-techniek.eu/index.php/kettingwiel-08b-1/08b1z15" "Mozilla/5.0 (Macintosh; Intel Mac OS X 10_15_7) AppleWebKit/605.1.15 (KHTML, like Gecko) Version/15.1 Safari/605.1.15"
217.62.81.185 - - [22/Dec/2021:21:52:49 +0100] "GET /images/Lengteberekening.jpg HTTP/1.1" 200 10994 "https://www.lager-techniek.eu/index.php/kettingwiel-08b-1/08b1z15" "Mozilla/5.0 (Macintosh; Intel Mac OS X 10_15_7) AppleWebKit/605.1.15 (KHTML, like Gecko) Version/15.1 Safari/605.1.15"
217.62.81.185 - - [22/Dec/2021:21:52:49 +0100] "GET /images/DPD.jpg HTTP/1.1" 200 7428 "https://www.lager-techniek.eu/index.php/kettingwiel-08b-1/08b1z15" "Mozilla/5.0 (Macintosh; Intel Mac OS X 10_15_7) AppleWebKit/605.1.15 (KHTML, like Gecko) Version/15.1 Safari/605.1.15"
217.62.81.185 - - [22/Dec/2021:21:52:49 +0100] "GET /images/Postnl.jpg HTTP/1.1" 200 10478 "https://www.lager-techniek.eu/index.php/kettingwiel-08b-1/08b1z15" "Mozilla/5.0 (Macintosh; Intel Mac OS X 10_15_7) AppleWebKit/605.1.15 (KHTML, like Gecko) Version/15.1 Safari/605.1.15"
217.62.81.185 - - [22/Dec/2021:21:52:49 +0100] "GET /images/UPS.jpg HTTP/1.1" 200 6889 "https://www.lager-techniek.eu/index.php/kettingwiel-08b-1/08b1z15" "Mozilla/5.0 (Macintosh; Intel Mac OS X 10_15_7) AppleWebKit/605.1.15 (KHTML, like Gecko) Version/15.1 Safari/605.1.15"
217.62.81.185 - - [22/Dec/2021:21:52:49 +0100] "GET /media/jui/fonts/IcoMoon.woff HTTP/1.1" 200 25867 "https://www.lager-techniek.eu/index.php/kettingwiel-08b-1/08b1z15" "Mozilla/5.0 (Macintosh; Intel Mac OS X 10_15_7) AppleWebKit/605.1.15 (KHTML, like Gecko) Version/15.1 Safari/605.1.15"
217.62.81.185 - - [22/Dec/2021:21:52:49 +0100] "GET /images/index.jpg HTTP/1.1" 200 5654 "https://www.lager-techniek.eu/index.php/kettingwiel-08b-1/08b1z15" "Mozilla/5.0 (Macintosh; Intel Mac OS X 10_15_7) AppleWebKit/605.1.15 (KHTML, like Gecko) Version/15.1 Safari/605.1.15"
217.62.81.185 - - [22/Dec/2021:21:52:49 +0100] "GET /images/images.jpg HTTP/1.1" 200 5841 "https://www.lager-techniek.eu/index.php/kettingwiel-08b-1/08b1z15" "Mozilla/5.0 (Macintosh; Intel Mac OS X 10_15_7) AppleWebKit/605.1.15 (KHTML, like Gecko) Version/15.1 Safari/605.1.15"
217.62.81.185 - - [22/Dec/2021:21:52:49 +0100] "GET /images/achteraf.jpg HTTP/1.1" 200 2428 "https://www.lager-techniek.eu/index.php/kettingwiel-08b-1/08b1z15" "Mozilla/5.0 (Macintosh; Intel Mac OS X 10_15_7) AppleWebKit/605.1.15 (KHTML, like Gecko) Version/15.1 Safari/605.1.15"
217.62.81.185 - - [22/Dec/2021:21:52:49 +0100] "GET /images/bank.jpg HTTP/1.1" 200 2955 "https://www.lager-techniek.eu/index.php/kettingwiel-08b-1/08b1z15" "Mozilla/5.0 (Macintosh; Intel Mac OS X 10_15_7) AppleWebKit/605.1.15 (KHTML, like Gecko) Version/15.1 Safari/605.1.15"
217.62.81.185 - - [22/Dec/2021:21:52:49 +0100] "GET /images/paypal.jpg HTTP/1.1" 200 2557 "https://www.lager-techniek.eu/index.php/kettingwiel-08b-1/08b1z15" "Mozilla/5.0 (Macintosh; Intel Mac OS X 10_15_7) AppleWebKit/605.1.15 (KHTML, like Gecko) Version/15.1 Safari/605.1.15"
217.62.81.185 - - [22/Dec/2021:21:52:49 +0100] "GET /images/MollieIdeal.png HTTP/1.1" 200 15837 "https://www.lager-techniek.eu/index.php/kettingwiel-08b-1/08b1z15" "Mozilla/5.0 (Macintosh; Intel Mac OS X 10_15_7) AppleWebKit/605.1.15 (KHTML, like Gecko) Version/15.1 Safari/605.1.15"
217.62.81.185 - - [22/Dec/2021:21:52:49 +0100] "GET /images/Mollienancontact.jpg HTTP/1.1" 200 9278 "https://www.lager-techniek.eu/index.php/kettingwiel-08b-1/08b1z15" "Mozilla/5.0 (Macintosh; Intel Mac OS X 10_15_7) AppleWebKit/605.1.15 (KHTML, like Gecko) Version/15.1 Safari/605.1.15"
217.62.81.185 - - [22/Dec/2021:21:52:50 +0100] "GET /templates/protostar/favicon.ico HTTP/1.1" 200 1465 "https://www.lager-techniek.eu/index.php/kettingwiel-08b-1/08b1z15" "Mozilla/5.0 (Macintosh; Intel Mac OS X 10_15_7) AppleWebKit/605.1.15 (KHTML, like Gecko) Version/15.1 Safari/605.1.15"
54.36.148.227 - - [22/Dec/2021:21:52:52 +0100] "GET /index.php/6300-range/nsk-6310c3 HTTP/1.1" 200 14305 "-" "Mozilla/5.0 (compatible; AhrefsBot/7.0; +http://ahrefs.com/robot/)"
66.249.66.158 - - [22/Dec/2021:21:52:52 +0100] "GET /media/com_jchoptimize/cache/js/d79f4338da2b39b4a40a38a1386b99a8.js HTTP/1.1" 200 74723 "https://www.lager-techniek.eu/index.php/din-471-seegerring/assortiment-480x-din471-seegerring" "Mozilla/5.0 (Linux; Android 6.0.1; Nexus 5X Build/MMB29P) AppleWebKit/537.36 (KHTML, like Gecko) Chrome/96.0.4664.93 Mobile Safari/537.36 (compatible; Googlebot/2.1; +http://www.google.com/bot.html)"
90.145.217.226 - - [22/Dec/2021:21:52:53 +0100] "GET /index.php/component/ajax/?format=json HTTP/1.1" 200 758 "https://www.lager-techniek.eu/index.php/met-flens/permaglide-paf25215-p11" "Mozilla/5.0 (Windows NT 10.0; Win64; x64) AppleWebKit/537.36 (KHTML, like Gecko) Chrome/96.0.4664.45 Safari/537.36"
66.249.66.158 - - [22/Dec/2021:21:53:04 +0100] "GET /index.php/borgring/snr-mb27 HTTP/1.1" 200 14285 "-" "Mozilla/5.0 (compatible; Googlebot/2.1; +http://www.google.com/bot.html)"
54.36.148.227 - - [22/Dec/2021:21:53:05 +0100] "GET /index.php/askquestion/form?category_id=10&product_id=245&type=1&tmpl=component HTTP/1.1" 200 2408 "-" "Mozilla/5.0 (compatible; AhrefsBot/7.0; +http://ahrefs.com/robot/)"
54.36.148.227 - - [22/Dec/2021:21:53:19 +0100] "GET /index.php/askquestion/form?category_id=431&product_id=16792&type=1&tmpl=component HTTP/1.1" 200 2409 "-" "Mozilla/5.0 (compatible; AhrefsBot/7.0; +http://ahrefs.com/robot/)"
207.46.13.122 - - [22/Dec/2021:21:53:23 +0100] "GET /index.php/yar-range/skf-yar-205-2f HTTP/1.1" 301 697 "-" "Mozilla/5.0 (compatible; bingbot/2.0; +http://www.bing.com/bingbot.htm)"
40.77.167.31 - - [22/Dec/2021:21:53:29 +0100] "GET /index.php/32300-range/timken-32316 HTTP/1.1" 301 697 "-" "Mozilla/5.0 (compatible; bingbot/2.0; +http://www.bing.com/bingbot.htm)"
54.36.148.227 - - [22/Dec/2021:21:53:32 +0100] "GET /index.php/23200-range/skf-23224-ccw33 HTTP/1.1" 200 13995 "-" "Mozilla/5.0 (compatible; AhrefsBot/7.0; +http://ahrefs.com/robot/)"
66.249.66.158 - - [22/Dec/2021:21:53:44 +0100] "GET /index.php/6400-range/skf-6417c3 HTTP/1.1" 200 13736 "-" "Mozilla/5.0 (Linux; Android 6.0.1; Nexus 5X Build/MMB29P) AppleWebKit/537.36 (KHTML, like Gecko) Chrome/96.0.4664.110 Mobile Safari/537.36 (compatible; Googlebot/2.1; +http://www.google.com/bot.html)"
54.36.148.227 - - [22/Dec/2021:21:53:45 +0100] "GET /index.php/23200-range/skf-23226-ccc3w33 HTTP/1.1" 200 14022 "-" "Mozilla/5.0 (compatible; AhrefsBot/7.0; +http://ahrefs.com/robot/)"
51.158.123.99 - - [22/Dec/2021:21:53:55 +0100] "GET /index.php/askquestion/form?category_id=200&product_id=17923&type=1&tmpl=component HTTP/1.1" 200 2413 "-" "Mozilla/5.0 (Windows NT 10.0; Win64; x64) AppleWebKit/537.36 (KHTML, like Gecko) Chrome/93.0.4577.0 Safari/537.36"
51.158.123.99 - - [22/Dec/2021:21:53:56 +0100] "GET /media/com_jchoptimize/cache/js/ebf0e1a42d5dcb90d48f92d68b152316.js HTTP/1.1" 200 58823 "https://lager-techniek.eu/index.php/askquestion/form?category_id=200&product_id=17923&type=1&tmpl=component" "Mozilla/5.0 (Windows NT 10.0; Win64; x64) AppleWebKit/537.36 (KHTML, like Gecko) Chrome/93.0.4577.0 Safari/537.36"
89.146.3.50 - - [22/Dec/2021:21:53:58 +0100] "GET /index.php/component/ajax/?format=json HTTP/1.1" 200 758 "https://www.lager-techniek.eu/index.php/spa-range/optibelt-spa1600" "Mozilla/5.0 (Windows NT 10.0; Win64; x64) AppleWebKit/537.36 (KHTML, like Gecko) Chrome/96.0.4664.110 Safari/537.36 Edg/96.0.1054.62"
54.36.148.227 - - [22/Dec/2021:21:53:59 +0100] "GET /index.php/askquestion/form?category_id=985&product_id=95443&type=1&tmpl=component HTTP/1.1" 200 2412 "-" "Mozilla/5.0 (compatible; AhrefsBot/7.0; +http://ahrefs.com/robot/)"
54.36.148.227 - - [22/Dec/2021:21:54:12 +0100] "GET /index.php/32900-range/fag-32919 HTTP/1.1" 200 14347 "-" "Mozilla/5.0 (compatible; AhrefsBot/7.0; +http://ahrefs.com/robot/)"
54.36.148.227 - - [22/Dec/2021:21:54:25 +0100] "GET /index.php/nup-300-range/skf-nup307ecj HTTP/1.1" 200 13954 "-" "Mozilla/5.0 (compatible; AhrefsBot/7.0; +http://ahrefs.com/robot/)"
51.158.78.51 - - [22/Dec/2021:21:54:29 +0100] "GET /index.php/askquestion/form?category_id=857&product_id=35777&type=1&tmpl=component HTTP/1.1" 200 2423 "-" "Mozilla/5.0 (Windows NT 10.0; Win64; x64) AppleWebKit/537.36 (KHTML, like Gecko) Chrome/93.0.4577.0 Safari/537.36"
51.158.78.51 - - [22/Dec/2021:21:54:29 +0100] "GET /media/com_jchoptimize/cache/js/1528af572b7b2b927fab0a91650f2201.js HTTP/1.1" 200 58819 "https://lager-techniek.eu/index.php/askquestion/form?category_id=857&product_id=35777&type=1&tmpl=component" "Mozilla/5.0 (Windows NT 10.0; Win64; x64) AppleWebKit/537.36 (KHTML, like Gecko) Chrome/93.0.4577.0 Safari/537.36"
178.118.52.254 - - [22/Dec/2021:21:54:32 +0100] "GET /index.php/component/ajax/?format=json HTTP/1.1" 200 758 "https://www.lager-techniek.eu/index.php/tandriemen-3m/gates-2883m15" "Mozilla/5.0 (Windows NT 10.0; Win64; x64) AppleWebKit/537.36 (KHTML, like Gecko) Chrome/96.0.4664.110 Safari/537.36"
54.36.148.227 - - [22/Dec/2021:21:54:40 +0100] "GET /index.php/32900-range/fag-32922 HTTP/1.1" 200 14352 "-" "Mozilla/5.0 (compatible; AhrefsBot/7.0; +http://ahrefs.com/robot/)"
66.249.66.4 - - [22/Dec/2021:21:54:45 +0100] "GET /index.php/62200-range/skf-622042rs1 HTTP/1.1" 200 14293 "-" "Mozilla/5.0 (Linux; Android 6.0.1; Nexus 5X Build/MMB29P) AppleWebKit/537.36 (KHTML, like Gecko) Chrome/96.0.4664.110 Mobile Safari/537.36 (compatible; Googlebot/2.1; +http://www.google.com/bot.html)"
66.249.66.158 - - [22/Dec/2021:21:54:46 +0100] "GET /index.php/32200-range/fag-32212a HTTP/1.1" 200 14658 "-" "Mozilla/5.0 (compatible; Googlebot/2.1; +http://www.google.com/bot.html)"
54.36.148.227 - - [22/Dec/2021:21:54:53 +0100] "GET /index.php/32900-range/ntn-32915 HTTP/1.1" 200 14415 "-" "Mozilla/5.0 (compatible; AhrefsBot/7.0; +http://ahrefs.com/robot/)"
207.46.13.147 - - [22/Dec/2021:21:55:00 +0100] "GET /index.php/22200-range/skf-22238-cckc403w33 HTTP/1.1" 200 14090 "-" "Mozilla/5.0 (compatible; bingbot/2.0; +http://www.bing.com/bingbot.htm)"
54.36.148.227 - - [22/Dec/2021:21:55:05 +0100] "GET /index.php/askquestion/form?category_id=428&product_id=96226&type=1&tmpl=component HTTP/1.1" 200 2411 "-" "Mozilla/5.0 (compatible; AhrefsBot/7.0; +http://ahrefs.com/robot/)"
66.249.66.6 - - [22/Dec/2021:21:55:14 +0100] "GET /index.php/29200-range/nsk-29252-em HTTP/1.1" 200 14205 "-" "Mozilla/5.0 (compatible; Googlebot/2.1; +http://www.google.com/bot.html)"
54.36.148.227 - - [22/Dec/2021:21:55:20 +0100] "GET /index.php/32900-range/ntn-32921xa HTTP/1.1" 200 14404 "-" "Mozilla/5.0 (compatible; AhrefsBot/7.0; +http://ahrefs.com/robot/)"
217.123.82.92 - - [22/Dec/2021:21:55:23 +0100] "GET /index.php/component/ajax/?format=json HTTP/1.1" 200 758 "https://www.lager-techniek.eu/index.php/duplex-rollenketting/vbchain-rk24b2" "Mozilla/5.0 (Windows NT 10.0; Win64; x64) AppleWebKit/537.36 (KHTML, like Gecko) Chrome/96.0.4664.110 Safari/537.36"
77.60.98.226 - - [22/Dec/2021:21:55:27 +0100] "GET /index.php/component/ajax/?format=json HTTP/1.1" 200 758 "https://www.lager-techniek.eu/index.php/b-range/contitech-17x1215" "Mozilla/5.0 (Windows NT 6.1; Win64; x64) AppleWebKit/537.36 (KHTML, like Gecko) Chrome/94.0.4606.71 Safari/537.36"
54.36.148.227 - - [22/Dec/2021:21:55:31 +0100] "GET /index.php/askquestion/form?category_id=913&product_id=30220&type=1&tmpl=component HTTP/1.1" 200 2436 "-" "Mozilla/5.0 (compatible; AhrefsBot/7.0; +http://ahrefs.com/robot/)"
178.118.52.254 - - [22/Dec/2021:21:55:32 +0100] "GET /index.php/component/ajax/?format=json HTTP/1.1" 200 758 "https://www.lager-techniek.eu/index.php/tandriemen-3m/gates-2823m6gt3" "Mozilla/5.0 (Windows NT 10.0; Win64; x64) AppleWebKit/537.36 (KHTML, like Gecko) Chrome/96.0.4664.110 Safari/537.36"
207.46.13.175 - - [22/Dec/2021:21:55:31 +0100] "GET /index.php/ir-range?start=168 HTTP/1.1" 200 10464 "-" "Mozilla/5.0 (compatible; bingbot/2.0; +http://www.bing.com/bingbot.htm)"
207.46.13.1 - - [22/Dec/2021:21:55:35 +0100] "GET /index.php/73-range/fag-7324bxltvpua HTTP/1.1" 200 14327 "-" "Mozilla/5.0 (compatible; bingbot/2.0; +http://www.bing.com/bingbot.htm)"
54.36.148.227 - - [22/Dec/2021:21:55:41 +0100] "GET /index.php/22200-range/skf-22224ec4 HTTP/1.1" 200 13993 "-" "Mozilla/5.0 (compatible; AhrefsBot/7.0; +http://ahrefs.com/robot/)"
81.204.203.132 - - [22/Dec/2021:21:55:48 +0100] "GET /index.php/component/ajax/?format=json HTTP/1.1" 200 863 "https://www.lager-techniek.eu/index.php/k-range-naaldkrans/ina-k20x28x20c" "Mozilla/5.0 (Windows NT 10.0; Win64; x64; rv:95.0) Gecko/20100101 Firefox/95.0"
81.204.203.132 - - [22/Dec/2021:21:55:48 +0100] "GET /index.php/component/ajax/?format=json HTTP/1.1" 200 863 "https://www.lager-techniek.eu/index.php/6000-range/fag-6006" "Mozilla/5.0 (Windows NT 10.0; Win64; x64; rv:95.0) Gecko/20100101 Firefox/95.0"
51.158.114.176 - - [22/Dec/2021:21:55:50 +0100] "GET /index.php/askquestion/form?category_id=881&product_id=36567&type=1&tmpl=component HTTP/1.1" 200 2417 "-" "Mozilla/5.0 (Windows NT 10.0; Win64; x64) AppleWebKit/537.36 (KHTML, like Gecko) Chrome/93.0.4577.0 Safari/537.36"
51.158.114.176 - - [22/Dec/2021:21:55:50 +0100] "GET /media/com_jchoptimize/cache/js/43179537f2878ab2abc74a535c0751a9.js HTTP/1.1" 200 58821 "https://lager-techniek.eu/index.php/askquestion/form?category_id=881&product_id=36567&type=1&tmpl=component" "Mozilla/5.0 (Windows NT 10.0; Win64; x64) AppleWebKit/537.36 (KHTML, like Gecko) Chrome/93.0.4577.0 Safari/537.36"
54.36.148.227 - - [22/Dec/2021:21:55:56 +0100] "GET /index.php/askquestion/form?category_id=913&product_id=30221&type=1&tmpl=component HTTP/1.1" 200 2417 "-" "Mozilla/5.0 (compatible; AhrefsBot/7.0; +http://ahrefs.com/robot/)"
54.36.148.227 - - [22/Dec/2021:21:56:09 +0100] "GET /index.php/askquestion/form?category_id=913&product_id=30223&type=1&tmpl=component HTTP/1.1" 200 2418 "-" "Mozilla/5.0 (compatible; AhrefsBot/7.0; +http://ahrefs.com/robot/)"
193.104.159.11 - - [22/Dec/2021:21:56:11 +0100] "GET /index.php/component/ajax/?format=json HTTP/1.1" 200 758 "https://www.lager-techniek.eu/index.php/2200-range/fag-22032rstvh" "Mozilla/5.0 (Windows NT 10.0; Win64; x64) AppleWebKit/537.36 (KHTML, like Gecko) Chrome/96.0.4664.110 Safari/537.36 Edg/96.0.1054.62"
66.249.66.6 - - [22/Dec/2021:21:56:18 +0100] "GET /index.php/kettingwiel-08b-1/08b1z15 HTTP/1.1" 200 13920 "-" "Mozilla/5.0 (compatible; Googlebot/2.1; +http://www.google.com/bot.html)"
54.36.148.227 - - [22/Dec/2021:21:56:23 +0100] "GET /index.php/70-range-precisie-spindel/skf-7019cegap4a HTTP/1.1" 200 13904 "-" "Mozilla/5.0 (compatible; AhrefsBot/7.0; +http://ahrefs.com/robot/)"
54.36.148.227 - - [22/Dec/2021:21:56:34 +0100] "GET /index.php/nj-200-range/fag-nj220exlm1c3 HTTP/1.1" 200 14057 "-" "Mozilla/5.0 (compatible; AhrefsBot/7.0; +http://ahrefs.com/robot/)"
91.183.150.180 - - [22/Dec/2021:21:56:35 +0100] "GET /index.php/component/ajax/?format=json HTTP/1.1" 200 758 "https://www.lager-techniek.eu/index.php/overig/skf-tmft36" "Mozilla/5.0 (Windows NT 6.3; Win64; x64) AppleWebKit/537.36 (KHTML, like Gecko) Chrome/96.0.4664.110 Safari/537.36"
54.36.148.227 - - [22/Dec/2021:21:56:46 +0100] "GET /index.php/askquestion/form?category_id=23&product_id=41701&type=1&tmpl=component HTTP/1.1" 200 2420 "-" "Mozilla/5.0 (compatible; AhrefsBot/7.0; +http://ahrefs.com/robot/)"
66.249.66.4 - - [22/Dec/2021:21:56:52 +0100] "GET /index.php/22200-range/timken-22218kejw33 HTTP/1.1" 200 14658 "-" "Mozilla/5.0 (compatible; Googlebot/2.1; +http://www.google.com/bot.html)"
54.36.148.227 - - [22/Dec/2021:21:56:59 +0100] "GET /index.php/askquestion/form?category_id=913&product_id=48075&type=1&tmpl=component HTTP/1.1" 200 2432 "-" "Mozilla/5.0 (compatible; AhrefsBot/7.0; +http://ahrefs.com/robot/)"
185.178.235.166 - - [22/Dec/2021:21:57:00 +0100] "GET /index.php/component/ajax/?format=json HTTP/1.1" 200 758 "https://www.lager-techniek.eu/index.php/kettingspanwiel/ina-ksr16l010101408" "Mozilla/5.0 (Windows NT 10.0; Win64; x64) AppleWebKit/537.36 (KHTML, like Gecko) Chrome/96.0.4664.45 Safari/537.36"
66.249.66.78 - - [22/Dec/2021:21:57:07 +0100] "GET /index.php/nu-2200-range/fag-nu2224exltvp2c3 HTTP/1.1" 200 14120 "-" "Mozilla/5.0 (Linux; Android 6.0.1; Nexus 5X Build/MMB29P) AppleWebKit/537.36 (KHTML, like Gecko) Chrome/96.0.4664.110 Mobile Safari/537.36 (compatible; Googlebot/2.1; +http://www.google.com/bot.html)"
54.36.148.227 - - [22/Dec/2021:21:57:13 +0100] "GET /index.php/tandriemschijf-14m40/8014m40 HTTP/1.1" 200 13871 "-" "Mozilla/5.0 (compatible; AhrefsBot/7.0; +http://ahrefs.com/robot/)"
66.249.66.159 - - [22/Dec/2021:21:57:17 +0100] "GET /index.php/askquestion/form?category_id=233&product_id=21663&type=1&tmpl=component HTTP/1.1" 200 2415 "-" "Mozilla/5.0 (Linux; Android 6.0.1; Nexus 5X Build/MMB29P) AppleWebKit/537.36 (KHTML, like Gecko) Chrome/96.0.4664.93 Mobile Safari/537.36 (compatible; Googlebot/2.1; +http://www.google.com/bot.html)"
54.36.148.227 - - [22/Dec/2021:21:57:25 +0100] "GET /index.php/askquestion/form?category_id=913&product_id=48092&type=1&tmpl=component HTTP/1.1" 200 2429 "-" "Mozilla/5.0 (compatible; AhrefsBot/7.0; +http://ahrefs.com/robot/)"
66.249.66.195 - - [22/Dec/2021:21:57:25 +0100] "GET /index.php/nup-200-range/fag-nup228exlm1 HTTP/1.1" 200 14524 "-" "Mozilla/5.0 (compatible; Googlebot/2.1; +http://www.google.com/bot.html)"
77.226.249.91 - - [22/Dec/2021:21:57:29 +0100] "GET /index.php/component/ajax/?format=json HTTP/1.1" 200 758 "https://www.lager-techniek.eu/index.php/a-range/contitech-13x3650" "Mozilla/5.0 (Windows NT 10.0; Win64; x64) AppleWebKit/537.36 (KHTML, like Gecko) Chrome/96.0.4664.55 Safari/537.36 Edg/96.0.1054.43"
66.249.66.195 - - [22/Dec/2021:21:57:33 +0100] "GET /index.php/1200-range/ntn-1209sk HTTP/1.1" 200 14165 "-" "Mozilla/5.0 (compatible; Googlebot/2.1; +http://www.google.com/bot.html)"
54.36.148.227 - - [22/Dec/2021:21:57:38 +0100] "GET /index.php/askquestion/form?category_id=380&product_id=9258&type=1&tmpl=component HTTP/1.1" 200 2419 "-" "Mozilla/5.0 (compatible; AhrefsBot/7.0; +http://ahrefs.com/robot/)"
82.75.56.74 - - [22/Dec/2021:21:57:49 +0100] "GET /index.php/component/ajax/?format=json HTTP/1.1" 200 758 "https://www.lager-techniek.eu/index.php/6000-range/fag-60032rsr" "Mozilla/5.0 (Windows NT 10.0; Win64; x64; rv:95.0) Gecko/20100101 Firefox/95.0"
54.36.148.227 - - [22/Dec/2021:21:57:49 +0100] "GET /index.php/moduul-1 HTTP/1.1" 200 9928 "-" "Mozilla/5.0 (compatible; AhrefsBot/7.0; +http://ahrefs.com/robot/)"
66.249.66.195 - - [22/Dec/2021:21:57:51 +0100] "GET /index.php/moduul-5/m5z95 HTTP/1.1" 200 13525 "-" "Mozilla/5.0 (Linux; Android 6.0.1; Nexus 5X Build/MMB29P) AppleWebKit/537.36 (KHTML, like Gecko) Chrome/96.0.4664.110 Mobile Safari/537.36 (compatible; Googlebot/2.1; +http://www.google.com/bot.html)"
90.145.217.226 - - [22/Dec/2021:21:57:53 +0100] "GET /index.php/component/ajax/?format=json HTTP/1.1" 200 758 "https://www.lager-techniek.eu/index.php/met-flens/permaglide-paf25215-p11" "Mozilla/5.0 (Windows NT 10.0; Win64; x64) AppleWebKit/537.36 (KHTML, like Gecko) Chrome/96.0.4664.45 Safari/537.36"
66.249.66.195 - - [22/Dec/2021:21:57:56 +0100] "GET /index.php/tandriemschijf-40t10 HTTP/1.1" 200 9922 "-" "Mozilla/5.0 (compatible; Googlebot/2.1; +http://www.google.com/bot.html)"
54.36.148.227 - - [22/Dec/2021:21:58:01 +0100] "GET /index.php/fixeerringen/frb4100 HTTP/1.1" 200 14090 "-" "Mozilla/5.0 (compatible; AhrefsBot/7.0; +http://ahrefs.com/robot/)"
54.36.148.227 - - [22/Dec/2021:21:58:12 +0100] "GET /index.php/borgring/snr-mb5 HTTP/1.1" 200 14272 "-" "Mozilla/5.0 (compatible; AhrefsBot/7.0; +http://ahrefs.com/robot/)"
66.249.66.195 - - [22/Dec/2021:21:58:22 +0100] "GET /index.php/72-range/skf-729cdgbp4a HTTP/1.1" 200 13977 "-" "Mozilla/5.0 (Linux; Android 6.0.1; Nexus 5X Build/MMB29P) AppleWebKit/537.36 (KHTML, like Gecko) Chrome/96.0.4664.110 Mobile Safari/537.36 (compatible; Googlebot/2.1; +http://www.google.com/bot.html)"
54.36.148.227 - - [22/Dec/2021:21:58:26 +0100] "GET /index.php/askquestion/form?category_id=48&product_id=8646&type=1&tmpl=component HTTP/1.1" 200 2420 "-" "Mozilla/5.0 (compatible; AhrefsBot/7.0; +http://ahrefs.com/robot/)"
54.36.148.227 - - [22/Dec/2021:21:58:38 +0100] "GET /index.php/6000-range/skf-6010 HTTP/1.1" 200 14459 "-" "Mozilla/5.0 (compatible; AhrefsBot/7.0; +http://ahrefs.com/robot/)"
66.249.66.4 - - [22/Dec/2021:21:58:41 +0100] "GET /index.php/72-range/nsk-7209ctrsump3 HTTP/1.1" 200 13925 "-" "Mozilla/5.0 (compatible; Googlebot/2.1; +http://www.google.com/bot.html)"
54.36.148.227 - - [22/Dec/2021:21:58:48 +0100] "GET /index.php/askquestion/form?category_id=1002&product_id=44092&type=1&tmpl=component HTTP/1.1" 200 2425 "-" "Mozilla/5.0 (compatible; AhrefsBot/7.0; +http://ahrefs.com/robot/)"
89.146.3.50 - - [22/Dec/2021:21:58:58 +0100] "GET /index.php/component/ajax/?format=json HTTP/1.1" 200 758 "https://www.lager-techniek.eu/index.php/spa-range/optibelt-spa1600" "Mozilla/5.0 (Windows NT 10.0; Win64; x64) AppleWebKit/537.36 (KHTML, like Gecko) Chrome/96.0.4664.110 Safari/537.36 Edg/96.0.1054.62"
54.36.148.227 - - [22/Dec/2021:21:58:59 +0100] "GET /index.php/askquestion/form?category_id=1036&product_id=42070&type=1&tmpl=component HTTP/1.1" 200 2415 "-" "Mozilla/5.0 (compatible; AhrefsBot/7.0; +http://ahrefs.com/robot/)"
66.249.66.198 - - [22/Dec/2021:21:59:01 +0100] "GET /index.php/tandriemen-at5/megadyne-at545016 HTTP/1.1" 200 14142 "-" "Mozilla/5.0 (Linux; Android 6.0.1; Nexus 5X Build/MMB29P) AppleWebKit/537.36 (KHTML, like Gecko) Chrome/96.0.4664.110 Mobile Safari/537.36 (compatible; Googlebot/2.1; +http://www.google.com/bot.html)"
54.36.148.227 - - [22/Dec/2021:21:59:12 +0100] "GET /index.php/70-range-precisie-spindel/skf-7019cdp4adgb HTTP/1.1" 200 13873 "-" "Mozilla/5.0 (compatible; AhrefsBot/7.0; +http://ahrefs.com/robot/)"
66.249.66.6 - - [22/Dec/2021:21:59:13 +0100] "GET /index.php/tandriemen-xl/megadyne-210xl025 HTTP/1.1" 200 14441 "-" "Mozilla/5.0 (Linux; Android 6.0.1; Nexus 5X Build/MMB29P) AppleWebKit/537.36 (KHTML, like Gecko) Chrome/96.0.4664.110 Mobile Safari/537.36 (compatible; Googlebot/2.1; +http://www.google.com/bot.html)"
66.249.66.158 - - [22/Dec/2021:21:59:17 +0100] "GET /index.php/ir-range/ina-ir75x85x35egs HTTP/1.1" 200 13709 "-" "Mozilla/5.0 (Linux; Android 6.0.1; Nexus 5X Build/MMB29P) AppleWebKit/537.36 (KHTML, like Gecko) Chrome/96.0.4664.110 Mobile Safari/537.36 (compatible; Googlebot/2.1; +http://www.google.com/bot.html)"
163.172.185.53 - - [22/Dec/2021:21:59:18 +0100] "GET /index.php/askquestion/form?category_id=229&product_id=97221&type=1&tmpl=component HTTP/1.1" 200 2413 "-" "Mozilla/5.0 (Windows NT 10.0; Win64; x64) AppleWebKit/537.36 (KHTML, like Gecko) Chrome/93.0.4577.0 Safari/537.36"
163.172.185.53 - - [22/Dec/2021:21:59:18 +0100] "GET /media/com_jchoptimize/cache/js/46a8cca0392c68f5038d21a29bcd6a5c.js HTTP/1.1" 200 58822 "https://lager-techniek.eu/index.php/askquestion/form?category_id=229&product_id=97221&type=1&tmpl=component" "Mozilla/5.0 (Windows NT 10.0; Win64; x64) AppleWebKit/537.36 (KHTML, like Gecko) Chrome/93.0.4577.0 Safari/537.36"
54.36.148.227 - - [22/Dec/2021:21:59:24 +0100] "GET /index.php/std-8m/contitech-920s8m30 HTTP/1.1" 200 13850 "-" "Mozilla/5.0 (compatible; AhrefsBot/7.0; +http://ahrefs.com/robot/)"
178.118.52.254 - - [22/Dec/2021:21:59:32 +0100] "GET /index.php/component/ajax/?format=json HTTP/1.1" 200 758 "https://www.lager-techniek.eu/index.php/tandriemen-3m/gates-2883m15" "Mozilla/5.0 (Windows NT 10.0; Win64; x64) AppleWebKit/537.36 (KHTML, like Gecko) Chrome/96.0.4664.110 Safari/537.36"
54.36.148.227 - - [22/Dec/2021:21:59:35 +0100] "GET /index.php/askquestion/form?category_id=23&product_id=41683&type=1&tmpl=component HTTP/1.1" 200 2412 "-" "Mozilla/5.0 (compatible; AhrefsBot/7.0; +http://ahrefs.com/robot/)"
54.36.148.227 - - [22/Dec/2021:21:59:49 +0100] "GET /index.php/nu-1000-range/nsk-nu1014mc3 HTTP/1.1" 200 14329 "-" "Mozilla/5.0 (compatible; AhrefsBot/7.0; +http://ahrefs.com/robot/)"
66.249.66.76 - - [22/Dec/2021:21:59:52 +0100] "GET /index.php/51200-range/nsk-51228 HTTP/1.1" 404 5349 "-" "Mozilla/5.0 (Linux; Android 6.0.1; Nexus 5X Build/MMB29P) AppleWebKit/537.36 (KHTML, like Gecko) Chrome/96.0.4664.93 Mobile Safari/537.36 (compatible; Googlebot/2.1; +http://www.google.com/bot.html)"
66.249.66.4 - - [22/Dec/2021:22:00:12 +0100] "GET /index.php/tandriemen-t5/megadyne-t52758 HTTP/1.1" 200 14137 "-" "Mozilla/5.0 (Linux; Android 6.0.1; Nexus 5X Build/MMB29P) AppleWebKit/537.36 (KHTML, like Gecko) Chrome/96.0.4664.110 Mobile Safari/537.36 (compatible; Googlebot/2.1; +http://www.google.com/bot.html)"
163.172.185.53 - - [22/Dec/2021:22:00:16 +0100] "GET /index.php/askquestion/form?category_id=395&product_id=12813&type=1&tmpl=component HTTP/1.1" 200 2419 "-" "Mozilla/5.0 (Windows NT 10.0; Win64; x64) AppleWebKit/537.36 (KHTML, like Gecko) Chrome/93.0.4577.0 Safari/537.36"
163.172.185.53 - - [22/Dec/2021:22:00:16 +0100] "GET /media/com_jchoptimize/cache/js/b307e24f7a316226e3b012d9acfafc68.js HTTP/1.1" 200 58823 "https://lager-techniek.eu/index.php/askquestion/form?category_id=395&product_id=12813&type=1&tmpl=component" "Mozilla/5.0 (Windows NT 10.0; Win64; x64) AppleWebKit/537.36 (KHTML, like Gecko) Chrome/93.0.4577.0 Safari/537.36"
54.36.148.227 - - [22/Dec/2021:22:00:20 +0100] "GET /index.php/6200-range/skf-6213 HTTP/1.1" 200 14364 "-" "Mozilla/5.0 (compatible; AhrefsBot/7.0; +http://ahrefs.com/robot/)"
217.123.82.92 - - [22/Dec/2021:22:00:23 +0100] "GET /index.php/component/ajax/?format=json HTTP/1.1" 200 758 "https://www.lager-techniek.eu/index.php/duplex-rollenketting/vbchain-rk24b2" "Mozilla/5.0 (Windows NT 10.0; Win64; x64) AppleWebKit/537.36 (KHTML, like Gecko) Chrome/96.0.4664.110 Safari/537.36"
54.36.148.227 - - [22/Dec/2021:22:00:25 +0100] "GET /index.php/70-range-precisie-spindel/skf-7019cdp4aqbca HTTP/1.1" 200 13874 "-" "Mozilla/5.0 (compatible; AhrefsBot/7.0; +http://ahrefs.com/robot/)"
77.60.98.226 - - [22/Dec/2021:22:00:27 +0100] "GET /index.php/component/ajax/?format=json HTTP/1.1" 200 758 "https://www.lager-techniek.eu/index.php/b-range/contitech-17x1215" "Mozilla/5.0 (Windows NT 6.1; Win64; x64) AppleWebKit/537.36 (KHTML, like Gecko) Chrome/94.0.4606.71 Safari/537.36"
66.249.66.4 - - [22/Dec/2021:22:00:30 +0100] "GET /index.php/rnao-range/ina-rnao10x17x10tvxl HTTP/1.1" 200 13666 "-" "Mozilla/5.0 (compatible; Googlebot/2.1; +http://www.google.com/bot.html)"
178.118.52.254 - - [22/Dec/2021:22:00:32 +0100] "GET /index.php/component/ajax/?format=json HTTP/1.1" 200 758 "https://www.lager-techniek.eu/index.php/tandriemen-3m/gates-2823m6gt3" "Mozilla/5.0 (Windows NT 10.0; Win64; x64) AppleWebKit/537.36 (KHTML, like Gecko) Chrome/96.0.4664.110 Safari/537.36"
54.36.148.227 - - [22/Dec/2021:22:00:39 +0100] "GET /index.php/askquestion/form?category_id=18&product_id=1905&type=1&tmpl=component HTTP/1.1" 200 2406 "-" "Mozilla/5.0 (compatible; AhrefsBot/7.0; +http://ahrefs.com/robot/)"
81.204.203.132 - - [22/Dec/2021:22:00:46 +0100] "GET /index.php/component/ajax/?format=json HTTP/1.1" 200 758 "https://www.lager-techniek.eu/index.php/k-range-naaldkrans/ina-k20x28x20c" "Mozilla/5.0 (Windows NT 10.0; Win64; x64; rv:95.0) Gecko/20100101 Firefox/95.0"
81.204.203.132 - - [22/Dec/2021:22:00:46 +0100] "GET /index.php/component/ajax/?format=json HTTP/1.1" 200 758 "https://www.lager-techniek.eu/index.php/6000-range/fag-6006" "Mozilla/5.0 (Windows NT 10.0; Win64; x64; rv:95.0) Gecko/20100101 Firefox/95.0"
54.36.148.227 - - [22/Dec/2021:22:00:50 +0100] "GET /index.php/askquestion/form?category_id=1043&product_id=39386&type=1&tmpl=component HTTP/1.1" 200 2419 "-" "Mozilla/5.0 (compatible; AhrefsBot/7.0; +http://ahrefs.com/robot/)"
