66.249.66.195 - - [22/Dec/2021:22:10:26 +0100] "GET /index.php/16000-range/fag-16015c3 HTTP/1.1" 200 14382 "-" "Mozilla/5.0 (Linux; Android 6.0.1; Nexus 5X Build/MMB29P) AppleWebKit/537.36 (KHTML, like Gecko) Chrome/96.0.4664.110 Mobile Safari/537.36 (compatible; Googlebot/2.1; +http://www.google.com/bot.html)"
77.60.98.226 - - [22/Dec/2021:22:10:27 +0100] "GET /index.php/component/ajax/?format=json HTTP/1.1" 200 758 "https://www.lager-techniek.eu/index.php/b-range/contitech-17x1215" "Mozilla/5.0 (Windows NT 6.1; Win64; x64) AppleWebKit/537.36 (KHTML, like Gecko) Chrome/94.0.4606.71 Safari/537.36"
37.78.239.188 - - [22/Dec/2021:22:10:26 +0100] "GET / HTTP/1.0" 200 26316 "https://lager-techniek.eu/" "Mozilla/5.0 (Windows NT 6.3; Win64; x64) AppleWebKit/537.36 (KHTML, like Gecko) Chrome/90.0.4430.72 Safari/537.36 Edg/90.0.818.42"
178.118.52.254 - - [22/Dec/2021:22:10:32 +0100] "GET /index.php/component/ajax/?format=json HTTP/1.1" 200 758 "https://www.lager-techniek.eu/index.php/tandriemen-3m/gates-2823m6gt3" "Mozilla/5.0 (Windows NT 10.0; Win64; x64) AppleWebKit/537.36 (KHTML, like Gecko) Chrome/96.0.4664.110 Safari/537.36"
94.210.55.222 - - [22/Dec/2021:22:10:35 +0100] "GET /index.php/component/ajax/?format=json HTTP/1.1" 200 758 "https://www.lager-techniek.eu/index.php/duplex-rollenketting/elite-rk08b2e" "Mozilla/5.0 (Linux; Android 10; SM-T590) AppleWebKit/537.36 (KHTML, like Gecko) Chrome/96.0.4664.104 Safari/537.36"
54.36.148.227 - - [22/Dec/2021:22:10:35 +0100] "GET /index.php/spb-range/contitech-spb6340 HTTP/1.1" 200 14556 "-" "Mozilla/5.0 (compatible; AhrefsBot/7.0; +http://ahrefs.com/robot/)"
54.36.148.227 - - [22/Dec/2021:22:10:48 +0100] "GET /index.php/askquestion/form?category_id=450&product_id=48652&type=1&tmpl=component HTTP/1.1" 200 2424 "-" "Mozilla/5.0 (compatible; AhrefsBot/7.0; +http://ahrefs.com/robot/)"
66.249.66.76 - - [22/Dec/2021:22:10:51 +0100] "GET /index.php/2200-range/nsk-22012rstngc3 HTTP/1.1" 200 13854 "-" "Mozilla/5.0 (compatible; Googlebot/2.1; +http://www.google.com/bot.html)"
54.36.148.227 - - [22/Dec/2021:22:10:59 +0100] "GET /index.php/miniatuur-range/skf-6272zc3gjn HTTP/1.1" 200 13931 "-" "Mozilla/5.0 (compatible; AhrefsBot/7.0; +http://ahrefs.com/robot/)"
66.249.66.198 - - [22/Dec/2021:22:11:06 +0100] "GET /index.php/b-range/optibelt-17x2438 HTTP/1.1" 200 14540 "-" "Mozilla/5.0 (compatible; Googlebot/2.1; +http://www.google.com/bot.html)"
193.104.159.11 - - [22/Dec/2021:22:11:11 +0100] "GET /index.php/component/ajax/?format=json HTTP/1.1" 200 758 "https://www.lager-techniek.eu/index.php/2200-range/fag-22032rstvh" "Mozilla/5.0 (Windows NT 10.0; Win64; x64) AppleWebKit/537.36 (KHTML, like Gecko) Chrome/96.0.4664.110 Safari/537.36 Edg/96.0.1054.62"
54.36.148.227 - - [22/Dec/2021:22:11:13 +0100] "GET /index.php/askquestion/form?category_id=67&product_id=12004&type=1&tmpl=component HTTP/1.1" 200 2412 "-" "Mozilla/5.0 (compatible; AhrefsBot/7.0; +http://ahrefs.com/robot/)"
54.36.148.227 - - [22/Dec/2021:22:11:26 +0100] "GET /index.php/askquestion/form?category_id=374&product_id=25100&type=1&tmpl=component HTTP/1.1" 200 2410 "-" "Mozilla/5.0 (compatible; AhrefsBot/7.0; +http://ahrefs.com/robot/)"
91.183.150.180 - - [22/Dec/2021:22:11:35 +0100] "GET /index.php/component/ajax/?format=json HTTP/1.1" 200 758 "https://www.lager-techniek.eu/index.php/overig/skf-tmft36" "Mozilla/5.0 (Windows NT 6.3; Win64; x64) AppleWebKit/537.36 (KHTML, like Gecko) Chrome/96.0.4664.110 Safari/537.36"
163.172.142.121 - - [22/Dec/2021:22:11:37 +0100] "GET /index.php/askquestion/form?category_id=234&product_id=50743&type=1&tmpl=component HTTP/1.1" 200 2427 "-" "Mozilla/5.0 (Windows NT 10.0; Win64; x64) AppleWebKit/537.36 (KHTML, like Gecko) Chrome/93.0.4577.0 Safari/537.36"
163.172.142.121 - - [22/Dec/2021:22:11:37 +0100] "GET /media/com_jchoptimize/cache/js/58b2c0340c26d5d4dc7df3a2e4f90a95.js HTTP/1.1" 200 58824 "https://lager-techniek.eu/index.php/askquestion/form?category_id=234&product_id=50743&type=1&tmpl=component" "Mozilla/5.0 (Windows NT 10.0; Win64; x64) AppleWebKit/537.36 (KHTML, like Gecko) Chrome/93.0.4577.0 Safari/537.36"
54.36.148.227 - - [22/Dec/2021:22:11:39 +0100] "GET /index.php/askquestion/form?category_id=903&product_id=48404&type=1&tmpl=component HTTP/1.1" 200 2409 "-" "Mozilla/5.0 (compatible; AhrefsBot/7.0; +http://ahrefs.com/robot/)"
54.36.148.227 - - [22/Dec/2021:22:11:52 +0100] "GET /index.php/72-range/skf-7203acdp4adga HTTP/1.1" 200 14005 "-" "Mozilla/5.0 (compatible; AhrefsBot/7.0; +http://ahrefs.com/robot/)"
66.249.66.198 - - [22/Dec/2021:22:11:58 +0100] "GET /index.php/kettingwiel-06b-1/06b1z50 HTTP/1.1" 200 13949 "-" "Mozilla/5.0 (compatible; Googlebot/2.1; +http://www.google.com/bot.html)"
185.178.235.166 - - [22/Dec/2021:22:12:00 +0100] "GET /index.php/component/ajax/?format=json HTTP/1.1" 200 758 "https://www.lager-techniek.eu/index.php/kettingspanwiel/ina-ksr16l010101408" "Mozilla/5.0 (Windows NT 10.0; Win64; x64) AppleWebKit/537.36 (KHTML, like Gecko) Chrome/96.0.4664.45 Safari/537.36"
66.249.66.198 - - [22/Dec/2021:22:12:03 +0100] "GET /index.php/51100-range/zen-51104 HTTP/1.1" 404 5349 "-" "Mozilla/5.0 (Linux; Android 6.0.1; Nexus 5X Build/MMB29P) AppleWebKit/537.36 (KHTML, like Gecko) Chrome/96.0.4664.93 Mobile Safari/537.36 (compatible; Googlebot/2.1; +http://www.google.com/bot.html)"
54.36.148.227 - - [22/Dec/2021:22:12:07 +0100] "GET /index.php/askquestion/form?category_id=1066&product_id=45577&type=1&tmpl=component HTTP/1.1" 200 2411 "-" "Mozilla/5.0 (compatible; AhrefsBot/7.0; +http://ahrefs.com/robot/)"
54.36.148.227 - - [22/Dec/2021:22:12:21 +0100] "GET /index.php/cart/add?category_id=8&product_id=27462 HTTP/1.1" 303 645 "-" "Mozilla/5.0 (compatible; AhrefsBot/7.0; +http://ahrefs.com/robot/)"
77.226.249.91 - - [22/Dec/2021:22:12:28 +0100] "GET /index.php/component/ajax/?format=json HTTP/1.1" 200 758 "https://www.lager-techniek.eu/index.php/a-range/contitech-13x3650" "Mozilla/5.0 (Windows NT 10.0; Win64; x64) AppleWebKit/537.36 (KHTML, like Gecko) Chrome/96.0.4664.55 Safari/537.36 Edg/96.0.1054.43"
54.36.148.227 - - [22/Dec/2021:22:12:34 +0100] "GET /index.php/6000-range/skf-60042rshc3 HTTP/1.1" 200 14604 "-" "Mozilla/5.0 (compatible; AhrefsBot/7.0; +http://ahrefs.com/robot/)"
54.36.148.227 - - [22/Dec/2021:22:12:48 +0100] "GET /index.php/cart/add?category_id=8&product_id=27468 HTTP/1.1" 303 645 "-" "Mozilla/5.0 (compatible; AhrefsBot/7.0; +http://ahrefs.com/robot/)"
66.249.66.76 - - [22/Dec/2021:22:12:49 +0100] "GET /index.php/z-range/10x1400-contitech HTTP/1.1" 200 14666 "-" "Mozilla/5.0 (Linux; Android 6.0.1; Nexus 5X Build/MMB29P) AppleWebKit/537.36 (KHTML, like Gecko) Chrome/96.0.4664.93 Mobile Safari/537.36 (compatible; Googlebot/2.1; +http://www.google.com/bot.html)"
82.75.56.74 - - [22/Dec/2021:22:12:50 +0100] "GET /index.php/component/ajax/?format=json HTTP/1.1" 200 758 "https://www.lager-techniek.eu/index.php/6000-range/fag-60032rsr" "Mozilla/5.0 (Windows NT 10.0; Win64; x64; rv:95.0) Gecko/20100101 Firefox/95.0"
90.145.217.226 - - [22/Dec/2021:22:12:53 +0100] "GET /index.php/component/ajax/?format=json HTTP/1.1" 200 758 "https://www.lager-techniek.eu/index.php/met-flens/permaglide-paf25215-p11" "Mozilla/5.0 (Windows NT 10.0; Win64; x64) AppleWebKit/537.36 (KHTML, like Gecko) Chrome/96.0.4664.45 Safari/537.36"
54.36.148.227 - - [22/Dec/2021:22:13:04 +0100] "GET /index.php/cart/add?category_id=38&product_id=14526 HTTP/1.1" 303 645 "-" "Mozilla/5.0 (compatible; AhrefsBot/7.0; +http://ahrefs.com/robot/)"
66.249.66.76 - - [22/Dec/2021:22:13:12 +0100] "GET /index.php/tandriemen-at5/megadyne-at5200050 HTTP/1.1" 200 14150 "-" "Mozilla/5.0 (Linux; Android 6.0.1; Nexus 5X Build/MMB29P) AppleWebKit/537.36 (KHTML, like Gecko) Chrome/96.0.4664.110 Mobile Safari/537.36 (compatible; Googlebot/2.1; +http://www.google.com/bot.html)"
54.36.148.227 - - [22/Dec/2021:22:13:15 +0100] "GET /index.php/askquestion/form?category_id=174&product_id=30015&type=1&tmpl=component HTTP/1.1" 200 2414 "-" "Mozilla/5.0 (compatible; AhrefsBot/7.0; +http://ahrefs.com/robot/)"
54.36.148.227 - - [22/Dec/2021:22:13:32 +0100] "GET /index.php/askquestion/form?category_id=22&product_id=28113&type=1&tmpl=component HTTP/1.1" 200 2417 "-" "Mozilla/5.0 (compatible; AhrefsBot/7.0; +http://ahrefs.com/robot/)"
207.46.13.147 - - [22/Dec/2021:22:13:32 +0100] "GET /index.php/askquestion/form?category_id=32&product_id=12997&type=1&tmpl=component HTTP/1.1" 200 2413 "-" "Mozilla/5.0 (compatible; bingbot/2.0; +http://www.bing.com/bingbot.htm)"
89.205.135.143 - - [22/Dec/2021:22:13:40 +0100] "GET /components/com_jshopping/files/img_products/img_www.lager-techniek.eu_Taatslager.jpg HTTP/1.1" 200 11769 "https://www.google.nl/" "Mozilla/5.0 (iPhone; CPU iPhone OS 15_1 like Mac OS X) AppleWebKit/605.1.15 (KHTML, like Gecko) Version/15.1 Mobile/15E148 Safari/604.1"
54.36.148.227 - - [22/Dec/2021:22:13:46 +0100] "GET /index.php/borgmoer/snr-km2 HTTP/1.1" 200 14293 "-" "Mozilla/5.0 (compatible; AhrefsBot/7.0; +http://ahrefs.com/robot/)"
89.146.3.50 - - [22/Dec/2021:22:13:58 +0100] "GET /index.php/component/ajax/?format=json HTTP/1.1" 200 758 "https://www.lager-techniek.eu/index.php/spa-range/optibelt-spa1600" "Mozilla/5.0 (Windows NT 10.0; Win64; x64) AppleWebKit/537.36 (KHTML, like Gecko) Chrome/96.0.4664.110 Safari/537.36 Edg/96.0.1054.62"
51.15.231.21 - - [22/Dec/2021:22:13:58 +0100] "GET /index.php/askquestion/form?category_id=395&product_id=12807&type=1&tmpl=component HTTP/1.1" 200 2420 "-" "Mozilla/5.0 (Windows NT 10.0; Win64; x64) AppleWebKit/537.36 (KHTML, like Gecko) Chrome/93.0.4577.0 Safari/537.36"
51.15.231.21 - - [22/Dec/2021:22:13:59 +0100] "GET /media/com_jchoptimize/cache/js/ce10c15331777a6f3322338c90e00542.js HTTP/1.1" 200 58822 "https://lager-techniek.eu/index.php/askquestion/form?category_id=395&product_id=12807&type=1&tmpl=component" "Mozilla/5.0 (Windows NT 10.0; Win64; x64) AppleWebKit/537.36 (KHTML, like Gecko) Chrome/93.0.4577.0 Safari/537.36"
54.36.148.227 - - [22/Dec/2021:22:14:00 +0100] "GET /index.php/askquestion/form?category_id=447&product_id=28835&type=1&tmpl=component HTTP/1.1" 200 2410 "-" "Mozilla/5.0 (compatible; AhrefsBot/7.0; +http://ahrefs.com/robot/)"
207.46.13.175 - - [22/Dec/2021:22:13:59 +0100] "GET /index.php/51100-range/skf-51102 HTTP/1.1" 200 14535 "-" "Mozilla/5.0 (compatible; bingbot/2.0; +http://www.bing.com/bingbot.htm)"
66.249.66.200 - - [22/Dec/2021:22:14:02 +0100] "GET /index.php/pcj-fy-fm-range/ina-pcj45xl HTTP/1.1" 200 14551 "-" "Mozilla/5.0 (Linux; Android 6.0.1; Nexus 5X Build/MMB29P) AppleWebKit/537.36 (KHTML, like Gecko) Chrome/96.0.4664.110 Mobile Safari/537.36 (compatible; Googlebot/2.1; +http://www.google.com/bot.html)"
54.36.148.227 - - [22/Dec/2021:22:14:13 +0100] "GET /index.php/6000-range/ntn-6017llu HTTP/1.1" 200 14484 "-" "Mozilla/5.0 (compatible; AhrefsBot/7.0; +http://ahrefs.com/robot/)"
54.36.148.227 - - [22/Dec/2021:22:14:29 +0100] "GET /index.php/askquestion/form?category_id=67&product_id=12003&type=1&tmpl=component HTTP/1.1" 200 2402 "-" "Mozilla/5.0 (compatible; AhrefsBot/7.0; +http://ahrefs.com/robot/)"
178.118.52.254 - - [22/Dec/2021:22:14:32 +0100] "GET /index.php/component/ajax/?format=json HTTP/1.1" 200 758 "https://www.lager-techniek.eu/index.php/tandriemen-3m/gates-2883m15" "Mozilla/5.0 (Windows NT 10.0; Win64; x64) AppleWebKit/537.36 (KHTML, like Gecko) Chrome/96.0.4664.110 Safari/537.36"
66.249.66.6 - - [22/Dec/2021:22:14:37 +0100] "GET /index.php/tandriemen-3m/contitech-2163m6 HTTP/1.1" 200 13907 "-" "Mozilla/5.0 (Linux; Android 6.0.1; Nexus 5X Build/MMB29P) AppleWebKit/537.36 (KHTML, like Gecko) Chrome/96.0.4664.110 Mobile Safari/537.36 (compatible; Googlebot/2.1; +http://www.google.com/bot.html)"
54.36.148.227 - - [22/Dec/2021:22:14:39 +0100] "GET /index.php/cart/add?category_id=26&product_id=45182 HTTP/1.1" 303 645 "-" "Mozilla/5.0 (compatible; AhrefsBot/7.0; +http://ahrefs.com/robot/)"
66.249.66.76 - - [22/Dec/2021:22:14:50 +0100] "GET /index.php/producenten/plaatwiel-08b-1/08b1z64pw HTTP/1.1" 200 13921 "-" "Mozilla/5.0 (Linux; Android 6.0.1; Nexus 5X Build/MMB29P) AppleWebKit/537.36 (KHTML, like Gecko) Chrome/96.0.4664.93 Mobile Safari/537.36 (compatible; Googlebot/2.1; +http://www.google.com/bot.html)"
54.36.148.227 - - [22/Dec/2021:22:14:52 +0100] "GET /index.php/askquestion/form?category_id=1042&product_id=39362&type=1&tmpl=component HTTP/1.1" 200 2417 "-" "Mozilla/5.0 (compatible; AhrefsBot/7.0; +http://ahrefs.com/robot/)"
54.36.148.227 - - [22/Dec/2021:22:15:03 +0100] "GET /index.php/cart/add?category_id=10&product_id=2756 HTTP/1.1" 303 645 "-" "Mozilla/5.0 (compatible; AhrefsBot/7.0; +http://ahrefs.com/robot/)"
66.249.66.195 - - [22/Dec/2021:22:15:14 +0100] "GET /index.php/borgmoer/skfkm11 HTTP/1.1" 200 14343 "-" "Mozilla/5.0 (Linux; Android 6.0.1; Nexus 5X Build/MMB29P) AppleWebKit/537.36 (KHTML, like Gecko) Chrome/96.0.4664.93 Mobile Safari/537.36 (compatible; Googlebot/2.1; +http://www.google.com/bot.html)"
54.36.148.227 - - [22/Dec/2021:22:15:17 +0100] "GET /index.php/askquestion/form?category_id=1066&product_id=45578&type=1&tmpl=component HTTP/1.1" 200 2411 "-" "Mozilla/5.0 (compatible; AhrefsBot/7.0; +http://ahrefs.com/robot/)"
77.88.5.233 - - [22/Dec/2021:22:15:18 +0100] "GET /index.php/av-range/nilos-30208av HTTP/1.1" 200 13812 "-" "Mozilla/5.0 (compatible; YandexBot/3.0; +http://yandex.com/bots)"
66.249.66.6 - - [22/Dec/2021:22:15:23 +0100] "GET /media/com_jchoptimize/cache/js/5efe1a26493633d19fc6e445479a6077.js HTTP/1.1" 200 74723 "https://www.lager-techniek.eu/index.php/borgmoer/skfkm11" "Mozilla/5.0 (Linux; Android 6.0.1; Nexus 5X Build/MMB29P) AppleWebKit/537.36 (KHTML, like Gecko) Chrome/96.0.4664.93 Mobile Safari/537.36 (compatible; Googlebot/2.1; +http://www.google.com/bot.html)"
217.123.82.92 - - [22/Dec/2021:22:15:24 +0100] "GET /index.php/component/ajax/?format=json HTTP/1.1" 200 758 "https://www.lager-techniek.eu/index.php/duplex-rollenketting/vbchain-rk24b2" "Mozilla/5.0 (Windows NT 10.0; Win64; x64) AppleWebKit/537.36 (KHTML, like Gecko) Chrome/96.0.4664.110 Safari/537.36"
77.60.98.226 - - [22/Dec/2021:22:15:27 +0100] "GET /index.php/component/ajax/?format=json HTTP/1.1" 200 758 "https://www.lager-techniek.eu/index.php/b-range/contitech-17x1215" "Mozilla/5.0 (Windows NT 6.1; Win64; x64) AppleWebKit/537.36 (KHTML, like Gecko) Chrome/94.0.4606.71 Safari/537.36"
54.36.148.227 - - [22/Dec/2021:22:15:30 +0100] "GET /index.php/32200-range/timken-32205b HTTP/1.1" 200 14034 "-" "Mozilla/5.0 (compatible; AhrefsBot/7.0; +http://ahrefs.com/robot/)"
178.118.52.254 - - [22/Dec/2021:22:15:32 +0100] "GET /index.php/component/ajax/?format=json HTTP/1.1" 200 758 "https://www.lager-techniek.eu/index.php/tandriemen-3m/gates-2823m6gt3" "Mozilla/5.0 (Windows NT 10.0; Win64; x64) AppleWebKit/537.36 (KHTML, like Gecko) Chrome/96.0.4664.110 Safari/537.36"
207.46.13.147 - - [22/Dec/2021:22:15:33 +0100] "GET /index.php/huizen/skf-snl530 HTTP/1.1" 200 14379 "-" "Mozilla/5.0 (compatible; bingbot/2.0; +http://www.bing.com/bingbot.htm)"
54.36.148.227 - - [22/Dec/2021:22:15:46 +0100] "GET /index.php/cart/add?category_id=13&product_id=51771 HTTP/1.1" 303 645 "-" "Mozilla/5.0 (compatible; AhrefsBot/7.0; +http://ahrefs.com/robot/)"
54.36.148.227 - - [22/Dec/2021:22:16:01 +0100] "GET /index.php/askquestion/form?category_id=946&product_id=39607&type=1&tmpl=component HTTP/1.1" 200 2418 "-" "Mozilla/5.0 (compatible; AhrefsBot/7.0; +http://ahrefs.com/robot/)"
66.249.66.76 - - [22/Dec/2021:22:16:05 +0100] "GET /index.php/24100-range/skf-241262cs5wc4gem9 HTTP/1.1" 200 14202 "-" "Mozilla/5.0 (compatible; Googlebot/2.1; +http://www.google.com/bot.html)"
193.104.159.11 - - [22/Dec/2021:22:16:11 +0100] "GET /index.php/component/ajax/?format=json HTTP/1.1" 200 758 "https://www.lager-techniek.eu/index.php/2200-range/fag-22032rstvh" "Mozilla/5.0 (Windows NT 10.0; Win64; x64) AppleWebKit/537.36 (KHTML, like Gecko) Chrome/96.0.4664.110 Safari/537.36 Edg/96.0.1054.62"
54.36.148.227 - - [22/Dec/2021:22:16:17 +0100] "GET /index.php/askquestion/form?category_id=174&product_id=21217&type=1&tmpl=component HTTP/1.1" 200 2420 "-" "Mozilla/5.0 (compatible; AhrefsBot/7.0; +http://ahrefs.com/robot/)"
54.36.148.227 - - [22/Dec/2021:22:16:29 +0100] "GET /index.php/4545/454595-klembus HTTP/1.1" 200 13839 "-" "Mozilla/5.0 (compatible; AhrefsBot/7.0; +http://ahrefs.com/robot/)"
91.183.150.180 - - [22/Dec/2021:22:16:35 +0100] "GET /index.php/component/ajax/?format=json HTTP/1.1" 200 758 "https://www.lager-techniek.eu/index.php/overig/skf-tmft36" "Mozilla/5.0 (Windows NT 6.3; Win64; x64) AppleWebKit/537.36 (KHTML, like Gecko) Chrome/96.0.4664.110 Safari/537.36"
163.172.157.95 - - [22/Dec/2021:22:16:39 +0100] "GET /index.php/overig/merkloos-f697-zz?tmpl=component&print=1 HTTP/1.1" 200 3507 "-" "Mozilla/5.0 (Windows NT 10.0; Win64; x64) AppleWebKit/537.36 (KHTML, like Gecko) Chrome/93.0.4577.0 Safari/537.36"
163.172.157.95 - - [22/Dec/2021:22:16:40 +0100] "GET /media/com_jchoptimize/cache/js/4837f08fd6c33c22e1e21894d237393a.js HTTP/1.1" 200 66509 "https://lager-techniek.eu/index.php/overig/merkloos-f697-zz?tmpl=component&print=1" "Mozilla/5.0 (Windows NT 10.0; Win64; x64) AppleWebKit/537.36 (KHTML, like Gecko) Chrome/93.0.4577.0 Safari/537.36"
163.172.157.95 - - [22/Dec/2021:22:16:40 +0100] "GET /media/com_jchoptimize/cache/js/01c2bb7e5b2f41c77be699ef921df934.js HTTP/1.1" 200 20649 "https://lager-techniek.eu/index.php/overig/merkloos-f697-zz?tmpl=component&print=1" "Mozilla/5.0 (Windows NT 10.0; Win64; x64) AppleWebKit/537.36 (KHTML, like Gecko) Chrome/93.0.4577.0 Safari/537.36"
54.36.148.227 - - [22/Dec/2021:22:16:44 +0100] "GET /index.php/6200-range/fag-6213zc3 HTTP/1.1" 200 14474 "-" "Mozilla/5.0 (compatible; AhrefsBot/7.0; +http://ahrefs.com/robot/)"
66.249.66.195 - - [22/Dec/2021:22:16:44 +0100] "GET /index.php/6300-range/nsk-6307 HTTP/1.1" 200 14471 "-" "Mozilla/5.0 (Linux; Android 6.0.1; Nexus 5X Build/MMB29P) AppleWebKit/537.36 (KHTML, like Gecko) Chrome/96.0.4664.93 Mobile Safari/537.36 (compatible; Googlebot/2.1; +http://www.google.com/bot.html)"
66.249.66.4 - - [22/Dec/2021:22:16:48 +0100] "GET /media/com_jchoptimize/cache/js/9bae35b9dcd33f873bafa566630aa6db.js HTTP/1.1" 200 101226 "https://www.lager-techniek.eu/index.php/6300-range/nsk-6307" "Mozilla/5.0 (Linux; Android 6.0.1; Nexus 5X Build/MMB29P) AppleWebKit/537.36 (KHTML, like Gecko) Chrome/96.0.4664.93 Mobile Safari/537.36 (compatible; Googlebot/2.1; +http://www.google.com/bot.html)"
207.46.13.122 - - [22/Dec/2021:22:16:55 +0100] "GET /index.php/pj-range/gates-pj1136-7 HTTP/1.1" 200 13989 "-" "Mozilla/5.0 (compatible; bingbot/2.0; +http://www.bing.com/bingbot.htm)"
54.36.148.227 - - [22/Dec/2021:22:16:59 +0100] "GET /index.php/skf-e2-energy-efficient-lagers/skf-e26092zc3 HTTP/1.1" 200 13880 "-" "Mozilla/5.0 (compatible; AhrefsBot/7.0; +http://ahrefs.com/robot/)"
185.178.235.166 - - [22/Dec/2021:22:17:00 +0100] "GET /index.php/component/ajax/?format=json HTTP/1.1" 200 758 "https://www.lager-techniek.eu/index.php/kettingspanwiel/ina-ksr16l010101408" "Mozilla/5.0 (Windows NT 10.0; Win64; x64) AppleWebKit/537.36 (KHTML, like Gecko) Chrome/96.0.4664.45 Safari/537.36"
193.106.31.130 - - [22/Dec/2021:22:17:05 +0100] "GET /administrator/index.php HTTP/1.0" 200 8021 "-" "Mozilla/4.0 (compatible; MSIE 7.0; Windows NT 6.0)"
54.36.148.227 - - [22/Dec/2021:22:17:10 +0100] "GET /index.php/20-range/contitech-20x1120 HTTP/1.1" 200 14060 "-" "Mozilla/5.0 (compatible; AhrefsBot/7.0; +http://ahrefs.com/robot/)"
66.249.66.78 - - [22/Dec/2021:22:17:18 +0100] "GET /media/com_jchoptimize/cache/js/22c7e11e88fd21fa2c50c735d9d281ab.js HTTP/1.1" 200 74723 "https://www.lager-techniek.eu/index.php/z-range/10x1400-contitech" "Mozilla/5.0 (Linux; Android 6.0.1; Nexus 5X Build/MMB29P) AppleWebKit/537.36 (KHTML, like Gecko) Chrome/96.0.4664.93 Mobile Safari/537.36 (compatible; Googlebot/2.1; +http://www.google.com/bot.html)"
54.36.148.227 - - [22/Dec/2021:22:17:24 +0100] "GET /index.php/cart/add?category_id=8&product_id=7926 HTTP/1.1" 303 645 "-" "Mozilla/5.0 (compatible; AhrefsBot/7.0; +http://ahrefs.com/robot/)"
2a02:a441:875f:1:7de0:18ed:ddb5:da4b - - [22/Dec/2021:22:17:24 +0100] "GET /index.php/kegellager-inch/skf-lm11749710q HTTP/1.1" 200 14418 "https://www.google.com/" "Mozilla/5.0 (Windows NT 10.0) AppleWebKit/537.36 (KHTML, like Gecko) Chrome/96.0.4664.110 Safari/537.36"
2a02:a441:875f:1:7de0:18ed:ddb5:da4b - - [22/Dec/2021:22:17:24 +0100] "GET /media/com_jchoptimize/cache/css/e3aaa5baf7724231080a3c38514acb60.css HTTP/1.1" 200 32260 "https://www.lager-techniek.eu/index.php/kegellager-inch/skf-lm11749710q" "Mozilla/5.0 (Windows NT 10.0) AppleWebKit/537.36 (KHTML, like Gecko) Chrome/96.0.4664.110 Safari/537.36"
2a02:a441:875f:1:7de0:18ed:ddb5:da4b - - [22/Dec/2021:22:17:24 +0100] "GET /images/banner12-lager-techniek.eu.jpg HTTP/1.1" 200 17827 "https://www.lager-techniek.eu/index.php/kegellager-inch/skf-lm11749710q" "Mozilla/5.0 (Windows NT 10.0) AppleWebKit/537.36 (KHTML, like Gecko) Chrome/96.0.4664.110 Safari/537.36"
2a02:a441:875f:1:7de0:18ed:ddb5:da4b - - [22/Dec/2021:22:17:24 +0100] "GET /media/com_jchoptimize/cache/js/06f37f52e42f8f6a99fa2b3e8e79d821.js HTTP/1.1" 200 20663 "https://www.lager-techniek.eu/index.php/kegellager-inch/skf-lm11749710q" "Mozilla/5.0 (Windows NT 10.0) AppleWebKit/537.36 (KHTML, like Gecko) Chrome/96.0.4664.110 Safari/537.36"
2a02:a441:875f:1:7de0:18ed:ddb5:da4b - - [22/Dec/2021:22:17:24 +0100] "GET /media/com_jchoptimize/cache/js/712d3a4d7a8822616158a4115511cc24.js HTTP/1.1" 200 74723 "https://www.lager-techniek.eu/index.php/kegellager-inch/skf-lm11749710q" "Mozilla/5.0 (Windows NT 10.0) AppleWebKit/537.36 (KHTML, like Gecko) Chrome/96.0.4664.110 Safari/537.36"
2a02:a441:875f:1:7de0:18ed:ddb5:da4b - - [22/Dec/2021:22:17:24 +0100] "GET /modules/mod_gtranslate/tmpl/lang/16/en.png HTTP/1.1" 200 1063 "https://www.lager-techniek.eu/index.php/kegellager-inch/skf-lm11749710q" "Mozilla/5.0 (Windows NT 10.0) AppleWebKit/537.36 (KHTML, like Gecko) Chrome/96.0.4664.110 Safari/537.36"
2a02:a441:875f:1:7de0:18ed:ddb5:da4b - - [22/Dec/2021:22:17:24 +0100] "GET /modules/mod_gtranslate/tmpl/lang/16/fr.png HTTP/1.1" 200 802 "https://www.lager-techniek.eu/index.php/kegellager-inch/skf-lm11749710q" "Mozilla/5.0 (Windows NT 10.0) AppleWebKit/537.36 (KHTML, like Gecko) Chrome/96.0.4664.110 Safari/537.36"
2a02:a441:875f:1:7de0:18ed:ddb5:da4b - - [22/Dec/2021:22:17:24 +0100] "GET /modules/mod_gtranslate/tmpl/lang/16/pt.png HTTP/1.1" 200 947 "https://www.lager-techniek.eu/index.php/kegellager-inch/skf-lm11749710q" "Mozilla/5.0 (Windows NT 10.0) AppleWebKit/537.36 (KHTML, like Gecko) Chrome/96.0.4664.110 Safari/537.36"
2a02:a441:875f:1:7de0:18ed:ddb5:da4b - - [22/Dec/2021:22:17:24 +0100] "GET /modules/mod_gtranslate/tmpl/lang/16/ru.png HTTP/1.1" 200 706 "https://www.lager-techniek.eu/index.php/kegellager-inch/skf-lm11749710q" "Mozilla/5.0 (Windows NT 10.0) AppleWebKit/537.36 (KHTML, like Gecko) Chrome/96.0.4664.110 Safari/537.36"
2a02:a441:875f:1:7de0:18ed:ddb5:da4b - - [22/Dec/2021:22:17:24 +0100] "GET /modules/mod_gtranslate/tmpl/lang/16/de.png HTTP/1.1" 200 747 "https://www.lager-techniek.eu/index.php/kegellager-inch/skf-lm11749710q" "Mozilla/5.0 (Windows NT 10.0) AppleWebKit/537.36 (KHTML, like Gecko) Chrome/96.0.4664.110 Safari/537.36"
2a02:a441:875f:1:7de0:18ed:ddb5:da4b - - [22/Dec/2021:22:17:24 +0100] "GET /modules/mod_gtranslate/tmpl/lang/16/es.png HTTP/1.1" 200 849 "https://www.lager-techniek.eu/index.php/kegellager-inch/skf-lm11749710q" "Mozilla/5.0 (Windows NT 10.0) AppleWebKit/537.36 (KHTML, like Gecko) Chrome/96.0.4664.110 Safari/537.36"
2a02:a441:875f:1:7de0:18ed:ddb5:da4b - - [22/Dec/2021:22:17:24 +0100] "GET /modules/mod_gtranslate/tmpl/lang/16/it.png HTTP/1.1" 200 796 "https://www.lager-techniek.eu/index.php/kegellager-inch/skf-lm11749710q" "Mozilla/5.0 (Windows NT 10.0) AppleWebKit/537.36 (KHTML, like Gecko) Chrome/96.0.4664.110 Safari/537.36"
2a02:a441:875f:1:7de0:18ed:ddb5:da4b - - [22/Dec/2021:22:17:24 +0100] "GET /media/system/images/arrow.png HTTP/1.1" 200 462 "https://www.lager-techniek.eu/index.php/kegellager-inch/skf-lm11749710q" "Mozilla/5.0 (Windows NT 10.0) AppleWebKit/537.36 (KHTML, like Gecko) Chrome/96.0.4664.110 Safari/537.36"
2a02:a441:875f:1:7de0:18ed:ddb5:da4b - - [22/Dec/2021:22:17:24 +0100] "GET /components/com_jshopping/images/print.png HTTP/1.1" 200 735 "https://www.lager-techniek.eu/index.php/kegellager-inch/skf-lm11749710q" "Mozilla/5.0 (Windows NT 10.0) AppleWebKit/537.36 (KHTML, like Gecko) Chrome/96.0.4664.110 Safari/537.36"
2a02:a441:875f:1:7de0:18ed:ddb5:da4b - - [22/Dec/2021:22:17:24 +0100] "GET /components/com_jshopping/files/img_products/img_TRB.jpg HTTP/1.1" 200 9479 "https://www.lager-techniek.eu/index.php/kegellager-inch/skf-lm11749710q" "Mozilla/5.0 (Windows NT 10.0) AppleWebKit/537.36 (KHTML, like Gecko) Chrome/96.0.4664.110 Safari/537.36"
2a02:a441:875f:1:7de0:18ed:ddb5:da4b - - [22/Dec/2021:22:17:24 +0100] "GET /components/com_jshopping/images/search.png HTTP/1.1" 200 847 "https://www.lager-techniek.eu/index.php/kegellager-inch/skf-lm11749710q" "Mozilla/5.0 (Windows NT 10.0) AppleWebKit/537.36 (KHTML, like Gecko) Chrome/96.0.4664.110 Safari/537.36"
2a02:a441:875f:1:7de0:18ed:ddb5:da4b - - [22/Dec/2021:22:17:24 +0100] "GET /components/com_jshopping/files/img_products/img_www.lager-techniek.eu_Kegellager_SKF1.jpg HTTP/1.1" 200 9766 "https://www.lager-techniek.eu/index.php/kegellager-inch/skf-lm11749710q" "Mozilla/5.0 (Windows NT 10.0) AppleWebKit/537.36 (KHTML, like Gecko) Chrome/96.0.4664.110 Safari/537.36"
2a02:a441:875f:1:7de0:18ed:ddb5:da4b - - [22/Dec/2021:22:17:24 +0100] "GET /components/com_jshopping/files/img_products/thumb_img_TRB.jpg HTTP/1.1" 200 4978 "https://www.lager-techniek.eu/index.php/kegellager-inch/skf-lm11749710q" "Mozilla/5.0 (Windows NT 10.0) AppleWebKit/537.36 (KHTML, like Gecko) Chrome/96.0.4664.110 Safari/537.36"
2a02:a441:875f:1:7de0:18ed:ddb5:da4b - - [22/Dec/2021:22:17:24 +0100] "GET /components/com_jshopping/files/img_products/thumb_img_www.lager-techniek.eu_Kegellager_SKF1.jpg HTTP/1.1" 200 4946 "https://www.lager-techniek.eu/index.php/kegellager-inch/skf-lm11749710q" "Mozilla/5.0 (Windows NT 10.0) AppleWebKit/537.36 (KHTML, like Gecko) Chrome/96.0.4664.110 Safari/537.36"
2a02:a441:875f:1:7de0:18ed:ddb5:da4b - - [22/Dec/2021:22:17:24 +0100] "GET /components/com_jshopping/files/img_products/thumb_img_TRBT.jpg HTTP/1.1" 200 3344 "https://www.lager-techniek.eu/index.php/kegellager-inch/skf-lm11749710q" "Mozilla/5.0 (Windows NT 10.0) AppleWebKit/537.36 (KHTML, like Gecko) Chrome/96.0.4664.110 Safari/537.36"
2a02:a441:875f:1:7de0:18ed:ddb5:da4b - - [22/Dec/2021:22:17:24 +0100] "GET /images/Lengteberekening.jpg HTTP/1.1" 200 10994 "https://www.lager-techniek.eu/index.php/kegellager-inch/skf-lm11749710q" "Mozilla/5.0 (Windows NT 10.0) AppleWebKit/537.36 (KHTML, like Gecko) Chrome/96.0.4664.110 Safari/537.36"
2a02:a441:875f:1:7de0:18ed:ddb5:da4b - - [22/Dec/2021:22:17:24 +0100] "GET /images/DPD.jpg HTTP/1.1" 200 7428 "https://www.lager-techniek.eu/index.php/kegellager-inch/skf-lm11749710q" "Mozilla/5.0 (Windows NT 10.0) AppleWebKit/537.36 (KHTML, like Gecko) Chrome/96.0.4664.110 Safari/537.36"
2a02:a441:875f:1:7de0:18ed:ddb5:da4b - - [22/Dec/2021:22:17:24 +0100] "GET /components/com_jshopping/files/img_products/thumb_NTNTRB.jpg HTTP/1.1" 200 4598 "https://www.lager-techniek.eu/index.php/kegellager-inch/skf-lm11749710q" "Mozilla/5.0 (Windows NT 10.0) AppleWebKit/537.36 (KHTML, like Gecko) Chrome/96.0.4664.110 Safari/537.36"
2a02:a441:875f:1:7de0:18ed:ddb5:da4b - - [22/Dec/2021:22:17:24 +0100] "GET /images/Postnl.jpg HTTP/1.1" 200 10478 "https://www.lager-techniek.eu/index.php/kegellager-inch/skf-lm11749710q" "Mozilla/5.0 (Windows NT 10.0) AppleWebKit/537.36 (KHTML, like Gecko) Chrome/96.0.4664.110 Safari/537.36"
2a02:a441:875f:1:7de0:18ed:ddb5:da4b - - [22/Dec/2021:22:17:24 +0100] "GET /images/UPS.jpg HTTP/1.1" 200 6889 "https://www.lager-techniek.eu/index.php/kegellager-inch/skf-lm11749710q" "Mozilla/5.0 (Windows NT 10.0) AppleWebKit/537.36 (KHTML, like Gecko) Chrome/96.0.4664.110 Safari/537.36"
2a02:a441:875f:1:7de0:18ed:ddb5:da4b - - [22/Dec/2021:22:17:24 +0100] "GET /images/index.jpg HTTP/1.1" 200 5654 "https://www.lager-techniek.eu/index.php/kegellager-inch/skf-lm11749710q" "Mozilla/5.0 (Windows NT 10.0) AppleWebKit/537.36 (KHTML, like Gecko) Chrome/96.0.4664.110 Safari/537.36"
2a02:a441:875f:1:7de0:18ed:ddb5:da4b - - [22/Dec/2021:22:17:24 +0100] "GET /images/images.jpg HTTP/1.1" 200 5841 "https://www.lager-techniek.eu/index.php/kegellager-inch/skf-lm11749710q" "Mozilla/5.0 (Windows NT 10.0) AppleWebKit/537.36 (KHTML, like Gecko) Chrome/96.0.4664.110 Safari/537.36"
2a02:a441:875f:1:7de0:18ed:ddb5:da4b - - [22/Dec/2021:22:17:24 +0100] "GET /images/achteraf.jpg HTTP/1.1" 200 2428 "https://www.lager-techniek.eu/index.php/kegellager-inch/skf-lm11749710q" "Mozilla/5.0 (Windows NT 10.0) AppleWebKit/537.36 (KHTML, like Gecko) Chrome/96.0.4664.110 Safari/537.36"
2a02:a441:875f:1:7de0:18ed:ddb5:da4b - - [22/Dec/2021:22:17:24 +0100] "GET /images/MollieIdeal.png HTTP/1.1" 200 15837 "https://www.lager-techniek.eu/index.php/kegellager-inch/skf-lm11749710q" "Mozilla/5.0 (Windows NT 10.0) AppleWebKit/537.36 (KHTML, like Gecko) Chrome/96.0.4664.110 Safari/537.36"
2a02:a441:875f:1:7de0:18ed:ddb5:da4b - - [22/Dec/2021:22:17:24 +0100] "GET /images/paypal.jpg HTTP/1.1" 200 2557 "https://www.lager-techniek.eu/index.php/kegellager-inch/skf-lm11749710q" "Mozilla/5.0 (Windows NT 10.0) AppleWebKit/537.36 (KHTML, like Gecko) Chrome/96.0.4664.110 Safari/537.36"
2a02:a441:875f:1:7de0:18ed:ddb5:da4b - - [22/Dec/2021:22:17:24 +0100] "GET /images/bank.jpg HTTP/1.1" 200 2955 "https://www.lager-techniek.eu/index.php/kegellager-inch/skf-lm11749710q" "Mozilla/5.0 (Windows NT 10.0) AppleWebKit/537.36 (KHTML, like Gecko) Chrome/96.0.4664.110 Safari/537.36"
2a02:a441:875f:1:7de0:18ed:ddb5:da4b - - [22/Dec/2021:22:17:24 +0100] "GET /images/Mollienancontact.jpg HTTP/1.1" 200 9278 "https://www.lager-techniek.eu/index.php/kegellager-inch/skf-lm11749710q" "Mozilla/5.0 (Windows NT 10.0) AppleWebKit/537.36 (KHTML, like Gecko) Chrome/96.0.4664.110 Safari/537.36"
2a02:a441:875f:1:7de0:18ed:ddb5:da4b - - [22/Dec/2021:22:17:24 +0100] "GET /media/com_jchoptimize/cache/js/af1111cf1dcd0f1d7258d5fa2fddab4c.js HTTP/1.1" 200 1504 "https://www.lager-techniek.eu/index.php/kegellager-inch/skf-lm11749710q" "Mozilla/5.0 (Windows NT 10.0) AppleWebKit/537.36 (KHTML, like Gecko) Chrome/96.0.4664.110 Safari/537.36"
2a02:a441:875f:1:7de0:18ed:ddb5:da4b - - [22/Dec/2021:22:17:24 +0100] "GET /components/com_jshopping/images/star.gif HTTP/1.1" 200 1171 "https://www.lager-techniek.eu/media/com_jchoptimize/cache/css/e3aaa5baf7724231080a3c38514acb60.css" "Mozilla/5.0 (Windows NT 10.0) AppleWebKit/537.36 (KHTML, like Gecko) Chrome/96.0.4664.110 Safari/537.36"
2a02:a441:875f:1:7de0:18ed:ddb5:da4b - - [22/Dec/2021:22:17:25 +0100] "GET /media/jui/fonts/IcoMoon.woff HTTP/1.1" 200 25867 "https://www.lager-techniek.eu/media/com_jchoptimize/cache/css/e3aaa5baf7724231080a3c38514acb60.css" "Mozilla/5.0 (Windows NT 10.0) AppleWebKit/537.36 (KHTML, like Gecko) Chrome/96.0.4664.110 Safari/537.36"
2a02:a441:875f:1:7de0:18ed:ddb5:da4b - - [22/Dec/2021:22:17:26 +0100] "GET /templates/protostar/favicon.ico HTTP/1.1" 200 1465 "https://www.lager-techniek.eu/index.php/kegellager-inch/skf-lm11749710q" "Mozilla/5.0 (Windows NT 10.0) AppleWebKit/537.36 (KHTML, like Gecko) Chrome/96.0.4664.110 Safari/537.36"
207.46.13.1 - - [22/Dec/2021:22:17:26 +0100] "GET /index.php/30300-range/skf-30309 HTTP/1.1" 200 14814 "-" "Mozilla/5.0 (compatible; bingbot/2.0; +http://www.bing.com/bingbot.htm)"
77.226.249.91 - - [22/Dec/2021:22:17:28 +0100] "GET /index.php/component/ajax/?format=json HTTP/1.1" 200 758 "https://www.lager-techniek.eu/index.php/a-range/contitech-13x3650" "Mozilla/5.0 (Windows NT 10.0; Win64; x64) AppleWebKit/537.36 (KHTML, like Gecko) Chrome/96.0.4664.55 Safari/537.36 Edg/96.0.1054.43"
54.36.148.227 - - [22/Dec/2021:22:17:37 +0100] "GET /index.php/askquestion/form?category_id=963&product_id=42168&type=1&tmpl=component HTTP/1.1" 200 2404 "-" "Mozilla/5.0 (compatible; AhrefsBot/7.0; +http://ahrefs.com/robot/)"
66.249.66.6 - - [22/Dec/2021:22:17:46 +0100] "GET /index.php/kettingwiel-12b-1-taperlock/12b1z26tl HTTP/1.1" 200 13903 "-" "Mozilla/5.0 (Linux; Android 6.0.1; Nexus 5X Build/MMB29P) AppleWebKit/537.36 (KHTML, like Gecko) Chrome/96.0.4664.110 Mobile Safari/537.36 (compatible; Googlebot/2.1; +http://www.google.com/bot.html)"
54.36.148.227 - - [22/Dec/2021:22:17:50 +0100] "GET /index.php/xpb-range/contitech-xpb1260p HTTP/1.1" 200 14648 "-" "Mozilla/5.0 (compatible; AhrefsBot/7.0; +http://ahrefs.com/robot/)"
82.75.56.74 - - [22/Dec/2021:22:17:51 +0100] "GET /index.php/component/ajax/?format=json HTTP/1.1" 200 758 "https://www.lager-techniek.eu/index.php/6000-range/fag-60032rsr" "Mozilla/5.0 (Windows NT 10.0; Win64; x64; rv:95.0) Gecko/20100101 Firefox/95.0"
90.145.217.226 - - [22/Dec/2021:22:17:53 +0100] "GET /index.php/component/ajax/?format=json HTTP/1.1" 200 758 "https://www.lager-techniek.eu/index.php/met-flens/permaglide-paf25215-p11" "Mozilla/5.0 (Windows NT 10.0; Win64; x64) AppleWebKit/537.36 (KHTML, like Gecko) Chrome/96.0.4664.45 Safari/537.36"
54.36.148.227 - - [22/Dec/2021:22:18:04 +0100] "GET /index.php/borgmoer/snr-km20 HTTP/1.1" 200 14323 "-" "Mozilla/5.0 (compatible; AhrefsBot/7.0; +http://ahrefs.com/robot/)"
54.36.148.227 - - [22/Dec/2021:22:18:18 +0100] "GET /index.php/n-200-range/fag-n219exlm1c3 HTTP/1.1" 200 13878 "-" "Mozilla/5.0 (compatible; AhrefsBot/7.0; +http://ahrefs.com/robot/)"
163.172.157.95 - - [22/Dec/2021:22:18:20 +0100] "GET /index.php/overig/merkloos-f697-zz?tmpl=component&print=1 HTTP/1.1" 200 3508 "-" "Mozilla/5.0 (Windows NT 10.0; Win64; x64) AppleWebKit/537.36 (KHTML, like Gecko) Chrome/93.0.4577.0 Safari/537.36"
163.172.157.95 - - [22/Dec/2021:22:18:21 +0100] "GET /media/com_jchoptimize/cache/js/01c2bb7e5b2f41c77be699ef921df934.js HTTP/1.1" 200 20649 "https://lager-techniek.eu/index.php/overig/merkloos-f697-zz?tmpl=component&print=1" "Mozilla/5.0 (Windows NT 10.0; Win64; x64) AppleWebKit/537.36 (KHTML, like Gecko) Chrome/93.0.4577.0 Safari/537.36"
163.172.157.95 - - [22/Dec/2021:22:18:21 +0100] "GET /media/com_jchoptimize/cache/js/4837f08fd6c33c22e1e21894d237393a.js HTTP/1.1" 200 66507 "https://lager-techniek.eu/index.php/overig/merkloos-f697-zz?tmpl=component&print=1" "Mozilla/5.0 (Windows NT 10.0; Win64; x64) AppleWebKit/537.36 (KHTML, like Gecko) Chrome/93.0.4577.0 Safari/537.36"
54.36.148.227 - - [22/Dec/2021:22:18:33 +0100] "GET /index.php/h200-range/timken-h205 HTTP/1.1" 200 14339 "-" "Mozilla/5.0 (compatible; AhrefsBot/7.0; +http://ahrefs.com/robot/)"
24.132.3.215 - - [22/Dec/2021:22:18:35 +0100] "GET /index.php/hk-range/ina-hk2516b HTTP/1.1" 200 14129 "https://www.google.nl/" "Mozilla/5.0 (iPhone; CPU iPhone OS 15_2 like Mac OS X) AppleWebKit/605.1.15 (KHTML, like Gecko) Version/15.2 Mobile/15E148 Safari/604.1"
24.132.3.215 - - [22/Dec/2021:22:18:36 +0100] "GET /images/banner12-lager-techniek.eu.jpg HTTP/1.1" 200 17827 "https://www.lager-techniek.eu/index.php/hk-range/ina-hk2516b" "Mozilla/5.0 (iPhone; CPU iPhone OS 15_2 like Mac OS X) AppleWebKit/605.1.15 (KHTML, like Gecko) Version/15.2 Mobile/15E148 Safari/604.1"
24.132.3.215 - - [22/Dec/2021:22:18:36 +0100] "GET /media/com_jchoptimize/cache/css/e3aaa5baf7724231080a3c38514acb60.css HTTP/1.1" 200 32260 "https://www.lager-techniek.eu/index.php/hk-range/ina-hk2516b" "Mozilla/5.0 (iPhone; CPU iPhone OS 15_2 like Mac OS X) AppleWebKit/605.1.15 (KHTML, like Gecko) Version/15.2 Mobile/15E148 Safari/604.1"
24.132.3.215 - - [22/Dec/2021:22:18:36 +0100] "GET /media/com_jchoptimize/cache/js/af1111cf1dcd0f1d7258d5fa2fddab4c.js HTTP/1.1" 200 1504 "https://www.lager-techniek.eu/index.php/hk-range/ina-hk2516b" "Mozilla/5.0 (iPhone; CPU iPhone OS 15_2 like Mac OS X) AppleWebKit/605.1.15 (KHTML, like Gecko) Version/15.2 Mobile/15E148 Safari/604.1"
24.132.3.215 - - [22/Dec/2021:22:18:36 +0100] "GET /media/com_jchoptimize/cache/js/06f37f52e42f8f6a99fa2b3e8e79d821.js HTTP/1.1" 200 20663 "https://www.lager-techniek.eu/index.php/hk-range/ina-hk2516b" "Mozilla/5.0 (iPhone; CPU iPhone OS 15_2 like Mac OS X) AppleWebKit/605.1.15 (KHTML, like Gecko) Version/15.2 Mobile/15E148 Safari/604.1"
24.132.3.215 - - [22/Dec/2021:22:18:36 +0100] "GET /media/com_jchoptimize/cache/js/3e57bb56ad242e0564f74172c509bf53.js HTTP/1.1" 200 101191 "https://www.lager-techniek.eu/index.php/hk-range/ina-hk2516b" "Mozilla/5.0 (iPhone; CPU iPhone OS 15_2 like Mac OS X) AppleWebKit/605.1.15 (KHTML, like Gecko) Version/15.2 Mobile/15E148 Safari/604.1"
24.132.3.215 - - [22/Dec/2021:22:18:36 +0100] "GET /modules/mod_gtranslate/tmpl/lang/16/en.png HTTP/1.1" 200 1063 "https://www.lager-techniek.eu/index.php/hk-range/ina-hk2516b" "Mozilla/5.0 (iPhone; CPU iPhone OS 15_2 like Mac OS X) AppleWebKit/605.1.15 (KHTML, like Gecko) Version/15.2 Mobile/15E148 Safari/604.1"
24.132.3.215 - - [22/Dec/2021:22:18:36 +0100] "GET /modules/mod_gtranslate/tmpl/lang/16/fr.png HTTP/1.1" 200 802 "https://www.lager-techniek.eu/index.php/hk-range/ina-hk2516b" "Mozilla/5.0 (iPhone; CPU iPhone OS 15_2 like Mac OS X) AppleWebKit/605.1.15 (KHTML, like Gecko) Version/15.2 Mobile/15E148 Safari/604.1"
24.132.3.215 - - [22/Dec/2021:22:18:36 +0100] "GET /modules/mod_gtranslate/tmpl/lang/16/de.png HTTP/1.1" 200 747 "https://www.lager-techniek.eu/index.php/hk-range/ina-hk2516b" "Mozilla/5.0 (iPhone; CPU iPhone OS 15_2 like Mac OS X) AppleWebKit/605.1.15 (KHTML, like Gecko) Version/15.2 Mobile/15E148 Safari/604.1"
24.132.3.215 - - [22/Dec/2021:22:18:36 +0100] "GET /modules/mod_gtranslate/tmpl/lang/16/pt.png HTTP/1.1" 200 947 "https://www.lager-techniek.eu/index.php/hk-range/ina-hk2516b" "Mozilla/5.0 (iPhone; CPU iPhone OS 15_2 like Mac OS X) AppleWebKit/605.1.15 (KHTML, like Gecko) Version/15.2 Mobile/15E148 Safari/604.1"
24.132.3.215 - - [22/Dec/2021:22:18:36 +0100] "GET /modules/mod_gtranslate/tmpl/lang/16/ru.png HTTP/1.1" 200 706 "https://www.lager-techniek.eu/index.php/hk-range/ina-hk2516b" "Mozilla/5.0 (iPhone; CPU iPhone OS 15_2 like Mac OS X) AppleWebKit/605.1.15 (KHTML, like Gecko) Version/15.2 Mobile/15E148 Safari/604.1"
24.132.3.215 - - [22/Dec/2021:22:18:36 +0100] "GET /modules/mod_gtranslate/tmpl/lang/16/es.png HTTP/1.1" 200 849 "https://www.lager-techniek.eu/index.php/hk-range/ina-hk2516b" "Mozilla/5.0 (iPhone; CPU iPhone OS 15_2 like Mac OS X) AppleWebKit/605.1.15 (KHTML, like Gecko) Version/15.2 Mobile/15E148 Safari/604.1"
24.132.3.215 - - [22/Dec/2021:22:18:36 +0100] "GET /media/system/images/arrow.png HTTP/1.1" 200 462 "https://www.lager-techniek.eu/index.php/hk-range/ina-hk2516b" "Mozilla/5.0 (iPhone; CPU iPhone OS 15_2 like Mac OS X) AppleWebKit/605.1.15 (KHTML, like Gecko) Version/15.2 Mobile/15E148 Safari/604.1"
24.132.3.215 - - [22/Dec/2021:22:18:36 +0100] "GET /components/com_jshopping/images/print.png HTTP/1.1" 200 735 "https://www.lager-techniek.eu/index.php/hk-range/ina-hk2516b" "Mozilla/5.0 (iPhone; CPU iPhone OS 15_2 like Mac OS X) AppleWebKit/605.1.15 (KHTML, like Gecko) Version/15.2 Mobile/15E148 Safari/604.1"
24.132.3.215 - - [22/Dec/2021:22:18:36 +0100] "GET /components/com_jshopping/images/search.png HTTP/1.1" 200 847 "https://www.lager-techniek.eu/index.php/hk-range/ina-hk2516b" "Mozilla/5.0 (iPhone; CPU iPhone OS 15_2 like Mac OS X) AppleWebKit/605.1.15 (KHTML, like Gecko) Version/15.2 Mobile/15E148 Safari/604.1"
24.132.3.215 - - [22/Dec/2021:22:18:36 +0100] "GET /modules/mod_gtranslate/tmpl/lang/16/it.png HTTP/1.1" 200 796 "https://www.lager-techniek.eu/index.php/hk-range/ina-hk2516b" "Mozilla/5.0 (iPhone; CPU iPhone OS 15_2 like Mac OS X) AppleWebKit/605.1.15 (KHTML, like Gecko) Version/15.2 Mobile/15E148 Safari/604.1"
24.132.3.215 - - [22/Dec/2021:22:18:36 +0100] "GET /media/jui/fonts/IcoMoon.woff HTTP/1.1" 200 25867 "https://www.lager-techniek.eu/index.php/hk-range/ina-hk2516b" "Mozilla/5.0 (iPhone; CPU iPhone OS 15_2 like Mac OS X) AppleWebKit/605.1.15 (KHTML, like Gecko) Version/15.2 Mobile/15E148 Safari/604.1"
24.132.3.215 - - [22/Dec/2021:22:18:36 +0100] "GET /components/com_jshopping/files/img_products/img_www.lager-techniek.eu_HK_Naaldlager.JPG HTTP/1.1" 200 11011 "https://www.lager-techniek.eu/index.php/hk-range/ina-hk2516b" "Mozilla/5.0 (iPhone; CPU iPhone OS 15_2 like Mac OS X) AppleWebKit/605.1.15 (KHTML, like Gecko) Version/15.2 Mobile/15E148 Safari/604.1"
24.132.3.215 - - [22/Dec/2021:22:18:36 +0100] "GET /components/com_jshopping/images/star.gif HTTP/1.1" 200 1171 "https://www.lager-techniek.eu/index.php/hk-range/ina-hk2516b" "Mozilla/5.0 (iPhone; CPU iPhone OS 15_2 like Mac OS X) AppleWebKit/605.1.15 (KHTML, like Gecko) Version/15.2 Mobile/15E148 Safari/604.1"
24.132.3.215 - - [22/Dec/2021:22:18:36 +0100] "GET /components/com_jshopping/files/img_products/img_www.lager-techniek.eu_INA_HK_Naaldlager.jpg HTTP/1.1" 200 8447 "https://www.lager-techniek.eu/index.php/hk-range/ina-hk2516b" "Mozilla/5.0 (iPhone; CPU iPhone OS 15_2 like Mac OS X) AppleWebKit/605.1.15 (KHTML, like Gecko) Version/15.2 Mobile/15E148 Safari/604.1"
24.132.3.215 - - [22/Dec/2021:22:18:36 +0100] "GET /components/com_jshopping/files/img_products/thumb_img_www.lager-techniek.eu_HK_Naaldlager.JPG HTTP/1.1" 200 5642 "https://www.lager-techniek.eu/index.php/hk-range/ina-hk2516b" "Mozilla/5.0 (iPhone; CPU iPhone OS 15_2 like Mac OS X) AppleWebKit/605.1.15 (KHTML, like Gecko) Version/15.2 Mobile/15E148 Safari/604.1"
24.132.3.215 - - [22/Dec/2021:22:18:36 +0100] "GET /components/com_jshopping/files/img_products/thumb_img_www.lager-techniek.eu_INA_HK_Naaldlager.jpg HTTP/1.1" 200 4803 "https://www.lager-techniek.eu/index.php/hk-range/ina-hk2516b" "Mozilla/5.0 (iPhone; CPU iPhone OS 15_2 like Mac OS X) AppleWebKit/605.1.15 (KHTML, like Gecko) Version/15.2 Mobile/15E148 Safari/604.1"
24.132.3.215 - - [22/Dec/2021:22:18:36 +0100] "GET /components/com_jshopping/files/img_products/thumb_img_NTNHK.jpg HTTP/1.1" 200 4286 "https://www.lager-techniek.eu/index.php/hk-range/ina-hk2516b" "Mozilla/5.0 (iPhone; CPU iPhone OS 15_2 like Mac OS X) AppleWebKit/605.1.15 (KHTML, like Gecko) Version/15.2 Mobile/15E148 Safari/604.1"
24.132.3.215 - - [22/Dec/2021:22:18:36 +0100] "GET /images/Lengteberekening.jpg HTTP/1.1" 200 10994 "https://www.lager-techniek.eu/index.php/hk-range/ina-hk2516b" "Mozilla/5.0 (iPhone; CPU iPhone OS 15_2 like Mac OS X) AppleWebKit/605.1.15 (KHTML, like Gecko) Version/15.2 Mobile/15E148 Safari/604.1"
24.132.3.215 - - [22/Dec/2021:22:18:36 +0100] "GET /images/DPD.jpg HTTP/1.1" 200 7428 "https://www.lager-techniek.eu/index.php/hk-range/ina-hk2516b" "Mozilla/5.0 (iPhone; CPU iPhone OS 15_2 like Mac OS X) AppleWebKit/605.1.15 (KHTML, like Gecko) Version/15.2 Mobile/15E148 Safari/604.1"
24.132.3.215 - - [22/Dec/2021:22:18:36 +0100] "GET /images/UPS.jpg HTTP/1.1" 200 6889 "https://www.lager-techniek.eu/index.php/hk-range/ina-hk2516b" "Mozilla/5.0 (iPhone; CPU iPhone OS 15_2 like Mac OS X) AppleWebKit/605.1.15 (KHTML, like Gecko) Version/15.2 Mobile/15E148 Safari/604.1"
24.132.3.215 - - [22/Dec/2021:22:18:36 +0100] "GET /images/Postnl.jpg HTTP/1.1" 200 10478 "https://www.lager-techniek.eu/index.php/hk-range/ina-hk2516b" "Mozilla/5.0 (iPhone; CPU iPhone OS 15_2 like Mac OS X) AppleWebKit/605.1.15 (KHTML, like Gecko) Version/15.2 Mobile/15E148 Safari/604.1"
24.132.3.215 - - [22/Dec/2021:22:18:36 +0100] "GET /images/images.jpg HTTP/1.1" 200 5841 "https://www.lager-techniek.eu/index.php/hk-range/ina-hk2516b" "Mozilla/5.0 (iPhone; CPU iPhone OS 15_2 like Mac OS X) AppleWebKit/605.1.15 (KHTML, like Gecko) Version/15.2 Mobile/15E148 Safari/604.1"
24.132.3.215 - - [22/Dec/2021:22:18:36 +0100] "GET /images/index.jpg HTTP/1.1" 200 5654 "https://www.lager-techniek.eu/index.php/hk-range/ina-hk2516b" "Mozilla/5.0 (iPhone; CPU iPhone OS 15_2 like Mac OS X) AppleWebKit/605.1.15 (KHTML, like Gecko) Version/15.2 Mobile/15E148 Safari/604.1"
24.132.3.215 - - [22/Dec/2021:22:18:36 +0100] "GET /images/achteraf.jpg HTTP/1.1" 200 2428 "https://www.lager-techniek.eu/index.php/hk-range/ina-hk2516b" "Mozilla/5.0 (iPhone; CPU iPhone OS 15_2 like Mac OS X) AppleWebKit/605.1.15 (KHTML, like Gecko) Version/15.2 Mobile/15E148 Safari/604.1"
24.132.3.215 - - [22/Dec/2021:22:18:36 +0100] "GET /images/paypal.jpg HTTP/1.1" 200 2557 "https://www.lager-techniek.eu/index.php/hk-range/ina-hk2516b" "Mozilla/5.0 (iPhone; CPU iPhone OS 15_2 like Mac OS X) AppleWebKit/605.1.15 (KHTML, like Gecko) Version/15.2 Mobile/15E148 Safari/604.1"
24.132.3.215 - - [22/Dec/2021:22:18:36 +0100] "GET /images/Mollienancontact.jpg HTTP/1.1" 200 9278 "https://www.lager-techniek.eu/index.php/hk-range/ina-hk2516b" "Mozilla/5.0 (iPhone; CPU iPhone OS 15_2 like Mac OS X) AppleWebKit/605.1.15 (KHTML, like Gecko) Version/15.2 Mobile/15E148 Safari/604.1"
24.132.3.215 - - [22/Dec/2021:22:18:36 +0100] "GET /images/MollieIdeal.png HTTP/1.1" 200 15837 "https://www.lager-techniek.eu/index.php/hk-range/ina-hk2516b" "Mozilla/5.0 (iPhone; CPU iPhone OS 15_2 like Mac OS X) AppleWebKit/605.1.15 (KHTML, like Gecko) Version/15.2 Mobile/15E148 Safari/604.1"
24.132.3.215 - - [22/Dec/2021:22:18:36 +0100] "GET /images/bank.jpg HTTP/1.1" 200 2955 "https://www.lager-techniek.eu/index.php/hk-range/ina-hk2516b" "Mozilla/5.0 (iPhone; CPU iPhone OS 15_2 like Mac OS X) AppleWebKit/605.1.15 (KHTML, like Gecko) Version/15.2 Mobile/15E148 Safari/604.1"
24.132.3.215 - - [22/Dec/2021:22:18:37 +0100] "GET /templates/protostar/favicon.ico HTTP/1.1" 200 1432 "https://www.lager-techniek.eu/index.php/hk-range/ina-hk2516b" "Mozilla/5.0 (iPhone; CPU iPhone OS 15_2 like Mac OS X) AppleWebKit/605.1.15 (KHTML, like Gecko) Version/15.2 Mobile/15E148 Safari/604.1"
54.36.148.227 - - [22/Dec/2021:22:18:47 +0100] "GET /index.php/askquestion/form?category_id=963&product_id=42164&type=1&tmpl=component HTTP/1.1" 200 2405 "-" "Mozilla/5.0 (compatible; AhrefsBot/7.0; +http://ahrefs.com/robot/)"
2a02:a45e:4c6:1:7415:5335:9012:7c22 - - [22/Dec/2021:22:18:52 +0100] "GET /index.php/magneto-lagers/fag-m20tvp HTTP/1.1" 200 13657 "https://www.google.nl/" "Mozilla/5.0 (iPhone; CPU iPhone OS 15_1_1 like Mac OS X) AppleWebKit/605.1.15 (KHTML, like Gecko) Version/15.1 Mobile/15E148 Safari/604.1"
2a02:a45e:4c6:1:7415:5335:9012:7c22 - - [22/Dec/2021:22:18:53 +0100] "GET /images/banner12-lager-techniek.eu.jpg HTTP/1.1" 200 17827 "https://www.lager-techniek.eu/index.php/magneto-lagers/fag-m20tvp" "Mozilla/5.0 (iPhone; CPU iPhone OS 15_1_1 like Mac OS X) AppleWebKit/605.1.15 (KHTML, like Gecko) Version/15.1 Mobile/15E148 Safari/604.1"
2a02:a45e:4c6:1:7415:5335:9012:7c22 - - [22/Dec/2021:22:18:53 +0100] "GET /media/com_jchoptimize/cache/css/e3aaa5baf7724231080a3c38514acb60.css HTTP/1.1" 200 32260 "https://www.lager-techniek.eu/index.php/magneto-lagers/fag-m20tvp" "Mozilla/5.0 (iPhone; CPU iPhone OS 15_1_1 like Mac OS X) AppleWebKit/605.1.15 (KHTML, like Gecko) Version/15.1 Mobile/15E148 Safari/604.1"
2a02:a45e:4c6:1:7415:5335:9012:7c22 - - [22/Dec/2021:22:18:53 +0100] "GET /media/com_jchoptimize/cache/js/af1111cf1dcd0f1d7258d5fa2fddab4c.js HTTP/1.1" 200 1504 "https://www.lager-techniek.eu/index.php/magneto-lagers/fag-m20tvp" "Mozilla/5.0 (iPhone; CPU iPhone OS 15_1_1 like Mac OS X) AppleWebKit/605.1.15 (KHTML, like Gecko) Version/15.1 Mobile/15E148 Safari/604.1"
2a02:a45e:4c6:1:7415:5335:9012:7c22 - - [22/Dec/2021:22:18:53 +0100] "GET /media/com_jchoptimize/cache/js/06f37f52e42f8f6a99fa2b3e8e79d821.js HTTP/1.1" 200 20663 "https://www.lager-techniek.eu/index.php/magneto-lagers/fag-m20tvp" "Mozilla/5.0 (iPhone; CPU iPhone OS 15_1_1 like Mac OS X) AppleWebKit/605.1.15 (KHTML, like Gecko) Version/15.1 Mobile/15E148 Safari/604.1"
2a02:a45e:4c6:1:7415:5335:9012:7c22 - - [22/Dec/2021:22:18:53 +0100] "GET /media/com_jchoptimize/cache/js/ad9a51c6e8c32c9c3b2d883ae811278e.js HTTP/1.1" 200 101227 "https://www.lager-techniek.eu/index.php/magneto-lagers/fag-m20tvp" "Mozilla/5.0 (iPhone; CPU iPhone OS 15_1_1 like Mac OS X) AppleWebKit/605.1.15 (KHTML, like Gecko) Version/15.1 Mobile/15E148 Safari/604.1"
2a02:a45e:4c6:1:7415:5335:9012:7c22 - - [22/Dec/2021:22:18:53 +0100] "GET /modules/mod_gtranslate/tmpl/lang/16/en.png HTTP/1.1" 200 1063 "https://www.lager-techniek.eu/index.php/magneto-lagers/fag-m20tvp" "Mozilla/5.0 (iPhone; CPU iPhone OS 15_1_1 like Mac OS X) AppleWebKit/605.1.15 (KHTML, like Gecko) Version/15.1 Mobile/15E148 Safari/604.1"
2a02:a45e:4c6:1:7415:5335:9012:7c22 - - [22/Dec/2021:22:18:53 +0100] "GET /modules/mod_gtranslate/tmpl/lang/16/pt.png HTTP/1.1" 200 947 "https://www.lager-techniek.eu/index.php/magneto-lagers/fag-m20tvp" "Mozilla/5.0 (iPhone; CPU iPhone OS 15_1_1 like Mac OS X) AppleWebKit/605.1.15 (KHTML, like Gecko) Version/15.1 Mobile/15E148 Safari/604.1"
2a02:a45e:4c6:1:7415:5335:9012:7c22 - - [22/Dec/2021:22:18:53 +0100] "GET /modules/mod_gtranslate/tmpl/lang/16/de.png HTTP/1.1" 200 747 "https://www.lager-techniek.eu/index.php/magneto-lagers/fag-m20tvp" "Mozilla/5.0 (iPhone; CPU iPhone OS 15_1_1 like Mac OS X) AppleWebKit/605.1.15 (KHTML, like Gecko) Version/15.1 Mobile/15E148 Safari/604.1"
2a02:a45e:4c6:1:7415:5335:9012:7c22 - - [22/Dec/2021:22:18:53 +0100] "GET /components/com_jshopping/images/print.png HTTP/1.1" 200 735 "https://www.lager-techniek.eu/index.php/magneto-lagers/fag-m20tvp" "Mozilla/5.0 (iPhone; CPU iPhone OS 15_1_1 like Mac OS X) AppleWebKit/605.1.15 (KHTML, like Gecko) Version/15.1 Mobile/15E148 Safari/604.1"
2a02:a45e:4c6:1:7415:5335:9012:7c22 - - [22/Dec/2021:22:18:53 +0100] "GET /components/com_jshopping/images/search.png HTTP/1.1" 200 847 "https://www.lager-techniek.eu/index.php/magneto-lagers/fag-m20tvp" "Mozilla/5.0 (iPhone; CPU iPhone OS 15_1_1 like Mac OS X) AppleWebKit/605.1.15 (KHTML, like Gecko) Version/15.1 Mobile/15E148 Safari/604.1"
